Feb 19 07:09:33.357288 n-d-829866-3 devstack@n-api.service[118042]: DEBUG nova.policy [None req-8dc9aa54-3c0e-4988-b06a-3f0a57ef8dea tempest-LiveAutoBlockMigrationV225Test-1705588768 tempest-LiveAutoBlockMigrationV225Test-1705588768-project] Policy check for os_compute_api:servers:show:host_status failed with credentials {'is_admin': False, 'user_id': '6e685b9cf2eb4eaa98bfa7d018a3de53', 'user_domain_id': 'default', 'system_scope': None, 'domain_id': None, 'project_id': '667a6c0345b647abb5fdbbde48922a07', 'project_domain_id': 'default', 'roles': ['reader', 'member'], 'is_admin_project': True, 'service_user_id': None, 'service_user_domain_id': None, 'service_project_id': None, 'service_project_domain_id': None, 'service_roles': []} {{(pid=118042) authorize /opt/stack/nova/nova/policy.py:199}}
Feb 19 07:09:33.359041 n-d-829866-3 devstack@n-api.service[118042]: DEBUG nova.policy [None req-8dc9aa54-3c0e-4988-b06a-3f0a57ef8dea tempest-LiveAutoBlockMigrationV225Test-1705588768 tempest-LiveAutoBlockMigrationV225Test-1705588768-project] Policy check for os_compute_api:servers:show:host_status:unknown-only failed with credentials {'is_admin': False, 'user_id': '6e685b9cf2eb4eaa98bfa7d018a3de53', 'user_domain_id': 'default', 'system_scope': None, 'domain_id': None, 'project_id': '667a6c0345b647abb5fdbbde48922a07', 'project_domain_id': 'default', 'roles': ['reader', 'member'], 'is_admin_project': True, 'service_user_id': None, 'service_user_domain_id': None, 'service_project_id': None, 'service_project_domain_id': None, 'service_roles': []} {{(pid=118042) authorize /opt/stack/nova/nova/policy.py:199}}
Feb 19 07:09:33.360254 n-d-829866-3 devstack@n-api.service[118042]: INFO nova.api.openstack.requestlog [None req-8dc9aa54-3c0e-4988-b06a-3f0a57ef8dea tempest-LiveAutoBlockMigrationV225Test-1705588768 tempest-LiveAutoBlockMigrationV225Test-1705588768-project] 10.222.0.43 "GET /compute/v2.1/servers/e981c977-7652-4344-b463-aad911223553" status: 200 len: 1382 microversion: 2.25 time: 0.612691
Feb 19 07:09:33.361127 n-d-829866-3 devstack@n-api.service[118042]: [pid: 118042|app: 0|req: 82/193] 10.222.0.43 () {60 vars in 1276 bytes} [Sat Feb 19 07:09:32 2022] GET /compute/v2.1/servers/e981c977-7652-4344-b463-aad911223553 => generated 1382 bytes in 615 msecs (HTTP/1.1 200) 9 headers in 360 bytes (1 switches on core 0)
Feb 19 07:09:33.376200 n-d-829866-3 devstack@n-api.service[118042]: DEBUG nova.api.openstack.wsgi [None req-338960eb-e996-4a83-b7b9-b911a206bbca tempest-ServersWithSpecificFlavorTestJSON-1808893371 tempest-ServersWithSpecificFlavorTestJSON-1808893371-project] Calling method '>' {{(pid=118042) _process_stack /opt/stack/nova/nova/api/openstack/wsgi.py:513}}
Feb 19 07:09:33.377104 n-d-829866-3 devstack@n-api.service[118042]: DEBUG nova.compute.api [None req-338960eb-e996-4a83-b7b9-b911a206bbca tempest-ServersWithSpecificFlavorTestJSON-1808893371 tempest-ServersWithSpecificFlavorTestJSON-1808893371-project] [instance: 6db2b661-3667-4aa1-964d-94921883b377] Fetching instance by UUID {{(pid=118042) get /opt/stack/nova/nova/compute/api.py:2865}}
Feb 19 07:09:33.384482 n-d-829866-3 devstack@n-api.service[118042]: DEBUG oslo_concurrency.lockutils [None req-338960eb-e996-4a83-b7b9-b911a206bbca tempest-ServersWithSpecificFlavorTestJSON-1808893371 tempest-ServersWithSpecificFlavorTestJSON-1808893371-project] Lock "ba4941ed-6965-4c69-8cb7-32b5128344db" acquired by "nova.context.set_target_cell..get_or_set_cached_cell_and_set_connections" :: waited 0.000s {{(pid=118042) inner /usr/local/lib/python3.8/dist-packages/oslo_concurrency/lockutils.py:386}}
Feb 19 07:09:33.385055 n-d-829866-3 devstack@n-api.service[118042]: DEBUG oslo_concurrency.lockutils [None req-338960eb-e996-4a83-b7b9-b911a206bbca tempest-ServersWithSpecificFlavorTestJSON-1808893371 tempest-ServersWithSpecificFlavorTestJSON-1808893371-project] Lock "ba4941ed-6965-4c69-8cb7-32b5128344db" "released" by "nova.context.set_target_cell..get_or_set_cached_cell_and_set_connections" :: held 0.001s {{(pid=118042) inner /usr/local/lib/python3.8/dist-packages/oslo_concurrency/lockutils.py:400}}
Feb 19 07:09:33.385903 n-d-829866-3 devstack@n-api.service[118042]: DEBUG oslo_concurrency.lockutils [None req-338960eb-e996-4a83-b7b9-b911a206bbca tempest-ServersWithSpecificFlavorTestJSON-1808893371 tempest-ServersWithSpecificFlavorTestJSON-1808893371-project] Lock "ba4941ed-6965-4c69-8cb7-32b5128344db" acquired by "nova.context.set_target_cell..get_or_set_cached_cell_and_set_connections" :: waited 0.000s {{(pid=118042) inner /usr/local/lib/python3.8/dist-packages/oslo_concurrency/lockutils.py:386}}
Feb 19 07:09:33.386967 n-d-829866-3 devstack@n-api.service[118042]: DEBUG oslo_concurrency.lockutils [None req-338960eb-e996-4a83-b7b9-b911a206bbca tempest-ServersWithSpecificFlavorTestJSON-1808893371 tempest-ServersWithSpecificFlavorTestJSON-1808893371-project] Lock "ba4941ed-6965-4c69-8cb7-32b5128344db" "released" by "nova.context.set_target_cell..get_or_set_cached_cell_and_set_connections" :: held 0.001s {{(pid=118042) inner /usr/local/lib/python3.8/dist-packages/oslo_concurrency/lockutils.py:400}}
Feb 19 07:09:33.398998 n-d-829866-3 devstack@n-api.service[118041]: INFO nova.api.openstack.requestlog [None req-c718556f-69f2-4d0c-b928-05cc80e0f2a2 tempest-NetworksTest-1698146982 tempest-NetworksTest-1698146982-project-admin] 10.222.0.43 "GET /compute/v2.1/os-networks" status: 200 len: 4711 microversion: 2.1 time: 0.578958
Feb 19 07:09:33.404121 n-d-829866-3 devstack@n-api.service[118041]: [pid: 118041|app: 0|req: 112/194] 10.222.0.43 () {58 vars in 1136 bytes} [Sat Feb 19 07:09:32 2022] GET /compute/v2.1/os-networks => generated 4711 bytes in 581 msecs (HTTP/1.1 200) 9 headers in 358 bytes (1 switches on core 0)
Feb 19 07:09:33.415706 n-d-829866-3 devstack@n-api.service[118041]: DEBUG nova.api.openstack.wsgi [None req-cd033596-5378-4f6d-8392-1d5c1f255ee1 tempest-NetworksTest-1698146982 tempest-NetworksTest-1698146982-project-admin] Calling method '.version_select at 0x7f11b82708b0>' {{(pid=118041) _process_stack /opt/stack/nova/nova/api/openstack/wsgi.py:513}}
Feb 19 07:09:33.547000 n-d-829866-3 devstack@n-api.service[118041]: INFO nova.api.openstack.requestlog [None req-cd033596-5378-4f6d-8392-1d5c1f255ee1 tempest-NetworksTest-1698146982 tempest-NetworksTest-1698146982-project-admin] 10.222.0.43 "GET /compute/v2.1/os-networks/4fb1f899-de92-4a48-a841-73f6967ee85c" status: 200 len: 652 microversion: 2.1 time: 0.140690
Feb 19 07:09:33.553249 n-d-829866-3 devstack@n-api.service[118041]: [pid: 118041|app: 0|req: 113/195] 10.222.0.43 () {58 vars in 1247 bytes} [Sat Feb 19 07:09:33 2022] GET /compute/v2.1/os-networks/4fb1f899-de92-4a48-a841-73f6967ee85c => generated 652 bytes in 147 msecs (HTTP/1.1 200) 9 headers in 357 bytes (1 switches on core 0)
Feb 19 07:09:33.558589 n-d-829866-3 devstack@n-api.service[118041]: DEBUG nova.api.openstack.wsgi [None req-5355a016-7d1f-4b95-bb31-7c4f47b9636c tempest-AggregatesAdminTestJSON-382628003 tempest-AggregatesAdminTestJSON-382628003-project] Calling method '>' {{(pid=118041) _process_stack /opt/stack/nova/nova/api/openstack/wsgi.py:513}}
Feb 19 07:09:33.559672 n-d-829866-3 devstack@n-api.service[118041]: DEBUG nova.compute.api [None req-5355a016-7d1f-4b95-bb31-7c4f47b9636c tempest-AggregatesAdminTestJSON-382628003 tempest-AggregatesAdminTestJSON-382628003-project] [instance: eefc5506-e06f-46f0-a0bd-8f62b9bf39cc] Fetching instance by UUID {{(pid=118041) get /opt/stack/nova/nova/compute/api.py:2865}}
Feb 19 07:09:33.573052 n-d-829866-3 devstack@n-api.service[118041]: DEBUG oslo_concurrency.lockutils [None req-5355a016-7d1f-4b95-bb31-7c4f47b9636c tempest-AggregatesAdminTestJSON-382628003 tempest-AggregatesAdminTestJSON-382628003-project] Lock "ba4941ed-6965-4c69-8cb7-32b5128344db" acquired by "nova.context.set_target_cell..get_or_set_cached_cell_and_set_connections" :: waited 0.000s {{(pid=118041) inner /usr/local/lib/python3.8/dist-packages/oslo_concurrency/lockutils.py:386}}
Feb 19 07:09:33.576368 n-d-829866-3 devstack@n-api.service[118041]: DEBUG oslo_concurrency.lockutils [None req-5355a016-7d1f-4b95-bb31-7c4f47b9636c tempest-AggregatesAdminTestJSON-382628003 tempest-AggregatesAdminTestJSON-382628003-project] Lock "ba4941ed-6965-4c69-8cb7-32b5128344db" "released" by "nova.context.set_target_cell..get_or_set_cached_cell_and_set_connections" :: held 0.001s {{(pid=118041) inner /usr/local/lib/python3.8/dist-packages/oslo_concurrency/lockutils.py:400}}
Feb 19 07:09:33.577597 n-d-829866-3 devstack@n-api.service[118041]: DEBUG oslo_concurrency.lockutils [None req-5355a016-7d1f-4b95-bb31-7c4f47b9636c tempest-AggregatesAdminTestJSON-382628003 tempest-AggregatesAdminTestJSON-382628003-project] Lock "ba4941ed-6965-4c69-8cb7-32b5128344db" acquired by "nova.context.set_target_cell..get_or_set_cached_cell_and_set_connections" :: waited 0.000s {{(pid=118041) inner /usr/local/lib/python3.8/dist-packages/oslo_concurrency/lockutils.py:386}}
Feb 19 07:09:33.579976 n-d-829866-3 devstack@n-api.service[118041]: DEBUG oslo_concurrency.lockutils [None req-5355a016-7d1f-4b95-bb31-7c4f47b9636c tempest-AggregatesAdminTestJSON-382628003 tempest-AggregatesAdminTestJSON-382628003-project] Lock "ba4941ed-6965-4c69-8cb7-32b5128344db" "released" by "nova.context.set_target_cell..get_or_set_cached_cell_and_set_connections" :: held 0.000s {{(pid=118041) inner /usr/local/lib/python3.8/dist-packages/oslo_concurrency/lockutils.py:400}}
Feb 19 07:09:33.681682 n-d-829866-3 devstack@n-api.service[118041]: DEBUG nova.policy [None req-5355a016-7d1f-4b95-bb31-7c4f47b9636c tempest-AggregatesAdminTestJSON-382628003 tempest-AggregatesAdminTestJSON-382628003-project] Policy check for os_compute_api:os-extended-server-attributes failed with credentials {'is_admin': False, 'user_id': 'ee8120be7cf946f5ab53cc7b8530161d', 'user_domain_id': 'default', 'system_scope': None, 'domain_id': None, 'project_id': '26ff20cd3c24467abebddbf558befd73', 'project_domain_id': 'default', 'roles': ['reader', 'member'], 'is_admin_project': True, 'service_user_id': None, 'service_user_domain_id': None, 'service_project_id': None, 'service_project_domain_id': None, 'service_roles': []} {{(pid=118041) authorize /opt/stack/nova/nova/policy.py:199}}
Feb 19 07:09:33.699420 n-d-829866-3 devstack@n-api.service[118041]: INFO nova.api.openstack.requestlog [None req-5355a016-7d1f-4b95-bb31-7c4f47b9636c tempest-AggregatesAdminTestJSON-382628003 tempest-AggregatesAdminTestJSON-382628003-project] 10.222.0.43 "GET /compute/v2.1/servers/eefc5506-e06f-46f0-a0bd-8f62b9bf39cc" status: 200 len: 1450 microversion: 2.1 time: 0.144700
Feb 19 07:09:33.700255 n-d-829866-3 devstack@n-api.service[118041]: [pid: 118041|app: 0|req: 114/196] 10.222.0.43 () {58 vars in 1235 bytes} [Sat Feb 19 07:09:33 2022] GET /compute/v2.1/servers/eefc5506-e06f-46f0-a0bd-8f62b9bf39cc => generated 1450 bytes in 146 msecs (HTTP/1.1 200) 9 headers in 358 bytes (1 switches on core 0)
Feb 19 07:09:33.706255 n-d-829866-3 devstack@n-api.service[118041]: DEBUG nova.api.openstack.wsgi [None req-9ffe1db5-80e3-4d71-b30b-9b46897af85c tempest-NetworksTest-1698146982 tempest-NetworksTest-1698146982-project-admin] Calling method '.version_select at 0x7f11b95b6940>' {{(pid=118041) _process_stack /opt/stack/nova/nova/api/openstack/wsgi.py:513}}
Feb 19 07:09:33.887562 n-d-829866-3 devstack@n-api.service[118042]: DEBUG nova.policy [None req-338960eb-e996-4a83-b7b9-b911a206bbca tempest-ServersWithSpecificFlavorTestJSON-1808893371 tempest-ServersWithSpecificFlavorTestJSON-1808893371-project] Policy check for os_compute_api:os-extended-server-attributes failed with credentials {'is_admin': False, 'user_id': '257bafd9b2c24ab7aa048b1ff3b9c3f3', 'user_domain_id': 'default', 'system_scope': None, 'domain_id': None, 'project_id': 'fd5d494fdafc458fac428ddef7dfa195', 'project_domain_id': 'default', 'roles': ['reader', 'member'], 'is_admin_project': True, 'service_user_id': None, 'service_user_domain_id': None, 'service_project_id': None, 'service_project_domain_id': None, 'service_roles': []} {{(pid=118042) authorize /opt/stack/nova/nova/policy.py:199}}
Feb 19 07:09:33.892320 n-d-829866-3 devstack@n-api.service[118041]: INFO nova.api.openstack.requestlog [None req-9ffe1db5-80e3-4d71-b30b-9b46897af85c tempest-NetworksTest-1698146982 tempest-NetworksTest-1698146982-project-admin] 10.222.0.43 "GET /compute/v2.1/os-networks" status: 200 len: 4711 microversion: 2.1 time: 0.190871
Feb 19 07:09:33.892889 n-d-829866-3 devstack@n-api.service[118041]: [pid: 118041|app: 0|req: 115/197] 10.222.0.43 () {58 vars in 1136 bytes} [Sat Feb 19 07:09:33 2022] GET /compute/v2.1/os-networks => generated 4711 bytes in 192 msecs (HTTP/1.1 200) 9 headers in 358 bytes (1 switches on core 0)
Feb 19 07:09:33.900488 n-d-829866-3 devstack@n-api.service[118042]: INFO nova.api.openstack.requestlog [None req-338960eb-e996-4a83-b7b9-b911a206bbca tempest-ServersWithSpecificFlavorTestJSON-1808893371 tempest-ServersWithSpecificFlavorTestJSON-1808893371-project] 10.222.0.43 "GET /compute/v2.1/servers/6db2b661-3667-4aa1-964d-94921883b377" status: 200 len: 1388 microversion: 2.1 time: 0.525121
Feb 19 07:09:33.903586 n-d-829866-3 devstack@n-api.service[118041]: DEBUG nova.api.openstack.wsgi [None req-6fa99605-7a8d-4d56-959a-88e83aabbfae tempest-DeleteServersAdminTestJSON-1188616873 tempest-DeleteServersAdminTestJSON-1188616873-project] Calling method '>' {{(pid=118041) _process_stack /opt/stack/nova/nova/api/openstack/wsgi.py:513}}
Feb 19 07:09:33.904279 n-d-829866-3 devstack@n-api.service[118041]: DEBUG nova.compute.api [None req-6fa99605-7a8d-4d56-959a-88e83aabbfae tempest-DeleteServersAdminTestJSON-1188616873 tempest-DeleteServersAdminTestJSON-1188616873-project] [instance: 0d8be5dc-28a6-4b23-b34b-18de59992bf0] Fetching instance by UUID {{(pid=118041) get /opt/stack/nova/nova/compute/api.py:2865}}
Feb 19 07:09:33.909505 n-d-829866-3 devstack@n-api.service[118042]: [pid: 118042|app: 0|req: 83/198] 10.222.0.43 () {58 vars in 1235 bytes} [Sat Feb 19 07:09:33 2022] GET /compute/v2.1/servers/6db2b661-3667-4aa1-964d-94921883b377 => generated 1388 bytes in 537 msecs (HTTP/1.1 200) 9 headers in 358 bytes (1 switches on core 0)
Feb 19 07:09:33.914242 n-d-829866-3 devstack@n-api.service[118042]: DEBUG nova.api.openstack.wsgi [req-11a4e09c-2f81-4642-bbbc-09e5b6767a01 req-d7ea34b2-340a-4793-b27f-d7b929228d50 service nova] Action: 'create', calling method: >, body: {"events": [{"server_uuid": "6db2b661-3667-4aa1-964d-94921883b377", "name": "network-vif-plugged", "status": "completed", "tag": "b306d64e-ad92-4332-9862-133e24e11656"}]} {{(pid=118042) _process_stack /opt/stack/nova/nova/api/openstack/wsgi.py:511}}
Feb 19 07:09:33.915886 n-d-829866-3 devstack@n-api.service[118042]: /usr/local/lib/python3.8/dist-packages/oslo_policy/policy.py:1119: UserWarning: Policy "os_compute_api:os-server-external-events:create": "rule:context_is_admin" failed scope check. The token used to make the request was project scoped but the policy requires ['system'] scope. This behavior may change in the future where using the intended scope is required
Feb 19 07:09:33.915886 n-d-829866-3 devstack@n-api.service[118042]: warnings.warn(msg)
Feb 19 07:09:33.916094 n-d-829866-3 devstack@n-api.service[118041]: DEBUG oslo_concurrency.lockutils [None req-6fa99605-7a8d-4d56-959a-88e83aabbfae tempest-DeleteServersAdminTestJSON-1188616873 tempest-DeleteServersAdminTestJSON-1188616873-project] Lock "ba4941ed-6965-4c69-8cb7-32b5128344db" acquired by "nova.context.set_target_cell..get_or_set_cached_cell_and_set_connections" :: waited 0.000s {{(pid=118041) inner /usr/local/lib/python3.8/dist-packages/oslo_concurrency/lockutils.py:386}}
Feb 19 07:09:33.916880 n-d-829866-3 devstack@n-api.service[118041]: DEBUG oslo_concurrency.lockutils [None req-6fa99605-7a8d-4d56-959a-88e83aabbfae tempest-DeleteServersAdminTestJSON-1188616873 tempest-DeleteServersAdminTestJSON-1188616873-project] Lock "ba4941ed-6965-4c69-8cb7-32b5128344db" "released" by "nova.context.set_target_cell..get_or_set_cached_cell_and_set_connections" :: held 0.001s {{(pid=118041) inner /usr/local/lib/python3.8/dist-packages/oslo_concurrency/lockutils.py:400}}
Feb 19 07:09:33.918792 n-d-829866-3 devstack@n-api.service[118041]: DEBUG oslo_concurrency.lockutils [None req-6fa99605-7a8d-4d56-959a-88e83aabbfae tempest-DeleteServersAdminTestJSON-1188616873 tempest-DeleteServersAdminTestJSON-1188616873-project] Lock "ba4941ed-6965-4c69-8cb7-32b5128344db" acquired by "nova.context.set_target_cell..get_or_set_cached_cell_and_set_connections" :: waited 0.000s {{(pid=118041) inner /usr/local/lib/python3.8/dist-packages/oslo_concurrency/lockutils.py:386}}
Feb 19 07:09:33.920064 n-d-829866-3 devstack@n-api.service[118041]: DEBUG oslo_concurrency.lockutils [None req-6fa99605-7a8d-4d56-959a-88e83aabbfae tempest-DeleteServersAdminTestJSON-1188616873 tempest-DeleteServersAdminTestJSON-1188616873-project] Lock "ba4941ed-6965-4c69-8cb7-32b5128344db" "released" by "nova.context.set_target_cell..get_or_set_cached_cell_and_set_connections" :: held 0.001s {{(pid=118041) inner /usr/local/lib/python3.8/dist-packages/oslo_concurrency/lockutils.py:400}}
Feb 19 07:09:33.944384 n-d-829866-3 devstack@n-api.service[118042]: DEBUG oslo_concurrency.lockutils [req-11a4e09c-2f81-4642-bbbc-09e5b6767a01 req-d7ea34b2-340a-4793-b27f-d7b929228d50 service nova] Lock "ba4941ed-6965-4c69-8cb7-32b5128344db" acquired by "nova.context.set_target_cell..get_or_set_cached_cell_and_set_connections" :: waited 0.000s {{(pid=118042) inner /usr/local/lib/python3.8/dist-packages/oslo_concurrency/lockutils.py:386}}
Feb 19 07:09:33.944833 n-d-829866-3 devstack@n-api.service[118042]: DEBUG oslo_concurrency.lockutils [req-11a4e09c-2f81-4642-bbbc-09e5b6767a01 req-d7ea34b2-340a-4793-b27f-d7b929228d50 service nova] Lock "ba4941ed-6965-4c69-8cb7-32b5128344db" "released" by "nova.context.set_target_cell..get_or_set_cached_cell_and_set_connections" :: held 0.001s {{(pid=118042) inner /usr/local/lib/python3.8/dist-packages/oslo_concurrency/lockutils.py:400}}
Feb 19 07:09:33.978828 n-d-829866-3 devstack@n-api.service[118042]: INFO nova.api.openstack.compute.server_external_events [req-11a4e09c-2f81-4642-bbbc-09e5b6767a01 req-d7ea34b2-340a-4793-b27f-d7b929228d50 service nova] Creating event network-vif-plugged:b306d64e-ad92-4332-9862-133e24e11656 for instance 6db2b661-3667-4aa1-964d-94921883b377 on n-h2-829866-3
Feb 19 07:09:33.993566 n-d-829866-3 devstack@n-api.service[118042]: INFO nova.api.openstack.requestlog [req-11a4e09c-2f81-4642-bbbc-09e5b6767a01 req-d7ea34b2-340a-4793-b27f-d7b929228d50 service nova] 10.222.0.43 "POST /compute/v2.1/os-server-external-events" status: 200 len: 183 microversion: 2.1 time: 0.082711
Feb 19 07:09:34.004976 n-d-829866-3 devstack@n-api.service[118042]: [pid: 118042|app: 0|req: 84/199] 10.222.0.43 () {64 vars in 1317 bytes} [Sat Feb 19 07:09:33 2022] POST /compute/v2.1/os-server-external-events => generated 183 bytes in 93 msecs (HTTP/1.1 200) 9 headers in 357 bytes (1 switches on core 0)
Feb 19 07:09:34.015501 n-d-829866-3 devstack@n-api.service[118042]: DEBUG nova.api.openstack.wsgi [req-247f4d87-7dd9-4d02-8f7f-6d2cebc94ca6 req-cf371fa9-9a0c-447e-a5b1-17db02182b88 service nova] Action: 'create', calling method: >, body: {"events": [{"server_uuid": "eefc5506-e06f-46f0-a0bd-8f62b9bf39cc", "name": "network-vif-deleted", "tag": "a3efcb86-d2fa-4881-8091-8fb9745c8bb1"}]} {{(pid=118042) _process_stack /opt/stack/nova/nova/api/openstack/wsgi.py:511}}
Feb 19 07:09:34.017064 n-d-829866-3 devstack@n-api.service[118042]: /usr/local/lib/python3.8/dist-packages/oslo_policy/policy.py:1119: UserWarning: Policy "os_compute_api:os-server-external-events:create": "rule:context_is_admin" failed scope check. The token used to make the request was project scoped but the policy requires ['system'] scope. This behavior may change in the future where using the intended scope is required
Feb 19 07:09:34.017064 n-d-829866-3 devstack@n-api.service[118042]: warnings.warn(msg)
Feb 19 07:09:34.037654 n-d-829866-3 devstack@n-api.service[118042]: DEBUG oslo_concurrency.lockutils [req-247f4d87-7dd9-4d02-8f7f-6d2cebc94ca6 req-cf371fa9-9a0c-447e-a5b1-17db02182b88 service nova] Lock "ba4941ed-6965-4c69-8cb7-32b5128344db" acquired by "nova.context.set_target_cell..get_or_set_cached_cell_and_set_connections" :: waited 0.000s {{(pid=118042) inner /usr/local/lib/python3.8/dist-packages/oslo_concurrency/lockutils.py:386}}
Feb 19 07:09:34.038096 n-d-829866-3 devstack@n-api.service[118042]: DEBUG oslo_concurrency.lockutils [req-247f4d87-7dd9-4d02-8f7f-6d2cebc94ca6 req-cf371fa9-9a0c-447e-a5b1-17db02182b88 service nova] Lock "ba4941ed-6965-4c69-8cb7-32b5128344db" "released" by "nova.context.set_target_cell..get_or_set_cached_cell_and_set_connections" :: held 0.001s {{(pid=118042) inner /usr/local/lib/python3.8/dist-packages/oslo_concurrency/lockutils.py:400}}
Feb 19 07:09:34.060316 n-d-829866-3 devstack@n-api.service[118042]: INFO nova.api.openstack.compute.server_external_events [req-247f4d87-7dd9-4d02-8f7f-6d2cebc94ca6 req-cf371fa9-9a0c-447e-a5b1-17db02182b88 service nova] Creating event network-vif-deleted:a3efcb86-d2fa-4881-8091-8fb9745c8bb1 for instance eefc5506-e06f-46f0-a0bd-8f62b9bf39cc on n-h1-829866-3
Feb 19 07:09:34.066040 n-d-829866-3 devstack@n-api.service[118042]: INFO nova.api.openstack.requestlog [req-247f4d87-7dd9-4d02-8f7f-6d2cebc94ca6 req-cf371fa9-9a0c-447e-a5b1-17db02182b88 service nova] 10.222.0.43 "POST /compute/v2.1/os-server-external-events" status: 200 len: 183 microversion: 2.1 time: 0.059642
Feb 19 07:09:34.066932 n-d-829866-3 devstack@n-api.service[118042]: [pid: 118042|app: 0|req: 85/200] 10.222.0.43 () {64 vars in 1317 bytes} [Sat Feb 19 07:09:34 2022] POST /compute/v2.1/os-server-external-events => generated 183 bytes in 61 msecs (HTTP/1.1 200) 9 headers in 357 bytes (1 switches on core 0)
Feb 19 07:09:34.195587 n-d-829866-3 devstack@n-api.service[118041]: DEBUG nova.policy [None req-6fa99605-7a8d-4d56-959a-88e83aabbfae tempest-DeleteServersAdminTestJSON-1188616873 tempest-DeleteServersAdminTestJSON-1188616873-project] Policy check for os_compute_api:os-extended-server-attributes failed with credentials {'is_admin': False, 'user_id': 'ad5abc14bef5460ea33968597c9f9c70', 'user_domain_id': 'default', 'system_scope': None, 'domain_id': None, 'project_id': 'b8bcbd60ad4f4b2196a4a84c174bc774', 'project_domain_id': 'default', 'roles': ['reader', 'member'], 'is_admin_project': True, 'service_user_id': None, 'service_user_domain_id': None, 'service_project_id': None, 'service_project_domain_id': None, 'service_roles': []} {{(pid=118041) authorize /opt/stack/nova/nova/policy.py:199}}
Feb 19 07:09:34.203260 n-d-829866-3 devstack@n-api.service[118041]: INFO nova.api.openstack.requestlog [None req-6fa99605-7a8d-4d56-959a-88e83aabbfae tempest-DeleteServersAdminTestJSON-1188616873 tempest-DeleteServersAdminTestJSON-1188616873-project] 10.222.0.43 "GET /compute/v2.1/servers/0d8be5dc-28a6-4b23-b34b-18de59992bf0" status: 200 len: 1475 microversion: 2.1 time: 0.308990
Feb 19 07:09:34.208987 n-d-829866-3 devstack@n-api.service[118041]: [pid: 118041|app: 0|req: 116/201] 10.222.0.43 () {58 vars in 1235 bytes} [Sat Feb 19 07:09:33 2022] GET /compute/v2.1/servers/0d8be5dc-28a6-4b23-b34b-18de59992bf0 => generated 1475 bytes in 315 msecs (HTTP/1.1 200) 9 headers in 358 bytes (1 switches on core 0)
Feb 19 07:09:34.379054 n-d-829866-3 devstack@n-api.service[118042]: DEBUG nova.api.openstack.wsgi [None req-658819f0-1466-4a38-a490-48c5f2f9a5fb tempest-LiveAutoBlockMigrationV225Test-1705588768 tempest-LiveAutoBlockMigrationV225Test-1705588768-project] Calling method '>' {{(pid=118042) _process_stack /opt/stack/nova/nova/api/openstack/wsgi.py:513}}
Feb 19 07:09:34.382571 n-d-829866-3 devstack@n-api.service[118042]: DEBUG nova.compute.api [None req-658819f0-1466-4a38-a490-48c5f2f9a5fb tempest-LiveAutoBlockMigrationV225Test-1705588768 tempest-LiveAutoBlockMigrationV225Test-1705588768-project] [instance: e981c977-7652-4344-b463-aad911223553] Fetching instance by UUID {{(pid=118042) get /opt/stack/nova/nova/compute/api.py:2865}}
Feb 19 07:09:34.387913 n-d-829866-3 devstack@n-api.service[118042]: DEBUG oslo_concurrency.lockutils [None req-658819f0-1466-4a38-a490-48c5f2f9a5fb tempest-LiveAutoBlockMigrationV225Test-1705588768 tempest-LiveAutoBlockMigrationV225Test-1705588768-project] Lock "ba4941ed-6965-4c69-8cb7-32b5128344db" acquired by "nova.context.set_target_cell..get_or_set_cached_cell_and_set_connections" :: waited 0.000s {{(pid=118042) inner /usr/local/lib/python3.8/dist-packages/oslo_concurrency/lockutils.py:386}}
Feb 19 07:09:34.388362 n-d-829866-3 devstack@n-api.service[118042]: DEBUG oslo_concurrency.lockutils [None req-658819f0-1466-4a38-a490-48c5f2f9a5fb tempest-LiveAutoBlockMigrationV225Test-1705588768 tempest-LiveAutoBlockMigrationV225Test-1705588768-project] Lock "ba4941ed-6965-4c69-8cb7-32b5128344db" "released" by "nova.context.set_target_cell..get_or_set_cached_cell_and_set_connections" :: held 0.001s {{(pid=118042) inner /usr/local/lib/python3.8/dist-packages/oslo_concurrency/lockutils.py:400}}
Feb 19 07:09:34.389325 n-d-829866-3 devstack@n-api.service[118042]: DEBUG oslo_concurrency.lockutils [None req-658819f0-1466-4a38-a490-48c5f2f9a5fb tempest-LiveAutoBlockMigrationV225Test-1705588768 tempest-LiveAutoBlockMigrationV225Test-1705588768-project] Lock "ba4941ed-6965-4c69-8cb7-32b5128344db" acquired by "nova.context.set_target_cell..get_or_set_cached_cell_and_set_connections" :: waited 0.000s {{(pid=118042) inner /usr/local/lib/python3.8/dist-packages/oslo_concurrency/lockutils.py:386}}
Feb 19 07:09:34.390235 n-d-829866-3 devstack@n-api.service[118042]: DEBUG oslo_concurrency.lockutils [None req-658819f0-1466-4a38-a490-48c5f2f9a5fb tempest-LiveAutoBlockMigrationV225Test-1705588768 tempest-LiveAutoBlockMigrationV225Test-1705588768-project] Lock "ba4941ed-6965-4c69-8cb7-32b5128344db" "released" by "nova.context.set_target_cell..get_or_set_cached_cell_and_set_connections" :: held 0.000s {{(pid=118042) inner /usr/local/lib/python3.8/dist-packages/oslo_concurrency/lockutils.py:400}}
Feb 19 07:09:34.666228 n-d-829866-3 devstack@n-api.service[118042]: DEBUG nova.policy [None req-658819f0-1466-4a38-a490-48c5f2f9a5fb tempest-LiveAutoBlockMigrationV225Test-1705588768 tempest-LiveAutoBlockMigrationV225Test-1705588768-project] Policy check for os_compute_api:os-extended-server-attributes failed with credentials {'is_admin': False, 'user_id': '6e685b9cf2eb4eaa98bfa7d018a3de53', 'user_domain_id': 'default', 'system_scope': None, 'domain_id': None, 'project_id': '667a6c0345b647abb5fdbbde48922a07', 'project_domain_id': 'default', 'roles': ['reader', 'member'], 'is_admin_project': True, 'service_user_id': None, 'service_user_domain_id': None, 'service_project_id': None, 'service_project_domain_id': None, 'service_roles': []} {{(pid=118042) authorize /opt/stack/nova/nova/policy.py:199}}
Feb 19 07:09:34.678878 n-d-829866-3 devstack@n-api.service[118042]: DEBUG nova.policy [None req-658819f0-1466-4a38-a490-48c5f2f9a5fb tempest-LiveAutoBlockMigrationV225Test-1705588768 tempest-LiveAutoBlockMigrationV225Test-1705588768-project] Policy check for os_compute_api:servers:show:host_status failed with credentials {'is_admin': False, 'user_id': '6e685b9cf2eb4eaa98bfa7d018a3de53', 'user_domain_id': 'default', 'system_scope': None, 'domain_id': None, 'project_id': '667a6c0345b647abb5fdbbde48922a07', 'project_domain_id': 'default', 'roles': ['reader', 'member'], 'is_admin_project': True, 'service_user_id': None, 'service_user_domain_id': None, 'service_project_id': None, 'service_project_domain_id': None, 'service_roles': []} {{(pid=118042) authorize /opt/stack/nova/nova/policy.py:199}}
Feb 19 07:09:34.680602 n-d-829866-3 devstack@n-api.service[118042]: DEBUG nova.policy [None req-658819f0-1466-4a38-a490-48c5f2f9a5fb tempest-LiveAutoBlockMigrationV225Test-1705588768 tempest-LiveAutoBlockMigrationV225Test-1705588768-project] Policy check for os_compute_api:servers:show:host_status:unknown-only failed with credentials {'is_admin': False, 'user_id': '6e685b9cf2eb4eaa98bfa7d018a3de53', 'user_domain_id': 'default', 'system_scope': None, 'domain_id': None, 'project_id': '667a6c0345b647abb5fdbbde48922a07', 'project_domain_id': 'default', 'roles': ['reader', 'member'], 'is_admin_project': True, 'service_user_id': None, 'service_user_domain_id': None, 'service_project_id': None, 'service_project_domain_id': None, 'service_roles': []} {{(pid=118042) authorize /opt/stack/nova/nova/policy.py:199}}
Feb 19 07:09:34.681880 n-d-829866-3 devstack@n-api.service[118042]: INFO nova.api.openstack.requestlog [None req-658819f0-1466-4a38-a490-48c5f2f9a5fb tempest-LiveAutoBlockMigrationV225Test-1705588768 tempest-LiveAutoBlockMigrationV225Test-1705588768-project] 10.222.0.43 "GET /compute/v2.1/servers/e981c977-7652-4344-b463-aad911223553" status: 200 len: 1382 microversion: 2.25 time: 0.307639
Feb 19 07:09:34.688500 n-d-829866-3 devstack@n-api.service[118042]: [pid: 118042|app: 0|req: 86/202] 10.222.0.43 () {60 vars in 1276 bytes} [Sat Feb 19 07:09:34 2022] GET /compute/v2.1/servers/e981c977-7652-4344-b463-aad911223553 => generated 1382 bytes in 315 msecs (HTTP/1.1 200) 9 headers in 360 bytes (2 switches on core 0)
Feb 19 07:09:34.715795 n-d-829866-3 devstack@n-api.service[118041]: DEBUG nova.api.openstack.wsgi [None req-84ea628e-89aa-41c1-ac3e-4562af0e19b4 tempest-AggregatesAdminTestJSON-382628003 tempest-AggregatesAdminTestJSON-382628003-project] Calling method '>' {{(pid=118041) _process_stack /opt/stack/nova/nova/api/openstack/wsgi.py:513}}
Feb 19 07:09:34.716512 n-d-829866-3 devstack@n-api.service[118041]: DEBUG nova.compute.api [None req-84ea628e-89aa-41c1-ac3e-4562af0e19b4 tempest-AggregatesAdminTestJSON-382628003 tempest-AggregatesAdminTestJSON-382628003-project] [instance: eefc5506-e06f-46f0-a0bd-8f62b9bf39cc] Fetching instance by UUID {{(pid=118041) get /opt/stack/nova/nova/compute/api.py:2865}}
Feb 19 07:09:34.737014 n-d-829866-3 devstack@n-api.service[118041]: DEBUG oslo_concurrency.lockutils [None req-84ea628e-89aa-41c1-ac3e-4562af0e19b4 tempest-AggregatesAdminTestJSON-382628003 tempest-AggregatesAdminTestJSON-382628003-project] Lock "ba4941ed-6965-4c69-8cb7-32b5128344db" acquired by "nova.context.set_target_cell..get_or_set_cached_cell_and_set_connections" :: waited 0.000s {{(pid=118041) inner /usr/local/lib/python3.8/dist-packages/oslo_concurrency/lockutils.py:386}}
Feb 19 07:09:34.737695 n-d-829866-3 devstack@n-api.service[118041]: DEBUG oslo_concurrency.lockutils [None req-84ea628e-89aa-41c1-ac3e-4562af0e19b4 tempest-AggregatesAdminTestJSON-382628003 tempest-AggregatesAdminTestJSON-382628003-project] Lock "ba4941ed-6965-4c69-8cb7-32b5128344db" "released" by "nova.context.set_target_cell..get_or_set_cached_cell_and_set_connections" :: held 0.001s {{(pid=118041) inner /usr/local/lib/python3.8/dist-packages/oslo_concurrency/lockutils.py:400}}
Feb 19 07:09:34.738681 n-d-829866-3 devstack@n-api.service[118041]: DEBUG oslo_concurrency.lockutils [None req-84ea628e-89aa-41c1-ac3e-4562af0e19b4 tempest-AggregatesAdminTestJSON-382628003 tempest-AggregatesAdminTestJSON-382628003-project] Lock "ba4941ed-6965-4c69-8cb7-32b5128344db" acquired by "nova.context.set_target_cell..get_or_set_cached_cell_and_set_connections" :: waited 0.000s {{(pid=118041) inner /usr/local/lib/python3.8/dist-packages/oslo_concurrency/lockutils.py:386}}
Feb 19 07:09:34.739128 n-d-829866-3 devstack@n-api.service[118041]: DEBUG oslo_concurrency.lockutils [None req-84ea628e-89aa-41c1-ac3e-4562af0e19b4 tempest-AggregatesAdminTestJSON-382628003 tempest-AggregatesAdminTestJSON-382628003-project] Lock "ba4941ed-6965-4c69-8cb7-32b5128344db" "released" by "nova.context.set_target_cell..get_or_set_cached_cell_and_set_connections" :: held 0.000s {{(pid=118041) inner /usr/local/lib/python3.8/dist-packages/oslo_concurrency/lockutils.py:400}}
Feb 19 07:09:34.770380 n-d-829866-3 devstack@n-api.service[118041]: INFO nova.api.openstack.wsgi [None req-84ea628e-89aa-41c1-ac3e-4562af0e19b4 tempest-AggregatesAdminTestJSON-382628003 tempest-AggregatesAdminTestJSON-382628003-project] HTTP exception thrown: Instance eefc5506-e06f-46f0-a0bd-8f62b9bf39cc could not be found.
Feb 19 07:09:34.770979 n-d-829866-3 devstack@n-api.service[118041]: DEBUG nova.api.openstack.wsgi [None req-84ea628e-89aa-41c1-ac3e-4562af0e19b4 tempest-AggregatesAdminTestJSON-382628003 tempest-AggregatesAdminTestJSON-382628003-project] Returning 404 to user: Instance eefc5506-e06f-46f0-a0bd-8f62b9bf39cc could not be found. {{(pid=118041) __call__ /opt/stack/nova/nova/api/openstack/wsgi.py:936}}
Feb 19 07:09:34.771866 n-d-829866-3 devstack@n-api.service[118041]: INFO nova.api.openstack.requestlog [None req-84ea628e-89aa-41c1-ac3e-4562af0e19b4 tempest-AggregatesAdminTestJSON-382628003 tempest-AggregatesAdminTestJSON-382628003-project] 10.222.0.43 "GET /compute/v2.1/servers/eefc5506-e06f-46f0-a0bd-8f62b9bf39cc" status: 404 len: 111 microversion: 2.1 time: 0.059999
Feb 19 07:09:34.774545 n-d-829866-3 devstack@n-api.service[118041]: [pid: 118041|app: 0|req: 117/203] 10.222.0.43 () {58 vars in 1235 bytes} [Sat Feb 19 07:09:34 2022] GET /compute/v2.1/servers/eefc5506-e06f-46f0-a0bd-8f62b9bf39cc => generated 111 bytes in 63 msecs (HTTP/1.1 404) 9 headers in 379 bytes (1 switches on core 0)
Feb 19 07:09:34.781085 n-d-829866-3 devstack@n-api.service[118042]: DEBUG nova.api.openstack.wsgi [None req-858c30fd-bf5f-4097-9fd9-0b5a8b711dc7 tempest-AggregatesAdminTestJSON-1962777246 tempest-AggregatesAdminTestJSON-1962777246-project-admin] Action: 'action', calling method: >, body: {"remove_host": {"host": "n-h1-829866-3"}} {{(pid=118042) _process_stack /opt/stack/nova/nova/api/openstack/wsgi.py:511}}
Feb 19 07:09:34.782522 n-d-829866-3 devstack@n-api.service[118042]: /usr/local/lib/python3.8/dist-packages/oslo_policy/policy.py:1119: UserWarning: Policy "os_compute_api:os-aggregates:remove_host": "rule:context_is_admin" failed scope check. The token used to make the request was project scoped but the policy requires ['system'] scope. This behavior may change in the future where using the intended scope is required
Feb 19 07:09:34.782522 n-d-829866-3 devstack@n-api.service[118042]: warnings.warn(msg)
Feb 19 07:09:34.801286 n-d-829866-3 devstack@n-api.service[118042]: DEBUG oslo_concurrency.lockutils [None req-858c30fd-bf5f-4097-9fd9-0b5a8b711dc7 tempest-AggregatesAdminTestJSON-1962777246 tempest-AggregatesAdminTestJSON-1962777246-project-admin] Lock "ba4941ed-6965-4c69-8cb7-32b5128344db" acquired by "nova.context.set_target_cell..get_or_set_cached_cell_and_set_connections" :: waited 0.000s {{(pid=118042) inner /usr/local/lib/python3.8/dist-packages/oslo_concurrency/lockutils.py:386}}
Feb 19 07:09:34.801739 n-d-829866-3 devstack@n-api.service[118042]: DEBUG oslo_concurrency.lockutils [None req-858c30fd-bf5f-4097-9fd9-0b5a8b711dc7 tempest-AggregatesAdminTestJSON-1962777246 tempest-AggregatesAdminTestJSON-1962777246-project-admin] Lock "ba4941ed-6965-4c69-8cb7-32b5128344db" "released" by "nova.context.set_target_cell..get_or_set_cached_cell_and_set_connections" :: held 0.001s {{(pid=118042) inner /usr/local/lib/python3.8/dist-packages/oslo_concurrency/lockutils.py:400}}
Feb 19 07:09:34.915382 n-d-829866-3 devstack@n-api.service[118041]: DEBUG nova.api.openstack.wsgi [None req-c25e111f-7822-49c0-a976-572822a31ac0 tempest-ServersWithSpecificFlavorTestJSON-1808893371 tempest-ServersWithSpecificFlavorTestJSON-1808893371-project] Calling method '>' {{(pid=118041) _process_stack /opt/stack/nova/nova/api/openstack/wsgi.py:513}}
Feb 19 07:09:34.916210 n-d-829866-3 devstack@n-api.service[118041]: DEBUG nova.compute.api [None req-c25e111f-7822-49c0-a976-572822a31ac0 tempest-ServersWithSpecificFlavorTestJSON-1808893371 tempest-ServersWithSpecificFlavorTestJSON-1808893371-project] [instance: 6db2b661-3667-4aa1-964d-94921883b377] Fetching instance by UUID {{(pid=118041) get /opt/stack/nova/nova/compute/api.py:2865}}
Feb 19 07:09:34.924504 n-d-829866-3 devstack@n-api.service[118041]: DEBUG oslo_concurrency.lockutils [None req-c25e111f-7822-49c0-a976-572822a31ac0 tempest-ServersWithSpecificFlavorTestJSON-1808893371 tempest-ServersWithSpecificFlavorTestJSON-1808893371-project] Lock "ba4941ed-6965-4c69-8cb7-32b5128344db" acquired by "nova.context.set_target_cell..get_or_set_cached_cell_and_set_connections" :: waited 0.000s {{(pid=118041) inner /usr/local/lib/python3.8/dist-packages/oslo_concurrency/lockutils.py:386}}
Feb 19 07:09:34.927181 n-d-829866-3 devstack@n-api.service[118041]: DEBUG oslo_concurrency.lockutils [None req-c25e111f-7822-49c0-a976-572822a31ac0 tempest-ServersWithSpecificFlavorTestJSON-1808893371 tempest-ServersWithSpecificFlavorTestJSON-1808893371-project] Lock "ba4941ed-6965-4c69-8cb7-32b5128344db" "released" by "nova.context.set_target_cell..get_or_set_cached_cell_and_set_connections" :: held 0.003s {{(pid=118041) inner /usr/local/lib/python3.8/dist-packages/oslo_concurrency/lockutils.py:400}}
Feb 19 07:09:34.930923 n-d-829866-3 devstack@n-api.service[118041]: DEBUG oslo_concurrency.lockutils [None req-c25e111f-7822-49c0-a976-572822a31ac0 tempest-ServersWithSpecificFlavorTestJSON-1808893371 tempest-ServersWithSpecificFlavorTestJSON-1808893371-project] Lock "ba4941ed-6965-4c69-8cb7-32b5128344db" acquired by "nova.context.set_target_cell..get_or_set_cached_cell_and_set_connections" :: waited 0.000s {{(pid=118041) inner /usr/local/lib/python3.8/dist-packages/oslo_concurrency/lockutils.py:386}}
Feb 19 07:09:34.931636 n-d-829866-3 devstack@n-api.service[118041]: DEBUG oslo_concurrency.lockutils [None req-c25e111f-7822-49c0-a976-572822a31ac0 tempest-ServersWithSpecificFlavorTestJSON-1808893371 tempest-ServersWithSpecificFlavorTestJSON-1808893371-project] Lock "ba4941ed-6965-4c69-8cb7-32b5128344db" "released" by "nova.context.set_target_cell..get_or_set_cached_cell_and_set_connections" :: held 0.001s {{(pid=118041) inner /usr/local/lib/python3.8/dist-packages/oslo_concurrency/lockutils.py:400}}
Feb 19 07:09:35.117554 n-d-829866-3 devstack@n-api.service[118042]: INFO nova.api.openstack.requestlog [None req-858c30fd-bf5f-4097-9fd9-0b5a8b711dc7 tempest-AggregatesAdminTestJSON-1962777246 tempest-AggregatesAdminTestJSON-1962777246-project-admin] 10.222.0.43 "POST /compute/v2.1/os-aggregates/5/action" status: 200 len: 298 microversion: 2.1 time: 0.338888
Feb 19 07:09:35.118521 n-d-829866-3 devstack@n-api.service[118042]: [pid: 118042|app: 0|req: 87/204] 10.222.0.43 () {60 vars in 1190 bytes} [Sat Feb 19 07:09:34 2022] POST /compute/v2.1/os-aggregates/5/action => generated 298 bytes in 342 msecs (HTTP/1.1 200) 9 headers in 357 bytes (1 switches on core 0)
Feb 19 07:09:35.133145 n-d-829866-3 devstack@n-api.service[118042]: DEBUG nova.api.openstack.wsgi [None req-fe684d97-14e0-447f-b35d-b961a89a2d3b tempest-AggregatesAdminTestJSON-1962777246 tempest-AggregatesAdminTestJSON-1962777246-project-admin] Calling method '>' {{(pid=118042) _process_stack /opt/stack/nova/nova/api/openstack/wsgi.py:513}}
Feb 19 07:09:35.134601 n-d-829866-3 devstack@n-api.service[118042]: /usr/local/lib/python3.8/dist-packages/oslo_policy/policy.py:1119: UserWarning: Policy "os_compute_api:os-aggregates:delete": "rule:context_is_admin" failed scope check. The token used to make the request was project scoped but the policy requires ['system'] scope. This behavior may change in the future where using the intended scope is required
Feb 19 07:09:35.134601 n-d-829866-3 devstack@n-api.service[118042]: warnings.warn(msg)
Feb 19 07:09:35.196767 n-d-829866-3 devstack@n-api.service[118042]: INFO nova.api.openstack.requestlog [None req-fe684d97-14e0-447f-b35d-b961a89a2d3b tempest-AggregatesAdminTestJSON-1962777246 tempest-AggregatesAdminTestJSON-1962777246-project-admin] 10.222.0.43 "DELETE /compute/v2.1/os-aggregates/5" status: 200 len: 0 microversion: 2.1 time: 0.065885
Feb 19 07:09:35.203152 n-d-829866-3 devstack@n-api.service[118042]: [pid: 118042|app: 0|req: 88/205] 10.222.0.43 () {58 vars in 1151 bytes} [Sat Feb 19 07:09:35 2022] DELETE /compute/v2.1/os-aggregates/5 => generated 0 bytes in 76 msecs (HTTP/1.1 200) 9 headers in 355 bytes (1 switches on core 0)
Feb 19 07:09:35.213679 n-d-829866-3 devstack@n-api.service[118042]: DEBUG nova.api.openstack.wsgi [None req-78875339-4a43-422b-81c7-69992dfddcfd tempest-AggregatesAdminTestJSON-1962777246 tempest-AggregatesAdminTestJSON-1962777246-project-admin] Action: 'create', calling method: >, body: {"aggregate": {"name": "tempest-test_aggregate-687653837"}} {{(pid=118042) _process_stack /opt/stack/nova/nova/api/openstack/wsgi.py:511}}
Feb 19 07:09:35.216629 n-d-829866-3 devstack@n-api.service[118042]: /usr/local/lib/python3.8/dist-packages/oslo_policy/policy.py:1119: UserWarning: Policy "os_compute_api:os-aggregates:create": "rule:context_is_admin" failed scope check. The token used to make the request was project scoped but the policy requires ['system'] scope. This behavior may change in the future where using the intended scope is required
Feb 19 07:09:35.216629 n-d-829866-3 devstack@n-api.service[118042]: warnings.warn(msg)
Feb 19 07:09:35.218390 n-d-829866-3 devstack@n-api.service[118042]: DEBUG nova.objects.aggregate [None req-78875339-4a43-422b-81c7-69992dfddcfd tempest-AggregatesAdminTestJSON-1962777246 tempest-AggregatesAdminTestJSON-1962777246-project-admin] Generated uuid 2c5caf70-5666-4ff9-9f45-a6ce7df1a6c4 for aggregate {{(pid=118042) create /opt/stack/nova/nova/objects/aggregate.py:298}}
Feb 19 07:09:35.226604 n-d-829866-3 devstack@n-api.service[118041]: DEBUG nova.policy [None req-c25e111f-7822-49c0-a976-572822a31ac0 tempest-ServersWithSpecificFlavorTestJSON-1808893371 tempest-ServersWithSpecificFlavorTestJSON-1808893371-project] Policy check for os_compute_api:os-extended-server-attributes failed with credentials {'is_admin': False, 'user_id': '257bafd9b2c24ab7aa048b1ff3b9c3f3', 'user_domain_id': 'default', 'system_scope': None, 'domain_id': None, 'project_id': 'fd5d494fdafc458fac428ddef7dfa195', 'project_domain_id': 'default', 'roles': ['reader', 'member'], 'is_admin_project': True, 'service_user_id': None, 'service_user_domain_id': None, 'service_project_id': None, 'service_project_domain_id': None, 'service_roles': []} {{(pid=118041) authorize /opt/stack/nova/nova/policy.py:199}}
Feb 19 07:09:35.234927 n-d-829866-3 devstack@n-api.service[118041]: INFO nova.api.openstack.requestlog [None req-c25e111f-7822-49c0-a976-572822a31ac0 tempest-ServersWithSpecificFlavorTestJSON-1808893371 tempest-ServersWithSpecificFlavorTestJSON-1808893371-project] 10.222.0.43 "GET /compute/v2.1/servers/6db2b661-3667-4aa1-964d-94921883b377" status: 200 len: 1388 microversion: 2.1 time: 0.323598
Feb 19 07:09:35.248386 n-d-829866-3 devstack@n-api.service[118042]: INFO nova.api.openstack.requestlog [None req-78875339-4a43-422b-81c7-69992dfddcfd tempest-AggregatesAdminTestJSON-1962777246 tempest-AggregatesAdminTestJSON-1962777246-project-admin] 10.222.0.43 "POST /compute/v2.1/os-aggregates" status: 200 len: 197 microversion: 2.1 time: 0.040042
Feb 19 07:09:35.248988 n-d-829866-3 devstack@n-api.service[118042]: [pid: 118042|app: 0|req: 89/206] 10.222.0.43 () {60 vars in 1163 bytes} [Sat Feb 19 07:09:35 2022] POST /compute/v2.1/os-aggregates => generated 197 bytes in 42 msecs (HTTP/1.1 200) 9 headers in 357 bytes (1 switches on core 0)
Feb 19 07:09:35.252615 n-d-829866-3 devstack@n-api.service[118041]: [pid: 118041|app: 0|req: 118/207] 10.222.0.43 () {58 vars in 1235 bytes} [Sat Feb 19 07:09:34 2022] GET /compute/v2.1/servers/6db2b661-3667-4aa1-964d-94921883b377 => generated 1388 bytes in 342 msecs (HTTP/1.1 200) 9 headers in 358 bytes (1 switches on core 0)
Feb 19 07:09:35.264253 n-d-829866-3 devstack@n-api.service[118041]: DEBUG nova.api.openstack.wsgi [None req-7f1c1f4c-7c75-4d68-8bf5-b526505188b4 tempest-AggregatesAdminTestJSON-1962777246 tempest-AggregatesAdminTestJSON-1962777246-project-admin] Action: 'action', calling method: >, body: {"add_host": {"host": "n-h1-829866-3"}} {{(pid=118041) _process_stack /opt/stack/nova/nova/api/openstack/wsgi.py:511}}
Feb 19 07:09:35.265839 n-d-829866-3 devstack@n-api.service[118041]: /usr/local/lib/python3.8/dist-packages/oslo_policy/policy.py:1119: UserWarning: Policy "os_compute_api:os-aggregates:add_host": "rule:context_is_admin" failed scope check. The token used to make the request was project scoped but the policy requires ['system'] scope. This behavior may change in the future where using the intended scope is required
Feb 19 07:09:35.265839 n-d-829866-3 devstack@n-api.service[118041]: warnings.warn(msg)
Feb 19 07:09:35.266506 n-d-829866-3 devstack@n-api.service[118042]: DEBUG nova.api.openstack.wsgi [None req-e09882e7-5ade-4a42-8b46-866f83305e9a tempest-DeleteServersAdminTestJSON-1188616873 tempest-DeleteServersAdminTestJSON-1188616873-project] Calling method '>' {{(pid=118042) _process_stack /opt/stack/nova/nova/api/openstack/wsgi.py:513}}
Feb 19 07:09:35.267455 n-d-829866-3 devstack@n-api.service[118042]: DEBUG nova.compute.api [None req-e09882e7-5ade-4a42-8b46-866f83305e9a tempest-DeleteServersAdminTestJSON-1188616873 tempest-DeleteServersAdminTestJSON-1188616873-project] [instance: 0d8be5dc-28a6-4b23-b34b-18de59992bf0] Fetching instance by UUID {{(pid=118042) get /opt/stack/nova/nova/compute/api.py:2865}}
Feb 19 07:09:35.279465 n-d-829866-3 devstack@n-api.service[118042]: DEBUG oslo_concurrency.lockutils [None req-e09882e7-5ade-4a42-8b46-866f83305e9a tempest-DeleteServersAdminTestJSON-1188616873 tempest-DeleteServersAdminTestJSON-1188616873-project] Lock "ba4941ed-6965-4c69-8cb7-32b5128344db" acquired by "nova.context.set_target_cell..get_or_set_cached_cell_and_set_connections" :: waited 0.000s {{(pid=118042) inner /usr/local/lib/python3.8/dist-packages/oslo_concurrency/lockutils.py:386}}
Feb 19 07:09:35.280157 n-d-829866-3 devstack@n-api.service[118042]: DEBUG oslo_concurrency.lockutils [None req-e09882e7-5ade-4a42-8b46-866f83305e9a tempest-DeleteServersAdminTestJSON-1188616873 tempest-DeleteServersAdminTestJSON-1188616873-project] Lock "ba4941ed-6965-4c69-8cb7-32b5128344db" "released" by "nova.context.set_target_cell..get_or_set_cached_cell_and_set_connections" :: held 0.001s {{(pid=118042) inner /usr/local/lib/python3.8/dist-packages/oslo_concurrency/lockutils.py:400}}
Feb 19 07:09:35.281108 n-d-829866-3 devstack@n-api.service[118042]: DEBUG oslo_concurrency.lockutils [None req-e09882e7-5ade-4a42-8b46-866f83305e9a tempest-DeleteServersAdminTestJSON-1188616873 tempest-DeleteServersAdminTestJSON-1188616873-project] Lock "ba4941ed-6965-4c69-8cb7-32b5128344db" acquired by "nova.context.set_target_cell..get_or_set_cached_cell_and_set_connections" :: waited 0.000s {{(pid=118042) inner /usr/local/lib/python3.8/dist-packages/oslo_concurrency/lockutils.py:386}}
Feb 19 07:09:35.283621 n-d-829866-3 devstack@n-api.service[118042]: DEBUG oslo_concurrency.lockutils [None req-e09882e7-5ade-4a42-8b46-866f83305e9a tempest-DeleteServersAdminTestJSON-1188616873 tempest-DeleteServersAdminTestJSON-1188616873-project] Lock "ba4941ed-6965-4c69-8cb7-32b5128344db" "released" by "nova.context.set_target_cell..get_or_set_cached_cell_and_set_connections" :: held 0.002s {{(pid=118042) inner /usr/local/lib/python3.8/dist-packages/oslo_concurrency/lockutils.py:400}}
Feb 19 07:09:35.291622 n-d-829866-3 devstack@n-api.service[118041]: DEBUG oslo_concurrency.lockutils [None req-7f1c1f4c-7c75-4d68-8bf5-b526505188b4 tempest-AggregatesAdminTestJSON-1962777246 tempest-AggregatesAdminTestJSON-1962777246-project-admin] Lock "ba4941ed-6965-4c69-8cb7-32b5128344db" acquired by "nova.context.set_target_cell..get_or_set_cached_cell_and_set_connections" :: waited 0.000s {{(pid=118041) inner /usr/local/lib/python3.8/dist-packages/oslo_concurrency/lockutils.py:386}}
Feb 19 07:09:35.292381 n-d-829866-3 devstack@n-api.service[118041]: DEBUG oslo_concurrency.lockutils [None req-7f1c1f4c-7c75-4d68-8bf5-b526505188b4 tempest-AggregatesAdminTestJSON-1962777246 tempest-AggregatesAdminTestJSON-1962777246-project-admin] Lock "ba4941ed-6965-4c69-8cb7-32b5128344db" "released" by "nova.context.set_target_cell..get_or_set_cached_cell_and_set_connections" :: held 0.001s {{(pid=118041) inner /usr/local/lib/python3.8/dist-packages/oslo_concurrency/lockutils.py:400}}
Feb 19 07:09:35.480812 n-d-829866-3 devstack@n-api.service[118042]: DEBUG nova.policy [None req-e09882e7-5ade-4a42-8b46-866f83305e9a tempest-DeleteServersAdminTestJSON-1188616873 tempest-DeleteServersAdminTestJSON-1188616873-project] Policy check for os_compute_api:os-extended-server-attributes failed with credentials {'is_admin': False, 'user_id': 'ad5abc14bef5460ea33968597c9f9c70', 'user_domain_id': 'default', 'system_scope': None, 'domain_id': None, 'project_id': 'b8bcbd60ad4f4b2196a4a84c174bc774', 'project_domain_id': 'default', 'roles': ['reader', 'member'], 'is_admin_project': True, 'service_user_id': None, 'service_user_domain_id': None, 'service_project_id': None, 'service_project_domain_id': None, 'service_roles': []} {{(pid=118042) authorize /opt/stack/nova/nova/policy.py:199}}
Feb 19 07:09:35.519622 n-d-829866-3 devstack@n-api.service[118042]: INFO nova.api.openstack.requestlog [None req-e09882e7-5ade-4a42-8b46-866f83305e9a tempest-DeleteServersAdminTestJSON-1188616873 tempest-DeleteServersAdminTestJSON-1188616873-project] 10.222.0.43 "GET /compute/v2.1/servers/0d8be5dc-28a6-4b23-b34b-18de59992bf0" status: 200 len: 1433 microversion: 2.1 time: 0.264883
Feb 19 07:09:35.521282 n-d-829866-3 devstack@n-api.service[118042]: [pid: 118042|app: 0|req: 90/208] 10.222.0.43 () {58 vars in 1235 bytes} [Sat Feb 19 07:09:35 2022] GET /compute/v2.1/servers/0d8be5dc-28a6-4b23-b34b-18de59992bf0 => generated 1433 bytes in 272 msecs (HTTP/1.1 200) 9 headers in 358 bytes (1 switches on core 0)
