Jul 13 10:38:17.529022 n-d-829804-2 devstack@placement-api.service[104141]: INFO placement.requestlog [None req-d987a46c-4107-4054-86dc-d9adbc62ccd6 service placement] 10.222.0.47 "DELETE /placement/resource_providers/d4014195-e024-408e-a82a-5f2c757b4667" status: 404 len: 246 microversion: 1.1
Jul 13 10:38:17.529801 n-d-829804-2 devstack@placement-api.service[104141]: [pid: 104141|app: 0|req: 391/777] 10.222.0.47 () {60 vars in 1351 bytes} [Wed Jul 13 10:38:17 2022] DELETE /placement/resource_providers/d4014195-e024-408e-a82a-5f2c757b4667 => generated 246 bytes in 19 msecs (HTTP/1.1 404) 6 headers in 231 bytes (1 switches on core 0)
Jul 13 10:38:20.837167 n-d-829804-2 devstack@placement-api.service[104142]: DEBUG placement.requestlog [None req-508d0ebd-b43d-484f-987a-81c38689ae2f None None] Starting request: 10.222.0.47 "GET /placement/resource_providers/540dfbee-72b6-4436-9ecb-982ee391aa27/aggregates" {{(pid=104142) __call__ /opt/stack/placement/placement/requestlog.py:55}}
Jul 13 10:38:20.847677 n-d-829804-2 devstack@placement-api.service[104142]: INFO placement.requestlog [None req-508d0ebd-b43d-484f-987a-81c38689ae2f service placement] 10.222.0.47 "GET /placement/resource_providers/540dfbee-72b6-4436-9ecb-982ee391aa27/aggregates" status: 404 len: 235 microversion: 1.1
Jul 13 10:38:20.848038 n-d-829804-2 devstack@placement-api.service[104142]: [pid: 104142|app: 0|req: 387/778] 10.222.0.47 () {58 vars in 1362 bytes} [Wed Jul 13 10:38:20 2022] GET /placement/resource_providers/540dfbee-72b6-4436-9ecb-982ee391aa27/aggregates => generated 235 bytes in 11 msecs (HTTP/1.1 404) 5 headers in 202 bytes (1 switches on core 0)
Jul 13 10:38:20.867225 n-d-829804-2 devstack@placement-api.service[104141]: DEBUG placement.requestlog [None req-ccf99a24-9592-45be-ab1d-38ef515000f2 None None] Starting request: 10.222.0.47 "DELETE /placement/resource_providers/540dfbee-72b6-4436-9ecb-982ee391aa27" {{(pid=104141) __call__ /opt/stack/placement/placement/requestlog.py:55}}
Jul 13 10:38:20.881072 n-d-829804-2 devstack@placement-api.service[104141]: DEBUG placement.wsgi_wrapper [None req-ccf99a24-9592-45be-ab1d-38ef515000f2 service placement] Placement API returning an error response: No resource provider with uuid 540dfbee-72b6-4436-9ecb-982ee391aa27 found for delete {{(pid=104141) call_func /opt/stack/placement/placement/wsgi_wrapper.py:31}}
Jul 13 10:38:20.882874 n-d-829804-2 devstack@placement-api.service[104141]: INFO placement.requestlog [None req-ccf99a24-9592-45be-ab1d-38ef515000f2 service placement] 10.222.0.47 "DELETE /placement/resource_providers/540dfbee-72b6-4436-9ecb-982ee391aa27" status: 404 len: 246 microversion: 1.1
Jul 13 10:38:20.887298 n-d-829804-2 devstack@placement-api.service[104141]: [pid: 104141|app: 0|req: 392/779] 10.222.0.47 () {60 vars in 1351 bytes} [Wed Jul 13 10:38:20 2022] DELETE /placement/resource_providers/540dfbee-72b6-4436-9ecb-982ee391aa27 => generated 246 bytes in 16 msecs (HTTP/1.1 404) 6 headers in 231 bytes (1 switches on core 0)
Jul 13 10:38:23.598771 n-d-829804-2 devstack@placement-api.service[104142]: DEBUG placement.requestlog [req-497fba11-b37d-404b-89b1-3c458c808e01 req-dfc83d16-10a0-4a63-927c-1435f86f0d73 None None] Starting request: 10.222.0.47 "GET /placement/allocation_candidates?limit=1000&resources=DISK_GB%3A1%2CMEMORY_MB%3A1024%2CVCPU%3A1&root_required=%21COMPUTE_STATUS_DISABLED" {{(pid=104142) __call__ /opt/stack/placement/placement/requestlog.py:55}}
Jul 13 10:38:23.683244 n-d-829804-2 devstack@placement-api.service[104142]: DEBUG placement.objects.research_context [req-497fba11-b37d-404b-89b1-3c458c808e01 req-dfc83d16-10a0-4a63-927c-1435f86f0d73 service placement] getting providers with 1 DISK_GB {{(pid=104142) __init__ /opt/stack/placement/placement/objects/research_context.py:126}}
Jul 13 10:38:23.730503 n-d-829804-2 devstack@placement-api.service[104142]: DEBUG placement.objects.research_context [req-497fba11-b37d-404b-89b1-3c458c808e01 req-dfc83d16-10a0-4a63-927c-1435f86f0d73 service placement] getting providers with 1024 MEMORY_MB {{(pid=104142) __init__ /opt/stack/placement/placement/objects/research_context.py:126}}
Jul 13 10:38:23.748185 n-d-829804-2 devstack@placement-api.service[104142]: DEBUG placement.objects.research_context [req-497fba11-b37d-404b-89b1-3c458c808e01 req-dfc83d16-10a0-4a63-927c-1435f86f0d73 service placement] getting providers with 1 VCPU {{(pid=104142) __init__ /opt/stack/placement/placement/objects/research_context.py:126}}
Jul 13 10:38:23.764625 n-d-829804-2 devstack@placement-api.service[104142]: DEBUG placement.objects.research_context [req-497fba11-b37d-404b-89b1-3c458c808e01 req-dfc83d16-10a0-4a63-927c-1435f86f0d73 service placement] found 2 providers with available 1 DISK_GB {{(pid=104142) get_provider_ids_matching /opt/stack/placement/placement/objects/research_context.py:549}}
Jul 13 10:38:23.764788 n-d-829804-2 devstack@placement-api.service[104142]: DEBUG placement.objects.research_context [req-497fba11-b37d-404b-89b1-3c458c808e01 req-dfc83d16-10a0-4a63-927c-1435f86f0d73 service placement] found 2 providers with available 1024 MEMORY_MB {{(pid=104142) get_provider_ids_matching /opt/stack/placement/placement/objects/research_context.py:549}}
Jul 13 10:38:23.765440 n-d-829804-2 devstack@placement-api.service[104142]: DEBUG placement.objects.research_context [req-497fba11-b37d-404b-89b1-3c458c808e01 req-dfc83d16-10a0-4a63-927c-1435f86f0d73 service placement] found 2 providers after filtering by previous result {{(pid=104142) get_provider_ids_matching /opt/stack/placement/placement/objects/research_context.py:580}}
Jul 13 10:38:23.765899 n-d-829804-2 devstack@placement-api.service[104142]: DEBUG placement.objects.research_context [req-497fba11-b37d-404b-89b1-3c458c808e01 req-dfc83d16-10a0-4a63-927c-1435f86f0d73 service placement] found 2 providers with available 1 VCPU {{(pid=104142) get_provider_ids_matching /opt/stack/placement/placement/objects/research_context.py:549}}
Jul 13 10:38:23.766901 n-d-829804-2 devstack@placement-api.service[104142]: DEBUG placement.objects.research_context [req-497fba11-b37d-404b-89b1-3c458c808e01 req-dfc83d16-10a0-4a63-927c-1435f86f0d73 service placement] found 2 providers after filtering by previous result {{(pid=104142) get_provider_ids_matching /opt/stack/placement/placement/objects/research_context.py:580}}
Jul 13 10:38:23.792339 n-d-829804-2 devstack@placement-api.service[104142]: DEBUG placement.objects.allocation_candidate [req-497fba11-b37d-404b-89b1-3c458c808e01 req-dfc83d16-10a0-4a63-927c-1435f86f0d73 service placement] RequestGroup(use_same_provider=False, resources={DISK_GB:1, MEMORY_MB:1024, VCPU:1}, traits=[], aggregates=[]) (suffix '') returned 2 matches {{(pid=104142) _get_by_requests /opt/stack/placement/placement/objects/allocation_candidate.py:145}}
Jul 13 10:38:23.792950 n-d-829804-2 devstack@placement-api.service[104142]: DEBUG placement.objects.allocation_candidate [req-497fba11-b37d-404b-89b1-3c458c808e01 req-dfc83d16-10a0-4a63-927c-1435f86f0d73 service placement] Merging candidates yields 2 allocation requests and 2 provider summaries {{(pid=104142) _merge_candidates /opt/stack/placement/placement/objects/allocation_candidate.py:783}}
Jul 13 10:38:23.794935 n-d-829804-2 devstack@placement-api.service[104142]: INFO placement.requestlog [req-497fba11-b37d-404b-89b1-3c458c808e01 req-dfc83d16-10a0-4a63-927c-1435f86f0d73 service placement] 10.222.0.47 "GET /placement/allocation_candidates?limit=1000&resources=DISK_GB%3A1%2CMEMORY_MB%3A1024%2CVCPU%3A1&root_required=%21COMPUTE_STATUS_DISABLED" status: 200 len: 1309 microversion: 1.36
Jul 13 10:38:23.795722 n-d-829804-2 devstack@placement-api.service[104142]: [pid: 104142|app: 0|req: 388/780] 10.222.0.47 () {60 vars in 1506 bytes} [Wed Jul 13 10:38:23 2022] GET /placement/allocation_candidates?limit=1000&resources=DISK_GB%3A1%2CMEMORY_MB%3A1024%2CVCPU%3A1&root_required=%21COMPUTE_STATUS_DISABLED => generated 1309 bytes in 197 msecs (HTTP/1.1 200) 8 headers in 297 bytes (1 switches on core 0)
Jul 13 10:38:23.978743 n-d-829804-2 devstack@placement-api.service[104141]: DEBUG placement.requestlog [req-497fba11-b37d-404b-89b1-3c458c808e01 req-6ae9c572-831d-4707-aa62-4282bd171cdc None None] Starting request: 10.222.0.47 "GET /placement/allocations/b4a6e5de-1a4a-455e-be0b-012bee992d4b" {{(pid=104141) __call__ /opt/stack/placement/placement/requestlog.py:55}}
Jul 13 10:38:24.003867 n-d-829804-2 devstack@placement-api.service[104141]: INFO placement.requestlog [req-497fba11-b37d-404b-89b1-3c458c808e01 req-6ae9c572-831d-4707-aa62-4282bd171cdc service placement] 10.222.0.47 "GET /placement/allocations/b4a6e5de-1a4a-455e-be0b-012bee992d4b" status: 200 len: 19 microversion: 1.28
Jul 13 10:38:24.004797 n-d-829804-2 devstack@placement-api.service[104141]: [pid: 104141|app: 0|req: 393/781] 10.222.0.47 () {60 vars in 1380 bytes} [Wed Jul 13 10:38:23 2022] GET /placement/allocations/b4a6e5de-1a4a-455e-be0b-012bee992d4b => generated 19 bytes in 26 msecs (HTTP/1.1 200) 8 headers in 295 bytes (1 switches on core 0)
Jul 13 10:38:24.011050 n-d-829804-2 devstack@placement-api.service[104142]: DEBUG placement.requestlog [req-497fba11-b37d-404b-89b1-3c458c808e01 req-ce00765b-261e-4bc6-8796-ed3d32adbdb9 None None] Starting request: 10.222.0.47 "PUT /placement/allocations/b4a6e5de-1a4a-455e-be0b-012bee992d4b" {{(pid=104142) __call__ /opt/stack/placement/placement/requestlog.py:55}}
Jul 13 10:38:24.397961 n-d-829804-2 devstack@placement-api.service[104142]: DEBUG placement.handlers.allocation [req-497fba11-b37d-404b-89b1-3c458c808e01 req-ce00765b-261e-4bc6-8796-ed3d32adbdb9 service placement] Successfully wrote allocations [<placement.objects.allocation.Allocation object at 0x7fca24412400>, <placement.objects.allocation.Allocation object at 0x7fca244129a0>, <placement.objects.allocation.Allocation object at 0x7fca24412ca0>] {{(pid=104142) _update_consumers_and_create_allocations /opt/stack/placement/placement/handlers/allocation.py:462}}
Jul 13 10:38:24.520175 n-d-829804-2 devstack@placement-api.service[104142]: INFO placement.requestlog [req-497fba11-b37d-404b-89b1-3c458c808e01 req-ce00765b-261e-4bc6-8796-ed3d32adbdb9 service placement] 10.222.0.47 "PUT /placement/allocations/b4a6e5de-1a4a-455e-be0b-012bee992d4b" status: 204 len: 0 microversion: 1.36
Jul 13 10:38:24.520866 n-d-829804-2 devstack@placement-api.service[104142]: [pid: 104142|app: 0|req: 389/782] 10.222.0.47 () {64 vars in 1433 bytes} [Wed Jul 13 10:38:24 2022] PUT /placement/allocations/b4a6e5de-1a4a-455e-be0b-012bee992d4b => generated 0 bytes in 510 msecs (HTTP/1.1 204) 5 headers in 199 bytes (1 switches on core 0)
Jul 13 10:38:25.372616 n-d-829804-2 devstack@placement-api.service[104141]: DEBUG placement.requestlog [req-fc7aae21-e730-4421-8e13-7768d2e3ac41 req-5819cf2a-c437-4354-bdba-f6930423e1b7 None None] Starting request: 10.222.0.47 "GET /placement/allocation_candidates?limit=1000&resources=DISK_GB%3A1%2CMEMORY_MB%3A1024%2CVCPU%3A1&root_required=%21COMPUTE_STATUS_DISABLED" {{(pid=104141) __call__ /opt/stack/placement/placement/requestlog.py:55}}
Jul 13 10:38:25.477094 n-d-829804-2 devstack@placement-api.service[104141]: DEBUG placement.objects.research_context [req-fc7aae21-e730-4421-8e13-7768d2e3ac41 req-5819cf2a-c437-4354-bdba-f6930423e1b7 service placement] getting providers with 1 DISK_GB {{(pid=104141) __init__ /opt/stack/placement/placement/objects/research_context.py:126}}
Jul 13 10:38:25.492434 n-d-829804-2 devstack@placement-api.service[104141]: DEBUG placement.objects.research_context [req-fc7aae21-e730-4421-8e13-7768d2e3ac41 req-5819cf2a-c437-4354-bdba-f6930423e1b7 service placement] getting providers with 1024 MEMORY_MB {{(pid=104141) __init__ /opt/stack/placement/placement/objects/research_context.py:126}}
Jul 13 10:38:25.507910 n-d-829804-2 devstack@placement-api.service[104141]: DEBUG placement.objects.research_context [req-fc7aae21-e730-4421-8e13-7768d2e3ac41 req-5819cf2a-c437-4354-bdba-f6930423e1b7 service placement] getting providers with 1 VCPU {{(pid=104141) __init__ /opt/stack/placement/placement/objects/research_context.py:126}}
Jul 13 10:38:25.524133 n-d-829804-2 devstack@placement-api.service[104141]: DEBUG placement.objects.research_context [req-fc7aae21-e730-4421-8e13-7768d2e3ac41 req-5819cf2a-c437-4354-bdba-f6930423e1b7 service placement] found 2 providers with available 1 DISK_GB {{(pid=104141) get_provider_ids_matching /opt/stack/placement/placement/objects/research_context.py:549}}
Jul 13 10:38:25.526990 n-d-829804-2 devstack@placement-api.service[104141]: DEBUG placement.objects.research_context [req-fc7aae21-e730-4421-8e13-7768d2e3ac41 req-5819cf2a-c437-4354-bdba-f6930423e1b7 service placement] found 2 providers with available 1024 MEMORY_MB {{(pid=104141) get_provider_ids_matching /opt/stack/placement/placement/objects/research_context.py:549}}
Jul 13 10:38:25.527420 n-d-829804-2 devstack@placement-api.service[104141]: DEBUG placement.objects.research_context [req-fc7aae21-e730-4421-8e13-7768d2e3ac41 req-5819cf2a-c437-4354-bdba-f6930423e1b7 service placement] found 2 providers after filtering by previous result {{(pid=104141) get_provider_ids_matching /opt/stack/placement/placement/objects/research_context.py:580}}
Jul 13 10:38:25.527728 n-d-829804-2 devstack@placement-api.service[104141]: DEBUG placement.objects.research_context [req-fc7aae21-e730-4421-8e13-7768d2e3ac41 req-5819cf2a-c437-4354-bdba-f6930423e1b7 service placement] found 2 providers with available 1 VCPU {{(pid=104141) get_provider_ids_matching /opt/stack/placement/placement/objects/research_context.py:549}}
Jul 13 10:38:25.527941 n-d-829804-2 devstack@placement-api.service[104141]: DEBUG placement.objects.research_context [req-fc7aae21-e730-4421-8e13-7768d2e3ac41 req-5819cf2a-c437-4354-bdba-f6930423e1b7 service placement] found 2 providers after filtering by previous result {{(pid=104141) get_provider_ids_matching /opt/stack/placement/placement/objects/research_context.py:580}}
Jul 13 10:38:25.640396 n-d-829804-2 devstack@placement-api.service[104141]: DEBUG placement.objects.allocation_candidate [req-fc7aae21-e730-4421-8e13-7768d2e3ac41 req-5819cf2a-c437-4354-bdba-f6930423e1b7 service placement] RequestGroup(use_same_provider=False, resources={DISK_GB:1, MEMORY_MB:1024, VCPU:1}, traits=[], aggregates=[]) (suffix '') returned 2 matches {{(pid=104141) _get_by_requests /opt/stack/placement/placement/objects/allocation_candidate.py:145}}
Jul 13 10:38:25.640776 n-d-829804-2 devstack@placement-api.service[104141]: DEBUG placement.objects.allocation_candidate [req-fc7aae21-e730-4421-8e13-7768d2e3ac41 req-5819cf2a-c437-4354-bdba-f6930423e1b7 service placement] Merging candidates yields 2 allocation requests and 2 provider summaries {{(pid=104141) _merge_candidates /opt/stack/placement/placement/objects/allocation_candidate.py:783}}
Jul 13 10:38:25.647317 n-d-829804-2 devstack@placement-api.service[104141]: INFO placement.requestlog [req-fc7aae21-e730-4421-8e13-7768d2e3ac41 req-5819cf2a-c437-4354-bdba-f6930423e1b7 service placement] 10.222.0.47 "GET /placement/allocation_candidates?limit=1000&resources=DISK_GB%3A1%2CMEMORY_MB%3A1024%2CVCPU%3A1&root_required=%21COMPUTE_STATUS_DISABLED" status: 200 len: 1309 microversion: 1.36
Jul 13 10:38:25.651407 n-d-829804-2 devstack@placement-api.service[104141]: [pid: 104141|app: 0|req: 394/783] 10.222.0.47 () {60 vars in 1506 bytes} [Wed Jul 13 10:38:25 2022] GET /placement/allocation_candidates?limit=1000&resources=DISK_GB%3A1%2CMEMORY_MB%3A1024%2CVCPU%3A1&root_required=%21COMPUTE_STATUS_DISABLED => generated 1309 bytes in 279 msecs (HTTP/1.1 200) 8 headers in 297 bytes (1 switches on core 0)
Jul 13 10:38:25.726254 n-d-829804-2 devstack@placement-api.service[104142]: DEBUG placement.requestlog [req-fc7aae21-e730-4421-8e13-7768d2e3ac41 req-dcf79ba9-724a-48c8-88c5-89dde0df966f None None] Starting request: 10.222.0.47 "GET /placement/allocations/b538aba5-30fb-4b07-9bbe-cb3cc22ce241" {{(pid=104142) __call__ /opt/stack/placement/placement/requestlog.py:55}}
Jul 13 10:38:25.748878 n-d-829804-2 devstack@placement-api.service[104142]: INFO placement.requestlog [req-fc7aae21-e730-4421-8e13-7768d2e3ac41 req-dcf79ba9-724a-48c8-88c5-89dde0df966f service placement] 10.222.0.47 "GET /placement/allocations/b538aba5-30fb-4b07-9bbe-cb3cc22ce241" status: 200 len: 19 microversion: 1.28
Jul 13 10:38:25.749648 n-d-829804-2 devstack@placement-api.service[104142]: [pid: 104142|app: 0|req: 390/784] 10.222.0.47 () {60 vars in 1380 bytes} [Wed Jul 13 10:38:25 2022] GET /placement/allocations/b538aba5-30fb-4b07-9bbe-cb3cc22ce241 => generated 19 bytes in 24 msecs (HTTP/1.1 200) 8 headers in 295 bytes (1 switches on core 0)
Jul 13 10:38:25.756663 n-d-829804-2 devstack@placement-api.service[104141]: DEBUG placement.requestlog [req-fc7aae21-e730-4421-8e13-7768d2e3ac41 req-e2d9b946-9f08-41d0-a524-afda8fa83d98 None None] Starting request: 10.222.0.47 "PUT /placement/allocations/b538aba5-30fb-4b07-9bbe-cb3cc22ce241" {{(pid=104141) __call__ /opt/stack/placement/placement/requestlog.py:55}}
Jul 13 10:38:25.945296 n-d-829804-2 devstack@placement-api.service[104141]: DEBUG placement.handlers.allocation [req-fc7aae21-e730-4421-8e13-7768d2e3ac41 req-e2d9b946-9f08-41d0-a524-afda8fa83d98 service placement] Successfully wrote allocations [<placement.objects.allocation.Allocation object at 0x7fca245d97f0>, <placement.objects.allocation.Allocation object at 0x7fca24642970>, <placement.objects.allocation.Allocation object at 0x7fca24642b80>] {{(pid=104141) _update_consumers_and_create_allocations /opt/stack/placement/placement/handlers/allocation.py:462}}
Jul 13 10:38:26.070933 n-d-829804-2 devstack@placement-api.service[104142]: DEBUG placement.requestlog [req-497fba11-b37d-404b-89b1-3c458c808e01 req-d19493a3-37dd-44a4-b028-8616ef8ce050 None None] Starting request: 10.222.0.57 "GET /placement/allocations/b4a6e5de-1a4a-455e-be0b-012bee992d4b" {{(pid=104142) __call__ /opt/stack/placement/placement/requestlog.py:55}}
Jul 13 10:38:26.076597 n-d-829804-2 devstack@placement-api.service[104141]: INFO placement.requestlog [req-fc7aae21-e730-4421-8e13-7768d2e3ac41 req-e2d9b946-9f08-41d0-a524-afda8fa83d98 service placement] 10.222.0.47 "PUT /placement/allocations/b538aba5-30fb-4b07-9bbe-cb3cc22ce241" status: 204 len: 0 microversion: 1.36
Jul 13 10:38:26.078830 n-d-829804-2 devstack@placement-api.service[104141]: [pid: 104141|app: 0|req: 395/785] 10.222.0.47 () {64 vars in 1433 bytes} [Wed Jul 13 10:38:25 2022] PUT /placement/allocations/b538aba5-30fb-4b07-9bbe-cb3cc22ce241 => generated 0 bytes in 321 msecs (HTTP/1.1 204) 5 headers in 199 bytes (2 switches on core 0)
Jul 13 10:38:26.148563 n-d-829804-2 devstack@placement-api.service[104142]: INFO placement.requestlog [req-497fba11-b37d-404b-89b1-3c458c808e01 req-d19493a3-37dd-44a4-b028-8616ef8ce050 service placement] 10.222.0.57 "GET /placement/allocations/b4a6e5de-1a4a-455e-be0b-012bee992d4b" status: 200 len: 259 microversion: 1.28
Jul 13 10:38:26.148800 n-d-829804-2 devstack@placement-api.service[104142]: [pid: 104142|app: 0|req: 391/786] 10.222.0.57 () {60 vars in 1377 bytes} [Wed Jul 13 10:38:26 2022] GET /placement/allocations/b4a6e5de-1a4a-455e-be0b-012bee992d4b => generated 259 bytes in 78 msecs (HTTP/1.1 200) 8 headers in 296 bytes (2 switches on core 0)
Jul 13 10:38:26.679416 n-d-829804-2 devstack@placement-api.service[104141]: DEBUG placement.requestlog [req-a787d611-af62-46cf-95df-8fa980949b65 req-ae445e5b-b20c-48b2-90b7-5fcfda77f690 None None] Starting request: 10.222.0.40 "DELETE /placement/allocations/60dbd6c5-b5a9-4e46-8176-4eed1e514661" {{(pid=104141) __call__ /opt/stack/placement/placement/requestlog.py:55}}
Jul 13 10:38:26.872086 n-d-829804-2 devstack@placement-api.service[104141]: DEBUG placement.handlers.allocation [req-a787d611-af62-46cf-95df-8fa980949b65 req-ae445e5b-b20c-48b2-90b7-5fcfda77f690 service placement] Successfully deleted allocations [<placement.objects.allocation.Allocation object at 0x7fca24459640>, <placement.objects.allocation.Allocation object at 0x7fca24459dc0>, <placement.objects.allocation.Allocation object at 0x7fca244597f0>] {{(pid=104141) delete_allocations /opt/stack/placement/placement/handlers/allocation.py:627}}
Jul 13 10:38:26.877416 n-d-829804-2 devstack@placement-api.service[104141]: INFO placement.requestlog [req-a787d611-af62-46cf-95df-8fa980949b65 req-ae445e5b-b20c-48b2-90b7-5fcfda77f690 service placement] 10.222.0.40 "DELETE /placement/allocations/60dbd6c5-b5a9-4e46-8176-4eed1e514661" status: 204 len: 0 microversion: 1.0
Jul 13 10:38:26.877416 n-d-829804-2 devstack@placement-api.service[104141]: [pid: 104141|app: 0|req: 396/787] 10.222.0.40 () {60 vars in 1355 bytes} [Wed Jul 13 10:38:26 2022] DELETE /placement/allocations/60dbd6c5-b5a9-4e46-8176-4eed1e514661 => generated 0 bytes in 194 msecs (HTTP/1.1 204) 5 headers in 198 bytes (1 switches on core 0)
Jul 13 10:38:27.428114 n-d-829804-2 devstack@placement-api.service[104142]: DEBUG placement.requestlog [req-fc7aae21-e730-4421-8e13-7768d2e3ac41 req-5e234233-6122-483b-995b-200effbefe91 None None] Starting request: 10.222.0.57 "GET /placement/allocations/b538aba5-30fb-4b07-9bbe-cb3cc22ce241" {{(pid=104142) __call__ /opt/stack/placement/placement/requestlog.py:55}}
Jul 13 10:38:27.461699 n-d-829804-2 devstack@placement-api.service[104142]: INFO placement.requestlog [req-fc7aae21-e730-4421-8e13-7768d2e3ac41 req-5e234233-6122-483b-995b-200effbefe91 service placement] 10.222.0.57 "GET /placement/allocations/b538aba5-30fb-4b07-9bbe-cb3cc22ce241" status: 200 len: 259 microversion: 1.28
Jul 13 10:38:27.462271 n-d-829804-2 devstack@placement-api.service[104142]: [pid: 104142|app: 0|req: 392/788] 10.222.0.57 () {60 vars in 1377 bytes} [Wed Jul 13 10:38:27 2022] GET /placement/allocations/b538aba5-30fb-4b07-9bbe-cb3cc22ce241 => generated 259 bytes in 34 msecs (HTTP/1.1 200) 8 headers in 296 bytes (1 switches on core 0)
Jul 13 10:38:28.017929 n-d-829804-2 devstack@placement-api.service[104141]: DEBUG placement.requestlog [req-9a158bc5-5593-4141-969c-9a5b57a6d70e req-c514e6d6-a0af-4f8b-989d-182ba85c843c None None] Starting request: 10.222.0.47 "GET /placement/allocation_candidates?limit=1000&resources=DISK_GB%3A1%2CMEMORY_MB%3A512%2CVCPU%3A1&root_required=%21COMPUTE_STATUS_DISABLED" {{(pid=104141) __call__ /opt/stack/placement/placement/requestlog.py:55}}
Jul 13 10:38:28.087334 n-d-829804-2 devstack@placement-api.service[104141]: DEBUG placement.objects.research_context [req-9a158bc5-5593-4141-969c-9a5b57a6d70e req-c514e6d6-a0af-4f8b-989d-182ba85c843c service placement] getting providers with 1 DISK_GB {{(pid=104141) __init__ /opt/stack/placement/placement/objects/research_context.py:126}}
Jul 13 10:38:28.094806 n-d-829804-2 devstack@placement-api.service[104141]: DEBUG placement.objects.research_context [req-9a158bc5-5593-4141-969c-9a5b57a6d70e req-c514e6d6-a0af-4f8b-989d-182ba85c843c service placement] getting providers with 512 MEMORY_MB {{(pid=104141) __init__ /opt/stack/placement/placement/objects/research_context.py:126}}
Jul 13 10:38:28.101448 n-d-829804-2 devstack@placement-api.service[104141]: DEBUG placement.objects.research_context [req-9a158bc5-5593-4141-969c-9a5b57a6d70e req-c514e6d6-a0af-4f8b-989d-182ba85c843c service placement] getting providers with 1 VCPU {{(pid=104141) __init__ /opt/stack/placement/placement/objects/research_context.py:126}}
Jul 13 10:38:28.108812 n-d-829804-2 devstack@placement-api.service[104141]: DEBUG placement.objects.research_context [req-9a158bc5-5593-4141-969c-9a5b57a6d70e req-c514e6d6-a0af-4f8b-989d-182ba85c843c service placement] found 2 providers with available 1 DISK_GB {{(pid=104141) get_provider_ids_matching /opt/stack/placement/placement/objects/research_context.py:549}}
Jul 13 10:38:28.109305 n-d-829804-2 devstack@placement-api.service[104141]: DEBUG placement.objects.research_context [req-9a158bc5-5593-4141-969c-9a5b57a6d70e req-c514e6d6-a0af-4f8b-989d-182ba85c843c service placement] found 2 providers with available 512 MEMORY_MB {{(pid=104141) get_provider_ids_matching /opt/stack/placement/placement/objects/research_context.py:549}}
Jul 13 10:38:28.110284 n-d-829804-2 devstack@placement-api.service[104141]: DEBUG placement.objects.research_context [req-9a158bc5-5593-4141-969c-9a5b57a6d70e req-c514e6d6-a0af-4f8b-989d-182ba85c843c service placement] found 2 providers after filtering by previous result {{(pid=104141) get_provider_ids_matching /opt/stack/placement/placement/objects/research_context.py:580}}
Jul 13 10:38:28.110705 n-d-829804-2 devstack@placement-api.service[104141]: DEBUG placement.objects.research_context [req-9a158bc5-5593-4141-969c-9a5b57a6d70e req-c514e6d6-a0af-4f8b-989d-182ba85c843c service placement] found 2 providers with available 1 VCPU {{(pid=104141) get_provider_ids_matching /opt/stack/placement/placement/objects/research_context.py:549}}
Jul 13 10:38:28.111136 n-d-829804-2 devstack@placement-api.service[104141]: DEBUG placement.objects.research_context [req-9a158bc5-5593-4141-969c-9a5b57a6d70e req-c514e6d6-a0af-4f8b-989d-182ba85c843c service placement] found 2 providers after filtering by previous result {{(pid=104141) get_provider_ids_matching /opt/stack/placement/placement/objects/research_context.py:580}}
Jul 13 10:38:28.124500 n-d-829804-2 devstack@placement-api.service[104141]: DEBUG placement.objects.allocation_candidate [req-9a158bc5-5593-4141-969c-9a5b57a6d70e req-c514e6d6-a0af-4f8b-989d-182ba85c843c service placement] RequestGroup(use_same_provider=False, resources={DISK_GB:1, MEMORY_MB:512, VCPU:1}, traits=[], aggregates=[]) (suffix '') returned 2 matches {{(pid=104141) _get_by_requests /opt/stack/placement/placement/objects/allocation_candidate.py:145}}
Jul 13 10:38:28.125755 n-d-829804-2 devstack@placement-api.service[104141]: DEBUG placement.objects.allocation_candidate [req-9a158bc5-5593-4141-969c-9a5b57a6d70e req-c514e6d6-a0af-4f8b-989d-182ba85c843c service placement] Merging candidates yields 2 allocation requests and 2 provider summaries {{(pid=104141) _merge_candidates /opt/stack/placement/placement/objects/allocation_candidate.py:783}}
Jul 13 10:38:28.127584 n-d-829804-2 devstack@placement-api.service[104141]: INFO placement.requestlog [req-9a158bc5-5593-4141-969c-9a5b57a6d70e req-c514e6d6-a0af-4f8b-989d-182ba85c843c service placement] 10.222.0.47 "GET /placement/allocation_candidates?limit=1000&resources=DISK_GB%3A1%2CMEMORY_MB%3A512%2CVCPU%3A1&root_required=%21COMPUTE_STATUS_DISABLED" status: 200 len: 1307 microversion: 1.36
Jul 13 10:38:28.134362 n-d-829804-2 devstack@placement-api.service[104141]: [pid: 104141|app: 0|req: 397/789] 10.222.0.47 () {60 vars in 1504 bytes} [Wed Jul 13 10:38:28 2022] GET /placement/allocation_candidates?limit=1000&resources=DISK_GB%3A1%2CMEMORY_MB%3A512%2CVCPU%3A1&root_required=%21COMPUTE_STATUS_DISABLED => generated 1307 bytes in 121 msecs (HTTP/1.1 200) 8 headers in 297 bytes (1 switches on core 0)
Jul 13 10:38:28.237200 n-d-829804-2 devstack@placement-api.service[104142]: DEBUG placement.requestlog [req-9a158bc5-5593-4141-969c-9a5b57a6d70e req-ac25865a-173a-4e83-848f-e515d8c642c8 None None] Starting request: 10.222.0.47 "GET /placement/allocations/51710e66-4db8-48ce-9df5-297cc18c619a" {{(pid=104142) __call__ /opt/stack/placement/placement/requestlog.py:55}}
Jul 13 10:38:28.252968 n-d-829804-2 devstack@placement-api.service[104142]: INFO placement.requestlog [req-9a158bc5-5593-4141-969c-9a5b57a6d70e req-ac25865a-173a-4e83-848f-e515d8c642c8 service placement] 10.222.0.47 "GET /placement/allocations/51710e66-4db8-48ce-9df5-297cc18c619a" status: 200 len: 19 microversion: 1.28
Jul 13 10:38:28.252968 n-d-829804-2 devstack@placement-api.service[104142]: [pid: 104142|app: 0|req: 393/790] 10.222.0.47 () {60 vars in 1380 bytes} [Wed Jul 13 10:38:28 2022] GET /placement/allocations/51710e66-4db8-48ce-9df5-297cc18c619a => generated 19 bytes in 15 msecs (HTTP/1.1 200) 8 headers in 295 bytes (1 switches on core 0)
Jul 13 10:38:28.259377 n-d-829804-2 devstack@placement-api.service[104141]: DEBUG placement.requestlog [req-9a158bc5-5593-4141-969c-9a5b57a6d70e req-fd58cb3f-7c66-4c28-bab1-c859f8dd8dba None None] Starting request: 10.222.0.47 "PUT /placement/allocations/51710e66-4db8-48ce-9df5-297cc18c619a" {{(pid=104141) __call__ /opt/stack/placement/placement/requestlog.py:55}}
Jul 13 10:38:28.432235 n-d-829804-2 devstack@placement-api.service[104141]: DEBUG placement.handlers.allocation [req-9a158bc5-5593-4141-969c-9a5b57a6d70e req-fd58cb3f-7c66-4c28-bab1-c859f8dd8dba service placement] Successfully wrote allocations [<placement.objects.allocation.Allocation object at 0x7fca244993d0>, <placement.objects.allocation.Allocation object at 0x7fca24499370>, <placement.objects.allocation.Allocation object at 0x7fca244994f0>] {{(pid=104141) _update_consumers_and_create_allocations /opt/stack/placement/placement/handlers/allocation.py:462}}
Jul 13 10:38:28.502521 n-d-829804-2 devstack@placement-api.service[104141]: INFO placement.requestlog [req-9a158bc5-5593-4141-969c-9a5b57a6d70e req-fd58cb3f-7c66-4c28-bab1-c859f8dd8dba service placement] 10.222.0.47 "PUT /placement/allocations/51710e66-4db8-48ce-9df5-297cc18c619a" status: 204 len: 0 microversion: 1.36
Jul 13 10:38:28.503277 n-d-829804-2 devstack@placement-api.service[104141]: [pid: 104141|app: 0|req: 398/791] 10.222.0.47 () {64 vars in 1433 bytes} [Wed Jul 13 10:38:28 2022] PUT /placement/allocations/51710e66-4db8-48ce-9df5-297cc18c619a => generated 0 bytes in 244 msecs (HTTP/1.1 204) 5 headers in 199 bytes (1 switches on core 0)
Jul 13 10:38:28.963663 n-d-829804-2 devstack@placement-api.service[104142]: DEBUG placement.requestlog [req-f16f25bf-f2b8-49b0-be5f-d0bf571a2a96 req-91e935bf-1037-4005-a392-d3846c9ebe73 None None] Starting request: 10.222.0.57 "DELETE /placement/allocations/d1dc836d-93a4-465d-bf63-be26ca916126" {{(pid=104142) __call__ /opt/stack/placement/placement/requestlog.py:55}}
Jul 13 10:38:29.227765 n-d-829804-2 devstack@placement-api.service[104142]: DEBUG placement.handlers.allocation [req-f16f25bf-f2b8-49b0-be5f-d0bf571a2a96 req-91e935bf-1037-4005-a392-d3846c9ebe73 service placement] Successfully deleted allocations [<placement.objects.allocation.Allocation object at 0x7fca243a1550>, <placement.objects.allocation.Allocation object at 0x7fca243a1190>, <placement.objects.allocation.Allocation object at 0x7fca243a1c40>] {{(pid=104142) delete_allocations /opt/stack/placement/placement/handlers/allocation.py:627}}
Jul 13 10:38:29.234291 n-d-829804-2 devstack@placement-api.service[104142]: INFO placement.requestlog [req-f16f25bf-f2b8-49b0-be5f-d0bf571a2a96 req-91e935bf-1037-4005-a392-d3846c9ebe73 service placement] 10.222.0.57 "DELETE /placement/allocations/d1dc836d-93a4-465d-bf63-be26ca916126" status: 204 len: 0 microversion: 1.0
Jul 13 10:38:29.234291 n-d-829804-2 devstack@placement-api.service[104142]: [pid: 104142|app: 0|req: 394/792] 10.222.0.57 () {60 vars in 1355 bytes} [Wed Jul 13 10:38:28 2022] DELETE /placement/allocations/d1dc836d-93a4-465d-bf63-be26ca916126 => generated 0 bytes in 266 msecs (HTTP/1.1 204) 5 headers in 198 bytes (1 switches on core 0)
Jul 13 10:38:29.923348 n-d-829804-2 devstack@placement-api.service[104141]: DEBUG placement.requestlog [req-9a158bc5-5593-4141-969c-9a5b57a6d70e req-0abd8f68-1dc5-4431-8d04-8682d538739c None None] Starting request: 10.222.0.40 "GET /placement/allocations/51710e66-4db8-48ce-9df5-297cc18c619a" {{(pid=104141) __call__ /opt/stack/placement/placement/requestlog.py:55}}
Jul 13 10:38:29.948356 n-d-829804-2 devstack@placement-api.service[104141]: INFO placement.requestlog [req-9a158bc5-5593-4141-969c-9a5b57a6d70e req-0abd8f68-1dc5-4431-8d04-8682d538739c service placement] 10.222.0.40 "GET /placement/allocations/51710e66-4db8-48ce-9df5-297cc18c619a" status: 200 len: 258 microversion: 1.28
Jul 13 10:38:29.948356 n-d-829804-2 devstack@placement-api.service[104141]: [pid: 104141|app: 0|req: 399/793] 10.222.0.40 () {60 vars in 1377 bytes} [Wed Jul 13 10:38:29 2022] GET /placement/allocations/51710e66-4db8-48ce-9df5-297cc18c619a => generated 258 bytes in 21 msecs (HTTP/1.1 200) 8 headers in 296 bytes (2 switches on core 0)
Jul 13 10:38:34.115997 n-d-829804-2 devstack@placement-api.service[104142]: DEBUG placement.requestlog [req-9feabfc4-d4c8-4a6a-ace6-18e1587d1b27 req-5d51c3b3-e58e-4fbd-8f4c-b892cce5ec45 None None] Starting request: 10.222.0.47 "GET /placement/allocation_candidates?limit=1000&resources=DISK_GB%3A1%2CMEMORY_MB%3A1024%2CVCPU%3A1&root_required=%21COMPUTE_STATUS_DISABLED" {{(pid=104142) __call__ /opt/stack/placement/placement/requestlog.py:55}}
Jul 13 10:38:34.191377 n-d-829804-2 devstack@placement-api.service[104142]: DEBUG placement.objects.research_context [req-9feabfc4-d4c8-4a6a-ace6-18e1587d1b27 req-5d51c3b3-e58e-4fbd-8f4c-b892cce5ec45 service placement] getting providers with 1 DISK_GB {{(pid=104142) __init__ /opt/stack/placement/placement/objects/research_context.py:126}}
Jul 13 10:38:34.207789 n-d-829804-2 devstack@placement-api.service[104142]: DEBUG placement.objects.research_context [req-9feabfc4-d4c8-4a6a-ace6-18e1587d1b27 req-5d51c3b3-e58e-4fbd-8f4c-b892cce5ec45 service placement] getting providers with 1024 MEMORY_MB {{(pid=104142) __init__ /opt/stack/placement/placement/objects/research_context.py:126}}
Jul 13 10:38:34.219967 n-d-829804-2 devstack@placement-api.service[104142]: DEBUG placement.objects.research_context [req-9feabfc4-d4c8-4a6a-ace6-18e1587d1b27 req-5d51c3b3-e58e-4fbd-8f4c-b892cce5ec45 service placement] getting providers with 1 VCPU {{(pid=104142) __init__ /opt/stack/placement/placement/objects/research_context.py:126}}
Jul 13 10:38:34.234431 n-d-829804-2 devstack@placement-api.service[104142]: DEBUG placement.objects.research_context [req-9feabfc4-d4c8-4a6a-ace6-18e1587d1b27 req-5d51c3b3-e58e-4fbd-8f4c-b892cce5ec45 service placement] found 2 providers with available 1 DISK_GB {{(pid=104142) get_provider_ids_matching /opt/stack/placement/placement/objects/research_context.py:549}}
Jul 13 10:38:34.239102 n-d-829804-2 devstack@placement-api.service[104142]: DEBUG placement.objects.research_context [req-9feabfc4-d4c8-4a6a-ace6-18e1587d1b27 req-5d51c3b3-e58e-4fbd-8f4c-b892cce5ec45 service placement] found 2 providers with available 1024 MEMORY_MB {{(pid=104142) get_provider_ids_matching /opt/stack/placement/placement/objects/research_context.py:549}}
Jul 13 10:38:34.241207 n-d-829804-2 devstack@placement-api.service[104142]: DEBUG placement.objects.research_context [req-9feabfc4-d4c8-4a6a-ace6-18e1587d1b27 req-5d51c3b3-e58e-4fbd-8f4c-b892cce5ec45 service placement] found 2 providers after filtering by previous result {{(pid=104142) get_provider_ids_matching /opt/stack/placement/placement/objects/research_context.py:580}}
Jul 13 10:38:34.241752 n-d-829804-2 devstack@placement-api.service[104142]: DEBUG placement.objects.research_context [req-9feabfc4-d4c8-4a6a-ace6-18e1587d1b27 req-5d51c3b3-e58e-4fbd-8f4c-b892cce5ec45 service placement] found 2 providers with available 1 VCPU {{(pid=104142) get_provider_ids_matching /opt/stack/placement/placement/objects/research_context.py:549}}
Jul 13 10:38:34.244603 n-d-829804-2 devstack@placement-api.service[104142]: DEBUG placement.objects.research_context [req-9feabfc4-d4c8-4a6a-ace6-18e1587d1b27 req-5d51c3b3-e58e-4fbd-8f4c-b892cce5ec45 service placement] found 2 providers after filtering by previous result {{(pid=104142) get_provider_ids_matching /opt/stack/placement/placement/objects/research_context.py:580}}
Jul 13 10:38:34.282035 n-d-829804-2 devstack@placement-api.service[104142]: DEBUG placement.objects.allocation_candidate [req-9feabfc4-d4c8-4a6a-ace6-18e1587d1b27 req-5d51c3b3-e58e-4fbd-8f4c-b892cce5ec45 service placement] RequestGroup(use_same_provider=False, resources={DISK_GB:1, MEMORY_MB:1024, VCPU:1}, traits=[], aggregates=[]) (suffix '') returned 2 matches {{(pid=104142) _get_by_requests /opt/stack/placement/placement/objects/allocation_candidate.py:145}}
Jul 13 10:38:34.285139 n-d-829804-2 devstack@placement-api.service[104142]: DEBUG placement.objects.allocation_candidate [req-9feabfc4-d4c8-4a6a-ace6-18e1587d1b27 req-5d51c3b3-e58e-4fbd-8f4c-b892cce5ec45 service placement] Merging candidates yields 2 allocation requests and 2 provider summaries {{(pid=104142) _merge_candidates /opt/stack/placement/placement/objects/allocation_candidate.py:783}}
Jul 13 10:38:34.286943 n-d-829804-2 devstack@placement-api.service[104142]: INFO placement.requestlog [req-9feabfc4-d4c8-4a6a-ace6-18e1587d1b27 req-5d51c3b3-e58e-4fbd-8f4c-b892cce5ec45 service placement] 10.222.0.47 "GET /placement/allocation_candidates?limit=1000&resources=DISK_GB%3A1%2CMEMORY_MB%3A1024%2CVCPU%3A1&root_required=%21COMPUTE_STATUS_DISABLED" status: 200 len: 1309 microversion: 1.36
Jul 13 10:38:34.288448 n-d-829804-2 devstack@placement-api.service[104142]: [pid: 104142|app: 0|req: 395/794] 10.222.0.47 () {60 vars in 1506 bytes} [Wed Jul 13 10:38:34 2022] GET /placement/allocation_candidates?limit=1000&resources=DISK_GB%3A1%2CMEMORY_MB%3A1024%2CVCPU%3A1&root_required=%21COMPUTE_STATUS_DISABLED => generated 1309 bytes in 172 msecs (HTTP/1.1 200) 8 headers in 297 bytes (1 switches on core 0)
Jul 13 10:38:34.382386 n-d-829804-2 devstack@placement-api.service[104141]: DEBUG placement.requestlog [req-9feabfc4-d4c8-4a6a-ace6-18e1587d1b27 req-3ac96490-0004-4ba0-a864-325ab655048a None None] Starting request: 10.222.0.47 "GET /placement/allocations/35151260-0d67-4370-8d0b-7b5995836c71" {{(pid=104141) __call__ /opt/stack/placement/placement/requestlog.py:55}}
Jul 13 10:38:34.404553 n-d-829804-2 devstack@placement-api.service[104141]: INFO placement.requestlog [req-9feabfc4-d4c8-4a6a-ace6-18e1587d1b27 req-3ac96490-0004-4ba0-a864-325ab655048a service placement] 10.222.0.47 "GET /placement/allocations/35151260-0d67-4370-8d0b-7b5995836c71" status: 200 len: 19 microversion: 1.28
Jul 13 10:38:34.404916 n-d-829804-2 devstack@placement-api.service[104141]: [pid: 104141|app: 0|req: 400/795] 10.222.0.47 () {60 vars in 1380 bytes} [Wed Jul 13 10:38:34 2022] GET /placement/allocations/35151260-0d67-4370-8d0b-7b5995836c71 => generated 19 bytes in 23 msecs (HTTP/1.1 200) 8 headers in 295 bytes (1 switches on core 0)
Jul 13 10:38:34.419041 n-d-829804-2 devstack@placement-api.service[104142]: DEBUG placement.requestlog [req-9feabfc4-d4c8-4a6a-ace6-18e1587d1b27 req-06d3bb0b-04ea-4821-aa05-5f2b191079ba None None] Starting request: 10.222.0.47 "PUT /placement/allocations/35151260-0d67-4370-8d0b-7b5995836c71" {{(pid=104142) __call__ /opt/stack/placement/placement/requestlog.py:55}}
Jul 13 10:38:34.680030 n-d-829804-2 devstack@placement-api.service[104142]: DEBUG placement.handlers.allocation [req-9feabfc4-d4c8-4a6a-ace6-18e1587d1b27 req-06d3bb0b-04ea-4821-aa05-5f2b191079ba service placement] Successfully wrote allocations [<placement.objects.allocation.Allocation object at 0x7fca24420490>, <placement.objects.allocation.Allocation object at 0x7fca24319850>, <placement.objects.allocation.Allocation object at 0x7fca24319640>] {{(pid=104142) _update_consumers_and_create_allocations /opt/stack/placement/placement/handlers/allocation.py:462}}
Jul 13 10:38:34.822007 n-d-829804-2 devstack@placement-api.service[104142]: INFO placement.requestlog [req-9feabfc4-d4c8-4a6a-ace6-18e1587d1b27 req-06d3bb0b-04ea-4821-aa05-5f2b191079ba service placement] 10.222.0.47 "PUT /placement/allocations/35151260-0d67-4370-8d0b-7b5995836c71" status: 204 len: 0 microversion: 1.36
Jul 13 10:38:34.822691 n-d-829804-2 devstack@placement-api.service[104142]: [pid: 104142|app: 0|req: 396/796] 10.222.0.47 () {64 vars in 1433 bytes} [Wed Jul 13 10:38:34 2022] PUT /placement/allocations/35151260-0d67-4370-8d0b-7b5995836c71 => generated 0 bytes in 404 msecs (HTTP/1.1 204) 5 headers in 199 bytes (1 switches on core 0)
Jul 13 10:38:36.162148 n-d-829804-2 devstack@placement-api.service[104141]: DEBUG placement.requestlog [req-9feabfc4-d4c8-4a6a-ace6-18e1587d1b27 req-4ebf831f-9d2b-4d78-91c1-dceb67f83c65 None None] Starting request: 10.222.0.57 "GET /placement/allocations/35151260-0d67-4370-8d0b-7b5995836c71" {{(pid=104141) __call__ /opt/stack/placement/placement/requestlog.py:55}}
Jul 13 10:38:36.185843 n-d-829804-2 devstack@placement-api.service[104141]: INFO placement.requestlog [req-9feabfc4-d4c8-4a6a-ace6-18e1587d1b27 req-4ebf831f-9d2b-4d78-91c1-dceb67f83c65 service placement] 10.222.0.57 "GET /placement/allocations/35151260-0d67-4370-8d0b-7b5995836c71" status: 200 len: 259 microversion: 1.28
Jul 13 10:38:36.187789 n-d-829804-2 devstack@placement-api.service[104141]: [pid: 104141|app: 0|req: 401/797] 10.222.0.57 () {60 vars in 1377 bytes} [Wed Jul 13 10:38:36 2022] GET /placement/allocations/35151260-0d67-4370-8d0b-7b5995836c71 => generated 259 bytes in 25 msecs (HTTP/1.1 200) 8 headers in 296 bytes (1 switches on core 0)
Jul 13 10:38:43.085936 n-d-829804-2 devstack@placement-api.service[104142]: DEBUG placement.requestlog [req-d1c9255e-543c-44c4-8d9d-50f74e0e0b94 req-4fd2a681-13f4-4512-863b-a11427d991fb None None] Starting request: 10.222.0.47 "GET /placement/allocation_candidates?limit=1000&resources=DISK_GB%3A1%2CMEMORY_MB%3A1024%2CVCPU%3A1&root_required=%21COMPUTE_STATUS_DISABLED" {{(pid=104142) __call__ /opt/stack/placement/placement/requestlog.py:55}}
Jul 13 10:38:43.413114 n-d-829804-2 devstack@placement-api.service[104142]: DEBUG placement.objects.research_context [req-d1c9255e-543c-44c4-8d9d-50f74e0e0b94 req-4fd2a681-13f4-4512-863b-a11427d991fb service placement] getting providers with 1 DISK_GB {{(pid=104142) __init__ /opt/stack/placement/placement/objects/research_context.py:126}}
Jul 13 10:38:43.421166 n-d-829804-2 devstack@placement-api.service[104142]: DEBUG placement.objects.research_context [req-d1c9255e-543c-44c4-8d9d-50f74e0e0b94 req-4fd2a681-13f4-4512-863b-a11427d991fb service placement] getting providers with 1024 MEMORY_MB {{(pid=104142) __init__ /opt/stack/placement/placement/objects/research_context.py:126}}
Jul 13 10:38:43.432422 n-d-829804-2 devstack@placement-api.service[104142]: DEBUG placement.objects.research_context [req-d1c9255e-543c-44c4-8d9d-50f74e0e0b94 req-4fd2a681-13f4-4512-863b-a11427d991fb service placement] getting providers with 1 VCPU {{(pid=104142) __init__ /opt/stack/placement/placement/objects/research_context.py:126}}
Jul 13 10:38:43.446471 n-d-829804-2 devstack@placement-api.service[104142]: DEBUG placement.objects.research_context [req-d1c9255e-543c-44c4-8d9d-50f74e0e0b94 req-4fd2a681-13f4-4512-863b-a11427d991fb service placement] found 2 providers with available 1 DISK_GB {{(pid=104142) get_provider_ids_matching /opt/stack/placement/placement/objects/research_context.py:549}}
Jul 13 10:38:43.447872 n-d-829804-2 devstack@placement-api.service[104142]: DEBUG placement.objects.research_context [req-d1c9255e-543c-44c4-8d9d-50f74e0e0b94 req-4fd2a681-13f4-4512-863b-a11427d991fb service placement] found 2 providers with available 1024 MEMORY_MB {{(pid=104142) get_provider_ids_matching /opt/stack/placement/placement/objects/research_context.py:549}}
Jul 13 10:38:43.448938 n-d-829804-2 devstack@placement-api.service[104142]: DEBUG placement.objects.research_context [req-d1c9255e-543c-44c4-8d9d-50f74e0e0b94 req-4fd2a681-13f4-4512-863b-a11427d991fb service placement] found 2 providers after filtering by previous result {{(pid=104142) get_provider_ids_matching /opt/stack/placement/placement/objects/research_context.py:580}}
Jul 13 10:38:43.449542 n-d-829804-2 devstack@placement-api.service[104142]: DEBUG placement.objects.research_context [req-d1c9255e-543c-44c4-8d9d-50f74e0e0b94 req-4fd2a681-13f4-4512-863b-a11427d991fb service placement] found 2 providers with available 1 VCPU {{(pid=104142) get_provider_ids_matching /opt/stack/placement/placement/objects/research_context.py:549}}
Jul 13 10:38:43.450019 n-d-829804-2 devstack@placement-api.service[104142]: DEBUG placement.objects.research_context [req-d1c9255e-543c-44c4-8d9d-50f74e0e0b94 req-4fd2a681-13f4-4512-863b-a11427d991fb service placement] found 2 providers after filtering by previous result {{(pid=104142) get_provider_ids_matching /opt/stack/placement/placement/objects/research_context.py:580}}
Jul 13 10:38:43.466496 n-d-829804-2 devstack@placement-api.service[104142]: DEBUG placement.objects.allocation_candidate [req-d1c9255e-543c-44c4-8d9d-50f74e0e0b94 req-4fd2a681-13f4-4512-863b-a11427d991fb service placement] RequestGroup(use_same_provider=False, resources={DISK_GB:1, MEMORY_MB:1024, VCPU:1}, traits=[], aggregates=[]) (suffix '') returned 2 matches {{(pid=104142) _get_by_requests /opt/stack/placement/placement/objects/allocation_candidate.py:145}}
Jul 13 10:38:43.467128 n-d-829804-2 devstack@placement-api.service[104142]: DEBUG placement.objects.allocation_candidate [req-d1c9255e-543c-44c4-8d9d-50f74e0e0b94 req-4fd2a681-13f4-4512-863b-a11427d991fb service placement] Merging candidates yields 2 allocation requests and 2 provider summaries {{(pid=104142) _merge_candidates /opt/stack/placement/placement/objects/allocation_candidate.py:783}}
Jul 13 10:38:43.481509 n-d-829804-2 devstack@placement-api.service[104142]: INFO placement.requestlog [req-d1c9255e-543c-44c4-8d9d-50f74e0e0b94 req-4fd2a681-13f4-4512-863b-a11427d991fb service placement] 10.222.0.47 "GET /placement/allocation_candidates?limit=1000&resources=DISK_GB%3A1%2CMEMORY_MB%3A1024%2CVCPU%3A1&root_required=%21COMPUTE_STATUS_DISABLED" status: 200 len: 1309 microversion: 1.36
Jul 13 10:38:43.482157 n-d-829804-2 devstack@placement-api.service[104142]: [pid: 104142|app: 0|req: 397/798] 10.222.0.47 () {60 vars in 1506 bytes} [Wed Jul 13 10:38:43 2022] GET /placement/allocation_candidates?limit=1000&resources=DISK_GB%3A1%2CMEMORY_MB%3A1024%2CVCPU%3A1&root_required=%21COMPUTE_STATUS_DISABLED => generated 1309 bytes in 396 msecs (HTTP/1.1 200) 8 headers in 297 bytes (1 switches on core 0)
Jul 13 10:38:43.580513 n-d-829804-2 devstack@placement-api.service[104141]: DEBUG placement.requestlog [req-d1c9255e-543c-44c4-8d9d-50f74e0e0b94 req-76c60d84-6974-42c9-9d0a-1e7321087cb0 None None] Starting request: 10.222.0.47 "GET /placement/allocations/246eaad4-589d-4722-99f4-bcee65db271f" {{(pid=104141) __call__ /opt/stack/placement/placement/requestlog.py:55}}
Jul 13 10:38:43.594694 n-d-829804-2 devstack@placement-api.service[104141]: INFO placement.requestlog [req-d1c9255e-543c-44c4-8d9d-50f74e0e0b94 req-76c60d84-6974-42c9-9d0a-1e7321087cb0 service placement] 10.222.0.47 "GET /placement/allocations/246eaad4-589d-4722-99f4-bcee65db271f" status: 200 len: 19 microversion: 1.28
Jul 13 10:38:43.595789 n-d-829804-2 devstack@placement-api.service[104141]: [pid: 104141|app: 0|req: 402/799] 10.222.0.47 () {60 vars in 1380 bytes} [Wed Jul 13 10:38:43 2022] GET /placement/allocations/246eaad4-589d-4722-99f4-bcee65db271f => generated 19 bytes in 15 msecs (HTTP/1.1 200) 8 headers in 295 bytes (1 switches on core 0)
Jul 13 10:38:43.604002 n-d-829804-2 devstack@placement-api.service[104142]: DEBUG placement.requestlog [req-d1c9255e-543c-44c4-8d9d-50f74e0e0b94 req-14f7aee0-33ef-4f99-9c9a-580c54cab3c4 None None] Starting request: 10.222.0.47 "PUT /placement/allocations/246eaad4-589d-4722-99f4-bcee65db271f" {{(pid=104142) __call__ /opt/stack/placement/placement/requestlog.py:55}}
Jul 13 10:38:43.736071 n-d-829804-2 devstack@placement-api.service[104142]: DEBUG placement.handlers.allocation [req-d1c9255e-543c-44c4-8d9d-50f74e0e0b94 req-14f7aee0-33ef-4f99-9c9a-580c54cab3c4 service placement] Successfully wrote allocations [<placement.objects.allocation.Allocation object at 0x7fca245101c0>, <placement.objects.allocation.Allocation object at 0x7fca245100a0>, <placement.objects.allocation.Allocation object at 0x7fca24510070>] {{(pid=104142) _update_consumers_and_create_allocations /opt/stack/placement/placement/handlers/allocation.py:462}}
Jul 13 10:38:43.830619 n-d-829804-2 devstack@placement-api.service[104142]: INFO placement.requestlog [req-d1c9255e-543c-44c4-8d9d-50f74e0e0b94 req-14f7aee0-33ef-4f99-9c9a-580c54cab3c4 service placement] 10.222.0.47 "PUT /placement/allocations/246eaad4-589d-4722-99f4-bcee65db271f" status: 204 len: 0 microversion: 1.36
Jul 13 10:38:43.831125 n-d-829804-2 devstack@placement-api.service[104142]: [pid: 104142|app: 0|req: 398/800] 10.222.0.47 () {64 vars in 1433 bytes} [Wed Jul 13 10:38:43 2022] PUT /placement/allocations/246eaad4-589d-4722-99f4-bcee65db271f => generated 0 bytes in 228 msecs (HTTP/1.1 204) 5 headers in 199 bytes (1 switches on core 0)
Jul 13 10:38:45.054017 n-d-829804-2 devstack@placement-api.service[104141]: DEBUG placement.requestlog [req-d1c9255e-543c-44c4-8d9d-50f74e0e0b94 req-bd4b6dfc-ad8e-48c0-a3b0-424ce1ffa9ff None None] Starting request: 10.222.0.40 "GET /placement/allocations/246eaad4-589d-4722-99f4-bcee65db271f" {{(pid=104141) __call__ /opt/stack/placement/placement/requestlog.py:55}}
Jul 13 10:38:45.075748 n-d-829804-2 devstack@placement-api.service[104141]: INFO placement.requestlog [req-d1c9255e-543c-44c4-8d9d-50f74e0e0b94 req-bd4b6dfc-ad8e-48c0-a3b0-424ce1ffa9ff service placement] 10.222.0.40 "GET /placement/allocations/246eaad4-589d-4722-99f4-bcee65db271f" status: 200 len: 259 microversion: 1.28
Jul 13 10:38:45.077416 n-d-829804-2 devstack@placement-api.service[104141]: [pid: 104141|app: 0|req: 403/801] 10.222.0.40 () {60 vars in 1377 bytes} [Wed Jul 13 10:38:45 2022] GET /placement/allocations/246eaad4-589d-4722-99f4-bcee65db271f => generated 259 bytes in 24 msecs (HTTP/1.1 200) 8 headers in 296 bytes (1 switches on core 0)
Jul 13 10:38:45.293536 n-d-829804-2 devstack@placement-api.service[104142]: DEBUG placement.requestlog [req-99d57af6-dcd3-4149-a067-a4d17e21a4e9 req-e974807b-88fc-43e7-b077-49deb7b5d47f None None] Starting request: 10.222.0.57 "GET /placement/resource_providers/e4dee767-978f-43fc-9be3-ef5966721b06/allocations" {{(pid=104142) __call__ /opt/stack/placement/placement/requestlog.py:55}}
