Feb 18 09:32:00.518284 n-d-829626-6 devstack@placement-api.service[103946]: [pid: 103946|app: 0|req: 507/1013] 10.222.0.89 () {60 vars in 1377 bytes} [Fri Feb 18 09:32:00 2022] GET /placement/allocations/12002ad2-329c-4d09-94fe-8565a54175c6 => generated 259 bytes in 25 msecs (HTTP/1.1 200) 8 headers in 296 bytes (1 switches on core 0)
Feb 18 09:32:14.023843 n-d-829626-6 devstack@placement-api.service[103947]: DEBUG placement.requestlog [req-3e5251fc-1ffb-4962-b9be-fc62426668df req-024baf64-890b-41b3-9fe2-7efada19264b None None] Starting request: 10.222.0.87 "GET /placement/allocation_candidates?limit=1000&resources=DISK_GB%3A1%2CMEMORY_MB%3A1024%2CVCPU%3A1&root_required=%21COMPUTE_STATUS_DISABLED" {{(pid=103947) __call__ /opt/stack/placement/placement/requestlog.py:55}}
Feb 18 09:32:14.077170 n-d-829626-6 devstack@placement-api.service[103947]: DEBUG placement.objects.research_context [req-3e5251fc-1ffb-4962-b9be-fc62426668df req-024baf64-890b-41b3-9fe2-7efada19264b service placement] getting providers with 1 DISK_GB {{(pid=103947) __init__ /opt/stack/placement/placement/objects/research_context.py:126}}
Feb 18 09:32:14.087794 n-d-829626-6 devstack@placement-api.service[103947]: DEBUG placement.objects.research_context [req-3e5251fc-1ffb-4962-b9be-fc62426668df req-024baf64-890b-41b3-9fe2-7efada19264b service placement] getting providers with 1024 MEMORY_MB {{(pid=103947) __init__ /opt/stack/placement/placement/objects/research_context.py:126}}
Feb 18 09:32:14.100617 n-d-829626-6 devstack@placement-api.service[103947]: DEBUG placement.objects.research_context [req-3e5251fc-1ffb-4962-b9be-fc62426668df req-024baf64-890b-41b3-9fe2-7efada19264b service placement] getting providers with 1 VCPU {{(pid=103947) __init__ /opt/stack/placement/placement/objects/research_context.py:126}}
Feb 18 09:32:14.112955 n-d-829626-6 devstack@placement-api.service[103947]: DEBUG placement.objects.research_context [req-3e5251fc-1ffb-4962-b9be-fc62426668df req-024baf64-890b-41b3-9fe2-7efada19264b service placement] found 2 providers with available 1 DISK_GB {{(pid=103947) get_provider_ids_matching /opt/stack/placement/placement/objects/research_context.py:549}}
Feb 18 09:32:14.113233 n-d-829626-6 devstack@placement-api.service[103947]: DEBUG placement.objects.research_context [req-3e5251fc-1ffb-4962-b9be-fc62426668df req-024baf64-890b-41b3-9fe2-7efada19264b service placement] found 2 providers with available 1024 MEMORY_MB {{(pid=103947) get_provider_ids_matching /opt/stack/placement/placement/objects/research_context.py:549}}
Feb 18 09:32:14.113506 n-d-829626-6 devstack@placement-api.service[103947]: DEBUG placement.objects.research_context [req-3e5251fc-1ffb-4962-b9be-fc62426668df req-024baf64-890b-41b3-9fe2-7efada19264b service placement] found 2 providers after filtering by previous result {{(pid=103947) get_provider_ids_matching /opt/stack/placement/placement/objects/research_context.py:580}}
Feb 18 09:32:14.115476 n-d-829626-6 devstack@placement-api.service[103947]: DEBUG placement.objects.research_context [req-3e5251fc-1ffb-4962-b9be-fc62426668df req-024baf64-890b-41b3-9fe2-7efada19264b service placement] found 2 providers with available 1 VCPU {{(pid=103947) get_provider_ids_matching /opt/stack/placement/placement/objects/research_context.py:549}}
Feb 18 09:32:14.116109 n-d-829626-6 devstack@placement-api.service[103947]: DEBUG placement.objects.research_context [req-3e5251fc-1ffb-4962-b9be-fc62426668df req-024baf64-890b-41b3-9fe2-7efada19264b service placement] found 2 providers after filtering by previous result {{(pid=103947) get_provider_ids_matching /opt/stack/placement/placement/objects/research_context.py:580}}
Feb 18 09:32:14.138244 n-d-829626-6 devstack@placement-api.service[103947]: DEBUG placement.objects.allocation_candidate [req-3e5251fc-1ffb-4962-b9be-fc62426668df req-024baf64-890b-41b3-9fe2-7efada19264b service placement] RequestGroup(use_same_provider=False, resources={DISK_GB:1, MEMORY_MB:1024, VCPU:1}, traits=[], aggregates=[]) (suffix '') returned 2 matches {{(pid=103947) _get_by_requests /opt/stack/placement/placement/objects/allocation_candidate.py:145}}
Feb 18 09:32:14.139495 n-d-829626-6 devstack@placement-api.service[103947]: DEBUG placement.objects.allocation_candidate [req-3e5251fc-1ffb-4962-b9be-fc62426668df req-024baf64-890b-41b3-9fe2-7efada19264b service placement] Merging candidates yields 2 allocation requests and 2 provider summaries {{(pid=103947) _merge_candidates /opt/stack/placement/placement/objects/allocation_candidate.py:783}}
Feb 18 09:32:14.141373 n-d-829626-6 devstack@placement-api.service[103947]: INFO placement.requestlog [req-3e5251fc-1ffb-4962-b9be-fc62426668df req-024baf64-890b-41b3-9fe2-7efada19264b service placement] 10.222.0.87 "GET /placement/allocation_candidates?limit=1000&resources=DISK_GB%3A1%2CMEMORY_MB%3A1024%2CVCPU%3A1&root_required=%21COMPUTE_STATUS_DISABLED" status: 200 len: 1309 microversion: 1.36
Feb 18 09:32:14.142324 n-d-829626-6 devstack@placement-api.service[103947]: [pid: 103947|app: 0|req: 507/1014] 10.222.0.87 () {60 vars in 1506 bytes} [Fri Feb 18 09:32:14 2022] GET /placement/allocation_candidates?limit=1000&resources=DISK_GB%3A1%2CMEMORY_MB%3A1024%2CVCPU%3A1&root_required=%21COMPUTE_STATUS_DISABLED => generated 1309 bytes in 119 msecs (HTTP/1.1 200) 8 headers in 297 bytes (1 switches on core 0)
Feb 18 09:32:14.199779 n-d-829626-6 devstack@placement-api.service[103946]: DEBUG placement.requestlog [req-3e5251fc-1ffb-4962-b9be-fc62426668df req-f56011de-434a-49b2-be51-ddda4352c2ee None None] Starting request: 10.222.0.87 "GET /placement/allocations/d5875ec3-02ad-4fef-b1ab-bf789061399e" {{(pid=103946) __call__ /opt/stack/placement/placement/requestlog.py:55}}
Feb 18 09:32:14.212248 n-d-829626-6 devstack@placement-api.service[103946]: INFO placement.requestlog [req-3e5251fc-1ffb-4962-b9be-fc62426668df req-f56011de-434a-49b2-be51-ddda4352c2ee service placement] 10.222.0.87 "GET /placement/allocations/d5875ec3-02ad-4fef-b1ab-bf789061399e" status: 200 len: 19 microversion: 1.28
Feb 18 09:32:14.212679 n-d-829626-6 devstack@placement-api.service[103946]: [pid: 103946|app: 0|req: 508/1015] 10.222.0.87 () {60 vars in 1380 bytes} [Fri Feb 18 09:32:14 2022] GET /placement/allocations/d5875ec3-02ad-4fef-b1ab-bf789061399e => generated 19 bytes in 13 msecs (HTTP/1.1 200) 8 headers in 295 bytes (1 switches on core 0)
Feb 18 09:32:14.219163 n-d-829626-6 devstack@placement-api.service[103947]: DEBUG placement.requestlog [req-3e5251fc-1ffb-4962-b9be-fc62426668df req-2993728a-0de4-4b61-b081-3fd1b4dab4bf None None] Starting request: 10.222.0.87 "PUT /placement/allocations/d5875ec3-02ad-4fef-b1ab-bf789061399e" {{(pid=103947) __call__ /opt/stack/placement/placement/requestlog.py:55}}
Feb 18 09:32:14.282960 n-d-829626-6 devstack@placement-api.service[103947]: DEBUG placement.handlers.allocation [req-3e5251fc-1ffb-4962-b9be-fc62426668df req-2993728a-0de4-4b61-b081-3fd1b4dab4bf service placement] Successfully wrote allocations [, , ] {{(pid=103947) _update_consumers_and_create_allocations /opt/stack/placement/placement/handlers/allocation.py:462}}
Feb 18 09:32:14.287617 n-d-829626-6 devstack@placement-api.service[103947]: INFO placement.requestlog [req-3e5251fc-1ffb-4962-b9be-fc62426668df req-2993728a-0de4-4b61-b081-3fd1b4dab4bf service placement] 10.222.0.87 "PUT /placement/allocations/d5875ec3-02ad-4fef-b1ab-bf789061399e" status: 204 len: 0 microversion: 1.36
Feb 18 09:32:14.288364 n-d-829626-6 devstack@placement-api.service[103947]: [pid: 103947|app: 0|req: 508/1016] 10.222.0.87 () {64 vars in 1433 bytes} [Fri Feb 18 09:32:14 2022] PUT /placement/allocations/d5875ec3-02ad-4fef-b1ab-bf789061399e => generated 0 bytes in 70 msecs (HTTP/1.1 204) 5 headers in 199 bytes (1 switches on core 0)
Feb 18 09:32:14.596792 n-d-829626-6 devstack@placement-api.service[103946]: DEBUG placement.requestlog [req-3e5251fc-1ffb-4962-b9be-fc62426668df req-6e440a57-cd9a-4a26-aea0-8bbe762f332b None None] Starting request: 10.222.0.67 "GET /placement/allocations/d5875ec3-02ad-4fef-b1ab-bf789061399e" {{(pid=103946) __call__ /opt/stack/placement/placement/requestlog.py:55}}
Feb 18 09:32:14.613415 n-d-829626-6 devstack@placement-api.service[103946]: INFO placement.requestlog [req-3e5251fc-1ffb-4962-b9be-fc62426668df req-6e440a57-cd9a-4a26-aea0-8bbe762f332b service placement] 10.222.0.67 "GET /placement/allocations/d5875ec3-02ad-4fef-b1ab-bf789061399e" status: 200 len: 260 microversion: 1.28
Feb 18 09:32:14.614356 n-d-829626-6 devstack@placement-api.service[103946]: [pid: 103946|app: 0|req: 509/1017] 10.222.0.67 () {60 vars in 1377 bytes} [Fri Feb 18 09:32:14 2022] GET /placement/allocations/d5875ec3-02ad-4fef-b1ab-bf789061399e => generated 260 bytes in 18 msecs (HTTP/1.1 200) 8 headers in 296 bytes (1 switches on core 0)
Feb 18 09:32:15.163857 n-d-829626-6 devstack@placement-api.service[103947]: DEBUG placement.requestlog [req-ec1888f3-7c88-4ea4-a063-1dda26901a8b req-92fd9e40-a108-48a7-a233-818c0c53cb4f None None] Starting request: 10.222.0.87 "GET /placement/allocation_candidates?limit=1000&resources=DISK_GB%3A1%2CMEMORY_MB%3A1024%2CVCPU%3A1&root_required=%21COMPUTE_STATUS_DISABLED" {{(pid=103947) __call__ /opt/stack/placement/placement/requestlog.py:55}}
Feb 18 09:32:15.216336 n-d-829626-6 devstack@placement-api.service[103947]: DEBUG placement.objects.research_context [req-ec1888f3-7c88-4ea4-a063-1dda26901a8b req-92fd9e40-a108-48a7-a233-818c0c53cb4f service placement] getting providers with 1 DISK_GB {{(pid=103947) __init__ /opt/stack/placement/placement/objects/research_context.py:126}}
Feb 18 09:32:15.224869 n-d-829626-6 devstack@placement-api.service[103947]: DEBUG placement.objects.research_context [req-ec1888f3-7c88-4ea4-a063-1dda26901a8b req-92fd9e40-a108-48a7-a233-818c0c53cb4f service placement] getting providers with 1024 MEMORY_MB {{(pid=103947) __init__ /opt/stack/placement/placement/objects/research_context.py:126}}
Feb 18 09:32:15.233343 n-d-829626-6 devstack@placement-api.service[103947]: DEBUG placement.objects.research_context [req-ec1888f3-7c88-4ea4-a063-1dda26901a8b req-92fd9e40-a108-48a7-a233-818c0c53cb4f service placement] getting providers with 1 VCPU {{(pid=103947) __init__ /opt/stack/placement/placement/objects/research_context.py:126}}
Feb 18 09:32:15.241791 n-d-829626-6 devstack@placement-api.service[103947]: DEBUG placement.objects.research_context [req-ec1888f3-7c88-4ea4-a063-1dda26901a8b req-92fd9e40-a108-48a7-a233-818c0c53cb4f service placement] found 2 providers with available 1 DISK_GB {{(pid=103947) get_provider_ids_matching /opt/stack/placement/placement/objects/research_context.py:549}}
Feb 18 09:32:15.242428 n-d-829626-6 devstack@placement-api.service[103947]: DEBUG placement.objects.research_context [req-ec1888f3-7c88-4ea4-a063-1dda26901a8b req-92fd9e40-a108-48a7-a233-818c0c53cb4f service placement] found 2 providers with available 1024 MEMORY_MB {{(pid=103947) get_provider_ids_matching /opt/stack/placement/placement/objects/research_context.py:549}}
Feb 18 09:32:15.242955 n-d-829626-6 devstack@placement-api.service[103947]: DEBUG placement.objects.research_context [req-ec1888f3-7c88-4ea4-a063-1dda26901a8b req-92fd9e40-a108-48a7-a233-818c0c53cb4f service placement] found 2 providers after filtering by previous result {{(pid=103947) get_provider_ids_matching /opt/stack/placement/placement/objects/research_context.py:580}}
Feb 18 09:32:15.243503 n-d-829626-6 devstack@placement-api.service[103947]: DEBUG placement.objects.research_context [req-ec1888f3-7c88-4ea4-a063-1dda26901a8b req-92fd9e40-a108-48a7-a233-818c0c53cb4f service placement] found 2 providers with available 1 VCPU {{(pid=103947) get_provider_ids_matching /opt/stack/placement/placement/objects/research_context.py:549}}
Feb 18 09:32:15.243956 n-d-829626-6 devstack@placement-api.service[103947]: DEBUG placement.objects.research_context [req-ec1888f3-7c88-4ea4-a063-1dda26901a8b req-92fd9e40-a108-48a7-a233-818c0c53cb4f service placement] found 2 providers after filtering by previous result {{(pid=103947) get_provider_ids_matching /opt/stack/placement/placement/objects/research_context.py:580}}
Feb 18 09:32:15.257737 n-d-829626-6 devstack@placement-api.service[103947]: DEBUG placement.objects.allocation_candidate [req-ec1888f3-7c88-4ea4-a063-1dda26901a8b req-92fd9e40-a108-48a7-a233-818c0c53cb4f service placement] RequestGroup(use_same_provider=False, resources={DISK_GB:1, MEMORY_MB:1024, VCPU:1}, traits=[], aggregates=[]) (suffix '') returned 2 matches {{(pid=103947) _get_by_requests /opt/stack/placement/placement/objects/allocation_candidate.py:145}}
Feb 18 09:32:15.258460 n-d-829626-6 devstack@placement-api.service[103947]: DEBUG placement.objects.allocation_candidate [req-ec1888f3-7c88-4ea4-a063-1dda26901a8b req-92fd9e40-a108-48a7-a233-818c0c53cb4f service placement] Merging candidates yields 2 allocation requests and 2 provider summaries {{(pid=103947) _merge_candidates /opt/stack/placement/placement/objects/allocation_candidate.py:783}}
Feb 18 09:32:15.260445 n-d-829626-6 devstack@placement-api.service[103947]: INFO placement.requestlog [req-ec1888f3-7c88-4ea4-a063-1dda26901a8b req-92fd9e40-a108-48a7-a233-818c0c53cb4f service placement] 10.222.0.87 "GET /placement/allocation_candidates?limit=1000&resources=DISK_GB%3A1%2CMEMORY_MB%3A1024%2CVCPU%3A1&root_required=%21COMPUTE_STATUS_DISABLED" status: 200 len: 1309 microversion: 1.36
Feb 18 09:32:15.261064 n-d-829626-6 devstack@placement-api.service[103947]: [pid: 103947|app: 0|req: 509/1018] 10.222.0.87 () {60 vars in 1506 bytes} [Fri Feb 18 09:32:15 2022] GET /placement/allocation_candidates?limit=1000&resources=DISK_GB%3A1%2CMEMORY_MB%3A1024%2CVCPU%3A1&root_required=%21COMPUTE_STATUS_DISABLED => generated 1309 bytes in 98 msecs (HTTP/1.1 200) 8 headers in 297 bytes (1 switches on core 0)
Feb 18 09:32:15.315388 n-d-829626-6 devstack@placement-api.service[103946]: DEBUG placement.requestlog [req-ec1888f3-7c88-4ea4-a063-1dda26901a8b req-c0d7863d-d2b2-4069-b6d1-889a516946c3 None None] Starting request: 10.222.0.87 "GET /placement/allocations/1beeb65a-13e8-4099-9fe8-c35db4ad67fb" {{(pid=103946) __call__ /opt/stack/placement/placement/requestlog.py:55}}
Feb 18 09:32:15.329412 n-d-829626-6 devstack@placement-api.service[103946]: INFO placement.requestlog [req-ec1888f3-7c88-4ea4-a063-1dda26901a8b req-c0d7863d-d2b2-4069-b6d1-889a516946c3 service placement] 10.222.0.87 "GET /placement/allocations/1beeb65a-13e8-4099-9fe8-c35db4ad67fb" status: 200 len: 19 microversion: 1.28
Feb 18 09:32:15.330604 n-d-829626-6 devstack@placement-api.service[103946]: [pid: 103946|app: 0|req: 510/1019] 10.222.0.87 () {60 vars in 1380 bytes} [Fri Feb 18 09:32:15 2022] GET /placement/allocations/1beeb65a-13e8-4099-9fe8-c35db4ad67fb => generated 19 bytes in 15 msecs (HTTP/1.1 200) 8 headers in 295 bytes (1 switches on core 0)
Feb 18 09:32:15.338576 n-d-829626-6 devstack@placement-api.service[103947]: DEBUG placement.requestlog [req-ec1888f3-7c88-4ea4-a063-1dda26901a8b req-7f6326a6-8529-4e67-9062-7c602658f526 None None] Starting request: 10.222.0.87 "PUT /placement/allocations/1beeb65a-13e8-4099-9fe8-c35db4ad67fb" {{(pid=103947) __call__ /opt/stack/placement/placement/requestlog.py:55}}
Feb 18 09:32:15.409752 n-d-829626-6 devstack@placement-api.service[103947]: DEBUG placement.handlers.allocation [req-ec1888f3-7c88-4ea4-a063-1dda26901a8b req-7f6326a6-8529-4e67-9062-7c602658f526 service placement] Successfully wrote allocations [, , ] {{(pid=103947) _update_consumers_and_create_allocations /opt/stack/placement/placement/handlers/allocation.py:462}}
Feb 18 09:32:15.419460 n-d-829626-6 devstack@placement-api.service[103947]: INFO placement.requestlog [req-ec1888f3-7c88-4ea4-a063-1dda26901a8b req-7f6326a6-8529-4e67-9062-7c602658f526 service placement] 10.222.0.87 "PUT /placement/allocations/1beeb65a-13e8-4099-9fe8-c35db4ad67fb" status: 204 len: 0 microversion: 1.36
Feb 18 09:32:15.419878 n-d-829626-6 devstack@placement-api.service[103947]: [pid: 103947|app: 0|req: 510/1020] 10.222.0.87 () {64 vars in 1433 bytes} [Fri Feb 18 09:32:15 2022] PUT /placement/allocations/1beeb65a-13e8-4099-9fe8-c35db4ad67fb => generated 0 bytes in 81 msecs (HTTP/1.1 204) 5 headers in 199 bytes (2 switches on core 0)
Feb 18 09:32:15.915701 n-d-829626-6 devstack@placement-api.service[103946]: DEBUG placement.requestlog [req-ec1888f3-7c88-4ea4-a063-1dda26901a8b req-ba51fe5f-87e8-4226-9ea2-63e4be3c30b0 None None] Starting request: 10.222.0.89 "GET /placement/allocations/1beeb65a-13e8-4099-9fe8-c35db4ad67fb" {{(pid=103946) __call__ /opt/stack/placement/placement/requestlog.py:55}}
Feb 18 09:32:15.932724 n-d-829626-6 devstack@placement-api.service[103946]: INFO placement.requestlog [req-ec1888f3-7c88-4ea4-a063-1dda26901a8b req-ba51fe5f-87e8-4226-9ea2-63e4be3c30b0 service placement] 10.222.0.89 "GET /placement/allocations/1beeb65a-13e8-4099-9fe8-c35db4ad67fb" status: 200 len: 259 microversion: 1.28
Feb 18 09:32:15.933467 n-d-829626-6 devstack@placement-api.service[103946]: [pid: 103946|app: 0|req: 511/1021] 10.222.0.89 () {60 vars in 1377 bytes} [Fri Feb 18 09:32:15 2022] GET /placement/allocations/1beeb65a-13e8-4099-9fe8-c35db4ad67fb => generated 259 bytes in 18 msecs (HTTP/1.1 200) 8 headers in 296 bytes (2 switches on core 0)
Feb 18 09:32:36.017087 n-d-829626-6 devstack@placement-api.service[103947]: DEBUG placement.requestlog [req-70a143ea-a994-48a9-9ed9-00f59280f4a5 req-bf33f9d6-eef1-4312-9fe5-cb0097f88905 None None] Starting request: 10.222.0.87 "GET /placement/resource_providers/c78613b8-b1e0-4fc1-a196-e11d38f47785/traits" {{(pid=103947) __call__ /opt/stack/placement/placement/requestlog.py:55}}
Feb 18 09:32:36.168181 n-d-829626-6 devstack@placement-api.service[103947]: INFO placement.requestlog [req-70a143ea-a994-48a9-9ed9-00f59280f4a5 req-bf33f9d6-eef1-4312-9fe5-cb0097f88905 service placement] 10.222.0.87 "GET /placement/resource_providers/c78613b8-b1e0-4fc1-a196-e11d38f47785/traits" status: 200 len: 213 microversion: 1.6
Feb 18 09:32:36.168521 n-d-829626-6 devstack@placement-api.service[103947]: [pid: 103947|app: 0|req: 511/1022] 10.222.0.87 () {60 vars in 1412 bytes} [Fri Feb 18 09:32:36 2022] GET /placement/resource_providers/c78613b8-b1e0-4fc1-a196-e11d38f47785/traits => generated 213 bytes in 152 msecs (HTTP/1.1 200) 6 headers in 224 bytes (1 switches on core 0)
Feb 18 09:32:36.435729 n-d-829626-6 devstack@placement-api.service[103946]: DEBUG placement.requestlog [None req-66b52a3d-69dd-4790-86f4-de9b11606165 None None] Starting request: 10.222.0.87 "GET /placement/" {{(pid=103946) __call__ /opt/stack/placement/placement/requestlog.py:55}}
Feb 18 09:32:36.436774 n-d-829626-6 devstack@placement-api.service[103946]: INFO placement.requestlog [None req-66b52a3d-69dd-4790-86f4-de9b11606165 None None] 10.222.0.87 "GET /placement/" status: 200 len: 136 microversion: 1.0
Feb 18 09:32:36.437170 n-d-829626-6 devstack@placement-api.service[103946]: [pid: 103946|app: 0|req: 512/1023] 10.222.0.87 () {54 vars in 916 bytes} [Fri Feb 18 09:32:36 2022] GET /placement => generated 136 bytes in 2 msecs (HTTP/1.1 200) 6 headers in 224 bytes (1 switches on core 0)
Feb 18 09:32:36.445963 n-d-829626-6 devstack@placement-api.service[103947]: DEBUG placement.requestlog [req-70a143ea-a994-48a9-9ed9-00f59280f4a5 req-2998bf4e-6bf2-45fa-a1eb-d8e0398e48b6 None None] Starting request: 10.222.0.87 "GET /placement/allocations/a642f6ea-a715-453e-ba55-d21cd12b1484" {{(pid=103947) __call__ /opt/stack/placement/placement/requestlog.py:55}}
Feb 18 09:32:36.509713 n-d-829626-6 devstack@placement-api.service[103947]: INFO placement.requestlog [req-70a143ea-a994-48a9-9ed9-00f59280f4a5 req-2998bf4e-6bf2-45fa-a1eb-d8e0398e48b6 service placement] 10.222.0.87 "GET /placement/allocations/a642f6ea-a715-453e-ba55-d21cd12b1484" status: 200 len: 260 microversion: 1.28
Feb 18 09:32:36.510045 n-d-829626-6 devstack@placement-api.service[103947]: [pid: 103947|app: 0|req: 512/1024] 10.222.0.87 () {60 vars in 1380 bytes} [Fri Feb 18 09:32:36 2022] GET /placement/allocations/a642f6ea-a715-453e-ba55-d21cd12b1484 => generated 260 bytes in 64 msecs (HTTP/1.1 200) 8 headers in 296 bytes (2 switches on core 0)
Feb 18 09:32:36.518304 n-d-829626-6 devstack@placement-api.service[103946]: DEBUG placement.requestlog [req-70a143ea-a994-48a9-9ed9-00f59280f4a5 req-602a7abe-1b09-4334-b1a5-177f66acaee2 None None] Starting request: 10.222.0.87 "GET /placement/allocations/a642f6ea-a715-453e-ba55-d21cd12b1484" {{(pid=103946) __call__ /opt/stack/placement/placement/requestlog.py:55}}
Feb 18 09:32:36.532617 n-d-829626-6 devstack@placement-api.service[103946]: INFO placement.requestlog [req-70a143ea-a994-48a9-9ed9-00f59280f4a5 req-602a7abe-1b09-4334-b1a5-177f66acaee2 service placement] 10.222.0.87 "GET /placement/allocations/a642f6ea-a715-453e-ba55-d21cd12b1484" status: 200 len: 260 microversion: 1.28
Feb 18 09:32:36.532956 n-d-829626-6 devstack@placement-api.service[103946]: [pid: 103946|app: 0|req: 513/1025] 10.222.0.87 () {60 vars in 1380 bytes} [Fri Feb 18 09:32:36 2022] GET /placement/allocations/a642f6ea-a715-453e-ba55-d21cd12b1484 => generated 260 bytes in 15 msecs (HTTP/1.1 200) 8 headers in 296 bytes (1 switches on core 0)
Feb 18 09:32:36.538893 n-d-829626-6 devstack@placement-api.service[103947]: DEBUG placement.requestlog [req-70a143ea-a994-48a9-9ed9-00f59280f4a5 req-f904b142-8abb-4fd5-9bd0-ceeda646d233 None None] Starting request: 10.222.0.87 "GET /placement/allocations/47e8cd76-4c7a-4faf-9dd6-69f0b634725a" {{(pid=103947) __call__ /opt/stack/placement/placement/requestlog.py:55}}
Feb 18 09:32:36.549622 n-d-829626-6 devstack@placement-api.service[103947]: INFO placement.requestlog [req-70a143ea-a994-48a9-9ed9-00f59280f4a5 req-f904b142-8abb-4fd5-9bd0-ceeda646d233 service placement] 10.222.0.87 "GET /placement/allocations/47e8cd76-4c7a-4faf-9dd6-69f0b634725a" status: 200 len: 19 microversion: 1.28
Feb 18 09:32:36.549943 n-d-829626-6 devstack@placement-api.service[103947]: [pid: 103947|app: 0|req: 513/1026] 10.222.0.87 () {60 vars in 1380 bytes} [Fri Feb 18 09:32:36 2022] GET /placement/allocations/47e8cd76-4c7a-4faf-9dd6-69f0b634725a => generated 19 bytes in 11 msecs (HTTP/1.1 200) 8 headers in 295 bytes (1 switches on core 0)
Feb 18 09:32:36.556242 n-d-829626-6 devstack@placement-api.service[103946]: DEBUG placement.requestlog [req-70a143ea-a994-48a9-9ed9-00f59280f4a5 req-e7644ae7-c054-489c-bd28-dd8a07b70e9f None None] Starting request: 10.222.0.87 "POST /placement/allocations" {{(pid=103946) __call__ /opt/stack/placement/placement/requestlog.py:55}}
Feb 18 09:32:36.625741 n-d-829626-6 devstack@placement-api.service[103946]: DEBUG placement.handlers.allocation [req-70a143ea-a994-48a9-9ed9-00f59280f4a5 req-e7644ae7-c054-489c-bd28-dd8a07b70e9f service placement] Successfully wrote allocations [, , , , , ] {{(pid=103946) _update_consumers_and_create_allocations /opt/stack/placement/placement/handlers/allocation.py:572}}
Feb 18 09:32:36.629203 n-d-829626-6 devstack@placement-api.service[103946]: INFO placement.requestlog [req-70a143ea-a994-48a9-9ed9-00f59280f4a5 req-e7644ae7-c054-489c-bd28-dd8a07b70e9f service placement] 10.222.0.87 "POST /placement/allocations" status: 204 len: 0 microversion: 1.28
Feb 18 09:32:36.629576 n-d-829626-6 devstack@placement-api.service[103946]: [pid: 103946|app: 0|req: 514/1027] 10.222.0.87 () {64 vars in 1323 bytes} [Fri Feb 18 09:32:36 2022] POST /placement/allocations => generated 0 bytes in 74 msecs (HTTP/1.1 204) 5 headers in 199 bytes (2 switches on core 0)
Feb 18 09:32:36.751602 n-d-829626-6 devstack@placement-api.service[103947]: DEBUG placement.requestlog [req-70a143ea-a994-48a9-9ed9-00f59280f4a5 req-56d95d8c-83ec-4bb5-8bc8-7348e8f1e8b2 None None] Starting request: 10.222.0.87 "GET /placement/allocation_candidates?limit=1000&resources=DISK_GB%3A1%2CMEMORY_MB%3A1024%2CVCPU%3A1&root_required=%21COMPUTE_STATUS_DISABLED" {{(pid=103947) __call__ /opt/stack/placement/placement/requestlog.py:55}}
Feb 18 09:32:36.783616 n-d-829626-6 devstack@placement-api.service[103947]: DEBUG placement.objects.research_context [req-70a143ea-a994-48a9-9ed9-00f59280f4a5 req-56d95d8c-83ec-4bb5-8bc8-7348e8f1e8b2 service placement] getting providers with 1 DISK_GB {{(pid=103947) __init__ /opt/stack/placement/placement/objects/research_context.py:126}}
Feb 18 09:32:36.792883 n-d-829626-6 devstack@placement-api.service[103947]: DEBUG placement.objects.research_context [req-70a143ea-a994-48a9-9ed9-00f59280f4a5 req-56d95d8c-83ec-4bb5-8bc8-7348e8f1e8b2 service placement] getting providers with 1024 MEMORY_MB {{(pid=103947) __init__ /opt/stack/placement/placement/objects/research_context.py:126}}
Feb 18 09:32:36.799009 n-d-829626-6 devstack@placement-api.service[103947]: DEBUG placement.objects.research_context [req-70a143ea-a994-48a9-9ed9-00f59280f4a5 req-56d95d8c-83ec-4bb5-8bc8-7348e8f1e8b2 service placement] getting providers with 1 VCPU {{(pid=103947) __init__ /opt/stack/placement/placement/objects/research_context.py:126}}
Feb 18 09:32:36.805213 n-d-829626-6 devstack@placement-api.service[103947]: DEBUG placement.objects.research_context [req-70a143ea-a994-48a9-9ed9-00f59280f4a5 req-56d95d8c-83ec-4bb5-8bc8-7348e8f1e8b2 service placement] found 2 providers with available 1 DISK_GB {{(pid=103947) get_provider_ids_matching /opt/stack/placement/placement/objects/research_context.py:549}}
Feb 18 09:32:36.805482 n-d-829626-6 devstack@placement-api.service[103947]: DEBUG placement.objects.research_context [req-70a143ea-a994-48a9-9ed9-00f59280f4a5 req-56d95d8c-83ec-4bb5-8bc8-7348e8f1e8b2 service placement] found 2 providers with available 1024 MEMORY_MB {{(pid=103947) get_provider_ids_matching /opt/stack/placement/placement/objects/research_context.py:549}}
Feb 18 09:32:36.805749 n-d-829626-6 devstack@placement-api.service[103947]: DEBUG placement.objects.research_context [req-70a143ea-a994-48a9-9ed9-00f59280f4a5 req-56d95d8c-83ec-4bb5-8bc8-7348e8f1e8b2 service placement] found 2 providers after filtering by previous result {{(pid=103947) get_provider_ids_matching /opt/stack/placement/placement/objects/research_context.py:580}}
Feb 18 09:32:36.806004 n-d-829626-6 devstack@placement-api.service[103947]: DEBUG placement.objects.research_context [req-70a143ea-a994-48a9-9ed9-00f59280f4a5 req-56d95d8c-83ec-4bb5-8bc8-7348e8f1e8b2 service placement] found 2 providers with available 1 VCPU {{(pid=103947) get_provider_ids_matching /opt/stack/placement/placement/objects/research_context.py:549}}
Feb 18 09:32:36.806261 n-d-829626-6 devstack@placement-api.service[103947]: DEBUG placement.objects.research_context [req-70a143ea-a994-48a9-9ed9-00f59280f4a5 req-56d95d8c-83ec-4bb5-8bc8-7348e8f1e8b2 service placement] found 2 providers after filtering by previous result {{(pid=103947) get_provider_ids_matching /opt/stack/placement/placement/objects/research_context.py:580}}
Feb 18 09:32:36.816178 n-d-829626-6 devstack@placement-api.service[103947]: DEBUG placement.objects.allocation_candidate [req-70a143ea-a994-48a9-9ed9-00f59280f4a5 req-56d95d8c-83ec-4bb5-8bc8-7348e8f1e8b2 service placement] RequestGroup(use_same_provider=False, resources={DISK_GB:1, MEMORY_MB:1024, VCPU:1}, traits=[], aggregates=[]) (suffix '') returned 2 matches {{(pid=103947) _get_by_requests /opt/stack/placement/placement/objects/allocation_candidate.py:145}}
Feb 18 09:32:36.816540 n-d-829626-6 devstack@placement-api.service[103947]: DEBUG placement.objects.allocation_candidate [req-70a143ea-a994-48a9-9ed9-00f59280f4a5 req-56d95d8c-83ec-4bb5-8bc8-7348e8f1e8b2 service placement] Merging candidates yields 2 allocation requests and 2 provider summaries {{(pid=103947) _merge_candidates /opt/stack/placement/placement/objects/allocation_candidate.py:783}}
Feb 18 09:32:36.818016 n-d-829626-6 devstack@placement-api.service[103947]: INFO placement.requestlog [req-70a143ea-a994-48a9-9ed9-00f59280f4a5 req-56d95d8c-83ec-4bb5-8bc8-7348e8f1e8b2 service placement] 10.222.0.87 "GET /placement/allocation_candidates?limit=1000&resources=DISK_GB%3A1%2CMEMORY_MB%3A1024%2CVCPU%3A1&root_required=%21COMPUTE_STATUS_DISABLED" status: 200 len: 1309 microversion: 1.36
Feb 18 09:32:36.818427 n-d-829626-6 devstack@placement-api.service[103947]: [pid: 103947|app: 0|req: 514/1028] 10.222.0.87 () {60 vars in 1506 bytes} [Fri Feb 18 09:32:36 2022] GET /placement/allocation_candidates?limit=1000&resources=DISK_GB%3A1%2CMEMORY_MB%3A1024%2CVCPU%3A1&root_required=%21COMPUTE_STATUS_DISABLED => generated 1309 bytes in 67 msecs (HTTP/1.1 200) 8 headers in 297 bytes (1 switches on core 0)
Feb 18 09:32:36.863109 n-d-829626-6 devstack@placement-api.service[103946]: DEBUG placement.requestlog [req-70a143ea-a994-48a9-9ed9-00f59280f4a5 req-3d33291b-1516-42e7-9aa5-75c13773ef88 None None] Starting request: 10.222.0.87 "GET /placement/allocations/a642f6ea-a715-453e-ba55-d21cd12b1484" {{(pid=103946) __call__ /opt/stack/placement/placement/requestlog.py:55}}
Feb 18 09:32:36.874354 n-d-829626-6 devstack@placement-api.service[103946]: INFO placement.requestlog [req-70a143ea-a994-48a9-9ed9-00f59280f4a5 req-3d33291b-1516-42e7-9aa5-75c13773ef88 service placement] 10.222.0.87 "GET /placement/allocations/a642f6ea-a715-453e-ba55-d21cd12b1484" status: 200 len: 19 microversion: 1.28
Feb 18 09:32:36.874787 n-d-829626-6 devstack@placement-api.service[103946]: [pid: 103946|app: 0|req: 515/1029] 10.222.0.87 () {60 vars in 1380 bytes} [Fri Feb 18 09:32:36 2022] GET /placement/allocations/a642f6ea-a715-453e-ba55-d21cd12b1484 => generated 19 bytes in 12 msecs (HTTP/1.1 200) 8 headers in 295 bytes (1 switches on core 0)
Feb 18 09:32:36.880789 n-d-829626-6 devstack@placement-api.service[103947]: DEBUG placement.requestlog [req-70a143ea-a994-48a9-9ed9-00f59280f4a5 req-9931c7d8-fdc0-4ae7-807a-18f57fbfb8ce None None] Starting request: 10.222.0.87 "PUT /placement/allocations/a642f6ea-a715-453e-ba55-d21cd12b1484" {{(pid=103947) __call__ /opt/stack/placement/placement/requestlog.py:55}}
Feb 18 09:32:36.933736 n-d-829626-6 devstack@placement-api.service[103947]: DEBUG placement.handlers.allocation [req-70a143ea-a994-48a9-9ed9-00f59280f4a5 req-9931c7d8-fdc0-4ae7-807a-18f57fbfb8ce service placement] Successfully wrote allocations [, , ] {{(pid=103947) _update_consumers_and_create_allocations /opt/stack/placement/placement/handlers/allocation.py:462}}
Feb 18 09:32:36.937303 n-d-829626-6 devstack@placement-api.service[103947]: INFO placement.requestlog [req-70a143ea-a994-48a9-9ed9-00f59280f4a5 req-9931c7d8-fdc0-4ae7-807a-18f57fbfb8ce service placement] 10.222.0.87 "PUT /placement/allocations/a642f6ea-a715-453e-ba55-d21cd12b1484" status: 204 len: 0 microversion: 1.36
Feb 18 09:32:36.937794 n-d-829626-6 devstack@placement-api.service[103947]: [pid: 103947|app: 0|req: 515/1030] 10.222.0.87 () {64 vars in 1433 bytes} [Fri Feb 18 09:32:36 2022] PUT /placement/allocations/a642f6ea-a715-453e-ba55-d21cd12b1484 => generated 0 bytes in 57 msecs (HTTP/1.1 204) 5 headers in 199 bytes (1 switches on core 0)
Feb 18 09:32:37.069839 n-d-829626-6 devstack@placement-api.service[103946]: DEBUG placement.requestlog [req-70a143ea-a994-48a9-9ed9-00f59280f4a5 req-b9155634-f816-4909-9ec5-3a540017b43c None None] Starting request: 10.222.0.89 "GET /placement/allocations/a642f6ea-a715-453e-ba55-d21cd12b1484" {{(pid=103946) __call__ /opt/stack/placement/placement/requestlog.py:55}}
Feb 18 09:32:37.084971 n-d-829626-6 devstack@placement-api.service[103946]: INFO placement.requestlog [req-70a143ea-a994-48a9-9ed9-00f59280f4a5 req-b9155634-f816-4909-9ec5-3a540017b43c service placement] 10.222.0.89 "GET /placement/allocations/a642f6ea-a715-453e-ba55-d21cd12b1484" status: 200 len: 259 microversion: 1.28
Feb 18 09:32:37.085300 n-d-829626-6 devstack@placement-api.service[103946]: [pid: 103946|app: 0|req: 516/1031] 10.222.0.89 () {60 vars in 1377 bytes} [Fri Feb 18 09:32:37 2022] GET /placement/allocations/a642f6ea-a715-453e-ba55-d21cd12b1484 => generated 259 bytes in 16 msecs (HTTP/1.1 200) 8 headers in 296 bytes (1 switches on core 0)
Feb 18 09:32:43.251516 n-d-829626-6 devstack@placement-api.service[103947]: DEBUG placement.requestlog [req-16442631-5b8a-42ad-a2b4-a21677d4ae9f req-4c2bb9a0-5cf6-4401-871d-f64710f3bfb0 None None] Starting request: 10.222.0.89 "GET /placement/resource_providers/aedccc71-998a-4095-aa4c-d48b2db0cccb/allocations" {{(pid=103947) __call__ /opt/stack/placement/placement/requestlog.py:55}}
Feb 18 09:32:43.276375 n-d-829626-6 devstack@placement-api.service[103947]: INFO placement.requestlog [req-16442631-5b8a-42ad-a2b4-a21677d4ae9f req-4c2bb9a0-5cf6-4401-871d-f64710f3bfb0 service placement] 10.222.0.89 "GET /placement/resource_providers/aedccc71-998a-4095-aa4c-d48b2db0cccb/allocations" status: 200 len: 356 microversion: 1.0
Feb 18 09:32:43.276715 n-d-829626-6 devstack@placement-api.service[103947]: [pid: 103947|app: 0|req: 516/1032] 10.222.0.89 () {58 vars in 1390 bytes} [Fri Feb 18 09:32:43 2022] GET /placement/resource_providers/aedccc71-998a-4095-aa4c-d48b2db0cccb/allocations => generated 356 bytes in 26 msecs (HTTP/1.1 200) 6 headers in 224 bytes (1 switches on core 0)
Feb 18 09:32:45.098338 n-d-829626-6 devstack@placement-api.service[103946]: DEBUG placement.requestlog [req-2f6e521c-b220-4c66-b048-20f2c75f8a68 req-87c8147b-0e15-463c-a274-58391a192433 None None] Starting request: 10.222.0.67 "GET /placement/resource_providers/c78613b8-b1e0-4fc1-a196-e11d38f47785/allocations" {{(pid=103946) __call__ /opt/stack/placement/placement/requestlog.py:55}}
Feb 18 09:32:45.118768 n-d-829626-6 devstack@placement-api.service[103946]: INFO placement.requestlog [req-2f6e521c-b220-4c66-b048-20f2c75f8a68 req-87c8147b-0e15-463c-a274-58391a192433 service placement] 10.222.0.67 "GET /placement/resource_providers/c78613b8-b1e0-4fc1-a196-e11d38f47785/allocations" status: 200 len: 256 microversion: 1.0
Feb 18 09:32:45.119170 n-d-829626-6 devstack@placement-api.service[103946]: [pid: 103946|app: 0|req: 517/1033] 10.222.0.67 () {58 vars in 1390 bytes} [Fri Feb 18 09:32:45 2022] GET /placement/resource_providers/c78613b8-b1e0-4fc1-a196-e11d38f47785/allocations => generated 256 bytes in 21 msecs (HTTP/1.1 200) 6 headers in 224 bytes (1 switches on core 0)
Feb 18 09:33:02.006320 n-d-829626-6 devstack@placement-api.service[103947]: DEBUG placement.requestlog [req-70a143ea-a994-48a9-9ed9-00f59280f4a5 req-fb2fb4a3-a555-4645-aa27-f6b99e917913 None None] Starting request: 10.222.0.89 "GET /placement/allocations/a642f6ea-a715-453e-ba55-d21cd12b1484" {{(pid=103947) __call__ /opt/stack/placement/placement/requestlog.py:55}}
Feb 18 09:33:02.021658 n-d-829626-6 devstack@placement-api.service[103947]: INFO placement.requestlog [req-70a143ea-a994-48a9-9ed9-00f59280f4a5 req-fb2fb4a3-a555-4645-aa27-f6b99e917913 service placement] 10.222.0.89 "GET /placement/allocations/a642f6ea-a715-453e-ba55-d21cd12b1484" status: 200 len: 259 microversion: 1.28
Feb 18 09:33:02.021891 n-d-829626-6 devstack@placement-api.service[103947]: [pid: 103947|app: 0|req: 517/1034] 10.222.0.89 () {60 vars in 1377 bytes} [Fri Feb 18 09:33:02 2022] GET /placement/allocations/a642f6ea-a715-453e-ba55-d21cd12b1484 => generated 259 bytes in 17 msecs (HTTP/1.1 200) 8 headers in 296 bytes (1 switches on core 0)
Feb 18 09:33:08.110218 n-d-829626-6 devstack@placement-api.service[103946]: DEBUG placement.requestlog [req-fb103ece-b615-4691-bcfb-a381d115a173 req-e0a09a61-5a3e-42e8-9d6f-4e46d9621096 None None] Starting request: 10.222.0.67 "GET /placement/allocations/47e8cd76-4c7a-4faf-9dd6-69f0b634725a" {{(pid=103946) __call__ /opt/stack/placement/placement/requestlog.py:55}}
Feb 18 09:33:08.125589 n-d-829626-6 devstack@placement-api.service[103946]: INFO placement.requestlog [req-fb103ece-b615-4691-bcfb-a381d115a173 req-e0a09a61-5a3e-42e8-9d6f-4e46d9621096 service placement] 10.222.0.67 "GET /placement/allocations/47e8cd76-4c7a-4faf-9dd6-69f0b634725a" status: 200 len: 260 microversion: 1.28
Feb 18 09:33:08.126087 n-d-829626-6 devstack@placement-api.service[103946]: [pid: 103946|app: 0|req: 518/1035] 10.222.0.67 () {60 vars in 1377 bytes} [Fri Feb 18 09:33:08 2022] GET /placement/allocations/47e8cd76-4c7a-4faf-9dd6-69f0b634725a => generated 260 bytes in 16 msecs (HTTP/1.1 200) 8 headers in 296 bytes (1 switches on core 0)
Feb 18 09:33:08.132910 n-d-829626-6 devstack@placement-api.service[103947]: DEBUG placement.requestlog [req-fb103ece-b615-4691-bcfb-a381d115a173 req-001d8492-10cb-4045-b323-d07fef9c4038 None None] Starting request: 10.222.0.67 "PUT /placement/allocations/47e8cd76-4c7a-4faf-9dd6-69f0b634725a" {{(pid=103947) __call__ /opt/stack/placement/placement/requestlog.py:55}}
Feb 18 09:33:08.173495 n-d-829626-6 devstack@placement-api.service[103947]: DEBUG placement.handlers.allocation [req-fb103ece-b615-4691-bcfb-a381d115a173 req-001d8492-10cb-4045-b323-d07fef9c4038 service placement] Successfully wrote allocations [, , ] {{(pid=103947) _update_consumers_and_create_allocations /opt/stack/placement/placement/handlers/allocation.py:462}}
Feb 18 09:33:08.177589 n-d-829626-6 devstack@placement-api.service[103947]: INFO placement.requestlog [req-fb103ece-b615-4691-bcfb-a381d115a173 req-001d8492-10cb-4045-b323-d07fef9c4038 service placement] 10.222.0.67 "PUT /placement/allocations/47e8cd76-4c7a-4faf-9dd6-69f0b634725a" status: 204 len: 0 microversion: 1.28
Feb 18 09:33:08.177996 n-d-829626-6 devstack@placement-api.service[103947]: [pid: 103947|app: 0|req: 518/1036] 10.222.0.67 () {64 vars in 1430 bytes} [Fri Feb 18 09:33:08 2022] PUT /placement/allocations/47e8cd76-4c7a-4faf-9dd6-69f0b634725a => generated 0 bytes in 46 msecs (HTTP/1.1 204) 5 headers in 199 bytes (1 switches on core 0)
Feb 18 09:33:39.717734 n-d-829626-6 devstack@placement-api.service[103946]: DEBUG placement.requestlog [req-56d4c594-cea4-4a61-89f4-97611f08b922 req-9d126723-e4a7-4148-92b0-56b55d0170d7 None None] Starting request: 10.222.0.87 "GET /placement/allocation_candidates?resources=DISK_GB%3A1%2CMEMORY_MB%3A1024%2CVCPU%3A1&root_required=%21COMPUTE_STATUS_DISABLED" {{(pid=103946) __call__ /opt/stack/placement/placement/requestlog.py:55}}
Feb 18 09:33:39.827839 n-d-829626-6 devstack@placement-api.service[103946]: DEBUG placement.objects.research_context [req-56d4c594-cea4-4a61-89f4-97611f08b922 req-9d126723-e4a7-4148-92b0-56b55d0170d7 service placement] getting providers with 1 DISK_GB {{(pid=103946) __init__ /opt/stack/placement/placement/objects/research_context.py:126}}
Feb 18 09:33:39.834300 n-d-829626-6 devstack@placement-api.service[103946]: DEBUG placement.objects.research_context [req-56d4c594-cea4-4a61-89f4-97611f08b922 req-9d126723-e4a7-4148-92b0-56b55d0170d7 service placement] getting providers with 1024 MEMORY_MB {{(pid=103946) __init__ /opt/stack/placement/placement/objects/research_context.py:126}}
Feb 18 09:33:39.839451 n-d-829626-6 devstack@placement-api.service[103946]: DEBUG placement.objects.research_context [req-56d4c594-cea4-4a61-89f4-97611f08b922 req-9d126723-e4a7-4148-92b0-56b55d0170d7 service placement] getting providers with 1 VCPU {{(pid=103946) __init__ /opt/stack/placement/placement/objects/research_context.py:126}}
Feb 18 09:33:39.844999 n-d-829626-6 devstack@placement-api.service[103946]: DEBUG placement.objects.research_context [req-56d4c594-cea4-4a61-89f4-97611f08b922 req-9d126723-e4a7-4148-92b0-56b55d0170d7 service placement] found 2 providers with available 1 DISK_GB {{(pid=103946) get_provider_ids_matching /opt/stack/placement/placement/objects/research_context.py:549}}
Feb 18 09:33:39.845269 n-d-829626-6 devstack@placement-api.service[103946]: DEBUG placement.objects.research_context [req-56d4c594-cea4-4a61-89f4-97611f08b922 req-9d126723-e4a7-4148-92b0-56b55d0170d7 service placement] found 2 providers with available 1024 MEMORY_MB {{(pid=103946) get_provider_ids_matching /opt/stack/placement/placement/objects/research_context.py:549}}
Feb 18 09:33:39.845535 n-d-829626-6 devstack@placement-api.service[103946]: DEBUG placement.objects.research_context [req-56d4c594-cea4-4a61-89f4-97611f08b922 req-9d126723-e4a7-4148-92b0-56b55d0170d7 service placement] found 2 providers after filtering by previous result {{(pid=103946) get_provider_ids_matching /opt/stack/placement/placement/objects/research_context.py:580}}
Feb 18 09:33:39.845790 n-d-829626-6 devstack@placement-api.service[103946]: DEBUG placement.objects.research_context [req-56d4c594-cea4-4a61-89f4-97611f08b922 req-9d126723-e4a7-4148-92b0-56b55d0170d7 service placement] found 2 providers with available 1 VCPU {{(pid=103946) get_provider_ids_matching /opt/stack/placement/placement/objects/research_context.py:549}}
Feb 18 09:33:39.846049 n-d-829626-6 devstack@placement-api.service[103946]: DEBUG placement.objects.research_context [req-56d4c594-cea4-4a61-89f4-97611f08b922 req-9d126723-e4a7-4148-92b0-56b55d0170d7 service placement] found 2 providers after filtering by previous result {{(pid=103946) get_provider_ids_matching /opt/stack/placement/placement/objects/research_context.py:580}}
Feb 18 09:33:39.857130 n-d-829626-6 devstack@placement-api.service[103946]: DEBUG placement.objects.allocation_candidate [req-56d4c594-cea4-4a61-89f4-97611f08b922 req-9d126723-e4a7-4148-92b0-56b55d0170d7 service placement] RequestGroup(use_same_provider=False, resources={DISK_GB:1, MEMORY_MB:1024, VCPU:1}, traits=[], aggregates=[]) (suffix '') returned 2 matches {{(pid=103946) _get_by_requests /opt/stack/placement/placement/objects/allocation_candidate.py:145}}
Feb 18 09:33:39.857563 n-d-829626-6 devstack@placement-api.service[103946]: DEBUG placement.objects.allocation_candidate [req-56d4c594-cea4-4a61-89f4-97611f08b922 req-9d126723-e4a7-4148-92b0-56b55d0170d7 service placement] Merging candidates yields 2 allocation requests and 2 provider summaries {{(pid=103946) _merge_candidates /opt/stack/placement/placement/objects/allocation_candidate.py:783}}
Feb 18 09:33:39.859031 n-d-829626-6 devstack@placement-api.service[103946]: INFO placement.requestlog [req-56d4c594-cea4-4a61-89f4-97611f08b922 req-9d126723-e4a7-4148-92b0-56b55d0170d7 service placement] 10.222.0.87 "GET /placement/allocation_candidates?resources=DISK_GB%3A1%2CMEMORY_MB%3A1024%2CVCPU%3A1&root_required=%21COMPUTE_STATUS_DISABLED" status: 200 len: 1309 microversion: 1.36
Feb 18 09:33:39.859427 n-d-829626-6 devstack@placement-api.service[103946]: [pid: 103946|app: 0|req: 519/1037] 10.222.0.87 () {60 vars in 1484 bytes} [Fri Feb 18 09:33:39 2022] GET /placement/allocation_candidates?resources=DISK_GB%3A1%2CMEMORY_MB%3A1024%2CVCPU%3A1&root_required=%21COMPUTE_STATUS_DISABLED => generated 1309 bytes in 142 msecs (HTTP/1.1 200) 8 headers in 297 bytes (2 switches on core 0)
Feb 18 09:33:39.904511 n-d-829626-6 devstack@placement-api.service[103947]: DEBUG placement.requestlog [req-56d4c594-cea4-4a61-89f4-97611f08b922 req-90f6d9a9-24eb-4316-97bd-23769eee5cf2 None None] Starting request: 10.222.0.87 "GET /placement/allocations/1b9fb7a6-797c-40ba-99cc-a91f2bf31026" {{(pid=103947) __call__ /opt/stack/placement/placement/requestlog.py:55}}
Feb 18 09:33:39.915615 n-d-829626-6 devstack@placement-api.service[103947]: INFO placement.requestlog [req-56d4c594-cea4-4a61-89f4-97611f08b922 req-90f6d9a9-24eb-4316-97bd-23769eee5cf2 service placement] 10.222.0.87 "GET /placement/allocations/1b9fb7a6-797c-40ba-99cc-a91f2bf31026" status: 200 len: 19 microversion: 1.28
Feb 18 09:33:39.916043 n-d-829626-6 devstack@placement-api.service[103947]: [pid: 103947|app: 0|req: 519/1038] 10.222.0.87 () {60 vars in 1380 bytes} [Fri Feb 18 09:33:39 2022] GET /placement/allocations/1b9fb7a6-797c-40ba-99cc-a91f2bf31026 => generated 19 bytes in 12 msecs (HTTP/1.1 200) 8 headers in 295 bytes (1 switches on core 0)
Feb 18 09:33:39.921743 n-d-829626-6 devstack@placement-api.service[103946]: DEBUG placement.requestlog [req-56d4c594-cea4-4a61-89f4-97611f08b922 req-f999b91d-c780-4cf0-a3c4-14187d10e44f None None] Starting request: 10.222.0.87 "PUT /placement/allocations/1b9fb7a6-797c-40ba-99cc-a91f2bf31026" {{(pid=103946) __call__ /opt/stack/placement/placement/requestlog.py:55}}
Feb 18 09:33:39.980256 n-d-829626-6 devstack@placement-api.service[103946]: DEBUG placement.handlers.allocation [req-56d4c594-cea4-4a61-89f4-97611f08b922 req-f999b91d-c780-4cf0-a3c4-14187d10e44f service placement] Successfully wrote allocations [, , ] {{(pid=103946) _update_consumers_and_create_allocations /opt/stack/placement/placement/handlers/allocation.py:462}}
Feb 18 09:33:39.984493 n-d-829626-6 devstack@placement-api.service[103946]: INFO placement.requestlog [req-56d4c594-cea4-4a61-89f4-97611f08b922 req-f999b91d-c780-4cf0-a3c4-14187d10e44f service placement] 10.222.0.87 "PUT /placement/allocations/1b9fb7a6-797c-40ba-99cc-a91f2bf31026" status: 204 len: 0 microversion: 1.36
Feb 18 09:33:39.985453 n-d-829626-6 devstack@placement-api.service[103946]: [pid: 103946|app: 0|req: 520/1039] 10.222.0.87 () {64 vars in 1433 bytes} [Fri Feb 18 09:33:39 2022] PUT /placement/allocations/1b9fb7a6-797c-40ba-99cc-a91f2bf31026 => generated 0 bytes in 64 msecs (HTTP/1.1 204) 5 headers in 199 bytes (2 switches on core 0)
Feb 18 09:33:40.282732 n-d-829626-6 devstack@placement-api.service[103947]: DEBUG placement.requestlog [req-56d4c594-cea4-4a61-89f4-97611f08b922 req-8a38a41e-a3e8-46dc-9624-62105619b4a9 None None] Starting request: 10.222.0.67 "GET /placement/allocations/1b9fb7a6-797c-40ba-99cc-a91f2bf31026" {{(pid=103947) __call__ /opt/stack/placement/placement/requestlog.py:55}}
Feb 18 09:33:40.300357 n-d-829626-6 devstack@placement-api.service[103947]: INFO placement.requestlog [req-56d4c594-cea4-4a61-89f4-97611f08b922 req-8a38a41e-a3e8-46dc-9624-62105619b4a9 service placement] 10.222.0.67 "GET /placement/allocations/1b9fb7a6-797c-40ba-99cc-a91f2bf31026" status: 200 len: 260 microversion: 1.28
Feb 18 09:33:40.301557 n-d-829626-6 devstack@placement-api.service[103947]: [pid: 103947|app: 0|req: 520/1040] 10.222.0.67 () {60 vars in 1377 bytes} [Fri Feb 18 09:33:40 2022] GET /placement/allocations/1b9fb7a6-797c-40ba-99cc-a91f2bf31026 => generated 260 bytes in 19 msecs (HTTP/1.1 200) 8 headers in 296 bytes (2 switches on core 0)
Feb 18 09:33:44.214493 n-d-829626-6 devstack@placement-api.service[103946]: DEBUG placement.requestlog [req-3ca73cd5-dab6-4726-ab66-22625ae2f108 req-f3f97805-f5dd-4091-a5f4-c37c4388e798 None None] Starting request: 10.222.0.89 "GET /placement/resource_providers/aedccc71-998a-4095-aa4c-d48b2db0cccb/allocations" {{(pid=103946) __call__ /opt/stack/placement/placement/requestlog.py:55}}
Feb 18 09:33:44.233957 n-d-829626-6 devstack@placement-api.service[103946]: INFO placement.requestlog [req-3ca73cd5-dab6-4726-ab66-22625ae2f108 req-f3f97805-f5dd-4091-a5f4-c37c4388e798 service placement] 10.222.0.89 "GET /placement/resource_providers/aedccc71-998a-4095-aa4c-d48b2db0cccb/allocations" status: 200 len: 356 microversion: 1.0
Feb 18 09:33:44.234336 n-d-829626-6 devstack@placement-api.service[103946]: [pid: 103946|app: 0|req: 521/1041] 10.222.0.89 () {58 vars in 1390 bytes} [Fri Feb 18 09:33:44 2022] GET /placement/resource_providers/aedccc71-998a-4095-aa4c-d48b2db0cccb/allocations => generated 356 bytes in 20 msecs (HTTP/1.1 200) 6 headers in 224 bytes (1 switches on core 0)
Feb 18 09:33:47.071463 n-d-829626-6 devstack@placement-api.service[103947]: DEBUG placement.requestlog [req-15918f95-496e-42ba-8f95-a43a82e182c3 req-b96f492d-d05b-4ebe-915c-d4bdcef0bbbd None None] Starting request: 10.222.0.67 "GET /placement/resource_providers/c78613b8-b1e0-4fc1-a196-e11d38f47785/allocations" {{(pid=103947) __call__ /opt/stack/placement/placement/requestlog.py:55}}
Feb 18 09:33:47.148479 n-d-829626-6 devstack@placement-api.service[103947]: INFO placement.requestlog [req-15918f95-496e-42ba-8f95-a43a82e182c3 req-b96f492d-d05b-4ebe-915c-d4bdcef0bbbd service placement] 10.222.0.67 "GET /placement/resource_providers/c78613b8-b1e0-4fc1-a196-e11d38f47785/allocations" status: 200 len: 256 microversion: 1.0
Feb 18 09:33:47.148821 n-d-829626-6 devstack@placement-api.service[103947]: [pid: 103947|app: 0|req: 521/1042] 10.222.0.67 () {58 vars in 1390 bytes} [Fri Feb 18 09:33:47 2022] GET /placement/resource_providers/c78613b8-b1e0-4fc1-a196-e11d38f47785/allocations => generated 256 bytes in 78 msecs (HTTP/1.1 200) 6 headers in 224 bytes (2 switches on core 0)
Feb 18 09:33:47.185139 n-d-829626-6 devstack@placement-api.service[103946]: DEBUG placement.requestlog [req-15918f95-496e-42ba-8f95-a43a82e182c3 req-d026debc-e1f7-43ae-8881-622fad68f2f2 None None] Starting request: 10.222.0.67 "GET /placement/resource_providers?in_tree=c78613b8-b1e0-4fc1-a196-e11d38f47785" {{(pid=103946) __call__ /opt/stack/placement/placement/requestlog.py:55}}
Feb 18 09:33:47.200656 n-d-829626-6 devstack@placement-api.service[103946]: INFO placement.requestlog [req-15918f95-496e-42ba-8f95-a43a82e182c3 req-d026debc-e1f7-43ae-8881-622fad68f2f2 service placement] 10.222.0.67 "GET /placement/resource_providers?in_tree=c78613b8-b1e0-4fc1-a196-e11d38f47785" status: 200 len: 864 microversion: 1.14
Feb 18 09:33:47.201093 n-d-829626-6 devstack@placement-api.service[103946]: [pid: 103946|app: 0|req: 522/1043] 10.222.0.67 () {60 vars in 1376 bytes} [Fri Feb 18 09:33:47 2022] GET /placement/resource_providers?in_tree=c78613b8-b1e0-4fc1-a196-e11d38f47785 => generated 864 bytes in 16 msecs (HTTP/1.1 200) 6 headers in 225 bytes (1 switches on core 0)
Feb 18 09:33:47.208656 n-d-829626-6 devstack@placement-api.service[103947]: DEBUG placement.requestlog [req-15918f95-496e-42ba-8f95-a43a82e182c3 req-22c4e0ad-7283-4fea-9859-7c735b0d9fe0 None None] Starting request: 10.222.0.67 "GET /placement/resource_providers/c78613b8-b1e0-4fc1-a196-e11d38f47785/inventories" {{(pid=103947) __call__ /opt/stack/placement/placement/requestlog.py:55}}
Feb 18 09:33:47.232375 n-d-829626-6 devstack@placement-api.service[103947]: INFO placement.requestlog [req-15918f95-496e-42ba-8f95-a43a82e182c3 req-22c4e0ad-7283-4fea-9859-7c735b0d9fe0 service placement] 10.222.0.67 "GET /placement/resource_providers/c78613b8-b1e0-4fc1-a196-e11d38f47785/inventories" status: 200 len: 399 microversion: 1.0
