Feb 17 17:25:32.844060 n-d-829613-2 neutron-server[103436]: DEBUG neutron_lib.callbacks.manager [None req-b350963b-c78b-4011-a0c4-e988292a9ef1 None None] Publish callbacks ['neutron.plugins.ml2.plugin.SecurityGroupServerNotifierRpcMixin._notify_sg_on_port_change-1808542', 'neutron.plugins.ml2.ovo_rpc._ObjectChangeHandler.handle_event-46881', 'neutron.api.rpc.agentnotifiers.dhcp_rpc_agent_api.DhcpAgentNotifyAPI._native_event_send_dhcp_notification-615226', 'neutron.db.l3_db.L3RpcNotifierMixin._notify_gateway_port_ip_changed-8786427760240', 'neutron.db.l3_dvrscheduler_db._notify_l3_agent_port_update-8786427371048', 'neutron.db.l3_hascheduler_db._notify_l3_agent_ha_port_update-8786427371066'] for port (6929f6ff-1074-41d8-9353-e06a29dde0db), after_update {{(pid=103436) _notify_loop /usr/local/lib/python3.8/dist-packages/neutron_lib/callbacks/manager.py:176}}
Feb 17 17:25:32.847155 n-d-829613-2 neutron-server[103434]: DEBUG neutron.api.rpc.handlers.resources_rpc [None req-1220cf6b-3459-4eb8-a47c-5e336209bc18 admin admin] Pushing event updated for resources: {'Subnet': ['ID=7eb9586b-767f-4704-8de7-b1b06d448ac8,revision_number=0']} {{(pid=103434) push /opt/stack/neutron/neutron/api/rpc/handlers/resources_rpc.py:237}}
Feb 17 17:25:32.859234 n-d-829613-2 neutron-server[103434]: DEBUG neutron.plugins.ml2.drivers.mech_agent [None req-1220cf6b-3459-4eb8-a47c-5e336209bc18 admin admin] Checking segment: {'id': '3036493e-686d-4118-a468-61c5eedb2ca3', 'network_type': 'vlan', 'physical_network': 'physnet1', 'segmentation_id': 511, 'network_id': '80a314a4-c993-4d2a-8343-3ae33652c10f'} for mappings: {'physnet1': 'br-data'} with network types: ['local', 'flat', 'vlan'] {{(pid=103434) check_segment_for_agent /opt/stack/neutron/neutron/plugins/ml2/drivers/mech_agent.py:373}}
Feb 17 17:25:32.859698 n-d-829613-2 neutron-server[103434]: DEBUG neutron.scheduler.dhcp_agent_scheduler [None req-1220cf6b-3459-4eb8-a47c-5e336209bc18 admin admin] Network hostable DHCP agents. Network: 80a314a4-c993-4d2a-8343-3ae33652c10f, hostable agents: ['3a503b77-246f-4514-888c-a3f8c75fc223'], hosted agents: [] {{(pid=103434) _get_network_hostable_dhcp_agents /opt/stack/neutron/neutron/scheduler/dhcp_agent_scheduler.py:329}}
Feb 17 17:25:32.881735 n-d-829613-2 neutron-server[103434]: DEBUG neutron.scheduler.dhcp_agent_scheduler [None req-1220cf6b-3459-4eb8-a47c-5e336209bc18 admin admin] Network 80a314a4-c993-4d2a-8343-3ae33652c10f is scheduled to be hosted by DHCP agent 3a503b77-246f-4514-888c-a3f8c75fc223 with binding_index 1 {{(pid=103434) bind /opt/stack/neutron/neutron/scheduler/dhcp_agent_scheduler.py:227}}
Feb 17 17:25:32.893383 n-d-829613-2 neutron-server[103436]: DEBUG neutron.api.rpc.handlers.resources_rpc [None req-5e721d01-a9b1-4cb9-b114-e6ba0f7d779e None None] Pushing event updated for resources: {'Port': ['ID=75b15b30-4319-4a3c-ab75-d9eacd7ccaa4,revision_number=4']} {{(pid=103436) push /opt/stack/neutron/neutron/api/rpc/handlers/resources_rpc.py:237}}
Feb 17 17:25:32.908232 n-d-829613-2 neutron-server[103434]: DEBUG neutron.scheduler.base_scheduler [None req-1220cf6b-3459-4eb8-a47c-5e336209bc18 admin admin] Resources bound (agent type, host, resource id): (DHCP agent, n-d-829613-2, 80a314a4-c993-4d2a-8343-3ae33652c10f) {{(pid=103434) schedule /opt/stack/neutron/neutron/scheduler/base_scheduler.py:57}}
Feb 17 17:25:32.912632 n-d-829613-2 neutron-server[103434]: DEBUG neutron.pecan_wsgi.hooks.policy_enforcement [None req-1220cf6b-3459-4eb8-a47c-5e336209bc18 admin admin] Attributes excluded by policy engine: ['standard_attr_id', 'shared', 'network'] {{(pid=103434) _exclude_attributes_by_policy /opt/stack/neutron/neutron/pecan_wsgi/hooks/policy_enforcement.py:255}}
Feb 17 17:25:32.913608 n-d-829613-2 neutron-server[103434]: DEBUG neutron_lib.callbacks.manager [None req-1220cf6b-3459-4eb8-a47c-5e336209bc18 admin admin] Publish callbacks ['neutron.api.rpc.agentnotifiers.dhcp_rpc_agent_api.DhcpAgentNotifyAPI._send_dhcp_notification-615188'] for subnet (None), before_response {{(pid=103434) _notify_loop /usr/local/lib/python3.8/dist-packages/neutron_lib/callbacks/manager.py:176}}
Feb 17 17:25:32.942842 n-d-829613-2 neutron-server[103434]: INFO neutron.wsgi [None req-1220cf6b-3459-4eb8-a47c-5e336209bc18 admin admin] 10.222.0.87 "POST /v2.0/subnets HTTP/1.1" status: 201 len: 845 time: 0.5197864
Feb 17 17:25:32.943063 n-d-829613-2 neutron-server[103436]: DEBUG neutron.api.rpc.handlers.dhcp_rpc [None req-a9317572-d47d-41c5-bc81-4ee06468868b None None] Network 80a314a4-c993-4d2a-8343-3ae33652c10f requested from n-d-829613-2 {{(pid=103436) get_network_info /opt/stack/neutron/neutron/api/rpc/handlers/dhcp_rpc.py:191}}
Feb 17 17:25:32.943063 n-d-829613-2 neutron-server[103436]: DEBUG neutron_lib.callbacks.manager [None req-f9ee29b0-3f13-41ac-afb9-da12c171697e None None] Publish callbacks ['neutron.services.segments.db._update_segment_host_mapping_for_agent-8786427882617', 'neutron.plugins.ml2.plugin.Ml2Plugin._retry_binding_revived_agents-1788138'] for agent (3a503b77-246f-4514-888c-a3f8c75fc223), after_update {{(pid=103436) _notify_loop /usr/local/lib/python3.8/dist-packages/neutron_lib/callbacks/manager.py:176}}
Feb 17 17:25:33.034476 n-d-829613-2 neutron-server[103435]: DEBUG neutron_lib.callbacks.manager [None req-d782e021-8be0-440a-80ec-2a848b43e9b5 admin admin] Publish callbacks [] for security_group (None), before_create {{(pid=103435) _notify_loop /usr/local/lib/python3.8/dist-packages/neutron_lib/callbacks/manager.py:176}}
Feb 17 17:25:33.048902 n-d-829613-2 neutron-server[103436]: DEBUG neutron.api.rpc.handlers.resources_rpc [None req-b350963b-c78b-4011-a0c4-e988292a9ef1 None None] Pushing event updated for resources: {'Port': ['ID=6929f6ff-1074-41d8-9353-e06a29dde0db,revision_number=4']} {{(pid=103436) push /opt/stack/neutron/neutron/api/rpc/handlers/resources_rpc.py:237}}
Feb 17 17:25:33.121788 n-d-829613-2 neutron-server[103436]: DEBUG neutron.api.rpc.handlers.dhcp_rpc [None req-ab994245-5b83-4547-9bce-2099b071c068 None None] Network 80a314a4-c993-4d2a-8343-3ae33652c10f requested from n-d-829613-2 {{(pid=103436) get_network_info /opt/stack/neutron/neutron/api/rpc/handlers/dhcp_rpc.py:191}}
Feb 17 17:25:33.192475 n-d-829613-2 neutron-server[103435]: DEBUG neutron_lib.callbacks.manager [None req-d782e021-8be0-440a-80ec-2a848b43e9b5 admin admin] Publish callbacks [] for security_group (30f81cde-7efd-4bff-93e0-d9fc0902ee4b), precommit_create {{(pid=103435) _notify_loop /usr/local/lib/python3.8/dist-packages/neutron_lib/callbacks/manager.py:176}}
Feb 17 17:25:33.206629 n-d-829613-2 neutron-server[103435]: DEBUG neutron_lib.callbacks.manager [None req-d782e021-8be0-440a-80ec-2a848b43e9b5 admin admin] Publish callbacks ['neutron.plugins.ml2.ovo_rpc._ObjectChangeHandler.handle_event-761799'] for security_group (30f81cde-7efd-4bff-93e0-d9fc0902ee4b), after_create {{(pid=103435) _notify_loop /usr/local/lib/python3.8/dist-packages/neutron_lib/callbacks/manager.py:176}}
Feb 17 17:25:33.276995 n-d-829613-2 neutron-server[103436]: DEBUG neutron.plugins.ml2.db [None req-b350963b-c78b-4011-a0c4-e988292a9ef1 None None] get_ports_and_sgs() called for port_ids ['6929f6ff-1074-41d8-9353-e06a29dde0db'] {{(pid=103436) get_ports_and_sgs /opt/stack/neutron/neutron/plugins/ml2/db.py:156}}
Feb 17 17:25:33.282530 n-d-829613-2 neutron-server[103434]: DEBUG neutron.wsgi [-] (103434) accepted ('10.222.0.87', 60260) {{(pid=103434) server /usr/local/lib/python3.8/dist-packages/eventlet/wsgi.py:1004}}
Feb 17 17:25:33.286322 n-d-829613-2 neutron-server[103435]: INFO neutron.wsgi [None req-d782e021-8be0-440a-80ec-2a848b43e9b5 admin admin] 10.222.0.87 "GET /v2.0/security-groups?tenant_id=ec4bc9a7fe95487eb6c858436275f769&name=default HTTP/1.1" status: 200 len: 2996 time: 0.5462670
Feb 17 17:25:33.297768 n-d-829613-2 neutron-server[103435]: DEBUG neutron.api.rpc.handlers.resources_rpc [None req-d782e021-8be0-440a-80ec-2a848b43e9b5 admin admin] Pushing event updated for resources: {'SecurityGroup': ['ID=30f81cde-7efd-4bff-93e0-d9fc0902ee4b,revision_number=1']} {{(pid=103435) push /opt/stack/neutron/neutron/api/rpc/handlers/resources_rpc.py:237}}
Feb 17 17:25:33.412500 n-d-829613-2 neutron-server[103436]: DEBUG neutron.plugins.ml2.rpc [None req-767d8dea-88f9-4ec8-a85f-ecf6a63e9fb8 None None] Device 7fe1efcb-1f20-49a3-9e94-f2930176cdaa details requested by agent hyperv_n-h1-829613-2 with host n-h1-829613-2 {{(pid=103436) get_device_details /opt/stack/neutron/neutron/plugins/ml2/rpc.py:102}}
Feb 17 17:25:33.414970 n-d-829613-2 neutron-server[103434]: DEBUG neutron_lib.callbacks.manager [None req-2b3cb548-448c-467d-b646-236134dd2a6d admin admin] Publish callbacks [] for security_group (30f81cde-7efd-4bff-93e0-d9fc0902ee4b), before_delete {{(pid=103434) _notify_loop /usr/local/lib/python3.8/dist-packages/neutron_lib/callbacks/manager.py:176}}
Feb 17 17:25:33.421305 n-d-829613-2 neutron-server[103436]: DEBUG neutron.api.rpc.handlers.l3_rpc [None req-14267df2-1753-43bf-8f73-440a9b17f12e None None] Sync routers for ids ['43a252b3-0495-47c9-813c-3f84b2be3672'] in n-d-829613-2 {{(pid=103436) sync_routers /opt/stack/neutron/neutron/api/rpc/handlers/l3_rpc.py:125}}
Feb 17 17:25:33.442893 n-d-829613-2 neutron-server[103434]: DEBUG neutron_lib.callbacks.manager [None req-2b3cb548-448c-467d-b646-236134dd2a6d admin admin] Publish callbacks [] for security_group (30f81cde-7efd-4bff-93e0-d9fc0902ee4b), precommit_delete {{(pid=103434) _notify_loop /usr/local/lib/python3.8/dist-packages/neutron_lib/callbacks/manager.py:176}}
Feb 17 17:25:33.503171 n-d-829613-2 neutron-server[103436]: DEBUG neutron.db.l3_dvrscheduler_db [None req-14267df2-1753-43bf-8f73-440a9b17f12e None None] Routers {'43a252b3-0495-47c9-813c-3f84b2be3672'} bound to L3 agent in host n-d-829613-2 {{(pid=103436) _get_router_ids_for_agent /opt/stack/neutron/neutron/db/l3_dvrscheduler_db.py:421}}
Feb 17 17:25:33.503995 n-d-829613-2 neutron-server[103436]: DEBUG neutron.db.l3_hamode_db [None req-14267df2-1753-43bf-8f73-440a9b17f12e None None] neutron.services.l3_router.l3_router_plugin.L3RouterPlugin method get_ha_sync_data_for_host called with arguments (, 'n-d-829613-2', Agent(admin_state_up=True,agent_type='L3 agent',availability_zone='nova',binary='neutron-l3-agent',configurations={"agent_mode": "legacy", "ex_gw_ports": 1, "extensions": [], "floating_ips": 0, "handle_internal_only_routers": true, "interface_driver": "openvswitch", "interfaces": 1, "log_agent_heartbeats": false, "routers": 1},created_at=2022-02-17T17:15:05Z,description=,heartbeat_timestamp=2022-02-17T17:25:05Z,host='n-d-829613-2',id=a86b3b07-5657-42f0-ac0f-93d30218805e,load=0,resource_versions=,resources_synced=,started_at=2022-02-17T17:15:05Z,topic='l3_agent')) {'router_ids': ['43a252b3-0495-47c9-813c-3f84b2be3672'], 'active': True} {{(pid=103436) wrapper /usr/local/lib/python3.8/dist-packages/oslo_log/helpers.py:65}}
Feb 17 17:25:33.505111 n-d-829613-2 neutron-server[103434]: DEBUG neutron_lib.callbacks.manager [None req-2b3cb548-448c-467d-b646-236134dd2a6d admin admin] Publish callbacks ['neutron.plugins.ml2.ovo_rpc._ObjectChangeHandler.handle_event-761799'] for security_group (30f81cde-7efd-4bff-93e0-d9fc0902ee4b), after_delete {{(pid=103434) _notify_loop /usr/local/lib/python3.8/dist-packages/neutron_lib/callbacks/manager.py:176}}
Feb 17 17:25:33.511051 n-d-829613-2 neutron-server[103434]: DEBUG neutron_lib.callbacks.manager [None req-2b3cb548-448c-467d-b646-236134dd2a6d admin admin] Publish callbacks [] for security_group (None), before_response {{(pid=103434) _notify_loop /usr/local/lib/python3.8/dist-packages/neutron_lib/callbacks/manager.py:176}}
Feb 17 17:25:33.515482 n-d-829613-2 neutron-server[103434]: INFO neutron.wsgi [None req-2b3cb548-448c-467d-b646-236134dd2a6d admin admin] 10.222.0.87 "DELETE /v2.0/security-groups/30f81cde-7efd-4bff-93e0-d9fc0902ee4b HTTP/1.1" status: 204 len: 168 time: 0.2318428
Feb 17 17:25:33.523899 n-d-829613-2 neutron-server[103434]: DEBUG neutron.api.rpc.handlers.resources_rpc [None req-2b3cb548-448c-467d-b646-236134dd2a6d admin admin] Pushing event deleted for resources: {'SecurityGroup': ['ID=30f81cde-7efd-4bff-93e0-d9fc0902ee4b,revision_number=None']} {{(pid=103434) push /opt/stack/neutron/neutron/api/rpc/handlers/resources_rpc.py:237}}
Feb 17 17:25:33.589731 n-d-829613-2 neutron-server[103436]: DEBUG neutron_lib.db.resource_extend [None req-767d8dea-88f9-4ec8-a85f-ecf6a63e9fb8 None None] It took 0.10 seconds to run function 'neutron_lib.db.resource_extend.apply_funcs' {{(pid=103436) wrapper /usr/local/lib/python3.8/dist-packages/oslo_utils/timeutils.py:386}}
Feb 17 17:25:33.698000 n-d-829613-2 neutron-server[103435]: DEBUG neutron.pecan_wsgi.hooks.policy_enforcement [req-53df817b-977a-4da8-a210-3a2a5963530a req-cade4f45-1a38-4c71-b85f-c37dba239bbb tempest-AggregatesAdminTestJSON-1155115523 tempest-AggregatesAdminTestJSON-1155115523-project] Attributes excluded by policy engine: ['standard_attr_id', 'binding:profile', 'binding:host_id', 'binding:vif_type', 'binding:vif_details'] {{(pid=103435) _exclude_attributes_by_policy /opt/stack/neutron/neutron/pecan_wsgi/hooks/policy_enforcement.py:255}}
Feb 17 17:25:33.708390 n-d-829613-2 neutron-server[103435]: INFO neutron.wsgi [req-53df817b-977a-4da8-a210-3a2a5963530a req-cade4f45-1a38-4c71-b85f-c37dba239bbb tempest-AggregatesAdminTestJSON-1155115523 tempest-AggregatesAdminTestJSON-1155115523-project] 10.222.0.87 "GET /v2.0/ports?device_id=9c9e3284-d6b3-49b4-8bbc-c1443f849ec8 HTTP/1.1" status: 200 len: 970 time: 0.1437874
Feb 17 17:25:33.724284 n-d-829613-2 neutron-server[103434]: DEBUG neutron.wsgi [-] (103434) accepted ('10.222.0.87', 60282) {{(pid=103434) server /usr/local/lib/python3.8/dist-packages/eventlet/wsgi.py:1004}}
Feb 17 17:25:33.731842 n-d-829613-2 neutron-server[103434]: DEBUG neutron.api.v2.base [None req-d7c44188-f411-4f82-bf0f-abd09072ef64 tempest-ServersWithSpecificFlavorTestJSON-9019388 tempest-ServersWithSpecificFlavorTestJSON-9019388-project] Request body: {'security_group': {'name': 'tempest-securitygroup--398499377', 'description': 'tempest-description--1958901735'}} {{(pid=103434) prepare_request_body /opt/stack/neutron/neutron/api/v2/base.py:729}}
Feb 17 17:25:33.763035 n-d-829613-2 neutron-server[103434]: DEBUG neutron_lib.callbacks.manager [None req-d7c44188-f411-4f82-bf0f-abd09072ef64 tempest-ServersWithSpecificFlavorTestJSON-9019388 tempest-ServersWithSpecificFlavorTestJSON-9019388-project] Publish callbacks [] for security_group (None), before_create {{(pid=103434) _notify_loop /usr/local/lib/python3.8/dist-packages/neutron_lib/callbacks/manager.py:176}}
Feb 17 17:25:33.786152 n-d-829613-2 neutron-server[103436]: DEBUG neutron.plugins.ml2.db [None req-767d8dea-88f9-4ec8-a85f-ecf6a63e9fb8 None None] For port 7fe1efcb-1f20-49a3-9e94-f2930176cdaa, host n-h1-829613-2, got binding levels [PortBindingLevel(driver='hyperv',host='n-h1-829613-2',level=0,port_id=7fe1efcb-1f20-49a3-9e94-f2930176cdaa,segment=NetworkSegment(2f782751-bc5d-4356-a3d8-8b2ad34e3553),segment_id=2f782751-bc5d-4356-a3d8-8b2ad34e3553)] {{(pid=103436) get_binding_level_objs /opt/stack/neutron/neutron/plugins/ml2/db.py:74}}
Feb 17 17:25:33.803670 n-d-829613-2 neutron-server[103436]: DEBUG neutron.db.l3_dvr_db [None req-14267df2-1753-43bf-8f73-440a9b17f12e None None] Set router 43a252b3-0495-47c9-813c-3f84b2be3672 gateway port host: n-d-829613-2 {{(pid=103436) _build_routers_list /opt/stack/neutron/neutron/db/l3_dvr_db.py:906}}
Feb 17 17:25:33.817821 n-d-829613-2 neutron-server[103435]: INFO neutron.wsgi [req-53df817b-977a-4da8-a210-3a2a5963530a req-2cfcf07d-7a17-4676-a196-8f6b50c44587 tempest-AggregatesAdminTestJSON-1155115523 tempest-AggregatesAdminTestJSON-1155115523-project] 10.222.0.87 "GET /v2.0/security-groups?id=c02fa466-3367-4b8d-b036-bf02c611953d&fields=id&fields=name HTTP/1.1" status: 200 len: 286 time: 0.1052053
Feb 17 17:25:33.842584 n-d-829613-2 neutron-server[103436]: DEBUG neutron.plugins.ml2.rpc [None req-767d8dea-88f9-4ec8-a85f-ecf6a63e9fb8 None None] Returning: {'device': '7fe1efcb-1f20-49a3-9e94-f2930176cdaa', 'network_id': '82b8d039-1c14-456f-ab24-8b3aebebd7d8', 'port_id': '7fe1efcb-1f20-49a3-9e94-f2930176cdaa', 'mac_address': 'fa:16:3e:c5:7d:dd', 'admin_state_up': True, 'network_type': 'vlan', 'segmentation_id': 502, 'physical_network': 'physnet1', 'mtu': 1500, 'fixed_ips': [{'subnet_id': 'ac79920f-9ddd-4352-b866-6056158b178e', 'ip_address': '192.168.233.119'}], 'device_owner': 'compute:tempest-test_az-2060224782', 'allowed_address_pairs': [], 'port_security_enabled': True, 'qos_policy_id': None, 'network_qos_policy_id': None, 'profile': {}, 'propagate_uplink_status': False} {{(pid=103436) _get_device_details /opt/stack/neutron/neutron/plugins/ml2/rpc.py:184}}
Feb 17 17:25:33.937565 n-d-829613-2 neutron-server[103434]: DEBUG neutron_lib.callbacks.manager [None req-d7c44188-f411-4f82-bf0f-abd09072ef64 tempest-ServersWithSpecificFlavorTestJSON-9019388 tempest-ServersWithSpecificFlavorTestJSON-9019388-project] Publish callbacks [] for security_group (191ce2cc-d8cd-4ab1-935e-8b9c7bef90f9), precommit_create {{(pid=103434) _notify_loop /usr/local/lib/python3.8/dist-packages/neutron_lib/callbacks/manager.py:176}}
Feb 17 17:25:33.952284 n-d-829613-2 neutron-server[103434]: DEBUG neutron_lib.callbacks.manager [None req-d7c44188-f411-4f82-bf0f-abd09072ef64 tempest-ServersWithSpecificFlavorTestJSON-9019388 tempest-ServersWithSpecificFlavorTestJSON-9019388-project] Publish callbacks ['neutron.plugins.ml2.ovo_rpc._ObjectChangeHandler.handle_event-761799'] for security_group (191ce2cc-d8cd-4ab1-935e-8b9c7bef90f9), after_create {{(pid=103434) _notify_loop /usr/local/lib/python3.8/dist-packages/neutron_lib/callbacks/manager.py:176}}
Feb 17 17:25:33.981198 n-d-829613-2 neutron-server[103436]: DEBUG neutron.plugins.ml2.plugin [None req-767d8dea-88f9-4ec8-a85f-ecf6a63e9fb8 None None] Current status of the port 7fe1efcb-1f20-49a3-9e94-f2930176cdaa is: DOWN; New status is: BUILD {{(pid=103436) _update_individual_port_db_status /opt/stack/neutron/neutron/plugins/ml2/plugin.py:2232}}
Feb 17 17:25:33.981370 n-d-829613-2 neutron-server[103436]: DEBUG neutron_lib.callbacks.manager [None req-767d8dea-88f9-4ec8-a85f-ecf6a63e9fb8 None None] Publish callbacks ['neutron.plugins.ml2.plugin.SecurityGroupDbMixin._ensure_default_security_group_handler-1808731'] for port (7fe1efcb-1f20-49a3-9e94-f2930176cdaa), before_update {{(pid=103436) _notify_loop /usr/local/lib/python3.8/dist-packages/neutron_lib/callbacks/manager.py:176}}
Feb 17 17:25:33.990796 n-d-829613-2 neutron-server[103436]: DEBUG neutron.plugins.ml2.rpc [None req-5e721d01-a9b1-4cb9-b114-e6ba0f7d779e None None] Device 75b15b30-4319-4a3c-ab75-d9eacd7ccaa4 up at agent ovs-agent-n-d-829613-2 {{(pid=103436) update_device_up /opt/stack/neutron/neutron/plugins/ml2/rpc.py:296}}
Feb 17 17:25:34.001699 n-d-829613-2 neutron-server[103434]: DEBUG neutron_lib.callbacks.manager [None req-d7c44188-f411-4f82-bf0f-abd09072ef64 tempest-ServersWithSpecificFlavorTestJSON-9019388 tempest-ServersWithSpecificFlavorTestJSON-9019388-project] Publish callbacks [] for security_group (None), before_response {{(pid=103434) _notify_loop /usr/local/lib/python3.8/dist-packages/neutron_lib/callbacks/manager.py:176}}
Feb 17 17:25:34.006754 n-d-829613-2 neutron-server[103434]: INFO neutron.wsgi [None req-d7c44188-f411-4f82-bf0f-abd09072ef64 tempest-ServersWithSpecificFlavorTestJSON-9019388 tempest-ServersWithSpecificFlavorTestJSON-9019388-project] 10.222.0.87 "POST /v2.0/security-groups HTTP/1.1" status: 201 len: 1796 time: 0.2776568
Feb 17 17:25:34.009611 n-d-829613-2 neutron-server[103434]: DEBUG neutron.wsgi [-] (103434) accepted ('10.222.0.87', 60288) {{(pid=103434) server /usr/local/lib/python3.8/dist-packages/eventlet/wsgi.py:1004}}
Feb 17 17:25:34.013610 n-d-829613-2 neutron-server[103434]: DEBUG neutron.api.v2.base [None req-feb13939-6289-4a45-940b-4a03b1ba4b8f tempest-ServersWithSpecificFlavorTestJSON-9019388 tempest-ServersWithSpecificFlavorTestJSON-9019388-project] Request body: {'security_group_rule': {'security_group_id': '191ce2cc-d8cd-4ab1-935e-8b9c7bef90f9', 'protocol': 'tcp', 'ethertype': 'IPv4', 'port_range_min': 22, 'port_range_max': 22, 'direction': 'ingress'}} {{(pid=103434) prepare_request_body /opt/stack/neutron/neutron/api/v2/base.py:729}}
Feb 17 17:25:34.022042 n-d-829613-2 neutron-server[103434]: DEBUG neutron.wsgi [-] (103434) accepted ('10.222.0.87', 60290) {{(pid=103434) server /usr/local/lib/python3.8/dist-packages/eventlet/wsgi.py:1004}}
Feb 17 17:25:34.048599 n-d-829613-2 neutron-server[103434]: DEBUG neutron_lib.callbacks.manager [None req-306f63a2-8abf-4cc8-b85a-bfa99e261633 admin admin] Publish callbacks [] for security_group (None), before_create {{(pid=103434) _notify_loop /usr/local/lib/python3.8/dist-packages/neutron_lib/callbacks/manager.py:176}}
Feb 17 17:25:34.074510 n-d-829613-2 neutron-server[103435]: DEBUG neutron.pecan_wsgi.hooks.policy_enforcement [req-f90e428f-9215-48e7-a71b-1cd2b38d1fbe req-246685b7-0705-4ed1-9ec1-fd948628f684 tempest-DeleteServersAdminTestJSON-728459490 tempest-DeleteServersAdminTestJSON-728459490-project] Attributes excluded by policy engine: ['standard_attr_id', 'binding:profile', 'binding:host_id', 'binding:vif_type', 'binding:vif_details'] {{(pid=103435) _exclude_attributes_by_policy /opt/stack/neutron/neutron/pecan_wsgi/hooks/policy_enforcement.py:255}}
Feb 17 17:25:34.080349 n-d-829613-2 neutron-server[103436]: DEBUG neutron.notifiers.nova [None req-767d8dea-88f9-4ec8-a85f-ecf6a63e9fb8 None None] Ignoring state change previous_port_status: DOWN current_port_status: BUILD port_id 7fe1efcb-1f20-49a3-9e94-f2930176cdaa {{(pid=103436) record_port_status_changed /opt/stack/neutron/neutron/notifiers/nova.py:233}}
Feb 17 17:25:34.083911 n-d-829613-2 neutron-server[103435]: INFO neutron.wsgi [req-f90e428f-9215-48e7-a71b-1cd2b38d1fbe req-246685b7-0705-4ed1-9ec1-fd948628f684 tempest-DeleteServersAdminTestJSON-728459490 tempest-DeleteServersAdminTestJSON-728459490-project] 10.222.0.87 "GET /v2.0/ports?device_id=3baad43a-9edc-4b0a-be2c-3dd2d482c4bf HTTP/1.1" status: 200 len: 949 time: 0.0969830
Feb 17 17:25:34.143137 n-d-829613-2 neutron-server[103436]: DEBUG neutron.plugins.ml2.db [None req-767d8dea-88f9-4ec8-a85f-ecf6a63e9fb8 None None] For port 7fe1efcb-1f20-49a3-9e94-f2930176cdaa, host n-h1-829613-2, got binding levels [PortBindingLevel(driver='hyperv',host='n-h1-829613-2',level=0,port_id=7fe1efcb-1f20-49a3-9e94-f2930176cdaa,segment=NetworkSegment(2f782751-bc5d-4356-a3d8-8b2ad34e3553),segment_id=2f782751-bc5d-4356-a3d8-8b2ad34e3553)] {{(pid=103436) get_binding_level_objs /opt/stack/neutron/neutron/plugins/ml2/db.py:74}}
Feb 17 17:25:34.149527 n-d-829613-2 neutron-server[103436]: DEBUG neutron_lib.callbacks.manager [None req-767d8dea-88f9-4ec8-a85f-ecf6a63e9fb8 None None] Publish callbacks ['neutron.plugins.ml2.plugin.SecurityGroupServerNotifierRpcMixin._notify_sg_on_port_change-1808542', 'neutron.plugins.ml2.ovo_rpc._ObjectChangeHandler.handle_event-46881', 'neutron.api.rpc.agentnotifiers.dhcp_rpc_agent_api.DhcpAgentNotifyAPI._native_event_send_dhcp_notification-615226', 'neutron.db.l3_db.L3RpcNotifierMixin._notify_gateway_port_ip_changed-8786427760240', 'neutron.db.l3_dvrscheduler_db._notify_l3_agent_port_update-8786427371048', 'neutron.db.l3_hascheduler_db._notify_l3_agent_ha_port_update-8786427371066'] for port (7fe1efcb-1f20-49a3-9e94-f2930176cdaa), after_update {{(pid=103436) _notify_loop /usr/local/lib/python3.8/dist-packages/neutron_lib/callbacks/manager.py:176}}
Feb 17 17:25:34.174595 n-d-829613-2 neutron-server[103434]: DEBUG neutron_lib.callbacks.manager [None req-306f63a2-8abf-4cc8-b85a-bfa99e261633 admin admin] Publish callbacks [] for security_group (d34c8006-cd17-494e-a2ea-cd214c254756), precommit_create {{(pid=103434) _notify_loop /usr/local/lib/python3.8/dist-packages/neutron_lib/callbacks/manager.py:176}}
Feb 17 17:25:34.177902 n-d-829613-2 neutron-server[103434]: DEBUG neutron.api.rpc.handlers.resources_rpc [None req-d7c44188-f411-4f82-bf0f-abd09072ef64 tempest-ServersWithSpecificFlavorTestJSON-9019388 tempest-ServersWithSpecificFlavorTestJSON-9019388-project] Pushing event updated for resources: {'SecurityGroup': ['ID=191ce2cc-d8cd-4ab1-935e-8b9c7bef90f9,revision_number=1']} {{(pid=103434) push /opt/stack/neutron/neutron/api/rpc/handlers/resources_rpc.py:237}}
Feb 17 17:25:34.182476 n-d-829613-2 neutron-server[103434]: DEBUG neutron_lib.callbacks.manager [None req-306f63a2-8abf-4cc8-b85a-bfa99e261633 admin admin] Publish callbacks ['neutron.plugins.ml2.ovo_rpc._ObjectChangeHandler.handle_event-761799'] for security_group (d34c8006-cd17-494e-a2ea-cd214c254756), after_create {{(pid=103434) _notify_loop /usr/local/lib/python3.8/dist-packages/neutron_lib/callbacks/manager.py:176}}
Feb 17 17:25:34.216156 n-d-829613-2 neutron-server[103434]: DEBUG neutron_lib.callbacks.manager [None req-feb13939-6289-4a45-940b-4a03b1ba4b8f tempest-ServersWithSpecificFlavorTestJSON-9019388 tempest-ServersWithSpecificFlavorTestJSON-9019388-project] Publish callbacks [] for security_group_rule (d0fe88c0-98fc-49f1-8d7f-fde0fbe26d88), before_create {{(pid=103434) _notify_loop /usr/local/lib/python3.8/dist-packages/neutron_lib/callbacks/manager.py:176}}
Feb 17 17:25:34.224622 n-d-829613-2 neutron-server[103436]: DEBUG neutron.db.provisioning_blocks [None req-5e721d01-a9b1-4cb9-b114-e6ba0f7d779e None None] Provisioning complete for port 75b15b30-4319-4a3c-ab75-d9eacd7ccaa4 triggered by entity L2. {{(pid=103436) provisioning_complete /opt/stack/neutron/neutron/db/provisioning_blocks.py:139}}
Feb 17 17:25:34.225035 n-d-829613-2 neutron-server[103436]: DEBUG neutron_lib.callbacks.manager [None req-5e721d01-a9b1-4cb9-b114-e6ba0f7d779e None None] Publish callbacks ['neutron.plugins.ml2.plugin.Ml2Plugin._port_provisioned-1788044'] for port (75b15b30-4319-4a3c-ab75-d9eacd7ccaa4), provisioning_complete {{(pid=103436) _notify_loop /usr/local/lib/python3.8/dist-packages/neutron_lib/callbacks/manager.py:176}}
Feb 17 17:25:34.229261 n-d-829613-2 neutron-server[103435]: INFO neutron.wsgi [req-f90e428f-9215-48e7-a71b-1cd2b38d1fbe req-593ebbbe-8278-4f08-9b7d-76feec08f4cc tempest-DeleteServersAdminTestJSON-728459490 tempest-DeleteServersAdminTestJSON-728459490-project] 10.222.0.87 "GET /v2.0/security-groups?id=68121720-bd3b-463d-beae-f108924fc2b1&fields=id&fields=name HTTP/1.1" status: 200 len: 286 time: 0.1437654
Feb 17 17:25:34.268672 n-d-829613-2 neutron-server[103434]: INFO neutron.wsgi [None req-306f63a2-8abf-4cc8-b85a-bfa99e261633 admin admin] 10.222.0.87 "GET /v2.0/security-groups?tenant_id=f898ea27d60c4e989e8aac408f940635&name=default HTTP/1.1" status: 200 len: 2996 time: 0.2448287
Feb 17 17:25:34.272450 n-d-829613-2 neutron-server[103436]: DEBUG neutron.api.rpc.handlers.resources_rpc [None req-767d8dea-88f9-4ec8-a85f-ecf6a63e9fb8 None None] Pushing event updated for resources: {'Port': ['ID=7fe1efcb-1f20-49a3-9e94-f2930176cdaa,revision_number=4']} {{(pid=103436) push /opt/stack/neutron/neutron/api/rpc/handlers/resources_rpc.py:237}}
Feb 17 17:25:34.275309 n-d-829613-2 neutron-server[103434]: DEBUG neutron.api.rpc.handlers.resources_rpc [None req-306f63a2-8abf-4cc8-b85a-bfa99e261633 admin admin] Pushing event updated for resources: {'SecurityGroup': ['ID=d34c8006-cd17-494e-a2ea-cd214c254756,revision_number=1']} {{(pid=103434) push /opt/stack/neutron/neutron/api/rpc/handlers/resources_rpc.py:237}}
Feb 17 17:25:34.279546 n-d-829613-2 neutron-server[103434]: DEBUG neutron.wsgi [-] (103434) accepted ('10.222.0.87', 60302) {{(pid=103434) server /usr/local/lib/python3.8/dist-packages/eventlet/wsgi.py:1004}}
Feb 17 17:25:34.313590 n-d-829613-2 neutron-server[103436]: DEBUG neutron.db.l3_hamode_db [None req-14267df2-1753-43bf-8f73-440a9b17f12e None None] neutron.services.l3_router.l3_router_plugin.L3RouterPlugin method _process_sync_ha_data called with arguments (, [{'id': '43a252b3-0495-47c9-813c-3f84b2be3672', 'name': 'tempest-ServersWithSpecificFlavorTestJSON-133038538-router', 'tenant_id': 'fced0d4eba9f407c81ca2e9a8c478aa0', 'admin_state_up': True, 'status': 'ACTIVE', 'external_gateway_info': {'network_id': 'd7afcf1f-5124-4168-b80f-10ace9d04ea7', 'external_fixed_ips': [{'subnet_id': '43ef4ad6-a93a-4742-b276-613f9c37730c', 'ip_address': '172.25.8.151'}], 'enable_snat': True}, 'gw_port_id': '75b15b30-4319-4a3c-ab75-d9eacd7ccaa4', 'description': '', 'availability_zones': ['nova'], 'distributed': False, 'ha': False, 'ha_vr_id': 0, 'availability_zone_hints': [], 'routes': [], 'flavor_id': None, 'tags': [], 'created_at': '2022-02-17T17:25:23Z', 'updated_at': '2022-02-17T17:25:31Z', 'revision_number': 4, 'project_id': 'fced0d4eba9f407c81ca2e9a8c478aa0', 'gw_port': {'id': '75b15b30-4319-4a3c-ab75-d9eacd7ccaa4', 'name': '', 'network_id': 'd7afcf1f-5124-4168-b80f-10ace9d04ea7', 'tenant_id': '', 'mac_address': 'fa:16:3e:94:b7:02', 'admin_state_up': True, 'status': 'ACTIVE', 'device_id': '43a252b3-0495-47c9-813c-3f84b2be3672', 'device_owner': 'network:router_gateway', 'standard_attr_id': 135, 'fixed_ips': [{'subnet_id': '43ef4ad6-a93a-4742-b276-613f9c37730c', 'ip_address': '172.25.8.151', 'prefixlen': 24}], 'allowed_address_pairs': [], 'extra_dhcp_opts': [], 'security_groups': [], 'description': '', 'binding:vnic_type': 'normal', 'binding:profile': {}, 'binding:host_id': 'n-d-829613-2', 'binding:vif_type': 'ovs', 'binding:vif_details': {'connectivity': 'l2', 'port_filter': True, 'ovs_hybrid_plug': False, 'datapath_type': 'system', 'bridge_name': 'br-int', 'bound_drivers': {'0': 'openvswitch'}}, 'port_security_enabled': False, 'tags': [], 'created_at': '2022-02-17T17:25:25Z', 'updated_at': '2022-02-17T17:25:32Z', 'revision_number': 4, 'project_id': '', 'subnets': [{'id': '43ef4ad6-a93a-4742-b276-613f9c37730c', 'cidr': '172.25.8.0/24', 'gateway_ip': '172.25.8.1', 'dns_nameservers': [], 'ipv6_ra_mode': None, 'subnetpool_id': None}], 'extra_subnets': [], 'address_scopes': {4: None, 6: None}, 'mtu': 1500}, 'enable_snat': True, 'gw_port_host': 'n-d-829613-2', '_interfaces': [{'id': '2f31be0a-7d0d-4cf5-8d9a-1e8bfaea4ffc', 'name': '', 'network_id': 'f406a869-17aa-475d-bc2c-b435aef7bed0', 'tenant_id': 'fced0d4eba9f407c81ca2e9a8c478aa0', 'mac_address': 'fa:16:3e:31:2e:2e', 'admin_state_up': True, 'status': 'DOWN', 'device_id': '43a252b3-0495-47c9-813c-3f84b2be3672', 'device_owner': 'network:router_interface', 'standard_attr_id': 159, 'fixed_ips': [{'subnet_id': '59bdfcc1-6511-4a4c-9d65-bd679e916f0c', 'ip_address': '172.20.0.1', 'prefixlen': 28}], 'allowed_address_pairs': [], 'extra_dhcp_opts': [], 'security_groups': [], 'description': '', 'binding:vnic_type': 'normal', 'binding:profile': {}, 'binding:host_id': '', 'binding:vif_type': 'unbound', 'binding:vif_details': {}, 'port_security_enabled': False, 'tags': [], 'created_at': '2022-02-17T17:25:30Z', 'updated_at': '2022-02-17T17:25:31Z', 'revision_number': 2, 'project_id': 'fced0d4eba9f407c81ca2e9a8c478aa0', 'subnets': [{'id': '59bdfcc1-6511-4a4c-9d65-bd679e916f0c', 'cidr': '172.20.0.0/28', 'gateway_ip': '172.20.0.1', 'dns_nameservers': [], 'ipv6_ra_mode': None, 'subnetpool_id': None}], 'extra_subnets': [], 'address_scopes': {4: None, 6: None}, 'mtu': 1500}]}], 'n-d-829613-2', False) {} {{(pid=103436) wrapper /usr/local/lib/python3.8/dist-packages/oslo_log/helpers.py:65}}
Feb 17 17:25:34.349866 n-d-829613-2 neutron-server[103436]: DEBUG neutron.api.rpc.handlers.l3_rpc [None req-14267df2-1753-43bf-8f73-440a9b17f12e None None] Checking router: 43a252b3-0495-47c9-813c-3f84b2be3672 for host: n-d-829613-2 {{(pid=103436) _ensure_host_set_on_ports /opt/stack/neutron/neutron/api/rpc/handlers/l3_rpc.py:155}}
Feb 17 17:25:34.350223 n-d-829613-2 neutron-server[103436]: DEBUG neutron.api.rpc.handlers.l3_rpc [None req-14267df2-1753-43bf-8f73-440a9b17f12e None None] Updating router 43a252b3-0495-47c9-813c-3f84b2be3672 port 2f31be0a-7d0d-4cf5-8d9a-1e8bfaea4ffc binding host n-d-829613-2 {{(pid=103436) _ensure_host_set_on_port /opt/stack/neutron/neutron/api/rpc/handlers/l3_rpc.py:205}}
Feb 17 17:25:34.369115 n-d-829613-2 neutron-server[103434]: DEBUG neutron_lib.callbacks.manager [None req-feb13939-6289-4a45-940b-4a03b1ba4b8f tempest-ServersWithSpecificFlavorTestJSON-9019388 tempest-ServersWithSpecificFlavorTestJSON-9019388-project] Publish callbacks [] for security_group_rule (d0fe88c0-98fc-49f1-8d7f-fde0fbe26d88), precommit_create {{(pid=103434) _notify_loop /usr/local/lib/python3.8/dist-packages/neutron_lib/callbacks/manager.py:176}}
Feb 17 17:25:34.388071 n-d-829613-2 neutron-server[103434]: DEBUG neutron_lib.callbacks.manager [None req-feb13939-6289-4a45-940b-4a03b1ba4b8f tempest-ServersWithSpecificFlavorTestJSON-9019388 tempest-ServersWithSpecificFlavorTestJSON-9019388-project] Publish callbacks ['neutron.plugins.ml2.ovo_rpc._ObjectChangeHandler.handle_event-761748'] for security_group_rule (d0fe88c0-98fc-49f1-8d7f-fde0fbe26d88), after_create {{(pid=103434) _notify_loop /usr/local/lib/python3.8/dist-packages/neutron_lib/callbacks/manager.py:176}}
Feb 17 17:25:34.401376 n-d-829613-2 neutron-server[103434]: DEBUG neutron_lib.callbacks.manager [None req-23559ee5-84c8-446f-ba4f-0566424afbe9 admin admin] Publish callbacks [] for security_group (d34c8006-cd17-494e-a2ea-cd214c254756), before_delete {{(pid=103434) _notify_loop /usr/local/lib/python3.8/dist-packages/neutron_lib/callbacks/manager.py:176}}
Feb 17 17:25:34.416032 n-d-829613-2 neutron-server[103434]: DEBUG neutron.api.rpc.handlers.resources_rpc [None req-feb13939-6289-4a45-940b-4a03b1ba4b8f tempest-ServersWithSpecificFlavorTestJSON-9019388 tempest-ServersWithSpecificFlavorTestJSON-9019388-project] Pushing event updated for resources: {'SecurityGroupRule': ['ID=d0fe88c0-98fc-49f1-8d7f-fde0fbe26d88,revision_number=0']} {{(pid=103434) push /opt/stack/neutron/neutron/api/rpc/handlers/resources_rpc.py:237}}
Feb 17 17:25:34.416710 n-d-829613-2 neutron-server[103436]: DEBUG neutron_lib.callbacks.manager [None req-14267df2-1753-43bf-8f73-440a9b17f12e None None] Publish callbacks ['neutron.plugins.ml2.plugin.SecurityGroupDbMixin._ensure_default_security_group_handler-1808731'] for port (2f31be0a-7d0d-4cf5-8d9a-1e8bfaea4ffc), before_update {{(pid=103436) _notify_loop /usr/local/lib/python3.8/dist-packages/neutron_lib/callbacks/manager.py:176}}
Feb 17 17:25:34.431293 n-d-829613-2 neutron-server[103436]: DEBUG neutron.plugins.ml2.plugin [None req-5e721d01-a9b1-4cb9-b114-e6ba0f7d779e None None] Current status of the port 75b15b30-4319-4a3c-ab75-d9eacd7ccaa4 is: ACTIVE; New status is: ACTIVE {{(pid=103436) _update_individual_port_db_status /opt/stack/neutron/neutron/plugins/ml2/plugin.py:2232}}
Feb 17 17:25:34.448646 n-d-829613-2 neutron-server[103434]: DEBUG neutron_lib.callbacks.manager [None req-feb13939-6289-4a45-940b-4a03b1ba4b8f tempest-ServersWithSpecificFlavorTestJSON-9019388 tempest-ServersWithSpecificFlavorTestJSON-9019388-project] Publish callbacks [] for security_group_rule (None), before_response {{(pid=103434) _notify_loop /usr/local/lib/python3.8/dist-packages/neutron_lib/callbacks/manager.py:176}}
Feb 17 17:25:34.450026 n-d-829613-2 neutron-server[103434]: INFO neutron.wsgi [None req-feb13939-6289-4a45-940b-4a03b1ba4b8f tempest-ServersWithSpecificFlavorTestJSON-9019388 tempest-ServersWithSpecificFlavorTestJSON-9019388-project] 10.222.0.87 "POST /v2.0/security-group-rules HTTP/1.1" status: 201 len: 764 time: 0.4412973
Feb 17 17:25:34.455833 n-d-829613-2 neutron-server[103434]: DEBUG neutron_lib.callbacks.manager [None req-23559ee5-84c8-446f-ba4f-0566424afbe9 admin admin] Publish callbacks [] for security_group (d34c8006-cd17-494e-a2ea-cd214c254756), precommit_delete {{(pid=103434) _notify_loop /usr/local/lib/python3.8/dist-packages/neutron_lib/callbacks/manager.py:176}}
Feb 17 17:25:34.458024 n-d-829613-2 neutron-server[103434]: DEBUG neutron.wsgi [-] (103434) accepted ('10.222.0.87', 60304) {{(pid=103434) server /usr/local/lib/python3.8/dist-packages/eventlet/wsgi.py:1004}}
Feb 17 17:25:34.463463 n-d-829613-2 neutron-server[103434]: DEBUG neutron.api.v2.base [None req-8fcf2731-ddda-4d52-8273-19d22ad093f8 tempest-ServersWithSpecificFlavorTestJSON-9019388 tempest-ServersWithSpecificFlavorTestJSON-9019388-project] Request body: {'security_group_rule': {'security_group_id': '191ce2cc-d8cd-4ab1-935e-8b9c7bef90f9', 'protocol': 'icmp', 'ethertype': 'IPv4', 'direction': 'ingress'}} {{(pid=103434) prepare_request_body /opt/stack/neutron/neutron/api/v2/base.py:729}}
Feb 17 17:25:34.464560 n-d-829613-2 neutron-server[103436]: DEBUG neutron.plugins.ml2.db [None req-767d8dea-88f9-4ec8-a85f-ecf6a63e9fb8 None None] get_ports_and_sgs() called for port_ids ['7fe1efcb-1f20-49a3-9e94-f2930176cdaa'] {{(pid=103436) get_ports_and_sgs /opt/stack/neutron/neutron/plugins/ml2/db.py:156}}
Feb 17 17:25:34.521644 n-d-829613-2 neutron-server[103434]: DEBUG neutron_lib.callbacks.manager [None req-8fcf2731-ddda-4d52-8273-19d22ad093f8 tempest-ServersWithSpecificFlavorTestJSON-9019388 tempest-ServersWithSpecificFlavorTestJSON-9019388-project] Publish callbacks [] for security_group_rule (12bdcc67-b6d6-48a5-bce0-89fe177211e7), before_create {{(pid=103434) _notify_loop /usr/local/lib/python3.8/dist-packages/neutron_lib/callbacks/manager.py:176}}
Feb 17 17:25:34.563272 n-d-829613-2 neutron-server[103434]: DEBUG neutron_lib.callbacks.manager [None req-23559ee5-84c8-446f-ba4f-0566424afbe9 admin admin] Publish callbacks ['neutron.plugins.ml2.ovo_rpc._ObjectChangeHandler.handle_event-761799'] for security_group (d34c8006-cd17-494e-a2ea-cd214c254756), after_delete {{(pid=103434) _notify_loop /usr/local/lib/python3.8/dist-packages/neutron_lib/callbacks/manager.py:176}}
Feb 17 17:25:34.566642 n-d-829613-2 neutron-server[103434]: DEBUG neutron_lib.callbacks.manager [None req-23559ee5-84c8-446f-ba4f-0566424afbe9 admin admin] Publish callbacks [] for security_group (None), before_response {{(pid=103434) _notify_loop /usr/local/lib/python3.8/dist-packages/neutron_lib/callbacks/manager.py:176}}
Feb 17 17:25:34.568074 n-d-829613-2 neutron-server[103434]: INFO neutron.wsgi [None req-23559ee5-84c8-446f-ba4f-0566424afbe9 admin admin] 10.222.0.87 "DELETE /v2.0/security-groups/d34c8006-cd17-494e-a2ea-cd214c254756 HTTP/1.1" status: 204 len: 168 time: 0.2873645
Feb 17 17:25:34.609386 n-d-829613-2 neutron-server[103434]: DEBUG neutron.api.rpc.handlers.resources_rpc [None req-23559ee5-84c8-446f-ba4f-0566424afbe9 admin admin] Pushing event deleted for resources: {'SecurityGroup': ['ID=d34c8006-cd17-494e-a2ea-cd214c254756,revision_number=None']} {{(pid=103434) push /opt/stack/neutron/neutron/api/rpc/handlers/resources_rpc.py:237}}
Feb 17 17:25:34.646008 n-d-829613-2 neutron-server[103434]: DEBUG neutron_lib.callbacks.manager [None req-8fcf2731-ddda-4d52-8273-19d22ad093f8 tempest-ServersWithSpecificFlavorTestJSON-9019388 tempest-ServersWithSpecificFlavorTestJSON-9019388-project] Publish callbacks [] for security_group_rule (12bdcc67-b6d6-48a5-bce0-89fe177211e7), precommit_create {{(pid=103434) _notify_loop /usr/local/lib/python3.8/dist-packages/neutron_lib/callbacks/manager.py:176}}
Feb 17 17:25:34.655408 n-d-829613-2 neutron-server[103434]: DEBUG neutron_lib.callbacks.manager [None req-8fcf2731-ddda-4d52-8273-19d22ad093f8 tempest-ServersWithSpecificFlavorTestJSON-9019388 tempest-ServersWithSpecificFlavorTestJSON-9019388-project] Publish callbacks ['neutron.plugins.ml2.ovo_rpc._ObjectChangeHandler.handle_event-761748'] for security_group_rule (12bdcc67-b6d6-48a5-bce0-89fe177211e7), after_create {{(pid=103434) _notify_loop /usr/local/lib/python3.8/dist-packages/neutron_lib/callbacks/manager.py:176}}
Feb 17 17:25:34.670882 n-d-829613-2 neutron-server[103435]: DEBUG neutron.pecan_wsgi.hooks.policy_enforcement [req-02e7c9dd-9206-4d2b-9938-ca34f1255c9e req-e4cc775b-3c34-4874-b2b1-5e46121b04bd tempest-LiveMigrationTest-536286822 tempest-LiveMigrationTest-536286822-project] Attributes excluded by policy engine: ['standard_attr_id', 'vlan_transparent', 'provider:network_type', 'provider:physical_network', 'provider:segmentation_id'] {{(pid=103435) _exclude_attributes_by_policy /opt/stack/neutron/neutron/pecan_wsgi/hooks/policy_enforcement.py:255}}
Feb 17 17:25:34.672960 n-d-829613-2 neutron-server[103435]: INFO neutron.wsgi [req-02e7c9dd-9206-4d2b-9938-ca34f1255c9e req-e4cc775b-3c34-4874-b2b1-5e46121b04bd tempest-LiveMigrationTest-536286822 tempest-LiveMigrationTest-536286822-project] 10.222.0.87 "GET /v2.0/networks?id=210dd7a1-23b8-45c6-a401-b56590fcc3c1 HTTP/1.1" status: 200 len: 807 time: 0.5529888
Feb 17 17:25:34.697793 n-d-829613-2 neutron-server[103434]: DEBUG neutron.api.rpc.handlers.resources_rpc [None req-8fcf2731-ddda-4d52-8273-19d22ad093f8 tempest-ServersWithSpecificFlavorTestJSON-9019388 tempest-ServersWithSpecificFlavorTestJSON-9019388-project] Pushing event updated for resources: {'SecurityGroupRule': ['ID=12bdcc67-b6d6-48a5-bce0-89fe177211e7,revision_number=0']} {{(pid=103434) push /opt/stack/neutron/neutron/api/rpc/handlers/resources_rpc.py:237}}
Feb 17 17:25:34.698212 n-d-829613-2 neutron-server[103435]: INFO neutron.wsgi [req-02e7c9dd-9206-4d2b-9938-ca34f1255c9e req-1b9594a5-0e6d-439e-a470-6788c9b2f3df tempest-LiveMigrationTest-536286822 tempest-LiveMigrationTest-536286822-project] 10.222.0.87 "GET /v2.0/quotas/f8aea314af29468ab6557472620785fc HTTP/1.1" status: 200 len: 375 time: 0.0186427
Feb 17 17:25:34.719568 n-d-829613-2 neutron-server[103434]: DEBUG neutron_lib.callbacks.manager [None req-8fcf2731-ddda-4d52-8273-19d22ad093f8 tempest-ServersWithSpecificFlavorTestJSON-9019388 tempest-ServersWithSpecificFlavorTestJSON-9019388-project] Publish callbacks [] for security_group_rule (None), before_response {{(pid=103434) _notify_loop /usr/local/lib/python3.8/dist-packages/neutron_lib/callbacks/manager.py:176}}
Feb 17 17:25:34.726888 n-d-829613-2 neutron-server[103434]: INFO neutron.wsgi [None req-8fcf2731-ddda-4d52-8273-19d22ad093f8 tempest-ServersWithSpecificFlavorTestJSON-9019388 tempest-ServersWithSpecificFlavorTestJSON-9019388-project] 10.222.0.87 "POST /v2.0/security-group-rules HTTP/1.1" status: 201 len: 769 time: 0.2674661
Feb 17 17:25:34.727528 n-d-829613-2 neutron-server[103434]: DEBUG neutron.wsgi [-] (103434) accepted ('10.222.0.87', 60316) {{(pid=103434) server /usr/local/lib/python3.8/dist-packages/eventlet/wsgi.py:1004}}
Feb 17 17:25:34.736502 n-d-829613-2 neutron-server[103434]: DEBUG neutron.api.v2.base [None req-c70601b6-70b0-4cb8-bef5-e12490361574 tempest-ServersWithSpecificFlavorTestJSON-9019388 tempest-ServersWithSpecificFlavorTestJSON-9019388-project] Request body: {'floatingip': {'floating_network_id': 'd7afcf1f-5124-4168-b80f-10ace9d04ea7'}} {{(pid=103434) prepare_request_body /opt/stack/neutron/neutron/api/v2/base.py:729}}
Feb 17 17:25:34.742806 n-d-829613-2 neutron-server[103435]: INFO neutron.wsgi [req-02e7c9dd-9206-4d2b-9938-ca34f1255c9e req-911c9cf6-dae1-44ff-a537-238d02745b3a tempest-LiveMigrationTest-536286822 tempest-LiveMigrationTest-536286822-project] 10.222.0.87 "GET /v2.0/ports?tenant_id=f8aea314af29468ab6557472620785fc&fields=id HTTP/1.1" status: 200 len: 210 time: 0.0433612
Feb 17 17:25:34.779741 n-d-829613-2 neutron-server[103434]: DEBUG neutron_lib.callbacks.manager [None req-c70601b6-70b0-4cb8-bef5-e12490361574 tempest-ServersWithSpecificFlavorTestJSON-9019388 tempest-ServersWithSpecificFlavorTestJSON-9019388-project] Publish callbacks [] for floatingip (None), before_create {{(pid=103434) _notify_loop /usr/local/lib/python3.8/dist-packages/neutron_lib/callbacks/manager.py:176}}
Feb 17 17:25:34.973470 n-d-829613-2 neutron-server[103434]: DEBUG neutron_lib.callbacks.manager [None req-c70601b6-70b0-4cb8-bef5-e12490361574 tempest-ServersWithSpecificFlavorTestJSON-9019388 tempest-ServersWithSpecificFlavorTestJSON-9019388-project] Publish callbacks ['neutron.plugins.ml2.plugin.SecurityGroupDbMixin._ensure_default_security_group_handler-1808731'] for port (None), before_create {{(pid=103434) _notify_loop /usr/local/lib/python3.8/dist-packages/neutron_lib/callbacks/manager.py:176}}
Feb 17 17:25:35.011009 n-d-829613-2 neutron-server[103435]: DEBUG neutron.pecan_wsgi.hooks.policy_enforcement [req-62d6b8bf-0db6-456a-83d6-a315629efd18 req-68cc1538-279c-4bf3-a628-4c4ac4db8bc9 tempest-AggregatesAdminTestJSON-1155115523 tempest-AggregatesAdminTestJSON-1155115523-project] Attributes excluded by policy engine: ['standard_attr_id', 'binding:profile', 'binding:host_id', 'binding:vif_type', 'binding:vif_details'] {{(pid=103435) _exclude_attributes_by_policy /opt/stack/neutron/neutron/pecan_wsgi/hooks/policy_enforcement.py:255}}
Feb 17 17:25:35.012697 n-d-829613-2 neutron-server[103435]: INFO neutron.wsgi [req-62d6b8bf-0db6-456a-83d6-a315629efd18 req-68cc1538-279c-4bf3-a628-4c4ac4db8bc9 tempest-AggregatesAdminTestJSON-1155115523 tempest-AggregatesAdminTestJSON-1155115523-project] 10.222.0.87 "GET /v2.0/ports?device_id=9c9e3284-d6b3-49b4-8bbc-c1443f849ec8 HTTP/1.1" status: 200 len: 971 time: 0.0861888
Feb 17 17:25:35.040796 n-d-829613-2 neutron-server[103435]: DEBUG neutron.wsgi [req-02e7c9dd-9206-4d2b-9938-ca34f1255c9e req-ff855736-0370-45a3-80fa-0845ab5e6780 service neutron] http://10.222.0.87:9696/v2.0/extensions returned with HTTP 200 {{(pid=103435) __call__ /opt/stack/neutron/neutron/wsgi.py:730}}
Feb 17 17:25:35.042323 n-d-829613-2 neutron-server[103435]: INFO neutron.wsgi [req-02e7c9dd-9206-4d2b-9938-ca34f1255c9e req-ff855736-0370-45a3-80fa-0845ab5e6780 service neutron] 10.222.0.87 "GET /v2.0/extensions HTTP/1.1" status: 200 len: 14082 time: 0.1052544
Feb 17 17:25:35.122792 n-d-829613-2 neutron-server[103436]: DEBUG neutron_lib.callbacks.manager [None req-14267df2-1753-43bf-8f73-440a9b17f12e None None] Publish callbacks [] for port (2f31be0a-7d0d-4cf5-8d9a-1e8bfaea4ffc), precommit_update {{(pid=103436) _notify_loop /usr/local/lib/python3.8/dist-packages/neutron_lib/callbacks/manager.py:176}}
Feb 17 17:25:35.128608 n-d-829613-2 neutron-server[103436]: DEBUG neutron_lib.callbacks.manager [None req-14267df2-1753-43bf-8f73-440a9b17f12e None None] Publish callbacks ['neutron.plugins.ml2.plugin.SecurityGroupServerNotifierRpcMixin._notify_sg_on_port_change-1808542', 'neutron.plugins.ml2.ovo_rpc._ObjectChangeHandler.handle_event-46881', 'neutron.api.rpc.agentnotifiers.dhcp_rpc_agent_api.DhcpAgentNotifyAPI._native_event_send_dhcp_notification-615226', 'neutron.db.l3_db.L3RpcNotifierMixin._notify_gateway_port_ip_changed-8786427760240', 'neutron.db.l3_dvrscheduler_db._notify_l3_agent_port_update-8786427371048', 'neutron.db.l3_hascheduler_db._notify_l3_agent_ha_port_update-8786427371066'] for port (2f31be0a-7d0d-4cf5-8d9a-1e8bfaea4ffc), after_update {{(pid=103436) _notify_loop /usr/local/lib/python3.8/dist-packages/neutron_lib/callbacks/manager.py:176}}
Feb 17 17:25:35.137818 n-d-829613-2 neutron-server[103434]: DEBUG neutron.db.db_base_plugin_common [None req-c70601b6-70b0-4cb8-bef5-e12490361574 tempest-ServersWithSpecificFlavorTestJSON-9019388 tempest-ServersWithSpecificFlavorTestJSON-9019388-project] Allocated IP 172.25.8.19 (d7afcf1f-5124-4168-b80f-10ace9d04ea7/43ef4ad6-a93a-4742-b276-613f9c37730c/1cee7734-0b97-4a45-8b34-2b5c4ab32b70) {{(pid=103434) _store_ip_allocation /opt/stack/neutron/neutron/db/db_base_plugin_common.py:131}}
Feb 17 17:25:35.192704 n-d-829613-2 neutron-server[103436]: DEBUG neutron.api.rpc.handlers.resources_rpc [None req-bc258e3d-4a9c-407a-ab5d-b6c4526a1d34 None None] Pushing event updated for resources: {'Port': ['ID=2f31be0a-7d0d-4cf5-8d9a-1e8bfaea4ffc,revision_number=3']} {{(pid=103436) push /opt/stack/neutron/neutron/api/rpc/handlers/resources_rpc.py:237}}
Feb 17 17:25:35.207030 n-d-829613-2 neutron-server[103435]: INFO neutron.wsgi [req-62d6b8bf-0db6-456a-83d6-a315629efd18 req-f071bcc4-345a-4fa4-9209-6be6cff8cfec tempest-AggregatesAdminTestJSON-1155115523 tempest-AggregatesAdminTestJSON-1155115523-project] 10.222.0.87 "GET /v2.0/security-groups?id=c02fa466-3367-4b8d-b036-bf02c611953d&fields=id&fields=name HTTP/1.1" status: 200 len: 286 time: 0.1882875
Feb 17 17:25:35.215598 n-d-829613-2 neutron-server[103435]: INFO neutron.wsgi [req-02e7c9dd-9206-4d2b-9938-ca34f1255c9e req-b8cc0552-6080-47d7-b64c-ec1b4bb37583 service neutron] 10.222.0.87 "GET /v2.0/networks/210dd7a1-23b8-45c6-a401-b56590fcc3c1?fields=segments HTTP/1.1" status: 200 len: 212 time: 0.1618848
Feb 17 17:25:35.265808 n-d-829613-2 neutron-server[103436]: DEBUG neutron.plugins.ml2.managers [None req-14267df2-1753-43bf-8f73-440a9b17f12e None None] Attempting to bind port 2f31be0a-7d0d-4cf5-8d9a-1e8bfaea4ffc on host n-d-829613-2 for vnic_type normal with profile {{(pid=103436) bind_port /opt/stack/neutron/neutron/plugins/ml2/managers.py:795}}
Feb 17 17:25:35.266189 n-d-829613-2 neutron-server[103436]: DEBUG neutron.plugins.ml2.managers [None req-14267df2-1753-43bf-8f73-440a9b17f12e None None] Attempting to bind port 2f31be0a-7d0d-4cf5-8d9a-1e8bfaea4ffc by drivers openvswitch,hyperv on host n-d-829613-2 at level 0 using segments [{'id': '4fcf670d-5e65-4132-ac3d-7dca97c70ecb', 'network_type': 'vlan', 'physical_network': 'physnet1', 'segmentation_id': 538, 'network_id': 'f406a869-17aa-475d-bc2c-b435aef7bed0'}] {{(pid=103436) _bind_port_level /opt/stack/neutron/neutron/plugins/ml2/managers.py:820}}
Feb 17 17:25:35.266556 n-d-829613-2 neutron-server[103436]: DEBUG neutron.plugins.ml2.drivers.mech_agent [None req-14267df2-1753-43bf-8f73-440a9b17f12e None None] Attempting to bind port 2f31be0a-7d0d-4cf5-8d9a-1e8bfaea4ffc on network f406a869-17aa-475d-bc2c-b435aef7bed0 {{(pid=103436) bind_port /opt/stack/neutron/neutron/plugins/ml2/drivers/mech_agent.py:91}}
