Feb 17 17:35:19.506066 n-d-829613-2 devstack@placement-api.service[103918]: [pid: 103918|app: 0|req: 244/497] 10.222.0.71 () {60 vars in 1377 bytes} [Thu Feb 17 17:35:19 2022] GET /placement/allocations/9fdfe57b-fd05-4786-aba9-35c53d6fdcaf => generated 259 bytes in 27 msecs (HTTP/1.1 200) 8 headers in 296 bytes (1 switches on core 0)
Feb 17 17:35:19.517741 n-d-829613-2 devstack@placement-api.service[103919]: DEBUG placement.requestlog [req-b3ab3793-5437-4cba-ae49-b5a000b5a185 req-4865a5dc-8bf9-4bca-8351-23f1ce43b142 None None] Starting request: 10.222.0.71 "POST /placement/allocations" {{(pid=103919) __call__ /opt/stack/placement/placement/requestlog.py:55}}
Feb 17 17:35:19.643050 n-d-829613-2 devstack@placement-api.service[103919]: DEBUG placement.handlers.allocation [req-b3ab3793-5437-4cba-ae49-b5a000b5a185 req-4865a5dc-8bf9-4bca-8351-23f1ce43b142 service placement] Successfully wrote allocations [, , , , , ] {{(pid=103919) _update_consumers_and_create_allocations /opt/stack/placement/placement/handlers/allocation.py:572}}
Feb 17 17:35:19.648997 n-d-829613-2 devstack@placement-api.service[103919]: INFO placement.requestlog [req-b3ab3793-5437-4cba-ae49-b5a000b5a185 req-4865a5dc-8bf9-4bca-8351-23f1ce43b142 service placement] 10.222.0.71 "POST /placement/allocations" status: 204 len: 0 microversion: 1.28
Feb 17 17:35:19.649856 n-d-829613-2 devstack@placement-api.service[103919]: [pid: 103919|app: 0|req: 254/498] 10.222.0.71 () {64 vars in 1320 bytes} [Thu Feb 17 17:35:19 2022] POST /placement/allocations => generated 0 bytes in 132 msecs (HTTP/1.1 204) 5 headers in 199 bytes (1 switches on core 0)
Feb 17 17:35:22.352080 n-d-829613-2 devstack@placement-api.service[103918]: DEBUG placement.requestlog [req-06ef3225-efb3-481b-b240-006ef0f5c6a2 req-4bfd75dc-be2f-47f9-8c17-03f0c34a398e None None] Starting request: 10.222.0.71 "GET /placement/allocations/f00d4d80-0531-4d28-b776-76d9efd2b420" {{(pid=103918) __call__ /opt/stack/placement/placement/requestlog.py:55}}
Feb 17 17:35:22.396715 n-d-829613-2 devstack@placement-api.service[103918]: INFO placement.requestlog [req-06ef3225-efb3-481b-b240-006ef0f5c6a2 req-4bfd75dc-be2f-47f9-8c17-03f0c34a398e service placement] 10.222.0.71 "GET /placement/allocations/f00d4d80-0531-4d28-b776-76d9efd2b420" status: 200 len: 259 microversion: 1.28
Feb 17 17:35:22.400962 n-d-829613-2 devstack@placement-api.service[103918]: [pid: 103918|app: 0|req: 245/499] 10.222.0.71 () {60 vars in 1377 bytes} [Thu Feb 17 17:35:22 2022] GET /placement/allocations/f00d4d80-0531-4d28-b776-76d9efd2b420 => generated 259 bytes in 49 msecs (HTTP/1.1 200) 8 headers in 296 bytes (1 switches on core 0)
Feb 17 17:35:29.347658 n-d-829613-2 devstack@placement-api.service[103919]: DEBUG placement.requestlog [req-aff5a18c-ae12-44b6-9884-0e1137a9d15d req-765f15f7-8839-4460-b422-e192671acf06 None None] Starting request: 10.222.0.91 "DELETE /placement/allocations/be13ebb0-5343-4dc6-bc42-1067b3780f5d" {{(pid=103919) __call__ /opt/stack/placement/placement/requestlog.py:55}}
Feb 17 17:35:29.401053 n-d-829613-2 devstack@placement-api.service[103919]: DEBUG placement.handlers.allocation [req-aff5a18c-ae12-44b6-9884-0e1137a9d15d req-765f15f7-8839-4460-b422-e192671acf06 service placement] Successfully deleted allocations [, , ] {{(pid=103919) delete_allocations /opt/stack/placement/placement/handlers/allocation.py:627}}
Feb 17 17:35:29.402351 n-d-829613-2 devstack@placement-api.service[103919]: INFO placement.requestlog [req-aff5a18c-ae12-44b6-9884-0e1137a9d15d req-765f15f7-8839-4460-b422-e192671acf06 service placement] 10.222.0.91 "DELETE /placement/allocations/be13ebb0-5343-4dc6-bc42-1067b3780f5d" status: 204 len: 0 microversion: 1.0
Feb 17 17:35:29.404019 n-d-829613-2 devstack@placement-api.service[103919]: [pid: 103919|app: 0|req: 255/500] 10.222.0.91 () {60 vars in 1355 bytes} [Thu Feb 17 17:35:29 2022] DELETE /placement/allocations/be13ebb0-5343-4dc6-bc42-1067b3780f5d => generated 0 bytes in 57 msecs (HTTP/1.1 204) 5 headers in 198 bytes (1 switches on core 0)
Feb 17 17:35:34.742192 n-d-829613-2 devstack@placement-api.service[103918]: DEBUG placement.requestlog [req-f9fe2813-d5a6-4920-ba5c-1e14a13a134a req-2960a4d4-20b0-4e7f-8e66-6567fbd87590 None None] Starting request: 10.222.0.71 "DELETE /placement/allocations/9fdfe57b-fd05-4786-aba9-35c53d6fdcaf" {{(pid=103918) __call__ /opt/stack/placement/placement/requestlog.py:55}}
Feb 17 17:35:34.796356 n-d-829613-2 devstack@placement-api.service[103918]: DEBUG placement.handlers.allocation [req-f9fe2813-d5a6-4920-ba5c-1e14a13a134a req-2960a4d4-20b0-4e7f-8e66-6567fbd87590 service placement] Successfully deleted allocations [, , ] {{(pid=103918) delete_allocations /opt/stack/placement/placement/handlers/allocation.py:627}}
Feb 17 17:35:34.796836 n-d-829613-2 devstack@placement-api.service[103918]: INFO placement.requestlog [req-f9fe2813-d5a6-4920-ba5c-1e14a13a134a req-2960a4d4-20b0-4e7f-8e66-6567fbd87590 service placement] 10.222.0.71 "DELETE /placement/allocations/9fdfe57b-fd05-4786-aba9-35c53d6fdcaf" status: 204 len: 0 microversion: 1.0
Feb 17 17:35:34.797397 n-d-829613-2 devstack@placement-api.service[103918]: [pid: 103918|app: 0|req: 246/501] 10.222.0.71 () {60 vars in 1355 bytes} [Thu Feb 17 17:35:34 2022] DELETE /placement/allocations/9fdfe57b-fd05-4786-aba9-35c53d6fdcaf => generated 0 bytes in 56 msecs (HTTP/1.1 204) 5 headers in 198 bytes (1 switches on core 0)
Feb 17 17:35:42.960636 n-d-829613-2 devstack@placement-api.service[103919]: DEBUG placement.requestlog [req-3b29e667-a5bd-44aa-b23b-c6ff7ea90759 req-fd8ebcf5-58f2-4c7b-be36-4b66ef2cbb09 None None] Starting request: 10.222.0.91 "DELETE /placement/allocations/425aa7a7-c094-4e09-bee2-3fc8aaa7a90f" {{(pid=103919) __call__ /opt/stack/placement/placement/requestlog.py:55}}
Feb 17 17:35:43.054665 n-d-829613-2 devstack@placement-api.service[103919]: DEBUG placement.handlers.allocation [req-3b29e667-a5bd-44aa-b23b-c6ff7ea90759 req-fd8ebcf5-58f2-4c7b-be36-4b66ef2cbb09 service placement] Successfully deleted allocations [, , ] {{(pid=103919) delete_allocations /opt/stack/placement/placement/handlers/allocation.py:627}}
Feb 17 17:35:43.055214 n-d-829613-2 devstack@placement-api.service[103919]: INFO placement.requestlog [req-3b29e667-a5bd-44aa-b23b-c6ff7ea90759 req-fd8ebcf5-58f2-4c7b-be36-4b66ef2cbb09 service placement] 10.222.0.91 "DELETE /placement/allocations/425aa7a7-c094-4e09-bee2-3fc8aaa7a90f" status: 204 len: 0 microversion: 1.0
Feb 17 17:35:43.056049 n-d-829613-2 devstack@placement-api.service[103919]: [pid: 103919|app: 0|req: 256/502] 10.222.0.91 () {60 vars in 1355 bytes} [Thu Feb 17 17:35:42 2022] DELETE /placement/allocations/425aa7a7-c094-4e09-bee2-3fc8aaa7a90f => generated 0 bytes in 96 msecs (HTTP/1.1 204) 5 headers in 198 bytes (1 switches on core 0)
Feb 17 17:35:44.781298 n-d-829613-2 devstack@placement-api.service[103918]: DEBUG placement.requestlog [req-2b264071-de34-4ab0-8506-42296c43a137 req-47c77db9-b50a-479b-9203-2e9da41617d3 None None] Starting request: 10.222.0.91 "DELETE /placement/allocations/f442a6ac-8a23-44e8-9009-18bc85d5de7e" {{(pid=103918) __call__ /opt/stack/placement/placement/requestlog.py:55}}
Feb 17 17:35:44.862911 n-d-829613-2 devstack@placement-api.service[103918]: DEBUG placement.handlers.allocation [req-2b264071-de34-4ab0-8506-42296c43a137 req-47c77db9-b50a-479b-9203-2e9da41617d3 service placement] Successfully deleted allocations [, , ] {{(pid=103918) delete_allocations /opt/stack/placement/placement/handlers/allocation.py:627}}
Feb 17 17:35:44.865245 n-d-829613-2 devstack@placement-api.service[103918]: INFO placement.requestlog [req-2b264071-de34-4ab0-8506-42296c43a137 req-47c77db9-b50a-479b-9203-2e9da41617d3 service placement] 10.222.0.91 "DELETE /placement/allocations/f442a6ac-8a23-44e8-9009-18bc85d5de7e" status: 204 len: 0 microversion: 1.0
Feb 17 17:35:44.866188 n-d-829613-2 devstack@placement-api.service[103918]: [pid: 103918|app: 0|req: 247/503] 10.222.0.91 () {60 vars in 1355 bytes} [Thu Feb 17 17:35:44 2022] DELETE /placement/allocations/f442a6ac-8a23-44e8-9009-18bc85d5de7e => generated 0 bytes in 86 msecs (HTTP/1.1 204) 5 headers in 198 bytes (1 switches on core 0)
Feb 17 17:35:48.132170 n-d-829613-2 devstack@placement-api.service[103919]: DEBUG placement.requestlog [req-3a0ebeb8-06bc-4fd8-9a19-2650f89995a9 req-c831e86d-64d9-44ab-a117-f339bcc1fe65 None None] Starting request: 10.222.0.91 "DELETE /placement/allocations/91b03940-fd52-4fab-baa6-b38163ad055b" {{(pid=103919) __call__ /opt/stack/placement/placement/requestlog.py:55}}
Feb 17 17:35:48.192053 n-d-829613-2 devstack@placement-api.service[103919]: DEBUG placement.handlers.allocation [req-3a0ebeb8-06bc-4fd8-9a19-2650f89995a9 req-c831e86d-64d9-44ab-a117-f339bcc1fe65 service placement] Successfully deleted allocations [, , ] {{(pid=103919) delete_allocations /opt/stack/placement/placement/handlers/allocation.py:627}}
Feb 17 17:35:48.193072 n-d-829613-2 devstack@placement-api.service[103919]: INFO placement.requestlog [req-3a0ebeb8-06bc-4fd8-9a19-2650f89995a9 req-c831e86d-64d9-44ab-a117-f339bcc1fe65 service placement] 10.222.0.91 "DELETE /placement/allocations/91b03940-fd52-4fab-baa6-b38163ad055b" status: 204 len: 0 microversion: 1.0
Feb 17 17:35:48.194023 n-d-829613-2 devstack@placement-api.service[103919]: [pid: 103919|app: 0|req: 257/504] 10.222.0.91 () {60 vars in 1355 bytes} [Thu Feb 17 17:35:48 2022] DELETE /placement/allocations/91b03940-fd52-4fab-baa6-b38163ad055b => generated 0 bytes in 62 msecs (HTTP/1.1 204) 5 headers in 198 bytes (1 switches on core 0)
Feb 17 17:35:48.497542 n-d-829613-2 devstack@placement-api.service[103918]: DEBUG placement.requestlog [req-e0575cbc-e6b3-42de-b30a-5a771c373c77 req-fa4c0262-fcc7-41bc-85fa-379b04609d9c None None] Starting request: 10.222.0.71 "DELETE /placement/allocations/657fdbce-3c85-47cc-bb86-449ef9d3b0fb" {{(pid=103918) __call__ /opt/stack/placement/placement/requestlog.py:55}}
Feb 17 17:35:48.550130 n-d-829613-2 devstack@placement-api.service[103918]: DEBUG placement.handlers.allocation [req-e0575cbc-e6b3-42de-b30a-5a771c373c77 req-fa4c0262-fcc7-41bc-85fa-379b04609d9c service placement] Successfully deleted allocations [, , ] {{(pid=103918) delete_allocations /opt/stack/placement/placement/handlers/allocation.py:627}}
Feb 17 17:35:48.550903 n-d-829613-2 devstack@placement-api.service[103918]: INFO placement.requestlog [req-e0575cbc-e6b3-42de-b30a-5a771c373c77 req-fa4c0262-fcc7-41bc-85fa-379b04609d9c service placement] 10.222.0.71 "DELETE /placement/allocations/657fdbce-3c85-47cc-bb86-449ef9d3b0fb" status: 204 len: 0 microversion: 1.0
Feb 17 17:35:48.551382 n-d-829613-2 devstack@placement-api.service[103918]: [pid: 103918|app: 0|req: 248/505] 10.222.0.71 () {60 vars in 1355 bytes} [Thu Feb 17 17:35:48 2022] DELETE /placement/allocations/657fdbce-3c85-47cc-bb86-449ef9d3b0fb => generated 0 bytes in 54 msecs (HTTP/1.1 204) 5 headers in 198 bytes (1 switches on core 0)
Feb 17 17:35:51.802153 n-d-829613-2 devstack@placement-api.service[103919]: DEBUG placement.requestlog [req-a5719bdb-a6f8-405e-84c8-266908c45e98 req-89a86861-51e0-4ad4-b4ff-2bd82daf8fe8 None None] Starting request: 10.222.0.91 "DELETE /placement/allocations/62e75d39-d946-4814-8adf-839d9da47a9c" {{(pid=103919) __call__ /opt/stack/placement/placement/requestlog.py:55}}
Feb 17 17:35:51.865202 n-d-829613-2 devstack@placement-api.service[103919]: DEBUG placement.handlers.allocation [req-a5719bdb-a6f8-405e-84c8-266908c45e98 req-89a86861-51e0-4ad4-b4ff-2bd82daf8fe8 service placement] Successfully deleted allocations [, , ] {{(pid=103919) delete_allocations /opt/stack/placement/placement/handlers/allocation.py:627}}
Feb 17 17:35:51.865736 n-d-829613-2 devstack@placement-api.service[103919]: INFO placement.requestlog [req-a5719bdb-a6f8-405e-84c8-266908c45e98 req-89a86861-51e0-4ad4-b4ff-2bd82daf8fe8 service placement] 10.222.0.91 "DELETE /placement/allocations/62e75d39-d946-4814-8adf-839d9da47a9c" status: 204 len: 0 microversion: 1.0
Feb 17 17:35:51.866452 n-d-829613-2 devstack@placement-api.service[103919]: [pid: 103919|app: 0|req: 258/506] 10.222.0.91 () {60 vars in 1355 bytes} [Thu Feb 17 17:35:51 2022] DELETE /placement/allocations/62e75d39-d946-4814-8adf-839d9da47a9c => generated 0 bytes in 64 msecs (HTTP/1.1 204) 5 headers in 198 bytes (1 switches on core 0)
Feb 17 17:35:55.968742 n-d-829613-2 devstack@placement-api.service[103918]: DEBUG placement.requestlog [req-0a498899-aa0e-4a87-80c1-2bdc8a047968 req-5e0594d0-e0ce-4b98-a4b3-2417bb8943bb None None] Starting request: 10.222.0.71 "DELETE /placement/allocations/afbea10c-4419-4c6c-a145-79a8266759c5" {{(pid=103918) __call__ /opt/stack/placement/placement/requestlog.py:55}}
Feb 17 17:35:56.054636 n-d-829613-2 devstack@placement-api.service[103918]: DEBUG placement.handlers.allocation [req-0a498899-aa0e-4a87-80c1-2bdc8a047968 req-5e0594d0-e0ce-4b98-a4b3-2417bb8943bb service placement] Successfully deleted allocations [, , ] {{(pid=103918) delete_allocations /opt/stack/placement/placement/handlers/allocation.py:627}}
Feb 17 17:35:56.055668 n-d-829613-2 devstack@placement-api.service[103918]: INFO placement.requestlog [req-0a498899-aa0e-4a87-80c1-2bdc8a047968 req-5e0594d0-e0ce-4b98-a4b3-2417bb8943bb service placement] 10.222.0.71 "DELETE /placement/allocations/afbea10c-4419-4c6c-a145-79a8266759c5" status: 204 len: 0 microversion: 1.0
Feb 17 17:35:56.057452 n-d-829613-2 devstack@placement-api.service[103918]: [pid: 103918|app: 0|req: 249/507] 10.222.0.71 () {60 vars in 1355 bytes} [Thu Feb 17 17:35:55 2022] DELETE /placement/allocations/afbea10c-4419-4c6c-a145-79a8266759c5 => generated 0 bytes in 89 msecs (HTTP/1.1 204) 5 headers in 198 bytes (1 switches on core 0)
Feb 17 17:36:00.348587 n-d-829613-2 devstack@placement-api.service[103919]: DEBUG placement.requestlog [req-bac543f7-aa8b-4bb5-a881-14a44b256130 req-a72975e6-eadd-449b-aa94-aa25104130ed None None] Starting request: 10.222.0.71 "GET /placement/resource_providers/f28b971f-1215-4cf8-b5f6-df8e07a5ff8f/allocations" {{(pid=103919) __call__ /opt/stack/placement/placement/requestlog.py:55}}
Feb 17 17:36:00.403412 n-d-829613-2 devstack@placement-api.service[103919]: INFO placement.requestlog [req-bac543f7-aa8b-4bb5-a881-14a44b256130 req-a72975e6-eadd-449b-aa94-aa25104130ed service placement] 10.222.0.71 "GET /placement/resource_providers/f28b971f-1215-4cf8-b5f6-df8e07a5ff8f/allocations" status: 200 len: 342 microversion: 1.0
Feb 17 17:36:00.403856 n-d-829613-2 devstack@placement-api.service[103919]: [pid: 103919|app: 0|req: 259/508] 10.222.0.71 () {58 vars in 1390 bytes} [Thu Feb 17 17:36:00 2022] GET /placement/resource_providers/f28b971f-1215-4cf8-b5f6-df8e07a5ff8f/allocations => generated 342 bytes in 56 msecs (HTTP/1.1 200) 6 headers in 224 bytes (1 switches on core 0)
Feb 17 17:36:05.113777 n-d-829613-2 devstack@placement-api.service[103918]: DEBUG placement.requestlog [req-e8f8f49c-9b21-410d-ab15-330cf7937bba req-4e68af80-4864-451d-b986-c4574d0faea3 None None] Starting request: 10.222.0.91 "GET /placement/resource_providers/c6d8fc3a-7923-4063-a0b1-174a6c23cbfc/allocations" {{(pid=103918) __call__ /opt/stack/placement/placement/requestlog.py:55}}
Feb 17 17:36:05.192695 n-d-829613-2 devstack@placement-api.service[103918]: INFO placement.requestlog [req-e8f8f49c-9b21-410d-ab15-330cf7937bba req-4e68af80-4864-451d-b986-c4574d0faea3 service placement] 10.222.0.91 "GET /placement/resource_providers/c6d8fc3a-7923-4063-a0b1-174a6c23cbfc/allocations" status: 200 len: 154 microversion: 1.0
Feb 17 17:36:05.195198 n-d-829613-2 devstack@placement-api.service[103918]: [pid: 103918|app: 0|req: 250/509] 10.222.0.91 () {58 vars in 1390 bytes} [Thu Feb 17 17:36:05 2022] GET /placement/resource_providers/c6d8fc3a-7923-4063-a0b1-174a6c23cbfc/allocations => generated 154 bytes in 81 msecs (HTTP/1.1 200) 6 headers in 224 bytes (1 switches on core 0)
Feb 17 17:36:07.313376 n-d-829613-2 devstack@placement-api.service[103919]: DEBUG placement.requestlog [req-280b5697-18d8-4d7a-9a1e-4edc095ee146 req-92f8fcb9-c795-47a4-8600-53f42559eb75 None None] Starting request: 10.222.0.71 "DELETE /placement/allocations/bc2eb913-ebce-44ad-a4b4-c8edb0564963" {{(pid=103919) __call__ /opt/stack/placement/placement/requestlog.py:55}}
Feb 17 17:36:07.375750 n-d-829613-2 devstack@placement-api.service[103919]: DEBUG placement.handlers.allocation [req-280b5697-18d8-4d7a-9a1e-4edc095ee146 req-92f8fcb9-c795-47a4-8600-53f42559eb75 service placement] Successfully deleted allocations [, ] {{(pid=103919) delete_allocations /opt/stack/placement/placement/handlers/allocation.py:627}}
Feb 17 17:36:07.376632 n-d-829613-2 devstack@placement-api.service[103919]: INFO placement.requestlog [req-280b5697-18d8-4d7a-9a1e-4edc095ee146 req-92f8fcb9-c795-47a4-8600-53f42559eb75 service placement] 10.222.0.71 "DELETE /placement/allocations/bc2eb913-ebce-44ad-a4b4-c8edb0564963" status: 204 len: 0 microversion: 1.0
Feb 17 17:36:07.377654 n-d-829613-2 devstack@placement-api.service[103919]: [pid: 103919|app: 0|req: 260/510] 10.222.0.71 () {60 vars in 1355 bytes} [Thu Feb 17 17:36:07 2022] DELETE /placement/allocations/bc2eb913-ebce-44ad-a4b4-c8edb0564963 => generated 0 bytes in 66 msecs (HTTP/1.1 204) 5 headers in 198 bytes (2 switches on core 0)
Feb 17 17:36:11.493406 n-d-829613-2 devstack@placement-api.service[103918]: DEBUG placement.requestlog [req-77b19f1d-0492-4607-827c-a5d93888933e req-d2d1b1b9-37f0-48dd-97a5-436b37a8d7fa None None] Starting request: 10.222.0.71 "DELETE /placement/allocations/063254ca-547c-4463-b259-f72752788097" {{(pid=103918) __call__ /opt/stack/placement/placement/requestlog.py:55}}
Feb 17 17:36:11.533028 n-d-829613-2 devstack@placement-api.service[103918]: DEBUG placement.handlers.allocation [req-77b19f1d-0492-4607-827c-a5d93888933e req-d2d1b1b9-37f0-48dd-97a5-436b37a8d7fa service placement] Successfully deleted allocations [, , ] {{(pid=103918) delete_allocations /opt/stack/placement/placement/handlers/allocation.py:627}}
Feb 17 17:36:11.533710 n-d-829613-2 devstack@placement-api.service[103918]: INFO placement.requestlog [req-77b19f1d-0492-4607-827c-a5d93888933e req-d2d1b1b9-37f0-48dd-97a5-436b37a8d7fa service placement] 10.222.0.71 "DELETE /placement/allocations/063254ca-547c-4463-b259-f72752788097" status: 204 len: 0 microversion: 1.0
Feb 17 17:36:11.534166 n-d-829613-2 devstack@placement-api.service[103918]: [pid: 103918|app: 0|req: 251/511] 10.222.0.71 () {60 vars in 1355 bytes} [Thu Feb 17 17:36:11 2022] DELETE /placement/allocations/063254ca-547c-4463-b259-f72752788097 => generated 0 bytes in 41 msecs (HTTP/1.1 204) 5 headers in 198 bytes (1 switches on core 0)
Feb 17 17:36:18.114852 n-d-829613-2 devstack@placement-api.service[103919]: DEBUG placement.requestlog [req-6b1c068f-a0b7-400a-8384-6c52c095ca47 req-fc2b2cc2-a8dc-47f0-9f98-664fca46bb11 None None] Starting request: 10.222.0.91 "DELETE /placement/allocations/f7813f51-0f8c-406e-992d-d19f127ae697" {{(pid=103919) __call__ /opt/stack/placement/placement/requestlog.py:55}}
Feb 17 17:36:18.158226 n-d-829613-2 devstack@placement-api.service[103919]: DEBUG placement.handlers.allocation [req-6b1c068f-a0b7-400a-8384-6c52c095ca47 req-fc2b2cc2-a8dc-47f0-9f98-664fca46bb11 service placement] Successfully deleted allocations [, , ] {{(pid=103919) delete_allocations /opt/stack/placement/placement/handlers/allocation.py:627}}
Feb 17 17:36:18.166192 n-d-829613-2 devstack@placement-api.service[103919]: INFO placement.requestlog [req-6b1c068f-a0b7-400a-8384-6c52c095ca47 req-fc2b2cc2-a8dc-47f0-9f98-664fca46bb11 service placement] 10.222.0.91 "DELETE /placement/allocations/f7813f51-0f8c-406e-992d-d19f127ae697" status: 204 len: 0 microversion: 1.0
Feb 17 17:36:18.166523 n-d-829613-2 devstack@placement-api.service[103919]: [pid: 103919|app: 0|req: 261/512] 10.222.0.91 () {60 vars in 1355 bytes} [Thu Feb 17 17:36:18 2022] DELETE /placement/allocations/f7813f51-0f8c-406e-992d-d19f127ae697 => generated 0 bytes in 52 msecs (HTTP/1.1 204) 5 headers in 198 bytes (2 switches on core 0)
Feb 17 17:36:21.350154 n-d-829613-2 devstack@placement-api.service[103918]: DEBUG placement.requestlog [req-2466e322-2882-4984-aae1-13af2fafebf9 req-b927afad-8f08-44a4-8afd-df517e0bb751 None None] Starting request: 10.222.0.87 "GET /placement/allocation_candidates?limit=1000&resources=MEMORY_MB%3A1024%2CVCPU%3A1&root_required=%21COMPUTE_STATUS_DISABLED" {{(pid=103918) __call__ /opt/stack/placement/placement/requestlog.py:55}}
Feb 17 17:36:21.631823 n-d-829613-2 devstack@placement-api.service[103918]: DEBUG placement.objects.research_context [req-2466e322-2882-4984-aae1-13af2fafebf9 req-b927afad-8f08-44a4-8afd-df517e0bb751 service placement] getting providers with 1024 MEMORY_MB {{(pid=103918) __init__ /opt/stack/placement/placement/objects/research_context.py:126}}
Feb 17 17:36:21.639603 n-d-829613-2 devstack@placement-api.service[103918]: DEBUG placement.objects.research_context [req-2466e322-2882-4984-aae1-13af2fafebf9 req-b927afad-8f08-44a4-8afd-df517e0bb751 service placement] getting providers with 1 VCPU {{(pid=103918) __init__ /opt/stack/placement/placement/objects/research_context.py:126}}
Feb 17 17:36:21.648989 n-d-829613-2 devstack@placement-api.service[103918]: DEBUG placement.objects.research_context [req-2466e322-2882-4984-aae1-13af2fafebf9 req-b927afad-8f08-44a4-8afd-df517e0bb751 service placement] found 2 providers with available 1024 MEMORY_MB {{(pid=103918) get_provider_ids_matching /opt/stack/placement/placement/objects/research_context.py:549}}
Feb 17 17:36:21.649491 n-d-829613-2 devstack@placement-api.service[103918]: DEBUG placement.objects.research_context [req-2466e322-2882-4984-aae1-13af2fafebf9 req-b927afad-8f08-44a4-8afd-df517e0bb751 service placement] found 2 providers with available 1 VCPU {{(pid=103918) get_provider_ids_matching /opt/stack/placement/placement/objects/research_context.py:549}}
Feb 17 17:36:21.650531 n-d-829613-2 devstack@placement-api.service[103918]: DEBUG placement.objects.research_context [req-2466e322-2882-4984-aae1-13af2fafebf9 req-b927afad-8f08-44a4-8afd-df517e0bb751 service placement] found 2 providers after filtering by previous result {{(pid=103918) get_provider_ids_matching /opt/stack/placement/placement/objects/research_context.py:580}}
Feb 17 17:36:21.668088 n-d-829613-2 devstack@placement-api.service[103918]: DEBUG placement.objects.allocation_candidate [req-2466e322-2882-4984-aae1-13af2fafebf9 req-b927afad-8f08-44a4-8afd-df517e0bb751 service placement] RequestGroup(use_same_provider=False, resources={MEMORY_MB:1024, VCPU:1}, traits=[], aggregates=[]) (suffix '') returned 2 matches {{(pid=103918) _get_by_requests /opt/stack/placement/placement/objects/allocation_candidate.py:145}}
Feb 17 17:36:21.668670 n-d-829613-2 devstack@placement-api.service[103918]: DEBUG placement.objects.allocation_candidate [req-2466e322-2882-4984-aae1-13af2fafebf9 req-b927afad-8f08-44a4-8afd-df517e0bb751 service placement] Merging candidates yields 2 allocation requests and 2 provider summaries {{(pid=103918) _merge_candidates /opt/stack/placement/placement/objects/allocation_candidate.py:783}}
Feb 17 17:36:21.671248 n-d-829613-2 devstack@placement-api.service[103918]: INFO placement.requestlog [req-2466e322-2882-4984-aae1-13af2fafebf9 req-b927afad-8f08-44a4-8afd-df517e0bb751 service placement] 10.222.0.87 "GET /placement/allocation_candidates?limit=1000&resources=MEMORY_MB%3A1024%2CVCPU%3A1&root_required=%21COMPUTE_STATUS_DISABLED" status: 200 len: 1278 microversion: 1.36
Feb 17 17:36:21.671787 n-d-829613-2 devstack@placement-api.service[103918]: [pid: 103918|app: 0|req: 252/513] 10.222.0.87 () {60 vars in 1478 bytes} [Thu Feb 17 17:36:21 2022] GET /placement/allocation_candidates?limit=1000&resources=MEMORY_MB%3A1024%2CVCPU%3A1&root_required=%21COMPUTE_STATUS_DISABLED => generated 1278 bytes in 322 msecs (HTTP/1.1 200) 8 headers in 297 bytes (1 switches on core 0)
Feb 17 17:36:21.725994 n-d-829613-2 devstack@placement-api.service[103919]: DEBUG placement.requestlog [req-2466e322-2882-4984-aae1-13af2fafebf9 req-70c6c150-1ee0-4852-9a12-cf504cb202f5 None None] Starting request: 10.222.0.87 "GET /placement/allocations/8a875872-ecbe-4e3b-9059-98bd8c42bc1e" {{(pid=103919) __call__ /opt/stack/placement/placement/requestlog.py:55}}
Feb 17 17:36:21.741809 n-d-829613-2 devstack@placement-api.service[103919]: INFO placement.requestlog [req-2466e322-2882-4984-aae1-13af2fafebf9 req-70c6c150-1ee0-4852-9a12-cf504cb202f5 service placement] 10.222.0.87 "GET /placement/allocations/8a875872-ecbe-4e3b-9059-98bd8c42bc1e" status: 200 len: 19 microversion: 1.28
Feb 17 17:36:21.753170 n-d-829613-2 devstack@placement-api.service[103918]: DEBUG placement.requestlog [req-2466e322-2882-4984-aae1-13af2fafebf9 req-da23f32e-ce8d-4c6e-a7a0-9ca0228e13d9 None None] Starting request: 10.222.0.87 "PUT /placement/allocations/8a875872-ecbe-4e3b-9059-98bd8c42bc1e" {{(pid=103918) __call__ /opt/stack/placement/placement/requestlog.py:55}}
Feb 17 17:36:21.762943 n-d-829613-2 devstack@placement-api.service[103919]: [pid: 103919|app: 0|req: 262/514] 10.222.0.87 () {60 vars in 1380 bytes} [Thu Feb 17 17:36:21 2022] GET /placement/allocations/8a875872-ecbe-4e3b-9059-98bd8c42bc1e => generated 19 bytes in 37 msecs (HTTP/1.1 200) 8 headers in 295 bytes (1 switches on core 0)
Feb 17 17:36:21.906374 n-d-829613-2 devstack@placement-api.service[103918]: DEBUG placement.handlers.allocation [req-2466e322-2882-4984-aae1-13af2fafebf9 req-da23f32e-ce8d-4c6e-a7a0-9ca0228e13d9 service placement] Successfully wrote allocations [, ] {{(pid=103918) _update_consumers_and_create_allocations /opt/stack/placement/placement/handlers/allocation.py:462}}
Feb 17 17:36:21.912315 n-d-829613-2 devstack@placement-api.service[103918]: INFO placement.requestlog [req-2466e322-2882-4984-aae1-13af2fafebf9 req-da23f32e-ce8d-4c6e-a7a0-9ca0228e13d9 service placement] 10.222.0.87 "PUT /placement/allocations/8a875872-ecbe-4e3b-9059-98bd8c42bc1e" status: 204 len: 0 microversion: 1.36
Feb 17 17:36:21.914032 n-d-829613-2 devstack@placement-api.service[103918]: [pid: 103918|app: 0|req: 253/515] 10.222.0.87 () {64 vars in 1433 bytes} [Thu Feb 17 17:36:21 2022] PUT /placement/allocations/8a875872-ecbe-4e3b-9059-98bd8c42bc1e => generated 0 bytes in 160 msecs (HTTP/1.1 204) 5 headers in 199 bytes (2 switches on core 0)
Feb 17 17:36:22.167979 n-d-829613-2 devstack@placement-api.service[103919]: DEBUG placement.requestlog [req-f8596500-ffcd-402c-9d3d-7157fda014af req-3b56615b-a2ed-41d0-9dee-50e6186b2307 None None] Starting request: 10.222.0.87 "GET /placement/allocation_candidates?limit=1000&resources=DISK_GB%3A1%2CMEMORY_MB%3A1024%2CVCPU%3A1&root_required=%21COMPUTE_STATUS_DISABLED" {{(pid=103919) __call__ /opt/stack/placement/placement/requestlog.py:55}}
Feb 17 17:36:22.265807 n-d-829613-2 devstack@placement-api.service[103919]: DEBUG placement.objects.research_context [req-f8596500-ffcd-402c-9d3d-7157fda014af req-3b56615b-a2ed-41d0-9dee-50e6186b2307 service placement] getting providers with 1 DISK_GB {{(pid=103919) __init__ /opt/stack/placement/placement/objects/research_context.py:126}}
Feb 17 17:36:22.276608 n-d-829613-2 devstack@placement-api.service[103919]: DEBUG placement.objects.research_context [req-f8596500-ffcd-402c-9d3d-7157fda014af req-3b56615b-a2ed-41d0-9dee-50e6186b2307 service placement] getting providers with 1024 MEMORY_MB {{(pid=103919) __init__ /opt/stack/placement/placement/objects/research_context.py:126}}
Feb 17 17:36:22.283425 n-d-829613-2 devstack@placement-api.service[103919]: DEBUG placement.objects.research_context [req-f8596500-ffcd-402c-9d3d-7157fda014af req-3b56615b-a2ed-41d0-9dee-50e6186b2307 service placement] getting providers with 1 VCPU {{(pid=103919) __init__ /opt/stack/placement/placement/objects/research_context.py:126}}
Feb 17 17:36:22.293482 n-d-829613-2 devstack@placement-api.service[103919]: DEBUG placement.objects.research_context [req-f8596500-ffcd-402c-9d3d-7157fda014af req-3b56615b-a2ed-41d0-9dee-50e6186b2307 service placement] found 2 providers with available 1 DISK_GB {{(pid=103919) get_provider_ids_matching /opt/stack/placement/placement/objects/research_context.py:549}}
Feb 17 17:36:22.294011 n-d-829613-2 devstack@placement-api.service[103919]: DEBUG placement.objects.research_context [req-f8596500-ffcd-402c-9d3d-7157fda014af req-3b56615b-a2ed-41d0-9dee-50e6186b2307 service placement] found 2 providers with available 1024 MEMORY_MB {{(pid=103919) get_provider_ids_matching /opt/stack/placement/placement/objects/research_context.py:549}}
Feb 17 17:36:22.294080 n-d-829613-2 devstack@placement-api.service[103919]: DEBUG placement.objects.research_context [req-f8596500-ffcd-402c-9d3d-7157fda014af req-3b56615b-a2ed-41d0-9dee-50e6186b2307 service placement] found 2 providers after filtering by previous result {{(pid=103919) get_provider_ids_matching /opt/stack/placement/placement/objects/research_context.py:580}}
Feb 17 17:36:22.294336 n-d-829613-2 devstack@placement-api.service[103919]: DEBUG placement.objects.research_context [req-f8596500-ffcd-402c-9d3d-7157fda014af req-3b56615b-a2ed-41d0-9dee-50e6186b2307 service placement] found 2 providers with available 1 VCPU {{(pid=103919) get_provider_ids_matching /opt/stack/placement/placement/objects/research_context.py:549}}
Feb 17 17:36:22.294594 n-d-829613-2 devstack@placement-api.service[103919]: DEBUG placement.objects.research_context [req-f8596500-ffcd-402c-9d3d-7157fda014af req-3b56615b-a2ed-41d0-9dee-50e6186b2307 service placement] found 2 providers after filtering by previous result {{(pid=103919) get_provider_ids_matching /opt/stack/placement/placement/objects/research_context.py:580}}
Feb 17 17:36:22.320039 n-d-829613-2 devstack@placement-api.service[103919]: DEBUG placement.objects.allocation_candidate [req-f8596500-ffcd-402c-9d3d-7157fda014af req-3b56615b-a2ed-41d0-9dee-50e6186b2307 service placement] RequestGroup(use_same_provider=False, resources={DISK_GB:1, MEMORY_MB:1024, VCPU:1}, traits=[], aggregates=[]) (suffix '') returned 2 matches {{(pid=103919) _get_by_requests /opt/stack/placement/placement/objects/allocation_candidate.py:145}}
Feb 17 17:36:22.322049 n-d-829613-2 devstack@placement-api.service[103919]: DEBUG placement.objects.allocation_candidate [req-f8596500-ffcd-402c-9d3d-7157fda014af req-3b56615b-a2ed-41d0-9dee-50e6186b2307 service placement] Merging candidates yields 2 allocation requests and 2 provider summaries {{(pid=103919) _merge_candidates /opt/stack/placement/placement/objects/allocation_candidate.py:783}}
Feb 17 17:36:22.328822 n-d-829613-2 devstack@placement-api.service[103919]: INFO placement.requestlog [req-f8596500-ffcd-402c-9d3d-7157fda014af req-3b56615b-a2ed-41d0-9dee-50e6186b2307 service placement] 10.222.0.87 "GET /placement/allocation_candidates?limit=1000&resources=DISK_GB%3A1%2CMEMORY_MB%3A1024%2CVCPU%3A1&root_required=%21COMPUTE_STATUS_DISABLED" status: 200 len: 1309 microversion: 1.36
Feb 17 17:36:22.329785 n-d-829613-2 devstack@placement-api.service[103919]: [pid: 103919|app: 0|req: 263/516] 10.222.0.87 () {60 vars in 1506 bytes} [Thu Feb 17 17:36:22 2022] GET /placement/allocation_candidates?limit=1000&resources=DISK_GB%3A1%2CMEMORY_MB%3A1024%2CVCPU%3A1&root_required=%21COMPUTE_STATUS_DISABLED => generated 1309 bytes in 162 msecs (HTTP/1.1 200) 8 headers in 297 bytes (1 switches on core 0)
Feb 17 17:36:22.444489 n-d-829613-2 devstack@placement-api.service[103918]: DEBUG placement.requestlog [req-f8596500-ffcd-402c-9d3d-7157fda014af req-5167bda9-a95e-4a96-9df1-644fd1277069 None None] Starting request: 10.222.0.87 "GET /placement/allocations/21f8505b-0ae7-4a5f-8dfe-d30c85bad41f" {{(pid=103918) __call__ /opt/stack/placement/placement/requestlog.py:55}}
Feb 17 17:36:22.473392 n-d-829613-2 devstack@placement-api.service[103918]: INFO placement.requestlog [req-f8596500-ffcd-402c-9d3d-7157fda014af req-5167bda9-a95e-4a96-9df1-644fd1277069 service placement] 10.222.0.87 "GET /placement/allocations/21f8505b-0ae7-4a5f-8dfe-d30c85bad41f" status: 200 len: 19 microversion: 1.28
Feb 17 17:36:22.474077 n-d-829613-2 devstack@placement-api.service[103918]: [pid: 103918|app: 0|req: 254/517] 10.222.0.87 () {60 vars in 1380 bytes} [Thu Feb 17 17:36:22 2022] GET /placement/allocations/21f8505b-0ae7-4a5f-8dfe-d30c85bad41f => generated 19 bytes in 30 msecs (HTTP/1.1 200) 8 headers in 295 bytes (1 switches on core 0)
Feb 17 17:36:22.479662 n-d-829613-2 devstack@placement-api.service[103919]: DEBUG placement.requestlog [req-f8596500-ffcd-402c-9d3d-7157fda014af req-dfca5ce5-c61f-4014-9223-3c74746bd081 None None] Starting request: 10.222.0.87 "PUT /placement/allocations/21f8505b-0ae7-4a5f-8dfe-d30c85bad41f" {{(pid=103919) __call__ /opt/stack/placement/placement/requestlog.py:55}}
Feb 17 17:36:22.552965 n-d-829613-2 devstack@placement-api.service[103918]: DEBUG placement.requestlog [req-2466e322-2882-4984-aae1-13af2fafebf9 req-e17dec77-aaa8-402e-b748-a2b2ed7a2063 None None] Starting request: 10.222.0.91 "GET /placement/allocations/8a875872-ecbe-4e3b-9059-98bd8c42bc1e" {{(pid=103918) __call__ /opt/stack/placement/placement/requestlog.py:55}}
Feb 17 17:36:22.579504 n-d-829613-2 devstack@placement-api.service[103918]: INFO placement.requestlog [req-2466e322-2882-4984-aae1-13af2fafebf9 req-e17dec77-aaa8-402e-b748-a2b2ed7a2063 service placement] 10.222.0.91 "GET /placement/allocations/8a875872-ecbe-4e3b-9059-98bd8c42bc1e" status: 200 len: 245 microversion: 1.28
Feb 17 17:36:22.580411 n-d-829613-2 devstack@placement-api.service[103918]: [pid: 103918|app: 0|req: 255/518] 10.222.0.91 () {60 vars in 1377 bytes} [Thu Feb 17 17:36:22 2022] GET /placement/allocations/8a875872-ecbe-4e3b-9059-98bd8c42bc1e => generated 245 bytes in 28 msecs (HTTP/1.1 200) 8 headers in 296 bytes (1 switches on core 0)
Feb 17 17:36:22.673893 n-d-829613-2 devstack@placement-api.service[103919]: DEBUG placement.handlers.allocation [req-f8596500-ffcd-402c-9d3d-7157fda014af req-dfca5ce5-c61f-4014-9223-3c74746bd081 service placement] Successfully wrote allocations [, , ] {{(pid=103919) _update_consumers_and_create_allocations /opt/stack/placement/placement/handlers/allocation.py:462}}
Feb 17 17:36:22.686485 n-d-829613-2 devstack@placement-api.service[103919]: INFO placement.requestlog [req-f8596500-ffcd-402c-9d3d-7157fda014af req-dfca5ce5-c61f-4014-9223-3c74746bd081 service placement] 10.222.0.87 "PUT /placement/allocations/21f8505b-0ae7-4a5f-8dfe-d30c85bad41f" status: 204 len: 0 microversion: 1.36
Feb 17 17:36:22.687220 n-d-829613-2 devstack@placement-api.service[103919]: [pid: 103919|app: 0|req: 264/519] 10.222.0.87 () {64 vars in 1433 bytes} [Thu Feb 17 17:36:22 2022] PUT /placement/allocations/21f8505b-0ae7-4a5f-8dfe-d30c85bad41f => generated 0 bytes in 208 msecs (HTTP/1.1 204) 5 headers in 199 bytes (1 switches on core 0)
Feb 17 17:36:23.195171 n-d-829613-2 devstack@placement-api.service[103918]: DEBUG placement.requestlog [req-f8596500-ffcd-402c-9d3d-7157fda014af req-99f74a15-40c7-4472-8755-71996f993fc7 None None] Starting request: 10.222.0.91 "GET /placement/allocations/21f8505b-0ae7-4a5f-8dfe-d30c85bad41f" {{(pid=103918) __call__ /opt/stack/placement/placement/requestlog.py:55}}
Feb 17 17:36:23.224597 n-d-829613-2 devstack@placement-api.service[103918]: INFO placement.requestlog [req-f8596500-ffcd-402c-9d3d-7157fda014af req-99f74a15-40c7-4472-8755-71996f993fc7 service placement] 10.222.0.91 "GET /placement/allocations/21f8505b-0ae7-4a5f-8dfe-d30c85bad41f" status: 200 len: 259 microversion: 1.28
Feb 17 17:36:23.225490 n-d-829613-2 devstack@placement-api.service[103918]: [pid: 103918|app: 0|req: 256/520] 10.222.0.91 () {60 vars in 1377 bytes} [Thu Feb 17 17:36:23 2022] GET /placement/allocations/21f8505b-0ae7-4a5f-8dfe-d30c85bad41f => generated 259 bytes in 31 msecs (HTTP/1.1 200) 8 headers in 296 bytes (1 switches on core 0)
Feb 17 17:36:26.329541 n-d-829613-2 devstack@placement-api.service[103919]: DEBUG placement.requestlog [req-5ca9300f-10fa-4a8b-920b-703af41b4977 req-9afe9504-6132-4651-ba9e-3c8f1d59a18f None None] Starting request: 10.222.0.71 "DELETE /placement/allocations/f00d4d80-0531-4d28-b776-76d9efd2b420" {{(pid=103919) __call__ /opt/stack/placement/placement/requestlog.py:55}}
Feb 17 17:36:26.406642 n-d-829613-2 devstack@placement-api.service[103919]: DEBUG placement.handlers.allocation [req-5ca9300f-10fa-4a8b-920b-703af41b4977 req-9afe9504-6132-4651-ba9e-3c8f1d59a18f service placement] Successfully deleted allocations [, , ] {{(pid=103919) delete_allocations /opt/stack/placement/placement/handlers/allocation.py:627}}
Feb 17 17:36:26.407557 n-d-829613-2 devstack@placement-api.service[103919]: INFO placement.requestlog [req-5ca9300f-10fa-4a8b-920b-703af41b4977 req-9afe9504-6132-4651-ba9e-3c8f1d59a18f service placement] 10.222.0.71 "DELETE /placement/allocations/f00d4d80-0531-4d28-b776-76d9efd2b420" status: 204 len: 0 microversion: 1.0
Feb 17 17:36:26.408135 n-d-829613-2 devstack@placement-api.service[103919]: [pid: 103919|app: 0|req: 265/521] 10.222.0.71 () {60 vars in 1355 bytes} [Thu Feb 17 17:36:26 2022] DELETE /placement/allocations/f00d4d80-0531-4d28-b776-76d9efd2b420 => generated 0 bytes in 79 msecs (HTTP/1.1 204) 5 headers in 198 bytes (1 switches on core 0)
Feb 17 17:36:35.319638 n-d-829613-2 devstack@placement-api.service[103918]: DEBUG placement.requestlog [req-9c8b7e14-ae41-40e3-8fae-894007aaec9b req-c9b2bb66-519e-4867-a238-fecbc47cfca9 None None] Starting request: 10.222.0.87 "GET /placement/allocation_candidates?limit=1000&resources=DISK_GB%3A1%2CMEMORY_MB%3A1024%2CVCPU%3A1&root_required=%21COMPUTE_STATUS_DISABLED" {{(pid=103918) __call__ /opt/stack/placement/placement/requestlog.py:55}}
Feb 17 17:36:35.413826 n-d-829613-2 devstack@placement-api.service[103918]: DEBUG placement.objects.research_context [req-9c8b7e14-ae41-40e3-8fae-894007aaec9b req-c9b2bb66-519e-4867-a238-fecbc47cfca9 service placement] getting providers with 1 DISK_GB {{(pid=103918) __init__ /opt/stack/placement/placement/objects/research_context.py:126}}
Feb 17 17:36:35.420801 n-d-829613-2 devstack@placement-api.service[103918]: DEBUG placement.objects.research_context [req-9c8b7e14-ae41-40e3-8fae-894007aaec9b req-c9b2bb66-519e-4867-a238-fecbc47cfca9 service placement] getting providers with 1024 MEMORY_MB {{(pid=103918) __init__ /opt/stack/placement/placement/objects/research_context.py:126}}
Feb 17 17:36:35.461065 n-d-829613-2 devstack@placement-api.service[103918]: DEBUG placement.objects.research_context [req-9c8b7e14-ae41-40e3-8fae-894007aaec9b req-c9b2bb66-519e-4867-a238-fecbc47cfca9 service placement] getting providers with 1 VCPU {{(pid=103918) __init__ /opt/stack/placement/placement/objects/research_context.py:126}}
Feb 17 17:36:35.488970 n-d-829613-2 devstack@placement-api.service[103918]: DEBUG placement.objects.research_context [req-9c8b7e14-ae41-40e3-8fae-894007aaec9b req-c9b2bb66-519e-4867-a238-fecbc47cfca9 service placement] found 2 providers with available 1 DISK_GB {{(pid=103918) get_provider_ids_matching /opt/stack/placement/placement/objects/research_context.py:549}}
Feb 17 17:36:35.489252 n-d-829613-2 devstack@placement-api.service[103918]: DEBUG placement.objects.research_context [req-9c8b7e14-ae41-40e3-8fae-894007aaec9b req-c9b2bb66-519e-4867-a238-fecbc47cfca9 service placement] found 2 providers with available 1024 MEMORY_MB {{(pid=103918) get_provider_ids_matching /opt/stack/placement/placement/objects/research_context.py:549}}
Feb 17 17:36:35.492167 n-d-829613-2 devstack@placement-api.service[103918]: DEBUG placement.objects.research_context [req-9c8b7e14-ae41-40e3-8fae-894007aaec9b req-c9b2bb66-519e-4867-a238-fecbc47cfca9 service placement] found 2 providers after filtering by previous result {{(pid=103918) get_provider_ids_matching /opt/stack/placement/placement/objects/research_context.py:580}}
Feb 17 17:36:35.492655 n-d-829613-2 devstack@placement-api.service[103918]: DEBUG placement.objects.research_context [req-9c8b7e14-ae41-40e3-8fae-894007aaec9b req-c9b2bb66-519e-4867-a238-fecbc47cfca9 service placement] found 2 providers with available 1 VCPU {{(pid=103918) get_provider_ids_matching /opt/stack/placement/placement/objects/research_context.py:549}}
Feb 17 17:36:35.493606 n-d-829613-2 devstack@placement-api.service[103918]: DEBUG placement.objects.research_context [req-9c8b7e14-ae41-40e3-8fae-894007aaec9b req-c9b2bb66-519e-4867-a238-fecbc47cfca9 service placement] found 2 providers after filtering by previous result {{(pid=103918) get_provider_ids_matching /opt/stack/placement/placement/objects/research_context.py:580}}
Feb 17 17:36:35.541744 n-d-829613-2 devstack@placement-api.service[103918]: DEBUG placement.objects.allocation_candidate [req-9c8b7e14-ae41-40e3-8fae-894007aaec9b req-c9b2bb66-519e-4867-a238-fecbc47cfca9 service placement] RequestGroup(use_same_provider=False, resources={DISK_GB:1, MEMORY_MB:1024, VCPU:1}, traits=[], aggregates=[]) (suffix '') returned 2 matches {{(pid=103918) _get_by_requests /opt/stack/placement/placement/objects/allocation_candidate.py:145}}
Feb 17 17:36:35.542124 n-d-829613-2 devstack@placement-api.service[103918]: DEBUG placement.objects.allocation_candidate [req-9c8b7e14-ae41-40e3-8fae-894007aaec9b req-c9b2bb66-519e-4867-a238-fecbc47cfca9 service placement] Merging candidates yields 2 allocation requests and 2 provider summaries {{(pid=103918) _merge_candidates /opt/stack/placement/placement/objects/allocation_candidate.py:783}}
Feb 17 17:36:35.553947 n-d-829613-2 devstack@placement-api.service[103918]: INFO placement.requestlog [req-9c8b7e14-ae41-40e3-8fae-894007aaec9b req-c9b2bb66-519e-4867-a238-fecbc47cfca9 service placement] 10.222.0.87 "GET /placement/allocation_candidates?limit=1000&resources=DISK_GB%3A1%2CMEMORY_MB%3A1024%2CVCPU%3A1&root_required=%21COMPUTE_STATUS_DISABLED" status: 200 len: 1306 microversion: 1.36
Feb 17 17:36:35.554733 n-d-829613-2 devstack@placement-api.service[103918]: [pid: 103918|app: 0|req: 257/522] 10.222.0.87 () {60 vars in 1506 bytes} [Thu Feb 17 17:36:35 2022] GET /placement/allocation_candidates?limit=1000&resources=DISK_GB%3A1%2CMEMORY_MB%3A1024%2CVCPU%3A1&root_required=%21COMPUTE_STATUS_DISABLED => generated 1306 bytes in 235 msecs (HTTP/1.1 200) 8 headers in 297 bytes (1 switches on core 0)
Feb 17 17:36:35.689439 n-d-829613-2 devstack@placement-api.service[103919]: DEBUG placement.requestlog [req-9c8b7e14-ae41-40e3-8fae-894007aaec9b req-b8570b92-e37c-43b4-89cc-9d0d7af4064f None None] Starting request: 10.222.0.87 "GET /placement/allocations/a66cf83c-02b1-4b63-8363-98a2a0637846" {{(pid=103919) __call__ /opt/stack/placement/placement/requestlog.py:55}}
Feb 17 17:36:35.705624 n-d-829613-2 devstack@placement-api.service[103919]: INFO placement.requestlog [req-9c8b7e14-ae41-40e3-8fae-894007aaec9b req-b8570b92-e37c-43b4-89cc-9d0d7af4064f service placement] 10.222.0.87 "GET /placement/allocations/a66cf83c-02b1-4b63-8363-98a2a0637846" status: 200 len: 19 microversion: 1.28
Feb 17 17:36:35.706015 n-d-829613-2 devstack@placement-api.service[103919]: [pid: 103919|app: 0|req: 266/523] 10.222.0.87 () {60 vars in 1380 bytes} [Thu Feb 17 17:36:35 2022] GET /placement/allocations/a66cf83c-02b1-4b63-8363-98a2a0637846 => generated 19 bytes in 17 msecs (HTTP/1.1 200) 8 headers in 295 bytes (1 switches on core 0)
Feb 17 17:36:35.712207 n-d-829613-2 devstack@placement-api.service[103918]: DEBUG placement.requestlog [req-9c8b7e14-ae41-40e3-8fae-894007aaec9b req-3c94254c-0afa-477d-8151-bf60345027ff None None] Starting request: 10.222.0.87 "PUT /placement/allocations/a66cf83c-02b1-4b63-8363-98a2a0637846" {{(pid=103918) __call__ /opt/stack/placement/placement/requestlog.py:55}}
Feb 17 17:36:35.892905 n-d-829613-2 devstack@placement-api.service[103918]: DEBUG placement.handlers.allocation [req-9c8b7e14-ae41-40e3-8fae-894007aaec9b req-3c94254c-0afa-477d-8151-bf60345027ff service placement] Successfully wrote allocations [, , ] {{(pid=103918) _update_consumers_and_create_allocations /opt/stack/placement/placement/handlers/allocation.py:462}}
Feb 17 17:36:35.901872 n-d-829613-2 devstack@placement-api.service[103918]: INFO placement.requestlog [req-9c8b7e14-ae41-40e3-8fae-894007aaec9b req-3c94254c-0afa-477d-8151-bf60345027ff service placement] 10.222.0.87 "PUT /placement/allocations/a66cf83c-02b1-4b63-8363-98a2a0637846" status: 204 len: 0 microversion: 1.36
Feb 17 17:36:35.906113 n-d-829613-2 devstack@placement-api.service[103918]: [pid: 103918|app: 0|req: 258/524] 10.222.0.87 () {64 vars in 1433 bytes} [Thu Feb 17 17:36:35 2022] PUT /placement/allocations/a66cf83c-02b1-4b63-8363-98a2a0637846 => generated 0 bytes in 191 msecs (HTTP/1.1 204) 5 headers in 199 bytes (1 switches on core 0)
Feb 17 17:36:36.474381 n-d-829613-2 devstack@placement-api.service[103919]: DEBUG placement.requestlog [req-9c8b7e14-ae41-40e3-8fae-894007aaec9b req-e0f2506a-24f2-482b-9aa3-c000402c9827 None None] Starting request: 10.222.0.71 "GET /placement/allocations/a66cf83c-02b1-4b63-8363-98a2a0637846" {{(pid=103919) __call__ /opt/stack/placement/placement/requestlog.py:55}}
Feb 17 17:36:36.497589 n-d-829613-2 devstack@placement-api.service[103919]: INFO placement.requestlog [req-9c8b7e14-ae41-40e3-8fae-894007aaec9b req-e0f2506a-24f2-482b-9aa3-c000402c9827 service placement] 10.222.0.71 "GET /placement/allocations/a66cf83c-02b1-4b63-8363-98a2a0637846" status: 200 len: 259 microversion: 1.28
Feb 17 17:36:36.500758 n-d-829613-2 devstack@placement-api.service[103919]: [pid: 103919|app: 0|req: 267/525] 10.222.0.71 () {60 vars in 1377 bytes} [Thu Feb 17 17:36:36 2022] GET /placement/allocations/a66cf83c-02b1-4b63-8363-98a2a0637846 => generated 259 bytes in 27 msecs (HTTP/1.1 200) 8 headers in 296 bytes (1 switches on core 0)
Feb 17 17:36:38.263143 n-d-829613-2 devstack@placement-api.service[103918]: DEBUG placement.requestlog [req-9d93b921-eb6b-4e55-8dac-941b41f9891f req-f97f3c37-7844-4f76-9f84-48a392f90ece None None] Starting request: 10.222.0.87 "GET /placement/allocation_candidates?limit=1000&resources=DISK_GB%3A1%2CMEMORY_MB%3A1024%2CVCPU%3A1&root_required=%21COMPUTE_STATUS_DISABLED" {{(pid=103918) __call__ /opt/stack/placement/placement/requestlog.py:55}}
Feb 17 17:36:38.323954 n-d-829613-2 devstack@placement-api.service[103918]: DEBUG placement.objects.research_context [req-9d93b921-eb6b-4e55-8dac-941b41f9891f req-f97f3c37-7844-4f76-9f84-48a392f90ece service placement] getting providers with 1 DISK_GB {{(pid=103918) __init__ /opt/stack/placement/placement/objects/research_context.py:126}}
Feb 17 17:36:38.332475 n-d-829613-2 devstack@placement-api.service[103918]: DEBUG placement.objects.research_context [req-9d93b921-eb6b-4e55-8dac-941b41f9891f req-f97f3c37-7844-4f76-9f84-48a392f90ece service placement] getting providers with 1024 MEMORY_MB {{(pid=103918) __init__ /opt/stack/placement/placement/objects/research_context.py:126}}
Feb 17 17:36:38.340574 n-d-829613-2 devstack@placement-api.service[103918]: DEBUG placement.objects.research_context [req-9d93b921-eb6b-4e55-8dac-941b41f9891f req-f97f3c37-7844-4f76-9f84-48a392f90ece service placement] getting providers with 1 VCPU {{(pid=103918) __init__ /opt/stack/placement/placement/objects/research_context.py:126}}
Feb 17 17:36:38.348535 n-d-829613-2 devstack@placement-api.service[103918]: DEBUG placement.objects.research_context [req-9d93b921-eb6b-4e55-8dac-941b41f9891f req-f97f3c37-7844-4f76-9f84-48a392f90ece service placement] found 2 providers with available 1 DISK_GB {{(pid=103918) get_provider_ids_matching /opt/stack/placement/placement/objects/research_context.py:549}}
Feb 17 17:36:38.349254 n-d-829613-2 devstack@placement-api.service[103918]: DEBUG placement.objects.research_context [req-9d93b921-eb6b-4e55-8dac-941b41f9891f req-f97f3c37-7844-4f76-9f84-48a392f90ece service placement] found 2 providers with available 1024 MEMORY_MB {{(pid=103918) get_provider_ids_matching /opt/stack/placement/placement/objects/research_context.py:549}}
Feb 17 17:36:38.349817 n-d-829613-2 devstack@placement-api.service[103918]: DEBUG placement.objects.research_context [req-9d93b921-eb6b-4e55-8dac-941b41f9891f req-f97f3c37-7844-4f76-9f84-48a392f90ece service placement] found 2 providers after filtering by previous result {{(pid=103918) get_provider_ids_matching /opt/stack/placement/placement/objects/research_context.py:580}}
Feb 17 17:36:38.350399 n-d-829613-2 devstack@placement-api.service[103918]: DEBUG placement.objects.research_context [req-9d93b921-eb6b-4e55-8dac-941b41f9891f req-f97f3c37-7844-4f76-9f84-48a392f90ece service placement] found 2 providers with available 1 VCPU {{(pid=103918) get_provider_ids_matching /opt/stack/placement/placement/objects/research_context.py:549}}
Feb 17 17:36:38.350940 n-d-829613-2 devstack@placement-api.service[103918]: DEBUG placement.objects.research_context [req-9d93b921-eb6b-4e55-8dac-941b41f9891f req-f97f3c37-7844-4f76-9f84-48a392f90ece service placement] found 2 providers after filtering by previous result {{(pid=103918) get_provider_ids_matching /opt/stack/placement/placement/objects/research_context.py:580}}
Feb 17 17:36:38.365455 n-d-829613-2 devstack@placement-api.service[103918]: DEBUG placement.objects.allocation_candidate [req-9d93b921-eb6b-4e55-8dac-941b41f9891f req-f97f3c37-7844-4f76-9f84-48a392f90ece service placement] RequestGroup(use_same_provider=False, resources={DISK_GB:1, MEMORY_MB:1024, VCPU:1}, traits=[], aggregates=[]) (suffix '') returned 2 matches {{(pid=103918) _get_by_requests /opt/stack/placement/placement/objects/allocation_candidate.py:145}}
Feb 17 17:36:38.366247 n-d-829613-2 devstack@placement-api.service[103918]: DEBUG placement.objects.allocation_candidate [req-9d93b921-eb6b-4e55-8dac-941b41f9891f req-f97f3c37-7844-4f76-9f84-48a392f90ece service placement] Merging candidates yields 2 allocation requests and 2 provider summaries {{(pid=103918) _merge_candidates /opt/stack/placement/placement/objects/allocation_candidate.py:783}}
