Feb 17 17:25:57.596027 n-d-829613-2 devstack@n-api.service[117855]: DEBUG nova.policy [None req-81c0690f-5c0b-4411-b5d0-cba24e9edf6c tempest-LiveMigrationTest-536286822 tempest-LiveMigrationTest-536286822-project] Policy check for os_compute_api:os-extended-server-attributes failed with credentials {'is_admin': False, 'user_id': '8429ddd23c2d485091e3a686c6fcaa2c', 'user_domain_id': 'default', 'system_scope': None, 'domain_id': None, 'project_id': 'f8aea314af29468ab6557472620785fc', 'project_domain_id': 'default', 'roles': ['member', 'reader'], 'is_admin_project': True, 'service_user_id': None, 'service_user_domain_id': None, 'service_project_id': None, 'service_project_domain_id': None, 'service_roles': []} {{(pid=117855) authorize /opt/stack/nova/nova/policy.py:199}}
Feb 17 17:25:57.614978 n-d-829613-2 devstack@n-api.service[117855]: INFO nova.api.openstack.requestlog [None req-81c0690f-5c0b-4411-b5d0-cba24e9edf6c tempest-LiveMigrationTest-536286822 tempest-LiveMigrationTest-536286822-project] 10.222.0.87 "GET /compute/v2.1/servers/0048194a-7ecd-4b9e-a745-5d1cf715ba0a" status: 200 len: 1504 microversion: 2.1 time: 0.454755
Feb 17 17:25:57.618954 n-d-829613-2 devstack@n-api.service[117855]: [pid: 117855|app: 0|req: 131/245] 10.222.0.87 () {58 vars in 1235 bytes} [Thu Feb 17 17:25:57 2022] GET /compute/v2.1/servers/0048194a-7ecd-4b9e-a745-5d1cf715ba0a => generated 1504 bytes in 464 msecs (HTTP/1.1 200) 9 headers in 358 bytes (1 switches on core 0)
Feb 17 17:25:57.637821 n-d-829613-2 devstack@n-api.service[117855]: DEBUG nova.api.openstack.wsgi [None req-9960a08c-e6e6-417b-804c-efe0efbb6d9d tempest-AggregatesAdminNegativeTestJSON-949195312 tempest-AggregatesAdminNegativeTestJSON-949195312-project-admin] Action: 'create', calling method: >, body: {"aggregate": {"name": "tempest-test_aggregate-1012161689"}} {{(pid=117855) _process_stack /opt/stack/nova/nova/api/openstack/wsgi.py:511}}
Feb 17 17:25:57.640073 n-d-829613-2 devstack@n-api.service[117855]: /usr/local/lib/python3.8/dist-packages/oslo_policy/policy.py:1119: UserWarning: Policy "os_compute_api:os-aggregates:create": "rule:system_admin_api" failed scope check. The token used to make the request was project scoped but the policy requires ['system'] scope. This behavior may change in the future where using the intended scope is required
Feb 17 17:25:57.640073 n-d-829613-2 devstack@n-api.service[117855]: warnings.warn(msg)
Feb 17 17:25:57.646142 n-d-829613-2 devstack@n-api.service[117855]: DEBUG nova.objects.aggregate [None req-9960a08c-e6e6-417b-804c-efe0efbb6d9d tempest-AggregatesAdminNegativeTestJSON-949195312 tempest-AggregatesAdminNegativeTestJSON-949195312-project-admin] Generated uuid 75c73145-a8c4-4d9a-8771-3f2320e198c4 for aggregate {{(pid=117855) create /opt/stack/nova/nova/objects/aggregate.py:298}}
Feb 17 17:25:57.674071 n-d-829613-2 devstack@n-api.service[117855]: INFO nova.api.openstack.wsgi [None req-9960a08c-e6e6-417b-804c-efe0efbb6d9d tempest-AggregatesAdminNegativeTestJSON-949195312 tempest-AggregatesAdminNegativeTestJSON-949195312-project-admin] HTTP exception thrown: Aggregate tempest-test_aggregate-1012161689 already exists.
Feb 17 17:25:57.674685 n-d-829613-2 devstack@n-api.service[117855]: DEBUG nova.api.openstack.wsgi [None req-9960a08c-e6e6-417b-804c-efe0efbb6d9d tempest-AggregatesAdminNegativeTestJSON-949195312 tempest-AggregatesAdminNegativeTestJSON-949195312-project-admin] Returning 409 to user: Aggregate tempest-test_aggregate-1012161689 already exists. {{(pid=117855) __call__ /opt/stack/nova/nova/api/openstack/wsgi.py:936}}
Feb 17 17:25:57.675431 n-d-829613-2 devstack@n-api.service[117854]: INFO nova.api.openstack.requestlog [None req-d39bdd39-64ab-48a6-9a56-246b67f585fa tempest-AggregatesAdminTestJSON-576197735 tempest-AggregatesAdminTestJSON-576197735-project-admin] 10.222.0.87 "POST /compute/v2.1/os-aggregates/7/action" status: 200 len: 227 microversion: 2.1 time: 0.236494
Feb 17 17:25:57.676572 n-d-829613-2 devstack@n-api.service[117854]: [pid: 117854|app: 0|req: 115/246] 10.222.0.87 () {60 vars in 1190 bytes} [Thu Feb 17 17:25:57 2022] POST /compute/v2.1/os-aggregates/7/action => generated 227 bytes in 240 msecs (HTTP/1.1 200) 9 headers in 357 bytes (1 switches on core 0)
Feb 17 17:25:57.682371 n-d-829613-2 devstack@n-api.service[117855]: INFO nova.api.openstack.requestlog [None req-9960a08c-e6e6-417b-804c-efe0efbb6d9d tempest-AggregatesAdminNegativeTestJSON-949195312 tempest-AggregatesAdminNegativeTestJSON-949195312-project-admin] 10.222.0.87 "POST /compute/v2.1/os-aggregates" status: 409 len: 111 microversion: 2.1 time: 0.061904
Feb 17 17:25:57.683533 n-d-829613-2 devstack@n-api.service[117855]: [pid: 117855|app: 0|req: 132/247] 10.222.0.87 () {60 vars in 1163 bytes} [Thu Feb 17 17:25:57 2022] POST /compute/v2.1/os-aggregates => generated 111 bytes in 64 msecs (HTTP/1.1 409) 9 headers in 378 bytes (1 switches on core 0)
Feb 17 17:25:57.692139 n-d-829613-2 devstack@n-api.service[117854]: DEBUG nova.api.openstack.wsgi [None req-7b801220-2de5-4439-a2f1-8d2be77649e2 tempest-AggregatesAdminTestJSON-576197735 tempest-AggregatesAdminTestJSON-576197735-project-admin] Calling method '>' {{(pid=117854) _process_stack /opt/stack/nova/nova/api/openstack/wsgi.py:513}}
Feb 17 17:25:57.693161 n-d-829613-2 devstack@n-api.service[117854]: /usr/local/lib/python3.8/dist-packages/oslo_policy/policy.py:1119: UserWarning: Policy "os_compute_api:os-aggregates:delete": "rule:system_admin_api" failed scope check. The token used to make the request was project scoped but the policy requires ['system'] scope. This behavior may change in the future where using the intended scope is required
Feb 17 17:25:57.693161 n-d-829613-2 devstack@n-api.service[117854]: warnings.warn(msg)
Feb 17 17:25:57.700692 n-d-829613-2 devstack@n-api.service[117855]: DEBUG nova.api.openstack.wsgi [None req-0a5a1558-7db0-47a7-b7e0-6ec8ee1d80ad tempest-AggregatesAdminNegativeTestJSON-949195312 tempest-AggregatesAdminNegativeTestJSON-949195312-project-admin] Calling method '>' {{(pid=117855) _process_stack /opt/stack/nova/nova/api/openstack/wsgi.py:513}}
Feb 17 17:25:57.702495 n-d-829613-2 devstack@n-api.service[117855]: /usr/local/lib/python3.8/dist-packages/oslo_policy/policy.py:1119: UserWarning: Policy "os_compute_api:os-aggregates:delete": "rule:system_admin_api" failed scope check. The token used to make the request was project scoped but the policy requires ['system'] scope. This behavior may change in the future where using the intended scope is required
Feb 17 17:25:57.702495 n-d-829613-2 devstack@n-api.service[117855]: warnings.warn(msg)
Feb 17 17:25:57.738411 n-d-829613-2 devstack@n-api.service[117854]: INFO nova.api.openstack.requestlog [None req-7b801220-2de5-4439-a2f1-8d2be77649e2 tempest-AggregatesAdminTestJSON-576197735 tempest-AggregatesAdminTestJSON-576197735-project-admin] 10.222.0.87 "DELETE /compute/v2.1/os-aggregates/7" status: 200 len: 0 microversion: 2.1 time: 0.050390
Feb 17 17:25:57.740285 n-d-829613-2 devstack@n-api.service[117854]: [pid: 117854|app: 0|req: 116/248] 10.222.0.87 () {58 vars in 1151 bytes} [Thu Feb 17 17:25:57 2022] DELETE /compute/v2.1/os-aggregates/7 => generated 0 bytes in 55 msecs (HTTP/1.1 200) 9 headers in 355 bytes (1 switches on core 0)
Feb 17 17:25:57.749918 n-d-829613-2 devstack@n-api.service[117854]: DEBUG nova.api.openstack.wsgi [None req-a47e74bc-bbb0-4f3e-b6cb-5cb827615e6d tempest-DeleteServersAdminTestJSON-728459490 tempest-DeleteServersAdminTestJSON-728459490-project] Calling method '>' {{(pid=117854) _process_stack /opt/stack/nova/nova/api/openstack/wsgi.py:513}}
Feb 17 17:25:57.750539 n-d-829613-2 devstack@n-api.service[117854]: DEBUG nova.compute.api [None req-a47e74bc-bbb0-4f3e-b6cb-5cb827615e6d tempest-DeleteServersAdminTestJSON-728459490 tempest-DeleteServersAdminTestJSON-728459490-project] [instance: 2c7fdd93-50ba-4a0e-8287-7980cfeda1ab] Fetching instance by UUID {{(pid=117854) get /opt/stack/nova/nova/compute/api.py:2865}}
Feb 17 17:25:57.764983 n-d-829613-2 devstack@n-api.service[117855]: INFO nova.api.openstack.requestlog [None req-0a5a1558-7db0-47a7-b7e0-6ec8ee1d80ad tempest-AggregatesAdminNegativeTestJSON-949195312 tempest-AggregatesAdminNegativeTestJSON-949195312-project-admin] 10.222.0.87 "DELETE /compute/v2.1/os-aggregates/8" status: 200 len: 0 microversion: 2.1 time: 0.077276
Feb 17 17:25:57.765607 n-d-829613-2 devstack@n-api.service[117855]: [pid: 117855|app: 0|req: 133/249] 10.222.0.87 () {58 vars in 1151 bytes} [Thu Feb 17 17:25:57 2022] DELETE /compute/v2.1/os-aggregates/8 => generated 0 bytes in 79 msecs (HTTP/1.1 200) 9 headers in 355 bytes (1 switches on core 0)
Feb 17 17:25:57.781323 n-d-829613-2 devstack@n-api.service[117855]: DEBUG nova.api.openstack.wsgi [None req-71ab0fad-1993-47df-b0de-cb53c4c133cd tempest-AggregatesAdminTestJSON-576197735 tempest-AggregatesAdminTestJSON-576197735-project-admin] Action: 'create', calling method: >, body: {"aggregate": {"name": "tempest-test_aggregate-85577642"}} {{(pid=117855) _process_stack /opt/stack/nova/nova/api/openstack/wsgi.py:511}}
Feb 17 17:25:57.783536 n-d-829613-2 devstack@n-api.service[117855]: /usr/local/lib/python3.8/dist-packages/oslo_policy/policy.py:1119: UserWarning: Policy "os_compute_api:os-aggregates:create": "rule:system_admin_api" failed scope check. The token used to make the request was project scoped but the policy requires ['system'] scope. This behavior may change in the future where using the intended scope is required
Feb 17 17:25:57.783536 n-d-829613-2 devstack@n-api.service[117855]: warnings.warn(msg)
Feb 17 17:25:57.786365 n-d-829613-2 devstack@n-api.service[117854]: DEBUG oslo_concurrency.lockutils [None req-a47e74bc-bbb0-4f3e-b6cb-5cb827615e6d tempest-DeleteServersAdminTestJSON-728459490 tempest-DeleteServersAdminTestJSON-728459490-project] Lock "621fecae-6a33-4857-ab93-2a16d6fffc29" acquired by "nova.context.set_target_cell..get_or_set_cached_cell_and_set_connections" :: waited 0.000s {{(pid=117854) inner /usr/local/lib/python3.8/dist-packages/oslo_concurrency/lockutils.py:386}}
Feb 17 17:25:57.786824 n-d-829613-2 devstack@n-api.service[117854]: DEBUG oslo_concurrency.lockutils [None req-a47e74bc-bbb0-4f3e-b6cb-5cb827615e6d tempest-DeleteServersAdminTestJSON-728459490 tempest-DeleteServersAdminTestJSON-728459490-project] Lock "621fecae-6a33-4857-ab93-2a16d6fffc29" "released" by "nova.context.set_target_cell..get_or_set_cached_cell_and_set_connections" :: held 0.001s {{(pid=117854) inner /usr/local/lib/python3.8/dist-packages/oslo_concurrency/lockutils.py:400}}
Feb 17 17:25:57.787017 n-d-829613-2 devstack@n-api.service[117855]: DEBUG nova.objects.aggregate [None req-71ab0fad-1993-47df-b0de-cb53c4c133cd tempest-AggregatesAdminTestJSON-576197735 tempest-AggregatesAdminTestJSON-576197735-project-admin] Generated uuid d30d4b7a-9804-4d23-9cd7-e360d3b0f94d for aggregate {{(pid=117855) create /opt/stack/nova/nova/objects/aggregate.py:298}}
Feb 17 17:25:57.787604 n-d-829613-2 devstack@n-api.service[117854]: DEBUG oslo_concurrency.lockutils [None req-a47e74bc-bbb0-4f3e-b6cb-5cb827615e6d tempest-DeleteServersAdminTestJSON-728459490 tempest-DeleteServersAdminTestJSON-728459490-project] Lock "621fecae-6a33-4857-ab93-2a16d6fffc29" acquired by "nova.context.set_target_cell..get_or_set_cached_cell_and_set_connections" :: waited 0.000s {{(pid=117854) inner /usr/local/lib/python3.8/dist-packages/oslo_concurrency/lockutils.py:386}}
Feb 17 17:25:57.788209 n-d-829613-2 devstack@n-api.service[117854]: DEBUG oslo_concurrency.lockutils [None req-a47e74bc-bbb0-4f3e-b6cb-5cb827615e6d tempest-DeleteServersAdminTestJSON-728459490 tempest-DeleteServersAdminTestJSON-728459490-project] Lock "621fecae-6a33-4857-ab93-2a16d6fffc29" "released" by "nova.context.set_target_cell..get_or_set_cached_cell_and_set_connections" :: held 0.000s {{(pid=117854) inner /usr/local/lib/python3.8/dist-packages/oslo_concurrency/lockutils.py:400}}
Feb 17 17:25:57.821885 n-d-829613-2 devstack@n-api.service[117855]: INFO nova.api.openstack.requestlog [None req-71ab0fad-1993-47df-b0de-cb53c4c133cd tempest-AggregatesAdminTestJSON-576197735 tempest-AggregatesAdminTestJSON-576197735-project-admin] 10.222.0.87 "POST /compute/v2.1/os-aggregates" status: 200 len: 196 microversion: 2.1 time: 0.047314
Feb 17 17:25:57.824222 n-d-829613-2 devstack@n-api.service[117855]: [pid: 117855|app: 0|req: 134/250] 10.222.0.87 () {60 vars in 1163 bytes} [Thu Feb 17 17:25:57 2022] POST /compute/v2.1/os-aggregates => generated 196 bytes in 54 msecs (HTTP/1.1 200) 9 headers in 357 bytes (1 switches on core 0)
Feb 17 17:25:57.830575 n-d-829613-2 devstack@n-api.service[117855]: DEBUG nova.api.openstack.wsgi [None req-3045f11c-13b8-47a7-bc6d-23fe584dcdc3 tempest-AggregatesAdminNegativeTestJSON-949195312 tempest-AggregatesAdminNegativeTestJSON-949195312-project-admin] Action: 'create', calling method: >, body: {"aggregate": {"name": "tempest-test_aggregate-253783230"}} {{(pid=117855) _process_stack /opt/stack/nova/nova/api/openstack/wsgi.py:511}}
Feb 17 17:25:57.832994 n-d-829613-2 devstack@n-api.service[117855]: /usr/local/lib/python3.8/dist-packages/oslo_policy/policy.py:1119: UserWarning: Policy "os_compute_api:os-aggregates:create": "rule:system_admin_api" failed scope check. The token used to make the request was project scoped but the policy requires ['system'] scope. This behavior may change in the future where using the intended scope is required
Feb 17 17:25:57.832994 n-d-829613-2 devstack@n-api.service[117855]: warnings.warn(msg)
Feb 17 17:25:57.834781 n-d-829613-2 devstack@n-api.service[117855]: DEBUG nova.objects.aggregate [None req-3045f11c-13b8-47a7-bc6d-23fe584dcdc3 tempest-AggregatesAdminNegativeTestJSON-949195312 tempest-AggregatesAdminNegativeTestJSON-949195312-project-admin] Generated uuid 86dc399d-3fe7-417d-89d6-bd0385329d58 for aggregate {{(pid=117855) create /opt/stack/nova/nova/objects/aggregate.py:298}}
Feb 17 17:25:57.867715 n-d-829613-2 devstack@n-api.service[117855]: INFO nova.api.openstack.requestlog [None req-3045f11c-13b8-47a7-bc6d-23fe584dcdc3 tempest-AggregatesAdminNegativeTestJSON-949195312 tempest-AggregatesAdminNegativeTestJSON-949195312-project-admin] 10.222.0.87 "POST /compute/v2.1/os-aggregates" status: 200 len: 198 microversion: 2.1 time: 0.041584
Feb 17 17:25:57.874549 n-d-829613-2 devstack@n-api.service[117855]: [pid: 117855|app: 0|req: 135/251] 10.222.0.87 () {60 vars in 1163 bytes} [Thu Feb 17 17:25:57 2022] POST /compute/v2.1/os-aggregates => generated 198 bytes in 46 msecs (HTTP/1.1 200) 9 headers in 357 bytes (1 switches on core 0)
Feb 17 17:25:57.876789 n-d-829613-2 devstack@n-api.service[117855]: DEBUG nova.api.openstack.wsgi [None req-7bff3649-57fe-4fe4-ac0c-ec4f8e9b7f44 tempest-LiveAutoBlockMigrationV225Test-1227362420 tempest-LiveAutoBlockMigrationV225Test-1227362420-project] Calling method '>' {{(pid=117855) _process_stack /opt/stack/nova/nova/api/openstack/wsgi.py:513}}
Feb 17 17:25:57.877422 n-d-829613-2 devstack@n-api.service[117855]: DEBUG nova.compute.api [None req-7bff3649-57fe-4fe4-ac0c-ec4f8e9b7f44 tempest-LiveAutoBlockMigrationV225Test-1227362420 tempest-LiveAutoBlockMigrationV225Test-1227362420-project] [instance: 9accda19-65b6-4f5e-8a2b-7acd9fe528a3] Fetching instance by UUID {{(pid=117855) get /opt/stack/nova/nova/compute/api.py:2865}}
Feb 17 17:25:57.886698 n-d-829613-2 devstack@n-api.service[117855]: DEBUG oslo_concurrency.lockutils [None req-7bff3649-57fe-4fe4-ac0c-ec4f8e9b7f44 tempest-LiveAutoBlockMigrationV225Test-1227362420 tempest-LiveAutoBlockMigrationV225Test-1227362420-project] Lock "621fecae-6a33-4857-ab93-2a16d6fffc29" acquired by "nova.context.set_target_cell..get_or_set_cached_cell_and_set_connections" :: waited 0.000s {{(pid=117855) inner /usr/local/lib/python3.8/dist-packages/oslo_concurrency/lockutils.py:386}}
Feb 17 17:25:57.887322 n-d-829613-2 devstack@n-api.service[117855]: DEBUG oslo_concurrency.lockutils [None req-7bff3649-57fe-4fe4-ac0c-ec4f8e9b7f44 tempest-LiveAutoBlockMigrationV225Test-1227362420 tempest-LiveAutoBlockMigrationV225Test-1227362420-project] Lock "621fecae-6a33-4857-ab93-2a16d6fffc29" "released" by "nova.context.set_target_cell..get_or_set_cached_cell_and_set_connections" :: held 0.001s {{(pid=117855) inner /usr/local/lib/python3.8/dist-packages/oslo_concurrency/lockutils.py:400}}
Feb 17 17:25:57.888907 n-d-829613-2 devstack@n-api.service[117855]: DEBUG oslo_concurrency.lockutils [None req-7bff3649-57fe-4fe4-ac0c-ec4f8e9b7f44 tempest-LiveAutoBlockMigrationV225Test-1227362420 tempest-LiveAutoBlockMigrationV225Test-1227362420-project] Lock "621fecae-6a33-4857-ab93-2a16d6fffc29" acquired by "nova.context.set_target_cell..get_or_set_cached_cell_and_set_connections" :: waited 0.000s {{(pid=117855) inner /usr/local/lib/python3.8/dist-packages/oslo_concurrency/lockutils.py:386}}
Feb 17 17:25:57.890097 n-d-829613-2 devstack@n-api.service[117855]: DEBUG oslo_concurrency.lockutils [None req-7bff3649-57fe-4fe4-ac0c-ec4f8e9b7f44 tempest-LiveAutoBlockMigrationV225Test-1227362420 tempest-LiveAutoBlockMigrationV225Test-1227362420-project] Lock "621fecae-6a33-4857-ab93-2a16d6fffc29" "released" by "nova.context.set_target_cell..get_or_set_cached_cell_and_set_connections" :: held 0.001s {{(pid=117855) inner /usr/local/lib/python3.8/dist-packages/oslo_concurrency/lockutils.py:400}}
Feb 17 17:25:58.513356 n-d-829613-2 devstack@n-api.service[117854]: DEBUG nova.policy [None req-a47e74bc-bbb0-4f3e-b6cb-5cb827615e6d tempest-DeleteServersAdminTestJSON-728459490 tempest-DeleteServersAdminTestJSON-728459490-project] Policy check for os_compute_api:os-extended-server-attributes failed with credentials {'is_admin': False, 'user_id': '85926785ee6d48fe9a270d18c0415bb6', 'user_domain_id': 'default', 'system_scope': None, 'domain_id': None, 'project_id': '9a070c5dbb0e45a9a377bd1923970eac', 'project_domain_id': 'default', 'roles': ['member', 'reader'], 'is_admin_project': True, 'service_user_id': None, 'service_user_domain_id': None, 'service_project_id': None, 'service_project_domain_id': None, 'service_roles': []} {{(pid=117854) authorize /opt/stack/nova/nova/policy.py:199}}
Feb 17 17:25:58.537584 n-d-829613-2 devstack@n-api.service[117854]: INFO nova.api.openstack.requestlog [None req-a47e74bc-bbb0-4f3e-b6cb-5cb827615e6d tempest-DeleteServersAdminTestJSON-728459490 tempest-DeleteServersAdminTestJSON-728459490-project] 10.222.0.87 "GET /compute/v2.1/servers/2c7fdd93-50ba-4a0e-8287-7980cfeda1ab" status: 200 len: 1319 microversion: 2.1 time: 0.794338
Feb 17 17:25:58.547975 n-d-829613-2 devstack@n-api.service[117854]: [pid: 117854|app: 0|req: 117/252] 10.222.0.87 () {58 vars in 1235 bytes} [Thu Feb 17 17:25:57 2022] GET /compute/v2.1/servers/2c7fdd93-50ba-4a0e-8287-7980cfeda1ab => generated 1319 bytes in 800 msecs (HTTP/1.1 200) 9 headers in 358 bytes (1 switches on core 0)
Feb 17 17:25:58.549649 n-d-829613-2 devstack@n-api.service[117854]: DEBUG nova.api.openstack.wsgi [None req-af09aa40-75b6-4f8c-b49d-88b380f48b10 tempest-AggregatesAdminTestJSON-576197735 tempest-AggregatesAdminTestJSON-576197735-project-admin] Action: 'action', calling method: >, body: {"add_host": {"host": "n-h1-829613-2"}} {{(pid=117854) _process_stack /opt/stack/nova/nova/api/openstack/wsgi.py:511}}
Feb 17 17:25:58.553140 n-d-829613-2 devstack@n-api.service[117854]: /usr/local/lib/python3.8/dist-packages/oslo_policy/policy.py:1119: UserWarning: Policy "os_compute_api:os-aggregates:add_host": "rule:system_admin_api" failed scope check. The token used to make the request was project scoped but the policy requires ['system'] scope. This behavior may change in the future where using the intended scope is required
Feb 17 17:25:58.553140 n-d-829613-2 devstack@n-api.service[117854]: warnings.warn(msg)
Feb 17 17:25:58.565600 n-d-829613-2 devstack@n-api.service[117854]: DEBUG oslo_concurrency.lockutils [None req-af09aa40-75b6-4f8c-b49d-88b380f48b10 tempest-AggregatesAdminTestJSON-576197735 tempest-AggregatesAdminTestJSON-576197735-project-admin] Lock "621fecae-6a33-4857-ab93-2a16d6fffc29" acquired by "nova.context.set_target_cell..get_or_set_cached_cell_and_set_connections" :: waited 0.000s {{(pid=117854) inner /usr/local/lib/python3.8/dist-packages/oslo_concurrency/lockutils.py:386}}
Feb 17 17:25:58.565968 n-d-829613-2 devstack@n-api.service[117854]: DEBUG oslo_concurrency.lockutils [None req-af09aa40-75b6-4f8c-b49d-88b380f48b10 tempest-AggregatesAdminTestJSON-576197735 tempest-AggregatesAdminTestJSON-576197735-project-admin] Lock "621fecae-6a33-4857-ab93-2a16d6fffc29" "released" by "nova.context.set_target_cell..get_or_set_cached_cell_and_set_connections" :: held 0.001s {{(pid=117854) inner /usr/local/lib/python3.8/dist-packages/oslo_concurrency/lockutils.py:400}}
Feb 17 17:25:58.567221 n-d-829613-2 devstack@n-api.service[117855]: DEBUG nova.policy [None req-7bff3649-57fe-4fe4-ac0c-ec4f8e9b7f44 tempest-LiveAutoBlockMigrationV225Test-1227362420 tempest-LiveAutoBlockMigrationV225Test-1227362420-project] Policy check for os_compute_api:os-extended-server-attributes failed with credentials {'is_admin': False, 'user_id': 'db96499f46324eac9aa72f5e3acee917', 'user_domain_id': 'default', 'system_scope': None, 'domain_id': None, 'project_id': '5bb8389d8da44943868afc5c1f119806', 'project_domain_id': 'default', 'roles': ['member', 'reader'], 'is_admin_project': True, 'service_user_id': None, 'service_user_domain_id': None, 'service_project_id': None, 'service_project_domain_id': None, 'service_roles': []} {{(pid=117855) authorize /opt/stack/nova/nova/policy.py:199}}
Feb 17 17:25:58.575249 n-d-829613-2 devstack@n-api.service[117855]: DEBUG nova.policy [None req-7bff3649-57fe-4fe4-ac0c-ec4f8e9b7f44 tempest-LiveAutoBlockMigrationV225Test-1227362420 tempest-LiveAutoBlockMigrationV225Test-1227362420-project] Policy check for os_compute_api:servers:show:host_status failed with credentials {'is_admin': False, 'user_id': 'db96499f46324eac9aa72f5e3acee917', 'user_domain_id': 'default', 'system_scope': None, 'domain_id': None, 'project_id': '5bb8389d8da44943868afc5c1f119806', 'project_domain_id': 'default', 'roles': ['member', 'reader'], 'is_admin_project': True, 'service_user_id': None, 'service_user_domain_id': None, 'service_project_id': None, 'service_project_domain_id': None, 'service_roles': []} {{(pid=117855) authorize /opt/stack/nova/nova/policy.py:199}}
Feb 17 17:25:58.576811 n-d-829613-2 devstack@n-api.service[117855]: DEBUG nova.policy [None req-7bff3649-57fe-4fe4-ac0c-ec4f8e9b7f44 tempest-LiveAutoBlockMigrationV225Test-1227362420 tempest-LiveAutoBlockMigrationV225Test-1227362420-project] Policy check for os_compute_api:servers:show:host_status:unknown-only failed with credentials {'is_admin': False, 'user_id': 'db96499f46324eac9aa72f5e3acee917', 'user_domain_id': 'default', 'system_scope': None, 'domain_id': None, 'project_id': '5bb8389d8da44943868afc5c1f119806', 'project_domain_id': 'default', 'roles': ['member', 'reader'], 'is_admin_project': True, 'service_user_id': None, 'service_user_domain_id': None, 'service_project_id': None, 'service_project_domain_id': None, 'service_roles': []} {{(pid=117855) authorize /opt/stack/nova/nova/policy.py:199}}
Feb 17 17:25:58.577943 n-d-829613-2 devstack@n-api.service[117855]: INFO nova.api.openstack.requestlog [None req-7bff3649-57fe-4fe4-ac0c-ec4f8e9b7f44 tempest-LiveAutoBlockMigrationV225Test-1227362420 tempest-LiveAutoBlockMigrationV225Test-1227362420-project] 10.222.0.87 "GET /compute/v2.1/servers/9accda19-65b6-4f5e-8a2b-7acd9fe528a3" status: 200 len: 1361 microversion: 2.25 time: 0.705868
Feb 17 17:25:58.596757 n-d-829613-2 devstack@n-api.service[117855]: [pid: 117855|app: 0|req: 136/253] 10.222.0.87 () {60 vars in 1276 bytes} [Thu Feb 17 17:25:57 2022] GET /compute/v2.1/servers/9accda19-65b6-4f5e-8a2b-7acd9fe528a3 => generated 1361 bytes in 725 msecs (HTTP/1.1 200) 9 headers in 360 bytes (1 switches on core 0)
Feb 17 17:25:58.606301 n-d-829613-2 devstack@n-api.service[117855]: DEBUG nova.api.openstack.wsgi [None req-e2773bb5-34d3-4ec3-a07f-a1e033395fda tempest-AggregatesAdminNegativeTestJSON-929183944 tempest-AggregatesAdminNegativeTestJSON-929183944-project] Calling method '>' {{(pid=117855) _process_stack /opt/stack/nova/nova/api/openstack/wsgi.py:513}}
Feb 17 17:25:58.607104 n-d-829613-2 devstack@n-api.service[117855]: /usr/local/lib/python3.8/dist-packages/oslo_policy/policy.py:1119: UserWarning: Policy "os_compute_api:os-aggregates:delete": "rule:system_admin_api" failed scope check. The token used to make the request was project scoped but the policy requires ['system'] scope. This behavior may change in the future where using the intended scope is required
Feb 17 17:25:58.607104 n-d-829613-2 devstack@n-api.service[117855]: warnings.warn(msg)
Feb 17 17:25:58.608146 n-d-829613-2 devstack@n-api.service[117855]: DEBUG nova.policy [None req-e2773bb5-34d3-4ec3-a07f-a1e033395fda tempest-AggregatesAdminNegativeTestJSON-929183944 tempest-AggregatesAdminNegativeTestJSON-929183944-project] Policy check for os_compute_api:os-aggregates:delete failed with credentials {'is_admin': False, 'user_id': 'aa174b9976a04bf1b4571439eb2e775f', 'user_domain_id': 'default', 'system_scope': None, 'domain_id': None, 'project_id': '6e57862680f143128a34ee23f793eeec', 'project_domain_id': 'default', 'roles': ['member', 'reader'], 'is_admin_project': True, 'service_user_id': None, 'service_user_domain_id': None, 'service_project_id': None, 'service_project_domain_id': None, 'service_roles': []} {{(pid=117855) authorize /opt/stack/nova/nova/policy.py:199}}
Feb 17 17:25:58.609079 n-d-829613-2 devstack@n-api.service[117855]: DEBUG nova.api.openstack.wsgi [None req-e2773bb5-34d3-4ec3-a07f-a1e033395fda tempest-AggregatesAdminNegativeTestJSON-929183944 tempest-AggregatesAdminNegativeTestJSON-929183944-project] Returning 403 to user: Policy doesn't allow os_compute_api:os-aggregates:delete to be performed. {{(pid=117855) __call__ /opt/stack/nova/nova/api/openstack/wsgi.py:936}}
Feb 17 17:25:58.610113 n-d-829613-2 devstack@n-api.service[117855]: INFO nova.api.openstack.requestlog [None req-e2773bb5-34d3-4ec3-a07f-a1e033395fda tempest-AggregatesAdminNegativeTestJSON-929183944 tempest-AggregatesAdminNegativeTestJSON-929183944-project] 10.222.0.87 "DELETE /compute/v2.1/os-aggregates/10" status: 403 len: 116 microversion: 2.1 time: 0.012067
Feb 17 17:25:58.614139 n-d-829613-2 devstack@n-api.service[117855]: [pid: 117855|app: 0|req: 137/254] 10.222.0.87 () {58 vars in 1154 bytes} [Thu Feb 17 17:25:58 2022] DELETE /compute/v2.1/os-aggregates/10 => generated 116 bytes in 17 msecs (HTTP/1.1 403) 9 headers in 379 bytes (1 switches on core 0)
Feb 17 17:25:58.619839 n-d-829613-2 devstack@n-api.service[117855]: DEBUG nova.api.openstack.wsgi [req-e1a0c61b-5877-49a1-be8d-a56a822ad912 req-22d5bb58-80a2-4f44-9a35-440f13dafc89 service nova] Action: 'create', calling method: >, body: {"events": [{"server_uuid": "0048194a-7ecd-4b9e-a745-5d1cf715ba0a", "name": "network-vif-unplugged", "status": "completed", "tag": "e78fbb4a-426d-46ae-b511-f6e99e429d71"}, {"name": "network-changed", "server_uuid": "0048194a-7ecd-4b9e-a745-5d1cf715ba0a", "tag": "e78fbb4a-426d-46ae-b511-f6e99e429d71"}]} {{(pid=117855) _process_stack /opt/stack/nova/nova/api/openstack/wsgi.py:511}}
Feb 17 17:25:58.621483 n-d-829613-2 devstack@n-api.service[117855]: /usr/local/lib/python3.8/dist-packages/oslo_policy/policy.py:1119: UserWarning: Policy "os_compute_api:os-server-external-events:create": "rule:system_admin_api" failed scope check. The token used to make the request was project scoped but the policy requires ['system'] scope. This behavior may change in the future where using the intended scope is required
Feb 17 17:25:58.621483 n-d-829613-2 devstack@n-api.service[117855]: warnings.warn(msg)
Feb 17 17:25:58.631820 n-d-829613-2 devstack@n-api.service[117855]: DEBUG oslo_concurrency.lockutils [req-e1a0c61b-5877-49a1-be8d-a56a822ad912 req-22d5bb58-80a2-4f44-9a35-440f13dafc89 service nova] Lock "621fecae-6a33-4857-ab93-2a16d6fffc29" acquired by "nova.context.set_target_cell..get_or_set_cached_cell_and_set_connections" :: waited 0.000s {{(pid=117855) inner /usr/local/lib/python3.8/dist-packages/oslo_concurrency/lockutils.py:386}}
Feb 17 17:25:58.632980 n-d-829613-2 devstack@n-api.service[117855]: DEBUG oslo_concurrency.lockutils [req-e1a0c61b-5877-49a1-be8d-a56a822ad912 req-22d5bb58-80a2-4f44-9a35-440f13dafc89 service nova] Lock "621fecae-6a33-4857-ab93-2a16d6fffc29" "released" by "nova.context.set_target_cell..get_or_set_cached_cell_and_set_connections" :: held 0.001s {{(pid=117855) inner /usr/local/lib/python3.8/dist-packages/oslo_concurrency/lockutils.py:400}}
Feb 17 17:25:58.647654 n-d-829613-2 devstack@n-api.service[117855]: INFO nova.api.openstack.compute.server_external_events [req-e1a0c61b-5877-49a1-be8d-a56a822ad912 req-22d5bb58-80a2-4f44-9a35-440f13dafc89 service nova] Creating event network-vif-unplugged:e78fbb4a-426d-46ae-b511-f6e99e429d71 for instance 0048194a-7ecd-4b9e-a745-5d1cf715ba0a on n-h2-829613-2
Feb 17 17:25:58.648169 n-d-829613-2 devstack@n-api.service[117855]: INFO nova.api.openstack.compute.server_external_events [req-e1a0c61b-5877-49a1-be8d-a56a822ad912 req-22d5bb58-80a2-4f44-9a35-440f13dafc89 service nova] Creating event network-changed:e78fbb4a-426d-46ae-b511-f6e99e429d71 for instance 0048194a-7ecd-4b9e-a745-5d1cf715ba0a on n-h2-829613-2
Feb 17 17:25:58.661903 n-d-829613-2 devstack@n-api.service[117855]: INFO nova.api.openstack.requestlog [req-e1a0c61b-5877-49a1-be8d-a56a822ad912 req-22d5bb58-80a2-4f44-9a35-440f13dafc89 service nova] 10.222.0.87 "POST /compute/v2.1/os-server-external-events" status: 200 len: 352 microversion: 2.1 time: 0.046342
Feb 17 17:25:58.668462 n-d-829613-2 devstack@n-api.service[117855]: [pid: 117855|app: 0|req: 138/255] 10.222.0.87 () {64 vars in 1317 bytes} [Thu Feb 17 17:25:58 2022] POST /compute/v2.1/os-server-external-events => generated 352 bytes in 54 msecs (HTTP/1.1 200) 9 headers in 357 bytes (1 switches on core 0)
Feb 17 17:25:58.673762 n-d-829613-2 devstack@n-api.service[117855]: DEBUG nova.api.openstack.wsgi [None req-ae4322b4-c90b-486f-82bb-a77c558e277b tempest-ServersOnMultiNodesTest-1270989106 tempest-ServersOnMultiNodesTest-1270989106-project] Calling method '>' {{(pid=117855) _process_stack /opt/stack/nova/nova/api/openstack/wsgi.py:513}}
Feb 17 17:25:58.674477 n-d-829613-2 devstack@n-api.service[117855]: DEBUG nova.compute.api [None req-ae4322b4-c90b-486f-82bb-a77c558e277b tempest-ServersOnMultiNodesTest-1270989106 tempest-ServersOnMultiNodesTest-1270989106-project] [instance: 176b119e-d1f9-4266-b32c-eefc86ceeabe] Fetching instance by UUID {{(pid=117855) get /opt/stack/nova/nova/compute/api.py:2865}}
Feb 17 17:25:58.690209 n-d-829613-2 devstack@n-api.service[117855]: DEBUG oslo_concurrency.lockutils [None req-ae4322b4-c90b-486f-82bb-a77c558e277b tempest-ServersOnMultiNodesTest-1270989106 tempest-ServersOnMultiNodesTest-1270989106-project] Lock "621fecae-6a33-4857-ab93-2a16d6fffc29" acquired by "nova.context.set_target_cell..get_or_set_cached_cell_and_set_connections" :: waited 0.000s {{(pid=117855) inner /usr/local/lib/python3.8/dist-packages/oslo_concurrency/lockutils.py:386}}
Feb 17 17:25:58.690905 n-d-829613-2 devstack@n-api.service[117855]: DEBUG oslo_concurrency.lockutils [None req-ae4322b4-c90b-486f-82bb-a77c558e277b tempest-ServersOnMultiNodesTest-1270989106 tempest-ServersOnMultiNodesTest-1270989106-project] Lock "621fecae-6a33-4857-ab93-2a16d6fffc29" "released" by "nova.context.set_target_cell..get_or_set_cached_cell_and_set_connections" :: held 0.001s {{(pid=117855) inner /usr/local/lib/python3.8/dist-packages/oslo_concurrency/lockutils.py:400}}
Feb 17 17:25:58.691876 n-d-829613-2 devstack@n-api.service[117855]: DEBUG oslo_concurrency.lockutils [None req-ae4322b4-c90b-486f-82bb-a77c558e277b tempest-ServersOnMultiNodesTest-1270989106 tempest-ServersOnMultiNodesTest-1270989106-project] Lock "621fecae-6a33-4857-ab93-2a16d6fffc29" acquired by "nova.context.set_target_cell..get_or_set_cached_cell_and_set_connections" :: waited 0.000s {{(pid=117855) inner /usr/local/lib/python3.8/dist-packages/oslo_concurrency/lockutils.py:386}}
Feb 17 17:25:58.692497 n-d-829613-2 devstack@n-api.service[117855]: DEBUG oslo_concurrency.lockutils [None req-ae4322b4-c90b-486f-82bb-a77c558e277b tempest-ServersOnMultiNodesTest-1270989106 tempest-ServersOnMultiNodesTest-1270989106-project] Lock "621fecae-6a33-4857-ab93-2a16d6fffc29" "released" by "nova.context.set_target_cell..get_or_set_cached_cell_and_set_connections" :: held 0.001s {{(pid=117855) inner /usr/local/lib/python3.8/dist-packages/oslo_concurrency/lockutils.py:400}}
Feb 17 17:25:58.762345 n-d-829613-2 devstack@n-api.service[117854]: INFO nova.api.openstack.requestlog [None req-af09aa40-75b6-4f8c-b49d-88b380f48b10 tempest-AggregatesAdminTestJSON-576197735 tempest-AggregatesAdminTestJSON-576197735-project-admin] 10.222.0.87 "POST /compute/v2.1/os-aggregates/9/action" status: 200 len: 240 microversion: 2.1 time: 0.219323
Feb 17 17:25:58.763401 n-d-829613-2 devstack@n-api.service[117854]: [pid: 117854|app: 0|req: 118/256] 10.222.0.87 () {60 vars in 1190 bytes} [Thu Feb 17 17:25:58 2022] POST /compute/v2.1/os-aggregates/9/action => generated 240 bytes in 222 msecs (HTTP/1.1 200) 9 headers in 357 bytes (1 switches on core 0)
Feb 17 17:25:58.768871 n-d-829613-2 devstack@n-api.service[117854]: DEBUG nova.api.openstack.wsgi [None req-68affb17-80f1-4c65-a6aa-c63b332e31bf tempest-AggregatesAdminNegativeTestJSON-949195312 tempest-AggregatesAdminNegativeTestJSON-949195312-project-admin] Calling method '>' {{(pid=117854) _process_stack /opt/stack/nova/nova/api/openstack/wsgi.py:513}}
Feb 17 17:25:58.780463 n-d-829613-2 devstack@n-api.service[117854]: /usr/local/lib/python3.8/dist-packages/oslo_policy/policy.py:1119: UserWarning: Policy "os_compute_api:os-aggregates:delete": "rule:system_admin_api" failed scope check. The token used to make the request was project scoped but the policy requires ['system'] scope. This behavior may change in the future where using the intended scope is required
Feb 17 17:25:58.780463 n-d-829613-2 devstack@n-api.service[117854]: warnings.warn(msg)
Feb 17 17:25:58.823464 n-d-829613-2 devstack@n-api.service[117854]: INFO nova.api.openstack.requestlog [None req-68affb17-80f1-4c65-a6aa-c63b332e31bf tempest-AggregatesAdminNegativeTestJSON-949195312 tempest-AggregatesAdminNegativeTestJSON-949195312-project-admin] 10.222.0.87 "DELETE /compute/v2.1/os-aggregates/10" status: 200 len: 0 microversion: 2.1 time: 0.058693
Feb 17 17:25:58.824161 n-d-829613-2 devstack@n-api.service[117854]: [pid: 117854|app: 0|req: 119/257] 10.222.0.87 () {58 vars in 1154 bytes} [Thu Feb 17 17:25:58 2022] DELETE /compute/v2.1/os-aggregates/10 => generated 0 bytes in 60 msecs (HTTP/1.1 200) 9 headers in 355 bytes (1 switches on core 0)
Feb 17 17:25:58.829415 n-d-829613-2 devstack@n-api.service[117854]: DEBUG nova.api.openstack.wsgi [None req-56f7da30-e0a7-4fe7-bbd3-32f4b7c6548f tempest-LiveMigrationTest-536286822 tempest-LiveMigrationTest-536286822-project] Calling method '>' {{(pid=117854) _process_stack /opt/stack/nova/nova/api/openstack/wsgi.py:513}}
Feb 17 17:25:58.830472 n-d-829613-2 devstack@n-api.service[117854]: DEBUG nova.compute.api [None req-56f7da30-e0a7-4fe7-bbd3-32f4b7c6548f tempest-LiveMigrationTest-536286822 tempest-LiveMigrationTest-536286822-project] [instance: 0048194a-7ecd-4b9e-a745-5d1cf715ba0a] Fetching instance by UUID {{(pid=117854) get /opt/stack/nova/nova/compute/api.py:2865}}
Feb 17 17:25:58.839626 n-d-829613-2 devstack@n-api.service[117854]: DEBUG oslo_concurrency.lockutils [None req-56f7da30-e0a7-4fe7-bbd3-32f4b7c6548f tempest-LiveMigrationTest-536286822 tempest-LiveMigrationTest-536286822-project] Lock "621fecae-6a33-4857-ab93-2a16d6fffc29" acquired by "nova.context.set_target_cell..get_or_set_cached_cell_and_set_connections" :: waited 0.000s {{(pid=117854) inner /usr/local/lib/python3.8/dist-packages/oslo_concurrency/lockutils.py:386}}
Feb 17 17:25:58.840774 n-d-829613-2 devstack@n-api.service[117854]: DEBUG oslo_concurrency.lockutils [None req-56f7da30-e0a7-4fe7-bbd3-32f4b7c6548f tempest-LiveMigrationTest-536286822 tempest-LiveMigrationTest-536286822-project] Lock "621fecae-6a33-4857-ab93-2a16d6fffc29" "released" by "nova.context.set_target_cell..get_or_set_cached_cell_and_set_connections" :: held 0.001s {{(pid=117854) inner /usr/local/lib/python3.8/dist-packages/oslo_concurrency/lockutils.py:400}}
Feb 17 17:25:58.841827 n-d-829613-2 devstack@n-api.service[117854]: DEBUG oslo_concurrency.lockutils [None req-56f7da30-e0a7-4fe7-bbd3-32f4b7c6548f tempest-LiveMigrationTest-536286822 tempest-LiveMigrationTest-536286822-project] Lock "621fecae-6a33-4857-ab93-2a16d6fffc29" acquired by "nova.context.set_target_cell..get_or_set_cached_cell_and_set_connections" :: waited 0.000s {{(pid=117854) inner /usr/local/lib/python3.8/dist-packages/oslo_concurrency/lockutils.py:386}}
Feb 17 17:25:58.842442 n-d-829613-2 devstack@n-api.service[117854]: DEBUG oslo_concurrency.lockutils [None req-56f7da30-e0a7-4fe7-bbd3-32f4b7c6548f tempest-LiveMigrationTest-536286822 tempest-LiveMigrationTest-536286822-project] Lock "621fecae-6a33-4857-ab93-2a16d6fffc29" "released" by "nova.context.set_target_cell..get_or_set_cached_cell_and_set_connections" :: held 0.001s {{(pid=117854) inner /usr/local/lib/python3.8/dist-packages/oslo_concurrency/lockutils.py:400}}
Feb 17 17:25:59.069501 n-d-829613-2 devstack@n-api.service[117855]: DEBUG nova.policy [None req-ae4322b4-c90b-486f-82bb-a77c558e277b tempest-ServersOnMultiNodesTest-1270989106 tempest-ServersOnMultiNodesTest-1270989106-project] Policy check for os_compute_api:os-extended-server-attributes failed with credentials {'is_admin': False, 'user_id': 'a2330af7cb8644d69d6dbfaf3aa41318', 'user_domain_id': 'default', 'system_scope': None, 'domain_id': None, 'project_id': '673fd82048cd49c18f82ffc2fb910a6e', 'project_domain_id': 'default', 'roles': ['member', 'reader'], 'is_admin_project': True, 'service_user_id': None, 'service_user_domain_id': None, 'service_project_id': None, 'service_project_domain_id': None, 'service_roles': []} {{(pid=117855) authorize /opt/stack/nova/nova/policy.py:199}}
Feb 17 17:25:59.077867 n-d-829613-2 devstack@n-api.service[117855]: INFO nova.api.openstack.requestlog [None req-ae4322b4-c90b-486f-82bb-a77c558e277b tempest-ServersOnMultiNodesTest-1270989106 tempest-ServersOnMultiNodesTest-1270989106-project] 10.222.0.87 "GET /compute/v2.1/servers/176b119e-d1f9-4266-b32c-eefc86ceeabe" status: 200 len: 1316 microversion: 2.1 time: 0.407928
Feb 17 17:25:59.089234 n-d-829613-2 devstack@n-api.service[117855]: [pid: 117855|app: 0|req: 139/258] 10.222.0.87 () {58 vars in 1235 bytes} [Thu Feb 17 17:25:58 2022] GET /compute/v2.1/servers/176b119e-d1f9-4266-b32c-eefc86ceeabe => generated 1316 bytes in 420 msecs (HTTP/1.1 200) 9 headers in 358 bytes (1 switches on core 0)
Feb 17 17:25:59.094843 n-d-829613-2 devstack@n-api.service[117855]: DEBUG nova.api.openstack.wsgi [None req-4cbcfa24-f3a5-4e41-90d4-2a04f0e84381 tempest-AggregatesAdminTestJSON-576197735 tempest-AggregatesAdminTestJSON-576197735-project-admin] Action: 'action', calling method: >, body: {"remove_host": {"host": "n-h1-829613-2"}} {{(pid=117855) _process_stack /opt/stack/nova/nova/api/openstack/wsgi.py:511}}
Feb 17 17:25:59.096306 n-d-829613-2 devstack@n-api.service[117855]: /usr/local/lib/python3.8/dist-packages/oslo_policy/policy.py:1119: UserWarning: Policy "os_compute_api:os-aggregates:remove_host": "rule:system_admin_api" failed scope check. The token used to make the request was project scoped but the policy requires ['system'] scope. This behavior may change in the future where using the intended scope is required
Feb 17 17:25:59.096306 n-d-829613-2 devstack@n-api.service[117855]: warnings.warn(msg)
Feb 17 17:25:59.104940 n-d-829613-2 devstack@n-api.service[117855]: DEBUG oslo_concurrency.lockutils [None req-4cbcfa24-f3a5-4e41-90d4-2a04f0e84381 tempest-AggregatesAdminTestJSON-576197735 tempest-AggregatesAdminTestJSON-576197735-project-admin] Lock "621fecae-6a33-4857-ab93-2a16d6fffc29" acquired by "nova.context.set_target_cell..get_or_set_cached_cell_and_set_connections" :: waited 0.000s {{(pid=117855) inner /usr/local/lib/python3.8/dist-packages/oslo_concurrency/lockutils.py:386}}
Feb 17 17:25:59.105539 n-d-829613-2 devstack@n-api.service[117855]: DEBUG oslo_concurrency.lockutils [None req-4cbcfa24-f3a5-4e41-90d4-2a04f0e84381 tempest-AggregatesAdminTestJSON-576197735 tempest-AggregatesAdminTestJSON-576197735-project-admin] Lock "621fecae-6a33-4857-ab93-2a16d6fffc29" "released" by "nova.context.set_target_cell..get_or_set_cached_cell_and_set_connections" :: held 0.001s {{(pid=117855) inner /usr/local/lib/python3.8/dist-packages/oslo_concurrency/lockutils.py:400}}
Feb 17 17:25:59.207396 n-d-829613-2 devstack@n-api.service[117854]: DEBUG nova.policy [None req-56f7da30-e0a7-4fe7-bbd3-32f4b7c6548f tempest-LiveMigrationTest-536286822 tempest-LiveMigrationTest-536286822-project] Policy check for os_compute_api:os-extended-server-attributes failed with credentials {'is_admin': False, 'user_id': '8429ddd23c2d485091e3a686c6fcaa2c', 'user_domain_id': 'default', 'system_scope': None, 'domain_id': None, 'project_id': 'f8aea314af29468ab6557472620785fc', 'project_domain_id': 'default', 'roles': ['member', 'reader'], 'is_admin_project': True, 'service_user_id': None, 'service_user_domain_id': None, 'service_project_id': None, 'service_project_domain_id': None, 'service_roles': []} {{(pid=117854) authorize /opt/stack/nova/nova/policy.py:199}}
Feb 17 17:25:59.215445 n-d-829613-2 devstack@n-api.service[117854]: INFO nova.api.openstack.requestlog [None req-56f7da30-e0a7-4fe7-bbd3-32f4b7c6548f tempest-LiveMigrationTest-536286822 tempest-LiveMigrationTest-536286822-project] 10.222.0.87 "GET /compute/v2.1/servers/0048194a-7ecd-4b9e-a745-5d1cf715ba0a" status: 200 len: 1504 microversion: 2.1 time: 0.390128
Feb 17 17:25:59.216230 n-d-829613-2 devstack@n-api.service[117854]: [pid: 117854|app: 0|req: 120/259] 10.222.0.87 () {58 vars in 1235 bytes} [Thu Feb 17 17:25:58 2022] GET /compute/v2.1/servers/0048194a-7ecd-4b9e-a745-5d1cf715ba0a => generated 1504 bytes in 391 msecs (HTTP/1.1 200) 9 headers in 358 bytes (1 switches on core 0)
Feb 17 17:25:59.220276 n-d-829613-2 devstack@n-api.service[117854]: DEBUG nova.api.openstack.wsgi [None req-7274fffc-eef9-446f-887e-2b86347ae6a5 tempest-AggregatesAdminNegativeTestJSON-949195312 tempest-AggregatesAdminNegativeTestJSON-949195312-project-admin] Calling method '>' {{(pid=117854) _process_stack /opt/stack/nova/nova/api/openstack/wsgi.py:513}}
Feb 17 17:25:59.221039 n-d-829613-2 devstack@n-api.service[117854]: /usr/local/lib/python3.8/dist-packages/oslo_policy/policy.py:1119: UserWarning: Policy "os_compute_api:os-aggregates:delete": "rule:system_admin_api" failed scope check. The token used to make the request was project scoped but the policy requires ['system'] scope. This behavior may change in the future where using the intended scope is required
Feb 17 17:25:59.221039 n-d-829613-2 devstack@n-api.service[117854]: warnings.warn(msg)
Feb 17 17:25:59.240841 n-d-829613-2 devstack@n-api.service[117855]: INFO nova.api.openstack.requestlog [None req-4cbcfa24-f3a5-4e41-90d4-2a04f0e84381 tempest-AggregatesAdminTestJSON-576197735 tempest-AggregatesAdminTestJSON-576197735-project-admin] 10.222.0.87 "POST /compute/v2.1/os-aggregates/9/action" status: 200 len: 225 microversion: 2.1 time: 0.150358
Feb 17 17:25:59.241503 n-d-829613-2 devstack@n-api.service[117855]: [pid: 117855|app: 0|req: 140/260] 10.222.0.87 () {60 vars in 1190 bytes} [Thu Feb 17 17:25:59 2022] POST /compute/v2.1/os-aggregates/9/action => generated 225 bytes in 152 msecs (HTTP/1.1 200) 9 headers in 357 bytes (1 switches on core 0)
Feb 17 17:25:59.248157 n-d-829613-2 devstack@n-api.service[117854]: INFO nova.api.openstack.wsgi [None req-7274fffc-eef9-446f-887e-2b86347ae6a5 tempest-AggregatesAdminNegativeTestJSON-949195312 tempest-AggregatesAdminNegativeTestJSON-949195312-project-admin] HTTP exception thrown: Aggregate -1 could not be found.
Feb 17 17:25:59.248814 n-d-829613-2 devstack@n-api.service[117854]: DEBUG nova.api.openstack.wsgi [None req-7274fffc-eef9-446f-887e-2b86347ae6a5 tempest-AggregatesAdminNegativeTestJSON-949195312 tempest-AggregatesAdminNegativeTestJSON-949195312-project-admin] Returning 404 to user: Aggregate -1 could not be found. {{(pid=117854) __call__ /opt/stack/nova/nova/api/openstack/wsgi.py:936}}
Feb 17 17:25:59.249654 n-d-829613-2 devstack@n-api.service[117854]: INFO nova.api.openstack.requestlog [None req-7274fffc-eef9-446f-887e-2b86347ae6a5 tempest-AggregatesAdminNegativeTestJSON-949195312 tempest-AggregatesAdminNegativeTestJSON-949195312-project-admin] 10.222.0.87 "DELETE /compute/v2.1/os-aggregates/-1" status: 404 len: 78 microversion: 2.1 time: 0.032691
Feb 17 17:25:59.250438 n-d-829613-2 devstack@n-api.service[117854]: [pid: 117854|app: 0|req: 121/261] 10.222.0.87 () {58 vars in 1154 bytes} [Thu Feb 17 17:25:59 2022] DELETE /compute/v2.1/os-aggregates/-1 => generated 78 bytes in 34 msecs (HTTP/1.1 404) 9 headers in 378 bytes (1 switches on core 0)
Feb 17 17:25:59.263495 n-d-829613-2 devstack@n-api.service[117855]: DEBUG nova.api.openstack.wsgi [req-29cd05bb-bac6-4270-b063-2aa5221295e2 req-660eac88-ba26-4987-865a-c2899db79f39 service nova] Action: 'create', calling method: >, body: {"events": [{"server_uuid": "2c7fdd93-50ba-4a0e-8287-7980cfeda1ab", "name": "network-vif-plugged", "status": "completed", "tag": "47c977fb-ba76-4981-a726-fc115ccc6275"}]} {{(pid=117855) _process_stack /opt/stack/nova/nova/api/openstack/wsgi.py:511}}
Feb 17 17:25:59.267319 n-d-829613-2 devstack@n-api.service[117854]: DEBUG nova.api.openstack.wsgi [None req-eeb975a9-b360-44b0-8a18-466ab491eff0 tempest-AggregatesAdminTestJSON-576197735 tempest-AggregatesAdminTestJSON-576197735-project-admin] Calling method '>' {{(pid=117854) _process_stack /opt/stack/nova/nova/api/openstack/wsgi.py:513}}
Feb 17 17:25:59.267845 n-d-829613-2 devstack@n-api.service[117855]: /usr/local/lib/python3.8/dist-packages/oslo_policy/policy.py:1119: UserWarning: Policy "os_compute_api:os-server-external-events:create": "rule:system_admin_api" failed scope check. The token used to make the request was project scoped but the policy requires ['system'] scope. This behavior may change in the future where using the intended scope is required
Feb 17 17:25:59.267845 n-d-829613-2 devstack@n-api.service[117855]: warnings.warn(msg)
Feb 17 17:25:59.277575 n-d-829613-2 devstack@n-api.service[117855]: DEBUG oslo_concurrency.lockutils [req-29cd05bb-bac6-4270-b063-2aa5221295e2 req-660eac88-ba26-4987-865a-c2899db79f39 service nova] Lock "621fecae-6a33-4857-ab93-2a16d6fffc29" acquired by "nova.context.set_target_cell..get_or_set_cached_cell_and_set_connections" :: waited 0.000s {{(pid=117855) inner /usr/local/lib/python3.8/dist-packages/oslo_concurrency/lockutils.py:386}}
Feb 17 17:25:59.278029 n-d-829613-2 devstack@n-api.service[117855]: DEBUG oslo_concurrency.lockutils [req-29cd05bb-bac6-4270-b063-2aa5221295e2 req-660eac88-ba26-4987-865a-c2899db79f39 service nova] Lock "621fecae-6a33-4857-ab93-2a16d6fffc29" "released" by "nova.context.set_target_cell..get_or_set_cached_cell_and_set_connections" :: held 0.001s {{(pid=117855) inner /usr/local/lib/python3.8/dist-packages/oslo_concurrency/lockutils.py:400}}
Feb 17 17:25:59.293460 n-d-829613-2 devstack@n-api.service[117855]: INFO nova.api.openstack.compute.server_external_events [req-29cd05bb-bac6-4270-b063-2aa5221295e2 req-660eac88-ba26-4987-865a-c2899db79f39 service nova] Creating event network-vif-plugged:47c977fb-ba76-4981-a726-fc115ccc6275 for instance 2c7fdd93-50ba-4a0e-8287-7980cfeda1ab on n-h1-829613-2
Feb 17 17:25:59.308469 n-d-829613-2 devstack@n-api.service[117855]: INFO nova.api.openstack.requestlog [req-29cd05bb-bac6-4270-b063-2aa5221295e2 req-660eac88-ba26-4987-865a-c2899db79f39 service nova] 10.222.0.87 "POST /compute/v2.1/os-server-external-events" status: 200 len: 183 microversion: 2.1 time: 0.065256
Feb 17 17:25:59.317442 n-d-829613-2 devstack@n-api.service[117855]: [pid: 117855|app: 0|req: 141/262] 10.222.0.87 () {64 vars in 1317 bytes} [Thu Feb 17 17:25:59 2022] POST /compute/v2.1/os-server-external-events => generated 183 bytes in 75 msecs (HTTP/1.1 200) 9 headers in 357 bytes (1 switches on core 0)
Feb 17 17:25:59.330183 n-d-829613-2 devstack@n-api.service[117855]: DEBUG nova.api.openstack.wsgi [None req-b0831066-8d0b-4fd3-9c0e-a6e7b77de41e tempest-AggregatesAdminNegativeTestJSON-949195312 tempest-AggregatesAdminNegativeTestJSON-949195312-project-admin] Action: 'create', calling method: >, body: {"aggregate": {"name": "tempest-test_aggregate-2059610975"}} {{(pid=117855) _process_stack /opt/stack/nova/nova/api/openstack/wsgi.py:511}}
Feb 17 17:25:59.332754 n-d-829613-2 devstack@n-api.service[117855]: /usr/local/lib/python3.8/dist-packages/oslo_policy/policy.py:1119: UserWarning: Policy "os_compute_api:os-aggregates:create": "rule:system_admin_api" failed scope check. The token used to make the request was project scoped but the policy requires ['system'] scope. This behavior may change in the future where using the intended scope is required
Feb 17 17:25:59.332754 n-d-829613-2 devstack@n-api.service[117855]: warnings.warn(msg)
Feb 17 17:25:59.335413 n-d-829613-2 devstack@n-api.service[117854]: INFO nova.api.openstack.requestlog [None req-eeb975a9-b360-44b0-8a18-466ab491eff0 tempest-AggregatesAdminTestJSON-576197735 tempest-AggregatesAdminTestJSON-576197735-project-admin] 10.222.0.87 "DELETE /compute/v2.1/os-aggregates/9" status: 200 len: 0 microversion: 2.1 time: 0.077387
Feb 17 17:25:59.340443 n-d-829613-2 devstack@n-api.service[117854]: [pid: 117854|app: 0|req: 122/263] 10.222.0.87 () {58 vars in 1151 bytes} [Thu Feb 17 17:25:59 2022] DELETE /compute/v2.1/os-aggregates/9 => generated 0 bytes in 86 msecs (HTTP/1.1 200) 9 headers in 355 bytes (1 switches on core 0)
