Feb 18 09:01:20.632618 n-d-829504-2 devstack@n-api.service[98946]: DEBUG nova.api.openstack.wsgi_app [-] oslo_messaging_rabbit.ssl_cert_file = {{(pid=98946) log_opt_values /usr/local/lib/python3.8/dist-packages/oslo_config/cfg.py:2609}}
Feb 18 09:01:20.632618 n-d-829504-2 devstack@n-api.service[98946]: DEBUG nova.api.openstack.wsgi_app [-] oslo_messaging_rabbit.ssl_key_file = {{(pid=98946) log_opt_values /usr/local/lib/python3.8/dist-packages/oslo_config/cfg.py:2609}}
Feb 18 09:01:20.632618 n-d-829504-2 devstack@n-api.service[98946]: DEBUG nova.api.openstack.wsgi_app [-] oslo_messaging_rabbit.ssl_version = {{(pid=98946) log_opt_values /usr/local/lib/python3.8/dist-packages/oslo_config/cfg.py:2609}}
Feb 18 09:01:20.632618 n-d-829504-2 devstack@n-api.service[98946]: DEBUG nova.api.openstack.wsgi_app [-] oslo_messaging_notifications.driver = ['messagingv2'] {{(pid=98946) log_opt_values /usr/local/lib/python3.8/dist-packages/oslo_config/cfg.py:2609}}
Feb 18 09:01:20.632618 n-d-829504-2 devstack@n-api.service[98946]: DEBUG nova.api.openstack.wsgi_app [-] oslo_messaging_notifications.retry = -1 {{(pid=98946) log_opt_values /usr/local/lib/python3.8/dist-packages/oslo_config/cfg.py:2609}}
Feb 18 09:01:20.632618 n-d-829504-2 devstack@n-api.service[98946]: DEBUG nova.api.openstack.wsgi_app [-] oslo_messaging_notifications.topics = ['notifications'] {{(pid=98946) log_opt_values /usr/local/lib/python3.8/dist-packages/oslo_config/cfg.py:2609}}
Feb 18 09:01:20.632618 n-d-829504-2 devstack@n-api.service[98946]: DEBUG nova.api.openstack.wsgi_app [-] oslo_messaging_notifications.transport_url = **** {{(pid=98946) log_opt_values /usr/local/lib/python3.8/dist-packages/oslo_config/cfg.py:2609}}
Feb 18 09:01:20.633281 n-d-829504-2 devstack@n-api.service[98946]: DEBUG nova.api.openstack.wsgi_app [-] ******************************************************************************** {{(pid=98946) log_opt_values /usr/local/lib/python3.8/dist-packages/oslo_config/cfg.py:2613}}
Feb 18 09:01:20.665121 n-d-829504-2 devstack@n-api.service[98946]: DEBUG oslo_db.sqlalchemy.engines [None req-ca49acd1-6322-4bff-98ae-5d4febb4da53 None None] MySQL server mode set to STRICT_TRANS_TABLES,STRICT_ALL_TABLES,NO_ZERO_IN_DATE,NO_ZERO_DATE,ERROR_FOR_DIVISION_BY_ZERO,TRADITIONAL,NO_ENGINE_SUBSTITUTION {{(pid=98946) _check_effective_sql_mode /usr/local/lib/python3.8/dist-packages/oslo_db/sqlalchemy/engines.py:304}}
Feb 18 09:01:20.858405 n-d-829504-2 devstack@n-api.service[98945]: DEBUG nova.context [None req-84301607-f7ff-46ae-8b70-a9cf47a357e2 None None] Found 2 cells: 00000000-0000-0000-0000-000000000000(cell0),a601c8b9-3308-4889-83de-e0b52b33987e(cell1) {{(pid=98945) load_cells /opt/stack/nova/nova/context.py:465}}
Feb 18 09:01:20.862724 n-d-829504-2 devstack@n-api.service[98945]: DEBUG oslo_concurrency.lockutils [None req-84301607-f7ff-46ae-8b70-a9cf47a357e2 None None] Lock "00000000-0000-0000-0000-000000000000" acquired by "nova.context.set_target_cell..get_or_set_cached_cell_and_set_connections" :: waited 0.000s {{(pid=98945) inner /usr/local/lib/python3.8/dist-packages/oslo_concurrency/lockutils.py:355}}
Feb 18 09:01:20.864577 n-d-829504-2 devstack@n-api.service[98945]: DEBUG oslo_concurrency.lockutils [None req-84301607-f7ff-46ae-8b70-a9cf47a357e2 None None] Lock "00000000-0000-0000-0000-000000000000" released by "nova.context.set_target_cell..get_or_set_cached_cell_and_set_connections" :: held 0.002s {{(pid=98945) inner /usr/local/lib/python3.8/dist-packages/oslo_concurrency/lockutils.py:367}}
Feb 18 09:01:20.865414 n-d-829504-2 devstack@n-api.service[98945]: DEBUG oslo_concurrency.lockutils [None req-84301607-f7ff-46ae-8b70-a9cf47a357e2 None None] Lock "a601c8b9-3308-4889-83de-e0b52b33987e" acquired by "nova.context.set_target_cell..get_or_set_cached_cell_and_set_connections" :: waited 0.000s {{(pid=98945) inner /usr/local/lib/python3.8/dist-packages/oslo_concurrency/lockutils.py:355}}
Feb 18 09:01:20.867419 n-d-829504-2 devstack@n-api.service[98945]: DEBUG oslo_concurrency.lockutils [None req-84301607-f7ff-46ae-8b70-a9cf47a357e2 None None] Lock "a601c8b9-3308-4889-83de-e0b52b33987e" released by "nova.context.set_target_cell..get_or_set_cached_cell_and_set_connections" :: held 0.002s {{(pid=98945) inner /usr/local/lib/python3.8/dist-packages/oslo_concurrency/lockutils.py:367}}
Feb 18 09:01:20.897549 n-d-829504-2 devstack@n-api.service[98945]: DEBUG oslo_db.sqlalchemy.engines [None req-84301607-f7ff-46ae-8b70-a9cf47a357e2 None None] MySQL server mode set to STRICT_TRANS_TABLES,STRICT_ALL_TABLES,NO_ZERO_IN_DATE,NO_ZERO_DATE,ERROR_FOR_DIVISION_BY_ZERO,TRADITIONAL,NO_ENGINE_SUBSTITUTION {{(pid=98945) _check_effective_sql_mode /usr/local/lib/python3.8/dist-packages/oslo_db/sqlalchemy/engines.py:304}}
Feb 18 09:01:20.899388 n-d-829504-2 devstack@n-api.service[98945]: DEBUG oslo_db.sqlalchemy.engines [None req-84301607-f7ff-46ae-8b70-a9cf47a357e2 None None] MySQL server mode set to STRICT_TRANS_TABLES,STRICT_ALL_TABLES,NO_ZERO_IN_DATE,NO_ZERO_DATE,ERROR_FOR_DIVISION_BY_ZERO,TRADITIONAL,NO_ENGINE_SUBSTITUTION {{(pid=98945) _check_effective_sql_mode /usr/local/lib/python3.8/dist-packages/oslo_db/sqlalchemy/engines.py:304}}
Feb 18 09:01:20.913116 n-d-829504-2 devstack@n-api.service[98946]: DEBUG nova.context [None req-ca49acd1-6322-4bff-98ae-5d4febb4da53 None None] Found 2 cells: 00000000-0000-0000-0000-000000000000(cell0),a601c8b9-3308-4889-83de-e0b52b33987e(cell1) {{(pid=98946) load_cells /opt/stack/nova/nova/context.py:465}}
Feb 18 09:01:20.917520 n-d-829504-2 devstack@n-api.service[98946]: DEBUG oslo_concurrency.lockutils [None req-ca49acd1-6322-4bff-98ae-5d4febb4da53 None None] Lock "00000000-0000-0000-0000-000000000000" acquired by "nova.context.set_target_cell..get_or_set_cached_cell_and_set_connections" :: waited 0.000s {{(pid=98946) inner /usr/local/lib/python3.8/dist-packages/oslo_concurrency/lockutils.py:355}}
Feb 18 09:01:20.919217 n-d-829504-2 devstack@n-api.service[98946]: DEBUG oslo_concurrency.lockutils [None req-ca49acd1-6322-4bff-98ae-5d4febb4da53 None None] Lock "00000000-0000-0000-0000-000000000000" released by "nova.context.set_target_cell..get_or_set_cached_cell_and_set_connections" :: held 0.002s {{(pid=98946) inner /usr/local/lib/python3.8/dist-packages/oslo_concurrency/lockutils.py:367}}
Feb 18 09:01:20.920062 n-d-829504-2 devstack@n-api.service[98946]: DEBUG oslo_concurrency.lockutils [None req-ca49acd1-6322-4bff-98ae-5d4febb4da53 None None] Lock "a601c8b9-3308-4889-83de-e0b52b33987e" acquired by "nova.context.set_target_cell..get_or_set_cached_cell_and_set_connections" :: waited 0.000s {{(pid=98946) inner /usr/local/lib/python3.8/dist-packages/oslo_concurrency/lockutils.py:355}}
Feb 18 09:01:20.922120 n-d-829504-2 devstack@n-api.service[98946]: DEBUG oslo_concurrency.lockutils [None req-ca49acd1-6322-4bff-98ae-5d4febb4da53 None None] Lock "a601c8b9-3308-4889-83de-e0b52b33987e" released by "nova.context.set_target_cell..get_or_set_cached_cell_and_set_connections" :: held 0.002s {{(pid=98946) inner /usr/local/lib/python3.8/dist-packages/oslo_concurrency/lockutils.py:367}}
Feb 18 09:01:20.935280 n-d-829504-2 devstack@n-api.service[98945]: DEBUG oslo_db.sqlalchemy.engines [None req-84301607-f7ff-46ae-8b70-a9cf47a357e2 None None] MySQL server mode set to STRICT_TRANS_TABLES,STRICT_ALL_TABLES,NO_ZERO_IN_DATE,NO_ZERO_DATE,ERROR_FOR_DIVISION_BY_ZERO,TRADITIONAL,NO_ENGINE_SUBSTITUTION {{(pid=98945) _check_effective_sql_mode /usr/local/lib/python3.8/dist-packages/oslo_db/sqlalchemy/engines.py:304}}
Feb 18 09:01:20.951478 n-d-829504-2 devstack@n-api.service[98946]: DEBUG oslo_db.sqlalchemy.engines [None req-ca49acd1-6322-4bff-98ae-5d4febb4da53 None None] MySQL server mode set to STRICT_TRANS_TABLES,STRICT_ALL_TABLES,NO_ZERO_IN_DATE,NO_ZERO_DATE,ERROR_FOR_DIVISION_BY_ZERO,TRADITIONAL,NO_ENGINE_SUBSTITUTION {{(pid=98946) _check_effective_sql_mode /usr/local/lib/python3.8/dist-packages/oslo_db/sqlalchemy/engines.py:304}}
Feb 18 09:01:20.952848 n-d-829504-2 devstack@n-api.service[98946]: DEBUG oslo_db.sqlalchemy.engines [None req-ca49acd1-6322-4bff-98ae-5d4febb4da53 None None] MySQL server mode set to STRICT_TRANS_TABLES,STRICT_ALL_TABLES,NO_ZERO_IN_DATE,NO_ZERO_DATE,ERROR_FOR_DIVISION_BY_ZERO,TRADITIONAL,NO_ENGINE_SUBSTITUTION {{(pid=98946) _check_effective_sql_mode /usr/local/lib/python3.8/dist-packages/oslo_db/sqlalchemy/engines.py:304}}
Feb 18 09:01:20.985169 n-d-829504-2 devstack@n-api.service[98946]: DEBUG oslo_db.sqlalchemy.engines [None req-ca49acd1-6322-4bff-98ae-5d4febb4da53 None None] MySQL server mode set to STRICT_TRANS_TABLES,STRICT_ALL_TABLES,NO_ZERO_IN_DATE,NO_ZERO_DATE,ERROR_FOR_DIVISION_BY_ZERO,TRADITIONAL,NO_ENGINE_SUBSTITUTION {{(pid=98946) _check_effective_sql_mode /usr/local/lib/python3.8/dist-packages/oslo_db/sqlalchemy/engines.py:304}}
Feb 18 09:01:21.183570 n-d-829504-2 devstack@n-api.service[98945]: INFO keyring.backend [None req-84301607-f7ff-46ae-8b70-a9cf47a357e2 None None] Loading KWallet
Feb 18 09:01:21.193406 n-d-829504-2 devstack@n-api.service[98945]: INFO keyring.backend [None req-84301607-f7ff-46ae-8b70-a9cf47a357e2 None None] Loading SecretService
Feb 18 09:01:21.197298 n-d-829504-2 devstack@n-api.service[98945]: INFO keyring.backend [None req-84301607-f7ff-46ae-8b70-a9cf47a357e2 None None] Loading Windows
Feb 18 09:01:21.199159 n-d-829504-2 devstack@n-api.service[98945]: INFO keyring.backend [None req-84301607-f7ff-46ae-8b70-a9cf47a357e2 None None] Loading chainer
Feb 18 09:01:21.199967 n-d-829504-2 devstack@n-api.service[98945]: INFO keyring.backend [None req-84301607-f7ff-46ae-8b70-a9cf47a357e2 None None] Loading macOS
Feb 18 09:01:21.228644 n-d-829504-2 devstack@n-api.service[98946]: INFO keyring.backend [None req-ca49acd1-6322-4bff-98ae-5d4febb4da53 None None] Loading KWallet
Feb 18 09:01:21.239466 n-d-829504-2 devstack@n-api.service[98946]: INFO keyring.backend [None req-ca49acd1-6322-4bff-98ae-5d4febb4da53 None None] Loading SecretService
Feb 18 09:01:21.244374 n-d-829504-2 devstack@n-api.service[98946]: INFO keyring.backend [None req-ca49acd1-6322-4bff-98ae-5d4febb4da53 None None] Loading Windows
Feb 18 09:01:21.246285 n-d-829504-2 devstack@n-api.service[98946]: INFO keyring.backend [None req-ca49acd1-6322-4bff-98ae-5d4febb4da53 None None] Loading chainer
Feb 18 09:01:21.247111 n-d-829504-2 devstack@n-api.service[98946]: INFO keyring.backend [None req-ca49acd1-6322-4bff-98ae-5d4febb4da53 None None] Loading macOS
Feb 18 09:01:21.459392 n-d-829504-2 devstack@n-api.service[98945]: WARNING keystonemiddleware.auth_token [None req-84301607-f7ff-46ae-8b70-a9cf47a357e2 None None] AuthToken middleware is set with keystone_authtoken.service_token_roles_required set to False. This is backwards compatible but deprecated behaviour. Please set this to True.
Feb 18 09:01:21.465968 n-d-829504-2 devstack@n-api.service[98945]: WARNING keystonemiddleware.auth_token [None req-84301607-f7ff-46ae-8b70-a9cf47a357e2 None None] Configuring www_authenticate_uri to point to the public identity endpoint is required; clients may not be able to authenticate against an admin endpoint
Feb 18 09:01:21.524405 n-d-829504-2 devstack@n-api.service[98946]: WARNING keystonemiddleware.auth_token [None req-ca49acd1-6322-4bff-98ae-5d4febb4da53 None None] AuthToken middleware is set with keystone_authtoken.service_token_roles_required set to False. This is backwards compatible but deprecated behaviour. Please set this to True.
Feb 18 09:01:21.530963 n-d-829504-2 devstack@n-api.service[98946]: WARNING keystonemiddleware.auth_token [None req-ca49acd1-6322-4bff-98ae-5d4febb4da53 None None] Configuring www_authenticate_uri to point to the public identity endpoint is required; clients may not be able to authenticate against an admin endpoint
Feb 18 09:01:21.680675 n-d-829504-2 devstack@n-api.service[98945]: WARNING keystonemiddleware.auth_token [None req-84301607-f7ff-46ae-8b70-a9cf47a357e2 None None] AuthToken middleware is set with keystone_authtoken.service_token_roles_required set to False. This is backwards compatible but deprecated behaviour. Please set this to True.
Feb 18 09:01:21.685841 n-d-829504-2 devstack@n-api.service[98945]: WARNING keystonemiddleware.auth_token [None req-84301607-f7ff-46ae-8b70-a9cf47a357e2 None None] Configuring www_authenticate_uri to point to the public identity endpoint is required; clients may not be able to authenticate against an admin endpoint
Feb 18 09:01:21.691841 n-d-829504-2 devstack@n-api.service[98945]: WSGI app 0 (mountpoint='') ready in 5 seconds on interpreter 0x555c364c59c0 pid: 98945 (default app)
Feb 18 09:01:21.777138 n-d-829504-2 devstack@n-api.service[98946]: WARNING keystonemiddleware.auth_token [None req-ca49acd1-6322-4bff-98ae-5d4febb4da53 None None] AuthToken middleware is set with keystone_authtoken.service_token_roles_required set to False. This is backwards compatible but deprecated behaviour. Please set this to True.
Feb 18 09:01:21.782288 n-d-829504-2 devstack@n-api.service[98946]: WARNING keystonemiddleware.auth_token [None req-ca49acd1-6322-4bff-98ae-5d4febb4da53 None None] Configuring www_authenticate_uri to point to the public identity endpoint is required; clients may not be able to authenticate against an admin endpoint
Feb 18 09:01:21.788259 n-d-829504-2 devstack@n-api.service[98946]: WSGI app 0 (mountpoint='') ready in 5 seconds on interpreter 0x555c364c59c0 pid: 98946 (default app)
Feb 18 09:02:31.155606 n-d-829504-2 devstack@n-api.service[98945]: DEBUG nova.api.openstack.wsgi [None req-e8e7bd38-cb8b-4753-b12f-613e604624e3 tempest-FlavorsExtraSpecsTestJSON-2037490019 tempest-FlavorsExtraSpecsTestJSON-2037490019-project-admin] Action: 'create', calling method: >, body: {"flavor": {"name": "tempest-test_flavor-96866564", "ram": 512, "vcpus": 1, "disk": 10, "id": 1007881008, "swap": 1024, "rxtx_factor": 1, "OS-FLV-EXT-DATA:ephemeral": 10}} {{(pid=98945) _process_stack /opt/stack/nova/nova/api/openstack/wsgi.py:511}}
Feb 18 09:02:31.166108 n-d-829504-2 devstack@n-api.service[98946]: DEBUG nova.api.openstack.wsgi [None req-726508c9-7966-48f6-932e-41f0be6dae7a tempest-FlavorMetadataValidation-164976129 tempest-FlavorMetadataValidation-164976129-project-admin] Action: 'create', calling method: >, body: {"flavor": {"ram": 512, "vcpus": 1, "disk": 10, "name": "tempest-test_flavor_validate_metadata_-252572090", "id": 1322370197, "os-flavor-access:is_public": "True"}} {{(pid=98946) _process_stack /opt/stack/nova/nova/api/openstack/wsgi.py:511}}
Feb 18 09:02:31.189525 n-d-829504-2 devstack@n-api.service[98946]: /usr/local/lib/python3.8/dist-packages/oslo_policy/policy.py:1022: UserWarning: Policy os_compute_api:os-flavor-manage:create failed scope check. The token used to make the request was project scoped but the policy requires ['system'] scope. This behavior may change in the future where using the intended scope is required
Feb 18 09:02:31.189525 n-d-829504-2 devstack@n-api.service[98946]: warnings.warn(msg)
Feb 18 09:02:31.200966 n-d-829504-2 devstack@n-api.service[98945]: /usr/local/lib/python3.8/dist-packages/oslo_policy/policy.py:1022: UserWarning: Policy os_compute_api:os-flavor-manage:create failed scope check. The token used to make the request was project scoped but the policy requires ['system'] scope. This behavior may change in the future where using the intended scope is required
Feb 18 09:02:31.200966 n-d-829504-2 devstack@n-api.service[98945]: warnings.warn(msg)
Feb 18 09:02:31.269645 n-d-829504-2 devstack@n-api.service[98946]: INFO nova.api.openstack.requestlog [None req-726508c9-7966-48f6-932e-41f0be6dae7a tempest-FlavorMetadataValidation-164976129 tempest-FlavorMetadataValidation-164976129-project-admin] 10.222.0.73 "POST /compute/v2.1/flavors" status: 200 len: 470 microversion: 2.86 time: 2.130633
Feb 18 09:02:31.271119 n-d-829504-2 devstack@n-api.service[98946]: [pid: 98946|app: 0|req: 1/1] 10.222.0.73 () {62 vars in 1187 bytes} [Fri Feb 18 09:02:29 2022] POST /compute/v2.1/flavors => generated 470 bytes in 2134 msecs (HTTP/1.1 200) 9 headers in 359 bytes (2 switches on core 0)
Feb 18 09:02:31.306023 n-d-829504-2 devstack@n-api.service[98945]: INFO nova.api.openstack.requestlog [None req-e8e7bd38-cb8b-4753-b12f-613e604624e3 tempest-FlavorsExtraSpecsTestJSON-2037490019 tempest-FlavorsExtraSpecsTestJSON-2037490019-project-admin] 10.222.0.73 "POST /compute/v2.1/flavors" status: 200 len: 414 microversion: 2.1 time: 2.317378
Feb 18 09:02:31.306853 n-d-829504-2 devstack@n-api.service[98945]: [pid: 98945|app: 0|req: 1/2] 10.222.0.73 () {60 vars in 1146 bytes} [Fri Feb 18 09:02:28 2022] POST /compute/v2.1/flavors => generated 414 bytes in 2320 msecs (HTTP/1.1 200) 9 headers in 357 bytes (1 switches on core 0)
Feb 18 09:02:31.514073 n-d-829504-2 devstack@n-api.service[98946]: DEBUG nova.api.openstack.wsgi [None req-bc242082-6f84-4cf1-88a8-abd07154041d tempest-AggregatesAdminTestJSON-1043212779 tempest-AggregatesAdminTestJSON-1043212779-project-admin] Calling method '.version_select at 0x7f5de8d16c10>' {{(pid=98946) _process_stack /opt/stack/nova/nova/api/openstack/wsgi.py:513}}
Feb 18 09:02:31.520316 n-d-829504-2 devstack@n-api.service[98946]: /usr/local/lib/python3.8/dist-packages/oslo_policy/policy.py:1022: UserWarning: Policy os_compute_api:os-hypervisors:list-detail failed scope check. The token used to make the request was project scoped but the policy requires ['system'] scope. This behavior may change in the future where using the intended scope is required
Feb 18 09:02:31.520316 n-d-829504-2 devstack@n-api.service[98946]: warnings.warn(msg)
Feb 18 09:02:31.528538 n-d-829504-2 devstack@n-api.service[98946]: DEBUG nova.compute.api [None req-bc242082-6f84-4cf1-88a8-abd07154041d tempest-AggregatesAdminTestJSON-1043212779 tempest-AggregatesAdminTestJSON-1043212779-project-admin] Found 2 cells: 00000000-0000-0000-0000-000000000000(cell0),a601c8b9-3308-4889-83de-e0b52b33987e(cell1) {{(pid=98946) load_cells /opt/stack/nova/nova/compute/api.py:293}}
Feb 18 09:02:31.529588 n-d-829504-2 devstack@n-api.service[98946]: DEBUG oslo_concurrency.lockutils [None req-bc242082-6f84-4cf1-88a8-abd07154041d tempest-AggregatesAdminTestJSON-1043212779 tempest-AggregatesAdminTestJSON-1043212779-project-admin] Lock "a601c8b9-3308-4889-83de-e0b52b33987e" acquired by "nova.context.set_target_cell..get_or_set_cached_cell_and_set_connections" :: waited 0.000s {{(pid=98946) inner /usr/local/lib/python3.8/dist-packages/oslo_concurrency/lockutils.py:355}}
Feb 18 09:02:31.530096 n-d-829504-2 devstack@n-api.service[98946]: DEBUG oslo_concurrency.lockutils [None req-bc242082-6f84-4cf1-88a8-abd07154041d tempest-AggregatesAdminTestJSON-1043212779 tempest-AggregatesAdminTestJSON-1043212779-project-admin] Lock "a601c8b9-3308-4889-83de-e0b52b33987e" released by "nova.context.set_target_cell..get_or_set_cached_cell_and_set_connections" :: held 0.000s {{(pid=98946) inner /usr/local/lib/python3.8/dist-packages/oslo_concurrency/lockutils.py:367}}
Feb 18 09:02:31.558977 n-d-829504-2 devstack@n-api.service[98946]: DEBUG oslo_concurrency.lockutils [None req-bc242082-6f84-4cf1-88a8-abd07154041d tempest-AggregatesAdminTestJSON-1043212779 tempest-AggregatesAdminTestJSON-1043212779-project-admin] Lock "a601c8b9-3308-4889-83de-e0b52b33987e" acquired by "nova.context.set_target_cell..get_or_set_cached_cell_and_set_connections" :: waited 0.000s {{(pid=98946) inner /usr/local/lib/python3.8/dist-packages/oslo_concurrency/lockutils.py:355}}
Feb 18 09:02:31.559559 n-d-829504-2 devstack@n-api.service[98946]: DEBUG oslo_concurrency.lockutils [None req-bc242082-6f84-4cf1-88a8-abd07154041d tempest-AggregatesAdminTestJSON-1043212779 tempest-AggregatesAdminTestJSON-1043212779-project-admin] Lock "a601c8b9-3308-4889-83de-e0b52b33987e" released by "nova.context.set_target_cell..get_or_set_cached_cell_and_set_connections" :: held 0.001s {{(pid=98946) inner /usr/local/lib/python3.8/dist-packages/oslo_concurrency/lockutils.py:367}}
Feb 18 09:02:31.564325 n-d-829504-2 devstack@n-api.service[98945]: DEBUG nova.api.openstack.wsgi [None req-b7cbe3c1-dfc2-458b-83cf-27ef7e180b9a tempest-FlavorsAccessTestJSON-2073276166 tempest-FlavorsAccessTestJSON-2073276166-project-admin] Action: 'create', calling method: >, body: {"flavor": {"ram": 512, "vcpus": 1, "disk": 10, "name": "tempest-FlavorsAccessTestJSON-flavor-446441808", "id": 1048642168, "os-flavor-access:is_public": "False"}} {{(pid=98945) _process_stack /opt/stack/nova/nova/api/openstack/wsgi.py:511}}
Feb 18 09:02:31.575626 n-d-829504-2 devstack@n-api.service[98946]: DEBUG oslo_concurrency.lockutils [None req-bc242082-6f84-4cf1-88a8-abd07154041d tempest-AggregatesAdminTestJSON-1043212779 tempest-AggregatesAdminTestJSON-1043212779-project-admin] Lock "a601c8b9-3308-4889-83de-e0b52b33987e" acquired by "nova.context.set_target_cell..get_or_set_cached_cell_and_set_connections" :: waited 0.000s {{(pid=98946) inner /usr/local/lib/python3.8/dist-packages/oslo_concurrency/lockutils.py:355}}
Feb 18 09:02:31.576787 n-d-829504-2 devstack@n-api.service[98946]: DEBUG oslo_concurrency.lockutils [None req-bc242082-6f84-4cf1-88a8-abd07154041d tempest-AggregatesAdminTestJSON-1043212779 tempest-AggregatesAdminTestJSON-1043212779-project-admin] Lock "a601c8b9-3308-4889-83de-e0b52b33987e" released by "nova.context.set_target_cell..get_or_set_cached_cell_and_set_connections" :: held 0.001s {{(pid=98946) inner /usr/local/lib/python3.8/dist-packages/oslo_concurrency/lockutils.py:367}}
Feb 18 09:02:31.584606 n-d-829504-2 devstack@n-api.service[98946]: INFO nova.api.openstack.requestlog [None req-bc242082-6f84-4cf1-88a8-abd07154041d tempest-AggregatesAdminTestJSON-1043212779 tempest-AggregatesAdminTestJSON-1043212779-project-admin] 10.222.0.73 "GET /compute/v2.1/os-hypervisors/detail" status: 200 len: 1503 microversion: 2.1 time: 0.312163
Feb 18 09:02:31.585380 n-d-829504-2 devstack@n-api.service[98946]: [pid: 98946|app: 0|req: 2/3] 10.222.0.73 () {58 vars in 1166 bytes} [Fri Feb 18 09:02:31 2022] GET /compute/v2.1/os-hypervisors/detail => generated 1503 bytes in 314 msecs (HTTP/1.1 200) 9 headers in 358 bytes (1 switches on core 0)
Feb 18 09:02:31.662596 n-d-829504-2 devstack@n-api.service[98945]: INFO nova.api.openstack.requestlog [None req-b7cbe3c1-dfc2-458b-83cf-27ef7e180b9a tempest-FlavorsAccessTestJSON-2073276166 tempest-FlavorsAccessTestJSON-2073276166-project-admin] 10.222.0.73 "POST /compute/v2.1/flavors" status: 200 len: 430 microversion: 2.1 time: 0.352763
Feb 18 09:02:31.663579 n-d-829504-2 devstack@n-api.service[98945]: [pid: 98945|app: 0|req: 2/4] 10.222.0.73 () {60 vars in 1146 bytes} [Fri Feb 18 09:02:31 2022] POST /compute/v2.1/flavors => generated 430 bytes in 354 msecs (HTTP/1.1 200) 9 headers in 357 bytes (1 switches on core 0)
Feb 18 09:02:31.772450 n-d-829504-2 devstack@n-api.service[98946]: DEBUG nova.api.openstack.wsgi [None req-1dbb9655-8d5e-4a2f-bf29-9e584eca06e6 tempest-AggregatesAdminTestV241-1707350503 tempest-AggregatesAdminTestV241-1707350503-project-admin] Calling method '.version_select at 0x7f5de8bd7790>' {{(pid=98946) _process_stack /opt/stack/nova/nova/api/openstack/wsgi.py:513}}
Feb 18 09:02:31.790897 n-d-829504-2 devstack@n-api.service[98946]: /usr/local/lib/python3.8/dist-packages/oslo_policy/policy.py:1022: UserWarning: Policy os_compute_api:os-hypervisors:list-detail failed scope check. The token used to make the request was project scoped but the policy requires ['system'] scope. This behavior may change in the future where using the intended scope is required
Feb 18 09:02:31.790897 n-d-829504-2 devstack@n-api.service[98946]: warnings.warn(msg)
Feb 18 09:02:31.792455 n-d-829504-2 devstack@n-api.service[98946]: DEBUG oslo_concurrency.lockutils [None req-1dbb9655-8d5e-4a2f-bf29-9e584eca06e6 tempest-AggregatesAdminTestV241-1707350503 tempest-AggregatesAdminTestV241-1707350503-project-admin] Lock "a601c8b9-3308-4889-83de-e0b52b33987e" acquired by "nova.context.set_target_cell..get_or_set_cached_cell_and_set_connections" :: waited 0.000s {{(pid=98946) inner /usr/local/lib/python3.8/dist-packages/oslo_concurrency/lockutils.py:355}}
Feb 18 09:02:31.792900 n-d-829504-2 devstack@n-api.service[98946]: DEBUG oslo_concurrency.lockutils [None req-1dbb9655-8d5e-4a2f-bf29-9e584eca06e6 tempest-AggregatesAdminTestV241-1707350503 tempest-AggregatesAdminTestV241-1707350503-project-admin] Lock "a601c8b9-3308-4889-83de-e0b52b33987e" released by "nova.context.set_target_cell..get_or_set_cached_cell_and_set_connections" :: held 0.001s {{(pid=98946) inner /usr/local/lib/python3.8/dist-packages/oslo_concurrency/lockutils.py:367}}
Feb 18 09:02:31.822113 n-d-829504-2 devstack@n-api.service[98945]: DEBUG nova.api.openstack.wsgi [None req-c9a38a99-3a22-45c5-a1d9-afdf4eac4610 tempest-FlavorsV255TestJSON-1723362265 tempest-FlavorsV255TestJSON-1723362265-project-admin] Action: 'create', calling method: >, body: {"flavor": {"ram": 512, "vcpus": 1, "disk": 10, "name": "tempest-FlavorsV255TestJSON-flavor-1567981349", "id": 2085786036, "os-flavor-access:is_public": "True"}} {{(pid=98945) _process_stack /opt/stack/nova/nova/api/openstack/wsgi.py:511}}
Feb 18 09:02:31.831587 n-d-829504-2 devstack@n-api.service[98946]: DEBUG oslo_concurrency.lockutils [None req-1dbb9655-8d5e-4a2f-bf29-9e584eca06e6 tempest-AggregatesAdminTestV241-1707350503 tempest-AggregatesAdminTestV241-1707350503-project-admin] Lock "a601c8b9-3308-4889-83de-e0b52b33987e" acquired by "nova.context.set_target_cell..get_or_set_cached_cell_and_set_connections" :: waited 0.000s {{(pid=98946) inner /usr/local/lib/python3.8/dist-packages/oslo_concurrency/lockutils.py:355}}
Feb 18 09:02:31.832218 n-d-829504-2 devstack@n-api.service[98946]: DEBUG oslo_concurrency.lockutils [None req-1dbb9655-8d5e-4a2f-bf29-9e584eca06e6 tempest-AggregatesAdminTestV241-1707350503 tempest-AggregatesAdminTestV241-1707350503-project-admin] Lock "a601c8b9-3308-4889-83de-e0b52b33987e" released by "nova.context.set_target_cell..get_or_set_cached_cell_and_set_connections" :: held 0.001s {{(pid=98946) inner /usr/local/lib/python3.8/dist-packages/oslo_concurrency/lockutils.py:367}}
Feb 18 09:02:31.854106 n-d-829504-2 devstack@n-api.service[98946]: DEBUG oslo_concurrency.lockutils [None req-1dbb9655-8d5e-4a2f-bf29-9e584eca06e6 tempest-AggregatesAdminTestV241-1707350503 tempest-AggregatesAdminTestV241-1707350503-project-admin] Lock "a601c8b9-3308-4889-83de-e0b52b33987e" acquired by "nova.context.set_target_cell..get_or_set_cached_cell_and_set_connections" :: waited 0.000s {{(pid=98946) inner /usr/local/lib/python3.8/dist-packages/oslo_concurrency/lockutils.py:355}}
Feb 18 09:02:31.854466 n-d-829504-2 devstack@n-api.service[98946]: DEBUG oslo_concurrency.lockutils [None req-1dbb9655-8d5e-4a2f-bf29-9e584eca06e6 tempest-AggregatesAdminTestV241-1707350503 tempest-AggregatesAdminTestV241-1707350503-project-admin] Lock "a601c8b9-3308-4889-83de-e0b52b33987e" released by "nova.context.set_target_cell..get_or_set_cached_cell_and_set_connections" :: held 0.001s {{(pid=98946) inner /usr/local/lib/python3.8/dist-packages/oslo_concurrency/lockutils.py:367}}
Feb 18 09:02:31.863250 n-d-829504-2 devstack@n-api.service[98946]: INFO nova.api.openstack.requestlog [None req-1dbb9655-8d5e-4a2f-bf29-9e584eca06e6 tempest-AggregatesAdminTestV241-1707350503 tempest-AggregatesAdminTestV241-1707350503-project-admin] 10.222.0.73 "GET /compute/v2.1/os-hypervisors/detail" status: 200 len: 1423 microversion: 2.41 time: 0.276240
Feb 18 09:02:31.863829 n-d-829504-2 devstack@n-api.service[98946]: [pid: 98946|app: 0|req: 3/5] 10.222.0.73 () {60 vars in 1207 bytes} [Fri Feb 18 09:02:31 2022] GET /compute/v2.1/os-hypervisors/detail => generated 1423 bytes in 277 msecs (HTTP/1.1 200) 9 headers in 360 bytes (1 switches on core 0)
Feb 18 09:02:31.933517 n-d-829504-2 devstack@n-api.service[98945]: INFO nova.api.openstack.requestlog [None req-c9a38a99-3a22-45c5-a1d9-afdf4eac4610 tempest-FlavorsV255TestJSON-1723362265 tempest-FlavorsV255TestJSON-1723362265-project-admin] 10.222.0.73 "POST /compute/v2.1/flavors" status: 200 len: 449 microversion: 2.55 time: 0.268630
Feb 18 09:02:31.934659 n-d-829504-2 devstack@n-api.service[98945]: [pid: 98945|app: 0|req: 3/6] 10.222.0.73 () {62 vars in 1187 bytes} [Fri Feb 18 09:02:31 2022] POST /compute/v2.1/flavors => generated 449 bytes in 270 msecs (HTTP/1.1 200) 9 headers in 359 bytes (1 switches on core 0)
Feb 18 09:02:31.946865 n-d-829504-2 devstack@n-api.service[98945]: DEBUG nova.api.openstack.wsgi [None req-7cc2b646-d5e4-4ed3-b6d8-bb440558a6c1 tempest-FlavorMetadataValidation-164976129 tempest-FlavorMetadataValidation-164976129-project-admin] Action: 'create', calling method: >, body: {"extra_specs": {"hw:cpu_policy": "shared", "foo:bar": "baz"}} {{(pid=98945) _process_stack /opt/stack/nova/nova/api/openstack/wsgi.py:511}}
Feb 18 09:02:31.956581 n-d-829504-2 devstack@n-api.service[98945]: /usr/local/lib/python3.8/dist-packages/oslo_policy/policy.py:1022: UserWarning: Policy os_compute_api:os-flavor-extra-specs:create failed scope check. The token used to make the request was project scoped but the policy requires ['system'] scope. This behavior may change in the future where using the intended scope is required
Feb 18 09:02:31.956581 n-d-829504-2 devstack@n-api.service[98945]: warnings.warn(msg)
Feb 18 09:02:31.985098 n-d-829504-2 devstack@n-api.service[98946]: DEBUG nova.api.openstack.wsgi [None req-ecc653f0-fd24-44ab-83a8-0694746bf34b tempest-AggregatesAdminNegativeTestJSON-1428901450 tempest-AggregatesAdminNegativeTestJSON-1428901450-project-admin] Calling method '>' {{(pid=98946) _process_stack /opt/stack/nova/nova/api/openstack/wsgi.py:513}}
Feb 18 09:02:31.992093 n-d-829504-2 devstack@n-api.service[98946]: /usr/local/lib/python3.8/dist-packages/oslo_policy/policy.py:1022: UserWarning: Policy os_compute_api:os-services:list failed scope check. The token used to make the request was project scoped but the policy requires ['system'] scope. This behavior may change in the future where using the intended scope is required
Feb 18 09:02:31.992093 n-d-829504-2 devstack@n-api.service[98946]: warnings.warn(msg)
Feb 18 09:02:31.994000 n-d-829504-2 devstack@n-api.service[98946]: DEBUG oslo_concurrency.lockutils [None req-ecc653f0-fd24-44ab-83a8-0694746bf34b tempest-AggregatesAdminNegativeTestJSON-1428901450 tempest-AggregatesAdminNegativeTestJSON-1428901450-project-admin] Lock "00000000-0000-0000-0000-000000000000" acquired by "nova.context.set_target_cell..get_or_set_cached_cell_and_set_connections" :: waited 0.000s {{(pid=98946) inner /usr/local/lib/python3.8/dist-packages/oslo_concurrency/lockutils.py:355}}
Feb 18 09:02:31.999865 n-d-829504-2 devstack@n-api.service[98946]: DEBUG oslo_concurrency.lockutils [None req-ecc653f0-fd24-44ab-83a8-0694746bf34b tempest-AggregatesAdminNegativeTestJSON-1428901450 tempest-AggregatesAdminNegativeTestJSON-1428901450-project-admin] Lock "00000000-0000-0000-0000-000000000000" released by "nova.context.set_target_cell..get_or_set_cached_cell_and_set_connections" :: held 0.006s {{(pid=98946) inner /usr/local/lib/python3.8/dist-packages/oslo_concurrency/lockutils.py:367}}
Feb 18 09:02:32.000867 n-d-829504-2 devstack@n-api.service[98946]: DEBUG oslo_concurrency.lockutils [None req-ecc653f0-fd24-44ab-83a8-0694746bf34b tempest-AggregatesAdminNegativeTestJSON-1428901450 tempest-AggregatesAdminNegativeTestJSON-1428901450-project-admin] Lock "a601c8b9-3308-4889-83de-e0b52b33987e" acquired by "nova.context.set_target_cell..get_or_set_cached_cell_and_set_connections" :: waited 0.000s {{(pid=98946) inner /usr/local/lib/python3.8/dist-packages/oslo_concurrency/lockutils.py:355}}
Feb 18 09:02:32.001468 n-d-829504-2 devstack@n-api.service[98946]: DEBUG oslo_concurrency.lockutils [None req-ecc653f0-fd24-44ab-83a8-0694746bf34b tempest-AggregatesAdminNegativeTestJSON-1428901450 tempest-AggregatesAdminNegativeTestJSON-1428901450-project-admin] Lock "a601c8b9-3308-4889-83de-e0b52b33987e" released by "nova.context.set_target_cell..get_or_set_cached_cell_and_set_connections" :: held 0.001s {{(pid=98946) inner /usr/local/lib/python3.8/dist-packages/oslo_concurrency/lockutils.py:367}}
Feb 18 09:02:32.075902 n-d-829504-2 devstack@n-api.service[98946]: INFO nova.api.openstack.requestlog [None req-ecc653f0-fd24-44ab-83a8-0694746bf34b tempest-AggregatesAdminNegativeTestJSON-1428901450 tempest-AggregatesAdminNegativeTestJSON-1428901450-project-admin] 10.222.0.73 "GET /compute/v2.1/os-services?binary=nova-compute" status: 200 len: 380 microversion: 2.1 time: 0.209671
Feb 18 09:02:32.082458 n-d-829504-2 devstack@n-api.service[98946]: [pid: 98946|app: 0|req: 4/7] 10.222.0.73 () {58 vars in 1175 bytes} [Fri Feb 18 09:02:31 2022] GET /compute/v2.1/os-services?binary=nova-compute => generated 380 bytes in 218 msecs (HTTP/1.1 200) 9 headers in 357 bytes (1 switches on core 0)
Feb 18 09:02:32.094192 n-d-829504-2 devstack@n-api.service[98946]: DEBUG nova.api.openstack.wsgi [None req-6d79d0b7-c8ee-4325-9484-cf004b015184 tempest-FlavorsExtraSpecsTestJSON-2037490019 tempest-FlavorsExtraSpecsTestJSON-2037490019-project-admin] Action: 'create', calling method: >, body: {"extra_specs": {"hw:numa_nodes": "1", "hw:cpu_policy": "shared"}} {{(pid=98946) _process_stack /opt/stack/nova/nova/api/openstack/wsgi.py:511}}
Feb 18 09:02:32.101882 n-d-829504-2 devstack@n-api.service[98946]: /usr/local/lib/python3.8/dist-packages/oslo_policy/policy.py:1022: UserWarning: Policy os_compute_api:os-flavor-extra-specs:create failed scope check. The token used to make the request was project scoped but the policy requires ['system'] scope. This behavior may change in the future where using the intended scope is required
Feb 18 09:02:32.101882 n-d-829504-2 devstack@n-api.service[98946]: warnings.warn(msg)
Feb 18 09:02:32.222298 n-d-829504-2 devstack@n-api.service[98946]: INFO nova.api.openstack.requestlog [None req-6d79d0b7-c8ee-4325-9484-cf004b015184 tempest-FlavorsExtraSpecsTestJSON-2037490019 tempest-FlavorsExtraSpecsTestJSON-2037490019-project-admin] 10.222.0.73 "POST /compute/v2.1/flavors/1007881008/os-extra_specs" status: 200 len: 66 microversion: 2.1 time: 0.137769
Feb 18 09:02:32.222953 n-d-829504-2 devstack@n-api.service[98946]: [pid: 98946|app: 0|req: 5/8] 10.222.0.73 () {60 vars in 1223 bytes} [Fri Feb 18 09:02:32 2022] POST /compute/v2.1/flavors/1007881008/os-extra_specs => generated 66 bytes in 140 msecs (HTTP/1.1 200) 9 headers in 356 bytes (1 switches on core 0)
Feb 18 09:02:32.232802 n-d-829504-2 devstack@n-api.service[98946]: DEBUG nova.api.openstack.wsgi [None req-d0583822-4447-47f1-b250-1b64b6d736f4 tempest-AggregatesAdminTestJSON-1043212779 tempest-AggregatesAdminTestJSON-1043212779-project-admin] Action: 'create', calling method: >, body: {"aggregate": {"availability_zone": "tempest-test_az-1727421958", "name": "tempest-test_aggregate-1000170482"}} {{(pid=98946) _process_stack /opt/stack/nova/nova/api/openstack/wsgi.py:511}}
Feb 18 09:02:32.255623 n-d-829504-2 devstack@n-api.service[98946]: /usr/local/lib/python3.8/dist-packages/oslo_policy/policy.py:1022: UserWarning: Policy os_compute_api:os-aggregates:create failed scope check. The token used to make the request was project scoped but the policy requires ['system'] scope. This behavior may change in the future where using the intended scope is required
Feb 18 09:02:32.255623 n-d-829504-2 devstack@n-api.service[98946]: warnings.warn(msg)
Feb 18 09:02:32.257207 n-d-829504-2 devstack@n-api.service[98946]: DEBUG nova.objects.aggregate [None req-d0583822-4447-47f1-b250-1b64b6d736f4 tempest-AggregatesAdminTestJSON-1043212779 tempest-AggregatesAdminTestJSON-1043212779-project-admin] Generated uuid 47272255-4b8b-4fd8-bf5c-9460f843ea16 for aggregate {{(pid=98946) create /opt/stack/nova/nova/objects/aggregate.py:299}}
Feb 18 09:02:32.306925 n-d-829504-2 devstack@n-api.service[98945]: INFO nova.api.openstack.requestlog [None req-7cc2b646-d5e4-4ed3-b6d8-bb440558a6c1 tempest-FlavorMetadataValidation-164976129 tempest-FlavorMetadataValidation-164976129-project-admin] 10.222.0.73 "POST /compute/v2.1/flavors/1322370197/os-extra_specs" status: 200 len: 62 microversion: 2.86 time: 0.370989
Feb 18 09:02:32.312250 n-d-829504-2 devstack@n-api.service[98945]: [pid: 98945|app: 0|req: 4/9] 10.222.0.73 () {62 vars in 1264 bytes} [Fri Feb 18 09:02:31 2022] POST /compute/v2.1/flavors/1322370197/os-extra_specs => generated 62 bytes in 377 msecs (HTTP/1.1 200) 9 headers in 358 bytes (1 switches on core 0)
Feb 18 09:02:32.323495 n-d-829504-2 devstack@n-api.service[98945]: DEBUG nova.api.openstack.wsgi [None req-2d48b2ef-1c5f-4b41-9e2c-ed82a1f7405d tempest-FlavorsAccessTestJSON-2073276166 tempest-FlavorsAccessTestJSON-2073276166-project-admin] Action: 'action', calling method: >, body: {"addTenantAccess": {"tenant": "600f49b2e28e4411b0fce1a3e50335b8"}} {{(pid=98945) _process_stack /opt/stack/nova/nova/api/openstack/wsgi.py:511}}
Feb 18 09:02:32.329361 n-d-829504-2 devstack@n-api.service[98945]: /usr/local/lib/python3.8/dist-packages/oslo_policy/policy.py:1022: UserWarning: Policy os_compute_api:os-flavor-access:add_tenant_access failed scope check. The token used to make the request was project scoped but the policy requires ['system'] scope. This behavior may change in the future where using the intended scope is required
Feb 18 09:02:32.329361 n-d-829504-2 devstack@n-api.service[98945]: warnings.warn(msg)
Feb 18 09:02:32.400485 n-d-829504-2 devstack@n-api.service[98946]: INFO nova.api.openstack.requestlog [None req-d0583822-4447-47f1-b250-1b64b6d736f4 tempest-AggregatesAdminTestJSON-1043212779 tempest-AggregatesAdminTestJSON-1043212779-project-admin] 10.222.0.73 "POST /compute/v2.1/os-aggregates" status: 200 len: 222 microversion: 2.1 time: 0.176298
Feb 18 09:02:32.401490 n-d-829504-2 devstack@n-api.service[98946]: [pid: 98946|app: 0|req: 6/10] 10.222.0.73 () {60 vars in 1164 bytes} [Fri Feb 18 09:02:32 2022] POST /compute/v2.1/os-aggregates => generated 222 bytes in 178 msecs (HTTP/1.1 200) 9 headers in 357 bytes (1 switches on core 0)
Feb 18 09:02:32.572543 n-d-829504-2 devstack@n-api.service[98945]: INFO nova.api.openstack.requestlog [None req-2d48b2ef-1c5f-4b41-9e2c-ed82a1f7405d tempest-FlavorsAccessTestJSON-2073276166 tempest-FlavorsAccessTestJSON-2073276166-project-admin] 10.222.0.73 "POST /compute/v2.1/flavors/1048642168/action" status: 200 len: 97 microversion: 2.1 time: 0.258570
Feb 18 09:02:32.576715 n-d-829504-2 devstack@n-api.service[98945]: [pid: 98945|app: 0|req: 5/11] 10.222.0.73 () {60 vars in 1199 bytes} [Fri Feb 18 09:02:32 2022] POST /compute/v2.1/flavors/1048642168/action => generated 97 bytes in 264 msecs (HTTP/1.1 200) 9 headers in 356 bytes (1 switches on core 0)
Feb 18 09:02:32.587180 n-d-829504-2 devstack@n-api.service[98946]: DEBUG nova.api.openstack.wsgi [None req-3491ac16-4fa3-4b9a-831a-340185005023 tempest-FlavorsV255TestJSON-1881604147 tempest-FlavorsV255TestJSON-1881604147-project] Calling method '>' {{(pid=98946) _process_stack /opt/stack/nova/nova/api/openstack/wsgi.py:513}}
Feb 18 09:02:32.604579 n-d-829504-2 devstack@n-api.service[98946]: INFO nova.api.openstack.requestlog [None req-3491ac16-4fa3-4b9a-831a-340185005023 tempest-FlavorsV255TestJSON-1881604147 tempest-FlavorsV255TestJSON-1881604147-project] 10.222.0.73 "GET /compute/v2.1/flavors/2085786036" status: 200 len: 449 microversion: 2.55 time: 0.201384
Feb 18 09:02:32.605808 n-d-829504-2 devstack@n-api.service[98946]: [pid: 98946|app: 0|req: 7/12] 10.222.0.73 () {60 vars in 1198 bytes} [Fri Feb 18 09:02:32 2022] GET /compute/v2.1/flavors/2085786036 => generated 449 bytes in 203 msecs (HTTP/1.1 200) 9 headers in 359 bytes (1 switches on core 0)
Feb 18 09:02:32.618305 n-d-829504-2 devstack@n-api.service[98946]: DEBUG nova.api.openstack.wsgi [None req-559a7cc8-2423-404c-9cd8-8885d0886f40 tempest-FlavorMetadataValidation-164976129 tempest-FlavorMetadataValidation-164976129-project-admin] Calling method '>' {{(pid=98946) _process_stack /opt/stack/nova/nova/api/openstack/wsgi.py:513}}
Feb 18 09:02:32.630186 n-d-829504-2 devstack@n-api.service[98946]: /usr/local/lib/python3.8/dist-packages/oslo_policy/policy.py:1022: UserWarning: Policy os_compute_api:os-flavor-manage:delete failed scope check. The token used to make the request was project scoped but the policy requires ['system'] scope. This behavior may change in the future where using the intended scope is required
Feb 18 09:02:32.630186 n-d-829504-2 devstack@n-api.service[98946]: warnings.warn(msg)
Feb 18 09:02:32.725134 n-d-829504-2 devstack@n-api.service[98946]: INFO nova.api.openstack.requestlog [None req-559a7cc8-2423-404c-9cd8-8885d0886f40 tempest-FlavorMetadataValidation-164976129 tempest-FlavorMetadataValidation-164976129-project-admin] 10.222.0.73 "DELETE /compute/v2.1/flavors/1322370197" status: 202 len: 0 microversion: 2.86 time: 0.118039
Feb 18 09:02:32.729189 n-d-829504-2 devstack@n-api.service[98946]: [pid: 98946|app: 0|req: 8/13] 10.222.0.73 () {60 vars in 1201 bytes} [Fri Feb 18 09:02:32 2022] DELETE /compute/v2.1/flavors/1322370197 => generated 0 bytes in 119 msecs (HTTP/1.1 202) 9 headers in 363 bytes (1 switches on core 0)
Feb 18 09:02:32.735777 n-d-829504-2 devstack@n-api.service[98946]: DEBUG nova.api.openstack.wsgi [None req-5ce27099-19be-4326-bd7b-6b8300c22b6d tempest-AggregatesAdminTestJSON-1043212779 tempest-AggregatesAdminTestJSON-1043212779-project-admin] Calling method '>' {{(pid=98946) _process_stack /opt/stack/nova/nova/api/openstack/wsgi.py:513}}
Feb 18 09:02:32.743033 n-d-829504-2 devstack@n-api.service[98946]: /usr/local/lib/python3.8/dist-packages/oslo_policy/policy.py:1022: UserWarning: Policy os_compute_api:os-aggregates:index failed scope check. The token used to make the request was project scoped but the policy requires ['system'] scope. This behavior may change in the future where using the intended scope is required
Feb 18 09:02:32.743033 n-d-829504-2 devstack@n-api.service[98946]: warnings.warn(msg)
Feb 18 09:02:32.755787 n-d-829504-2 devstack@n-api.service[98946]: INFO nova.api.openstack.requestlog [None req-5ce27099-19be-4326-bd7b-6b8300c22b6d tempest-AggregatesAdminTestJSON-1043212779 tempest-AggregatesAdminTestJSON-1043212779-project-admin] 10.222.0.73 "GET /compute/v2.1/os-aggregates" status: 200 len: 303 microversion: 2.1 time: 0.028051
Feb 18 09:02:32.756929 n-d-829504-2 devstack@n-api.service[98946]: [pid: 98946|app: 0|req: 9/14] 10.222.0.73 () {58 vars in 1142 bytes} [Fri Feb 18 09:02:32 2022] GET /compute/v2.1/os-aggregates => generated 303 bytes in 30 msecs (HTTP/1.1 200) 9 headers in 357 bytes (1 switches on core 0)
Feb 18 09:02:32.797416 n-d-829504-2 devstack@n-api.service[98945]: DEBUG nova.api.openstack.wsgi [None req-e38e976b-c2a5-4b98-887f-009794615b83 tempest-FlavorsExtraSpecsTestJSON-135964145 tempest-FlavorsExtraSpecsTestJSON-135964145-project] Calling method '>' {{(pid=98945) _process_stack /opt/stack/nova/nova/api/openstack/wsgi.py:513}}
Feb 18 09:02:32.831842 n-d-829504-2 devstack@n-api.service[98945]: INFO nova.api.openstack.requestlog [None req-e38e976b-c2a5-4b98-887f-009794615b83 tempest-FlavorsExtraSpecsTestJSON-135964145 tempest-FlavorsExtraSpecsTestJSON-135964145-project] 10.222.0.73 "GET /compute/v2.1/flavors/1007881008/os-extra_specs" status: 200 len: 66 microversion: 2.1 time: 0.253866
Feb 18 09:02:32.832673 n-d-829504-2 devstack@n-api.service[98945]: [pid: 98945|app: 0|req: 6/15] 10.222.0.73 () {58 vars in 1202 bytes} [Fri Feb 18 09:02:32 2022] GET /compute/v2.1/flavors/1007881008/os-extra_specs => generated 66 bytes in 255 msecs (HTTP/1.1 200) 9 headers in 356 bytes (1 switches on core 0)
Feb 18 09:02:32.856951 n-d-829504-2 devstack@n-api.service[98945]: DEBUG nova.api.openstack.wsgi [None req-8d79f5f0-1c97-47b7-a23e-5a96c344894a tempest-FlavorsV255TestJSON-1723362265 tempest-FlavorsV255TestJSON-1723362265-project-admin] Action: 'update', calling method: .version_select at 0x7f5de90de280>, body: {"flavor": {"description": "new"}} {{(pid=98945) _process_stack /opt/stack/nova/nova/api/openstack/wsgi.py:511}}
Feb 18 09:02:32.894138 n-d-829504-2 devstack@n-api.service[98945]: /usr/local/lib/python3.8/dist-packages/oslo_policy/policy.py:1022: UserWarning: Policy os_compute_api:os-flavor-manage:update failed scope check. The token used to make the request was project scoped but the policy requires ['system'] scope. This behavior may change in the future where using the intended scope is required
Feb 18 09:02:32.894138 n-d-829504-2 devstack@n-api.service[98945]: warnings.warn(msg)
Feb 18 09:02:32.968094 n-d-829504-2 devstack@n-api.service[98946]: DEBUG nova.api.openstack.wsgi [None req-72eb6c1f-27ea-48c9-9dd7-9ada5ca554e8 tempest-FlavorsAccessTestJSON-1474984416 tempest-FlavorsAccessTestJSON-1474984416-project] Calling method '>' {{(pid=98946) _process_stack /opt/stack/nova/nova/api/openstack/wsgi.py:513}}
Feb 18 09:02:33.001276 n-d-829504-2 devstack@n-api.service[98946]: INFO nova.api.openstack.requestlog [None req-72eb6c1f-27ea-48c9-9dd7-9ada5ca554e8 tempest-FlavorsAccessTestJSON-1474984416 tempest-FlavorsAccessTestJSON-1474984416-project] 10.222.0.73 "GET /compute/v2.1/flavors/detail" status: 200 len: 6233 microversion: 2.1 time: 0.243138
Feb 18 09:02:33.002129 n-d-829504-2 devstack@n-api.service[98946]: [pid: 98946|app: 0|req: 10/16] 10.222.0.73 () {58 vars in 1145 bytes} [Fri Feb 18 09:02:32 2022] GET /compute/v2.1/flavors/detail => generated 6233 bytes in 244 msecs (HTTP/1.1 200) 9 headers in 358 bytes (1 switches on core 0)
Feb 18 09:02:33.004875 n-d-829504-2 devstack@n-api.service[98945]: INFO nova.api.openstack.requestlog [None req-8d79f5f0-1c97-47b7-a23e-5a96c344894a tempest-FlavorsV255TestJSON-1723362265 tempest-FlavorsV255TestJSON-1723362265-project-admin] 10.222.0.73 "PUT /compute/v2.1/flavors/2085786036" status: 200 len: 450 microversion: 2.55 time: 0.170561
Feb 18 09:02:33.005638 n-d-829504-2 devstack@n-api.service[98945]: [pid: 98945|app: 0|req: 7/17] 10.222.0.73 () {62 vars in 1218 bytes} [Fri Feb 18 09:02:32 2022] PUT /compute/v2.1/flavors/2085786036 => generated 450 bytes in 172 msecs (HTTP/1.1 200) 9 headers in 359 bytes (1 switches on core 0)
Feb 18 09:02:33.012932 n-d-829504-2 devstack@n-api.service[98946]: DEBUG nova.api.openstack.wsgi [None req-c439bca3-7fcf-4669-9b0d-c7a85e35e7b2 tempest-FlavorMetadataValidation-164976129 tempest-FlavorMetadataValidation-164976129-project-admin] Calling method '>' {{(pid=98946) _process_stack /opt/stack/nova/nova/api/openstack/wsgi.py:513}}
Feb 18 09:02:33.020728 n-d-829504-2 devstack@n-api.service[98945]: DEBUG nova.api.openstack.wsgi [None req-b405d274-5b99-4c16-a18e-bf3fabb05d16 tempest-AggregatesAdminTestJSON-1043212779 tempest-AggregatesAdminTestJSON-1043212779-project-admin] Action: 'action', calling method: >, body: {"add_host": {"host": "n-h2-829504-2"}} {{(pid=98945) _process_stack /opt/stack/nova/nova/api/openstack/wsgi.py:511}}
Feb 18 09:02:33.027189 n-d-829504-2 devstack@n-api.service[98945]: /usr/local/lib/python3.8/dist-packages/oslo_policy/policy.py:1022: UserWarning: Policy os_compute_api:os-aggregates:add_host failed scope check. The token used to make the request was project scoped but the policy requires ['system'] scope. This behavior may change in the future where using the intended scope is required
Feb 18 09:02:33.027189 n-d-829504-2 devstack@n-api.service[98945]: warnings.warn(msg)
Feb 18 09:02:33.059466 n-d-829504-2 devstack@n-api.service[98946]: INFO nova.api.openstack.requestlog [None req-c439bca3-7fcf-4669-9b0d-c7a85e35e7b2 tempest-FlavorMetadataValidation-164976129 tempest-FlavorMetadataValidation-164976129-project-admin] 10.222.0.73 "GET /compute/v2.1/flavors/detail" status: 200 len: 6726 microversion: 2.86 time: 0.056099
Feb 18 09:02:33.060324 n-d-829504-2 devstack@n-api.service[98946]: [pid: 98946|app: 0|req: 11/18] 10.222.0.73 () {60 vars in 1186 bytes} [Fri Feb 18 09:02:33 2022] GET /compute/v2.1/flavors/detail => generated 6726 bytes in 57 msecs (HTTP/1.1 200) 9 headers in 360 bytes (1 switches on core 0)
Feb 18 09:02:33.070017 n-d-829504-2 devstack@n-api.service[98946]: DEBUG nova.api.openstack.wsgi [None req-332f787a-b737-47dd-9e6b-ed87b9bdff5a tempest-FlavorsExtraSpecsTestJSON-2037490019 tempest-FlavorsExtraSpecsTestJSON-2037490019-project-admin] Action: 'create', calling method: >, body: {"extra_specs": {"hw:numa_nodes": "1", "hw:cpu_policy": "shared"}} {{(pid=98946) _process_stack /opt/stack/nova/nova/api/openstack/wsgi.py:511}}
Feb 18 09:02:33.076705 n-d-829504-2 devstack@n-api.service[98945]: DEBUG oslo_concurrency.lockutils [None req-b405d274-5b99-4c16-a18e-bf3fabb05d16 tempest-AggregatesAdminTestJSON-1043212779 tempest-AggregatesAdminTestJSON-1043212779-project-admin] Lock "a601c8b9-3308-4889-83de-e0b52b33987e" acquired by "nova.context.set_target_cell..get_or_set_cached_cell_and_set_connections" :: waited 0.000s {{(pid=98945) inner /usr/local/lib/python3.8/dist-packages/oslo_concurrency/lockutils.py:355}}
Feb 18 09:02:33.077279 n-d-829504-2 devstack@n-api.service[98945]: DEBUG oslo_concurrency.lockutils [None req-b405d274-5b99-4c16-a18e-bf3fabb05d16 tempest-AggregatesAdminTestJSON-1043212779 tempest-AggregatesAdminTestJSON-1043212779-project-admin] Lock "a601c8b9-3308-4889-83de-e0b52b33987e" released by "nova.context.set_target_cell..get_or_set_cached_cell_and_set_connections" :: held 0.003s {{(pid=98945) inner /usr/local/lib/python3.8/dist-packages/oslo_concurrency/lockutils.py:367}}
Feb 18 09:02:33.077929 n-d-829504-2 devstack@n-api.service[98946]: /usr/local/lib/python3.8/dist-packages/oslo_policy/policy.py:1022: UserWarning: Policy os_compute_api:os-flavor-extra-specs:create failed scope check. The token used to make the request was project scoped but the policy requires ['system'] scope. This behavior may change in the future where using the intended scope is required
Feb 18 09:02:33.077929 n-d-829504-2 devstack@n-api.service[98946]: warnings.warn(msg)
