Feb 18 09:03:25.468182 n-d-829504-2 devstack@n-api.service[98946]: DEBUG nova.policy [None req-c7b1589d-c0e7-4cb0-adb3-f1bd018ecfb8 tempest-LiveAutoBlockMigrationV225Test-1236276232 tempest-LiveAutoBlockMigrationV225Test-1236276232-project] Policy check for os_compute_api:servers:show:host_status:unknown-only failed with credentials {'is_admin': False, 'user_id': 'c23ef8010728498e937a0a23f61071dd', 'user_domain_id': 'default', 'system_scope': None, 'domain_id': None, 'project_id': 'b213ae392cc446fda24fd81f81878438', 'project_domain_id': 'default', 'roles': ['member', 'reader'], 'is_admin_project': True, 'service_user_id': None, 'service_user_domain_id': None, 'service_project_id': None, 'service_project_domain_id': None, 'service_roles': []} {{(pid=98946) authorize /opt/stack/nova/nova/policy.py:222}}
Feb 18 09:03:25.470062 n-d-829504-2 devstack@n-api.service[98946]: INFO nova.api.openstack.requestlog [None req-c7b1589d-c0e7-4cb0-adb3-f1bd018ecfb8 tempest-LiveAutoBlockMigrationV225Test-1236276232 tempest-LiveAutoBlockMigrationV225Test-1236276232-project] 10.222.0.73 "GET /compute/v2.1/servers/b2442d97-1bde-48b8-a9f9-cdd501c23570" status: 200 len: 1361 microversion: 2.25 time: 0.663068
Feb 18 09:03:25.474893 n-d-829504-2 devstack@n-api.service[98946]: [pid: 98946|app: 0|req: 128/218] 10.222.0.73 () {60 vars in 1276 bytes} [Fri Feb 18 09:03:24 2022] GET /compute/v2.1/servers/b2442d97-1bde-48b8-a9f9-cdd501c23570 => generated 1361 bytes in 668 msecs (HTTP/1.1 200) 9 headers in 360 bytes (1 switches on core 0)
Feb 18 09:03:25.498152 n-d-829504-2 devstack@n-api.service[98946]: DEBUG nova.api.openstack.wsgi [None req-fec3f24a-cfd1-494e-b79d-900b8bfb9320 tempest-AggregatesAdminNegativeTestJSON-1428901450 tempest-AggregatesAdminNegativeTestJSON-1428901450-project-admin] Action: 'create', calling method: >, body: {"aggregate": {"name": ""}} {{(pid=98946) _process_stack /opt/stack/nova/nova/api/openstack/wsgi.py:511}}
Feb 18 09:03:25.499584 n-d-829504-2 devstack@n-api.service[98946]: DEBUG nova.api.openstack.wsgi [None req-fec3f24a-cfd1-494e-b79d-900b8bfb9320 tempest-AggregatesAdminNegativeTestJSON-1428901450 tempest-AggregatesAdminNegativeTestJSON-1428901450-project-admin] Returning 400 to user: Invalid input for field/attribute name. Value: . '' is too short {{(pid=98946) __call__ /opt/stack/nova/nova/api/openstack/wsgi.py:926}}
Feb 18 09:03:25.503450 n-d-829504-2 devstack@n-api.service[98946]: INFO nova.api.openstack.requestlog [None req-fec3f24a-cfd1-494e-b79d-900b8bfb9320 tempest-AggregatesAdminNegativeTestJSON-1428901450 tempest-AggregatesAdminNegativeTestJSON-1428901450-project-admin] 10.222.0.73 "POST /compute/v2.1/os-aggregates" status: 400 len: 108 microversion: 2.1 time: 0.026718
Feb 18 09:03:25.504777 n-d-829504-2 devstack@n-api.service[98946]: [pid: 98946|app: 0|req: 129/219] 10.222.0.73 () {60 vars in 1163 bytes} [Fri Feb 18 09:03:25 2022] POST /compute/v2.1/os-aggregates => generated 108 bytes in 29 msecs (HTTP/1.1 400) 9 headers in 381 bytes (1 switches on core 0)
Feb 18 09:03:25.517309 n-d-829504-2 devstack@n-api.service[98946]: DEBUG nova.api.openstack.wsgi [None req-1a394e34-26ed-4ad0-8d7c-cfc93efd2dae tempest-AggregatesAdminTestJSON-1043212779 tempest-AggregatesAdminTestJSON-1043212779-project-admin] Calling method '>' {{(pid=98946) _process_stack /opt/stack/nova/nova/api/openstack/wsgi.py:513}}
Feb 18 09:03:25.523271 n-d-829504-2 devstack@n-api.service[98946]: /usr/local/lib/python3.8/dist-packages/oslo_policy/policy.py:1022: UserWarning: Policy os_compute_api:os-aggregates:index failed scope check. The token used to make the request was project scoped but the policy requires ['system'] scope. This behavior may change in the future where using the intended scope is required
Feb 18 09:03:25.523271 n-d-829504-2 devstack@n-api.service[98946]: warnings.warn(msg)
Feb 18 09:03:25.533744 n-d-829504-2 devstack@n-api.service[98946]: INFO nova.api.openstack.requestlog [None req-1a394e34-26ed-4ad0-8d7c-cfc93efd2dae tempest-AggregatesAdminTestJSON-1043212779 tempest-AggregatesAdminTestJSON-1043212779-project-admin] 10.222.0.73 "GET /compute/v2.1/os-aggregates" status: 200 len: 337 microversion: 2.1 time: 0.027951
Feb 18 09:03:25.539278 n-d-829504-2 devstack@n-api.service[98946]: [pid: 98946|app: 0|req: 130/220] 10.222.0.73 () {58 vars in 1142 bytes} [Fri Feb 18 09:03:25 2022] GET /compute/v2.1/os-aggregates => generated 337 bytes in 29 msecs (HTTP/1.1 200) 9 headers in 357 bytes (1 switches on core 0)
Feb 18 09:03:25.550601 n-d-829504-2 devstack@n-api.service[98946]: DEBUG nova.api.openstack.wsgi [None req-666f7a8e-21e1-4729-a149-2175397b341c tempest-AggregatesAdminNegativeTestJSON-1803057916 tempest-AggregatesAdminNegativeTestJSON-1803057916-project] Action: 'create', calling method: >, body: {"aggregate": {"name": "tempest-test_aggregate-63133927"}} {{(pid=98946) _process_stack /opt/stack/nova/nova/api/openstack/wsgi.py:511}}
Feb 18 09:03:25.558213 n-d-829504-2 devstack@n-api.service[98946]: /usr/local/lib/python3.8/dist-packages/oslo_policy/policy.py:1022: UserWarning: Policy os_compute_api:os-aggregates:create failed scope check. The token used to make the request was project scoped but the policy requires ['system'] scope. This behavior may change in the future where using the intended scope is required
Feb 18 09:03:25.558213 n-d-829504-2 devstack@n-api.service[98946]: warnings.warn(msg)
Feb 18 09:03:25.559523 n-d-829504-2 devstack@n-api.service[98946]: DEBUG nova.policy [None req-666f7a8e-21e1-4729-a149-2175397b341c tempest-AggregatesAdminNegativeTestJSON-1803057916 tempest-AggregatesAdminNegativeTestJSON-1803057916-project] Policy check for os_compute_api:os-aggregates:create failed with credentials {'is_admin': False, 'user_id': 'e4dd1fcfc02b4308a8f05916fa3d6421', 'user_domain_id': 'default', 'system_scope': None, 'domain_id': None, 'project_id': '76ca2bb4f7f14a7ca4f7bbb74f6ed949', 'project_domain_id': 'default', 'roles': ['member', 'reader'], 'is_admin_project': True, 'service_user_id': None, 'service_user_domain_id': None, 'service_project_id': None, 'service_project_domain_id': None, 'service_roles': []} {{(pid=98946) authorize /opt/stack/nova/nova/policy.py:222}}
Feb 18 09:03:25.560615 n-d-829504-2 devstack@n-api.service[98946]: DEBUG nova.api.openstack.wsgi [None req-666f7a8e-21e1-4729-a149-2175397b341c tempest-AggregatesAdminNegativeTestJSON-1803057916 tempest-AggregatesAdminNegativeTestJSON-1803057916-project] Returning 403 to user: Policy doesn't allow os_compute_api:os-aggregates:create to be performed. {{(pid=98946) __call__ /opt/stack/nova/nova/api/openstack/wsgi.py:926}}
Feb 18 09:03:25.561669 n-d-829504-2 devstack@n-api.service[98946]: INFO nova.api.openstack.requestlog [None req-666f7a8e-21e1-4729-a149-2175397b341c tempest-AggregatesAdminNegativeTestJSON-1803057916 tempest-AggregatesAdminNegativeTestJSON-1803057916-project] 10.222.0.73 "POST /compute/v2.1/os-aggregates" status: 403 len: 116 microversion: 2.1 time: 0.020798
Feb 18 09:03:25.563733 n-d-829504-2 devstack@n-api.service[98946]: [pid: 98946|app: 0|req: 131/221] 10.222.0.73 () {60 vars in 1163 bytes} [Fri Feb 18 09:03:25 2022] POST /compute/v2.1/os-aggregates => generated 116 bytes in 28 msecs (HTTP/1.1 403) 9 headers in 379 bytes (1 switches on core 0)
Feb 18 09:03:25.575173 n-d-829504-2 devstack@n-api.service[98946]: DEBUG nova.api.openstack.wsgi [None req-cfe8d078-6b32-47ec-a940-8ab5842fe3fd tempest-AggregatesAdminTestJSON-1043212779 tempest-AggregatesAdminTestJSON-1043212779-project-admin] Calling method '>' {{(pid=98946) _process_stack /opt/stack/nova/nova/api/openstack/wsgi.py:513}}
Feb 18 09:03:25.582071 n-d-829504-2 devstack@n-api.service[98946]: /usr/local/lib/python3.8/dist-packages/oslo_policy/policy.py:1022: UserWarning: Policy os_compute_api:os-aggregates:delete failed scope check. The token used to make the request was project scoped but the policy requires ['system'] scope. This behavior may change in the future where using the intended scope is required
Feb 18 09:03:25.582071 n-d-829504-2 devstack@n-api.service[98946]: warnings.warn(msg)
Feb 18 09:03:25.714509 n-d-829504-2 devstack@n-api.service[98946]: INFO nova.api.openstack.requestlog [None req-cfe8d078-6b32-47ec-a940-8ab5842fe3fd tempest-AggregatesAdminTestJSON-1043212779 tempest-AggregatesAdminTestJSON-1043212779-project-admin] 10.222.0.73 "DELETE /compute/v2.1/os-aggregates/12" status: 200 len: 0 microversion: 2.1 time: 0.150686
Feb 18 09:03:25.721330 n-d-829504-2 devstack@n-api.service[98946]: [pid: 98946|app: 0|req: 132/222] 10.222.0.73 () {58 vars in 1154 bytes} [Fri Feb 18 09:03:25 2022] DELETE /compute/v2.1/os-aggregates/12 => generated 0 bytes in 158 msecs (HTTP/1.1 200) 9 headers in 355 bytes (1 switches on core 0)
Feb 18 09:03:25.733685 n-d-829504-2 devstack@n-api.service[98945]: DEBUG nova.policy [None req-8f00d3ae-831f-4d6c-bd24-914d01c8d264 tempest-LiveMigrationTest-2051945061 tempest-LiveMigrationTest-2051945061-project] Policy check for os_compute_api:os-extended-server-attributes failed with credentials {'is_admin': False, 'user_id': '72fcb5dc0812461b81b9ea531e1b0653', 'user_domain_id': 'default', 'system_scope': None, 'domain_id': None, 'project_id': 'd1a451f3231b4d0abf9224de31529e48', 'project_domain_id': 'default', 'roles': ['member', 'reader'], 'is_admin_project': True, 'service_user_id': None, 'service_user_domain_id': None, 'service_project_id': None, 'service_project_domain_id': None, 'service_roles': []} {{(pid=98945) authorize /opt/stack/nova/nova/policy.py:222}}
Feb 18 09:03:25.737114 n-d-829504-2 devstack@n-api.service[98946]: DEBUG nova.api.openstack.wsgi [None req-e072b0d7-66d1-4693-8ad8-131d50d38ffe tempest-AggregatesAdminNegativeTestJSON-1428901450 tempest-AggregatesAdminNegativeTestJSON-1428901450-project-admin] Action: 'create', calling method: >, body: {"aggregate": {"name": "tempest-test_aggregate-1922227379"}} {{(pid=98946) _process_stack /opt/stack/nova/nova/api/openstack/wsgi.py:511}}
Feb 18 09:03:25.744726 n-d-829504-2 devstack@n-api.service[98945]: INFO nova.api.openstack.requestlog [None req-8f00d3ae-831f-4d6c-bd24-914d01c8d264 tempest-LiveMigrationTest-2051945061 tempest-LiveMigrationTest-2051945061-project] 10.222.0.73 "GET /compute/v2.1/servers/e21b46e1-bc14-4f58-b54b-f19ae69c814c" status: 200 len: 1310 microversion: 2.1 time: 0.552339
Feb 18 09:03:25.745255 n-d-829504-2 devstack@n-api.service[98946]: /usr/local/lib/python3.8/dist-packages/oslo_policy/policy.py:1022: UserWarning: Policy os_compute_api:os-aggregates:create failed scope check. The token used to make the request was project scoped but the policy requires ['system'] scope. This behavior may change in the future where using the intended scope is required
Feb 18 09:03:25.745255 n-d-829504-2 devstack@n-api.service[98946]: warnings.warn(msg)
Feb 18 09:03:25.746041 n-d-829504-2 devstack@n-api.service[98945]: [pid: 98945|app: 0|req: 91/223] 10.222.0.73 () {58 vars in 1235 bytes} [Fri Feb 18 09:03:25 2022] GET /compute/v2.1/servers/e21b46e1-bc14-4f58-b54b-f19ae69c814c => generated 1310 bytes in 555 msecs (HTTP/1.1 200) 9 headers in 358 bytes (1 switches on core 0)
Feb 18 09:03:25.755467 n-d-829504-2 devstack@n-api.service[98945]: DEBUG nova.api.openstack.wsgi [None req-a6e4388f-8433-4751-817f-33e6cd5cf743 tempest-AggregatesAdminTestJSON-1043212779 tempest-AggregatesAdminTestJSON-1043212779-project-admin] Action: 'create', calling method: >, body: {"aggregate": {"name": "tempest-test_aggregate-354340656"}} {{(pid=98945) _process_stack /opt/stack/nova/nova/api/openstack/wsgi.py:511}}
Feb 18 09:03:25.755719 n-d-829504-2 devstack@n-api.service[98946]: DEBUG nova.objects.aggregate [None req-e072b0d7-66d1-4693-8ad8-131d50d38ffe tempest-AggregatesAdminNegativeTestJSON-1428901450 tempest-AggregatesAdminNegativeTestJSON-1428901450-project-admin] Generated uuid 2bc01b22-2756-444b-9f8b-04398dee5987 for aggregate {{(pid=98946) create /opt/stack/nova/nova/objects/aggregate.py:299}}
Feb 18 09:03:25.774974 n-d-829504-2 devstack@n-api.service[98945]: /usr/local/lib/python3.8/dist-packages/oslo_policy/policy.py:1022: UserWarning: Policy os_compute_api:os-aggregates:create failed scope check. The token used to make the request was project scoped but the policy requires ['system'] scope. This behavior may change in the future where using the intended scope is required
Feb 18 09:03:25.774974 n-d-829504-2 devstack@n-api.service[98945]: warnings.warn(msg)
Feb 18 09:03:25.778118 n-d-829504-2 devstack@n-api.service[98945]: DEBUG nova.objects.aggregate [None req-a6e4388f-8433-4751-817f-33e6cd5cf743 tempest-AggregatesAdminTestJSON-1043212779 tempest-AggregatesAdminTestJSON-1043212779-project-admin] Generated uuid c45bd4ab-e852-41f7-90c2-6b5fca4a885f for aggregate {{(pid=98945) create /opt/stack/nova/nova/objects/aggregate.py:299}}
Feb 18 09:03:25.909220 n-d-829504-2 devstack@n-api.service[98946]: INFO nova.api.openstack.requestlog [None req-e072b0d7-66d1-4693-8ad8-131d50d38ffe tempest-AggregatesAdminNegativeTestJSON-1428901450 tempest-AggregatesAdminNegativeTestJSON-1428901450-project-admin] 10.222.0.73 "POST /compute/v2.1/os-aggregates" status: 200 len: 199 microversion: 2.1 time: 0.186091
Feb 18 09:03:25.911328 n-d-829504-2 devstack@n-api.service[98946]: [pid: 98946|app: 0|req: 133/224] 10.222.0.73 () {60 vars in 1163 bytes} [Fri Feb 18 09:03:25 2022] POST /compute/v2.1/os-aggregates => generated 199 bytes in 189 msecs (HTTP/1.1 200) 9 headers in 357 bytes (1 switches on core 0)
Feb 18 09:03:25.926577 n-d-829504-2 devstack@n-api.service[98946]: DEBUG nova.api.openstack.wsgi [None req-630df299-5271-41bf-90dd-169c3685dc6e tempest-AggregatesAdminNegativeTestJSON-1428901450 tempest-AggregatesAdminNegativeTestJSON-1428901450-project-admin] Action: 'create', calling method: >, body: {"aggregate": {"name": "tempest-test_aggregate-1922227379"}} {{(pid=98946) _process_stack /opt/stack/nova/nova/api/openstack/wsgi.py:511}}
Feb 18 09:03:25.936450 n-d-829504-2 devstack@n-api.service[98946]: /usr/local/lib/python3.8/dist-packages/oslo_policy/policy.py:1022: UserWarning: Policy os_compute_api:os-aggregates:create failed scope check. The token used to make the request was project scoped but the policy requires ['system'] scope. This behavior may change in the future where using the intended scope is required
Feb 18 09:03:25.936450 n-d-829504-2 devstack@n-api.service[98946]: warnings.warn(msg)
Feb 18 09:03:25.958191 n-d-829504-2 devstack@n-api.service[98945]: INFO nova.api.openstack.requestlog [None req-a6e4388f-8433-4751-817f-33e6cd5cf743 tempest-AggregatesAdminTestJSON-1043212779 tempest-AggregatesAdminTestJSON-1043212779-project-admin] 10.222.0.73 "POST /compute/v2.1/os-aggregates" status: 200 len: 198 microversion: 2.1 time: 0.210736
Feb 18 09:03:25.963445 n-d-829504-2 devstack@n-api.service[98945]: [pid: 98945|app: 0|req: 92/225] 10.222.0.73 () {60 vars in 1163 bytes} [Fri Feb 18 09:03:25 2022] POST /compute/v2.1/os-aggregates => generated 198 bytes in 212 msecs (HTTP/1.1 200) 9 headers in 357 bytes (1 switches on core 0)
Feb 18 09:03:25.963603 n-d-829504-2 devstack@n-api.service[98946]: DEBUG nova.objects.aggregate [None req-630df299-5271-41bf-90dd-169c3685dc6e tempest-AggregatesAdminNegativeTestJSON-1428901450 tempest-AggregatesAdminNegativeTestJSON-1428901450-project-admin] Generated uuid f7aa6562-ddd1-4635-9148-ce4061c2ad3d for aggregate {{(pid=98946) create /opt/stack/nova/nova/objects/aggregate.py:299}}
Feb 18 09:03:25.978092 n-d-829504-2 devstack@n-api.service[98945]: DEBUG nova.api.openstack.wsgi [None req-a7802ac7-20de-4e80-b057-3689079f5c07 tempest-AggregatesAdminTestJSON-1043212779 tempest-AggregatesAdminTestJSON-1043212779-project-admin] Calling method '>' {{(pid=98945) _process_stack /opt/stack/nova/nova/api/openstack/wsgi.py:513}}
Feb 18 09:03:25.984635 n-d-829504-2 devstack@n-api.service[98945]: /usr/local/lib/python3.8/dist-packages/oslo_policy/policy.py:1022: UserWarning: Policy os_compute_api:os-aggregates:index failed scope check. The token used to make the request was project scoped but the policy requires ['system'] scope. This behavior may change in the future where using the intended scope is required
Feb 18 09:03:25.984635 n-d-829504-2 devstack@n-api.service[98945]: warnings.warn(msg)
Feb 18 09:03:25.989133 n-d-829504-2 devstack@n-api.service[98946]: INFO nova.api.openstack.wsgi [None req-630df299-5271-41bf-90dd-169c3685dc6e tempest-AggregatesAdminNegativeTestJSON-1428901450 tempest-AggregatesAdminNegativeTestJSON-1428901450-project-admin] HTTP exception thrown: Aggregate tempest-test_aggregate-1922227379 already exists.
Feb 18 09:03:25.991521 n-d-829504-2 devstack@n-api.service[98946]: DEBUG nova.api.openstack.wsgi [None req-630df299-5271-41bf-90dd-169c3685dc6e tempest-AggregatesAdminNegativeTestJSON-1428901450 tempest-AggregatesAdminNegativeTestJSON-1428901450-project-admin] Returning 409 to user: Aggregate tempest-test_aggregate-1922227379 already exists. {{(pid=98946) __call__ /opt/stack/nova/nova/api/openstack/wsgi.py:926}}
Feb 18 09:03:25.992111 n-d-829504-2 devstack@n-api.service[98946]: INFO nova.api.openstack.requestlog [None req-630df299-5271-41bf-90dd-169c3685dc6e tempest-AggregatesAdminNegativeTestJSON-1428901450 tempest-AggregatesAdminNegativeTestJSON-1428901450-project-admin] 10.222.0.73 "POST /compute/v2.1/os-aggregates" status: 409 len: 111 microversion: 2.1 time: 0.074024
Feb 18 09:03:25.992818 n-d-829504-2 devstack@n-api.service[98946]: [pid: 98946|app: 0|req: 134/226] 10.222.0.73 () {60 vars in 1163 bytes} [Fri Feb 18 09:03:25 2022] POST /compute/v2.1/os-aggregates => generated 111 bytes in 76 msecs (HTTP/1.1 409) 9 headers in 378 bytes (2 switches on core 0)
Feb 18 09:03:25.998529 n-d-829504-2 devstack@n-api.service[98945]: INFO nova.api.openstack.requestlog [None req-a7802ac7-20de-4e80-b057-3689079f5c07 tempest-AggregatesAdminTestJSON-1043212779 tempest-AggregatesAdminTestJSON-1043212779-project-admin] 10.222.0.73 "GET /compute/v2.1/os-aggregates" status: 200 len: 445 microversion: 2.1 time: 0.033478
Feb 18 09:03:25.999543 n-d-829504-2 devstack@n-api.service[98945]: [pid: 98945|app: 0|req: 93/227] 10.222.0.73 () {58 vars in 1142 bytes} [Fri Feb 18 09:03:25 2022] GET /compute/v2.1/os-aggregates => generated 445 bytes in 35 msecs (HTTP/1.1 200) 9 headers in 357 bytes (1 switches on core 0)
Feb 18 09:03:26.018441 n-d-829504-2 devstack@n-api.service[98945]: DEBUG nova.api.openstack.wsgi [None req-ad959ac5-9990-49d1-a7c6-1285a347ad26 tempest-AggregatesAdminTestJSON-1043212779 tempest-AggregatesAdminTestJSON-1043212779-project-admin] Calling method '>' {{(pid=98945) _process_stack /opt/stack/nova/nova/api/openstack/wsgi.py:513}}
Feb 18 09:03:26.018557 n-d-829504-2 devstack@n-api.service[98946]: DEBUG nova.api.openstack.wsgi [None req-c76563a8-bf63-4c12-aba9-7ef004c9a86b tempest-AggregatesAdminNegativeTestJSON-1428901450 tempest-AggregatesAdminNegativeTestJSON-1428901450-project-admin] Calling method '>' {{(pid=98946) _process_stack /opt/stack/nova/nova/api/openstack/wsgi.py:513}}
Feb 18 09:03:26.023422 n-d-829504-2 devstack@n-api.service[98945]: /usr/local/lib/python3.8/dist-packages/oslo_policy/policy.py:1022: UserWarning: Policy os_compute_api:os-aggregates:delete failed scope check. The token used to make the request was project scoped but the policy requires ['system'] scope. This behavior may change in the future where using the intended scope is required
Feb 18 09:03:26.023422 n-d-829504-2 devstack@n-api.service[98945]: warnings.warn(msg)
Feb 18 09:03:26.026255 n-d-829504-2 devstack@n-api.service[98946]: /usr/local/lib/python3.8/dist-packages/oslo_policy/policy.py:1022: UserWarning: Policy os_compute_api:os-aggregates:delete failed scope check. The token used to make the request was project scoped but the policy requires ['system'] scope. This behavior may change in the future where using the intended scope is required
Feb 18 09:03:26.026255 n-d-829504-2 devstack@n-api.service[98946]: warnings.warn(msg)
Feb 18 09:03:26.145257 n-d-829504-2 devstack@n-api.service[98946]: INFO nova.api.openstack.requestlog [None req-c76563a8-bf63-4c12-aba9-7ef004c9a86b tempest-AggregatesAdminNegativeTestJSON-1428901450 tempest-AggregatesAdminNegativeTestJSON-1428901450-project-admin] 10.222.0.73 "DELETE /compute/v2.1/os-aggregates/13" status: 200 len: 0 microversion: 2.1 time: 0.144924
Feb 18 09:03:26.145944 n-d-829504-2 devstack@n-api.service[98946]: [pid: 98946|app: 0|req: 135/228] 10.222.0.73 () {58 vars in 1154 bytes} [Fri Feb 18 09:03:25 2022] DELETE /compute/v2.1/os-aggregates/13 => generated 0 bytes in 149 msecs (HTTP/1.1 200) 9 headers in 355 bytes (1 switches on core 0)
Feb 18 09:03:26.146402 n-d-829504-2 devstack@n-api.service[98945]: INFO nova.api.openstack.requestlog [None req-ad959ac5-9990-49d1-a7c6-1285a347ad26 tempest-AggregatesAdminTestJSON-1043212779 tempest-AggregatesAdminTestJSON-1043212779-project-admin] 10.222.0.73 "DELETE /compute/v2.1/os-aggregates/14" status: 200 len: 0 microversion: 2.1 time: 0.137723
Feb 18 09:03:26.147452 n-d-829504-2 devstack@n-api.service[98945]: [pid: 98945|app: 0|req: 94/229] 10.222.0.73 () {58 vars in 1154 bytes} [Fri Feb 18 09:03:26 2022] DELETE /compute/v2.1/os-aggregates/14 => generated 0 bytes in 141 msecs (HTTP/1.1 200) 9 headers in 355 bytes (1 switches on core 0)
Feb 18 09:03:26.188082 n-d-829504-2 devstack@n-api.service[98946]: DEBUG nova.api.openstack.wsgi [None req-1522bfd2-2efc-436e-99f1-036542a395be tempest-AggregatesAdminTestJSON-397930990 tempest-AggregatesAdminTestJSON-397930990-project] Calling method '>' {{(pid=98946) _process_stack /opt/stack/nova/nova/api/openstack/wsgi.py:513}}
Feb 18 09:03:26.188627 n-d-829504-2 devstack@n-api.service[98946]: DEBUG nova.compute.api [None req-1522bfd2-2efc-436e-99f1-036542a395be tempest-AggregatesAdminTestJSON-397930990 tempest-AggregatesAdminTestJSON-397930990-project] [instance: 4f0eb25d-21ed-49fe-819f-1f4960d0a2df] Fetching instance by UUID {{(pid=98946) get /opt/stack/nova/nova/compute/api.py:2810}}
Feb 18 09:03:26.193795 n-d-829504-2 devstack@n-api.service[98945]: DEBUG nova.api.openstack.wsgi [None req-455a0a0f-fa13-49fd-a15b-af2489276f95 tempest-AggregatesAdminNegativeTestJSON-1428901450 tempest-AggregatesAdminNegativeTestJSON-1428901450-project-admin] Action: 'create', calling method: >, body: {"aggregate": {"name": "tempest-test_aggregate-2044113712"}} {{(pid=98945) _process_stack /opt/stack/nova/nova/api/openstack/wsgi.py:511}}
Feb 18 09:03:26.201633 n-d-829504-2 devstack@n-api.service[98945]: /usr/local/lib/python3.8/dist-packages/oslo_policy/policy.py:1022: UserWarning: Policy os_compute_api:os-aggregates:create failed scope check. The token used to make the request was project scoped but the policy requires ['system'] scope. This behavior may change in the future where using the intended scope is required
Feb 18 09:03:26.201633 n-d-829504-2 devstack@n-api.service[98945]: warnings.warn(msg)
Feb 18 09:03:26.202976 n-d-829504-2 devstack@n-api.service[98945]: DEBUG nova.objects.aggregate [None req-455a0a0f-fa13-49fd-a15b-af2489276f95 tempest-AggregatesAdminNegativeTestJSON-1428901450 tempest-AggregatesAdminNegativeTestJSON-1428901450-project-admin] Generated uuid f2febcf1-9a60-4c55-8ffe-cbd936d850bd for aggregate {{(pid=98945) create /opt/stack/nova/nova/objects/aggregate.py:299}}
Feb 18 09:03:26.208907 n-d-829504-2 devstack@n-api.service[98946]: DEBUG oslo_concurrency.lockutils [None req-1522bfd2-2efc-436e-99f1-036542a395be tempest-AggregatesAdminTestJSON-397930990 tempest-AggregatesAdminTestJSON-397930990-project] Lock "a601c8b9-3308-4889-83de-e0b52b33987e" acquired by "nova.context.set_target_cell..get_or_set_cached_cell_and_set_connections" :: waited 0.000s {{(pid=98946) inner /usr/local/lib/python3.8/dist-packages/oslo_concurrency/lockutils.py:355}}
Feb 18 09:03:26.210048 n-d-829504-2 devstack@n-api.service[98946]: DEBUG oslo_concurrency.lockutils [None req-1522bfd2-2efc-436e-99f1-036542a395be tempest-AggregatesAdminTestJSON-397930990 tempest-AggregatesAdminTestJSON-397930990-project] Lock "a601c8b9-3308-4889-83de-e0b52b33987e" released by "nova.context.set_target_cell..get_or_set_cached_cell_and_set_connections" :: held 0.005s {{(pid=98946) inner /usr/local/lib/python3.8/dist-packages/oslo_concurrency/lockutils.py:367}}
Feb 18 09:03:26.211524 n-d-829504-2 devstack@n-api.service[98946]: DEBUG oslo_concurrency.lockutils [None req-1522bfd2-2efc-436e-99f1-036542a395be tempest-AggregatesAdminTestJSON-397930990 tempest-AggregatesAdminTestJSON-397930990-project] Lock "a601c8b9-3308-4889-83de-e0b52b33987e" acquired by "nova.context.set_target_cell..get_or_set_cached_cell_and_set_connections" :: waited 0.000s {{(pid=98946) inner /usr/local/lib/python3.8/dist-packages/oslo_concurrency/lockutils.py:355}}
Feb 18 09:03:26.212619 n-d-829504-2 devstack@n-api.service[98946]: DEBUG oslo_concurrency.lockutils [None req-1522bfd2-2efc-436e-99f1-036542a395be tempest-AggregatesAdminTestJSON-397930990 tempest-AggregatesAdminTestJSON-397930990-project] Lock "a601c8b9-3308-4889-83de-e0b52b33987e" released by "nova.context.set_target_cell..get_or_set_cached_cell_and_set_connections" :: held 0.001s {{(pid=98946) inner /usr/local/lib/python3.8/dist-packages/oslo_concurrency/lockutils.py:367}}
Feb 18 09:03:26.276013 n-d-829504-2 devstack@n-api.service[98946]: INFO nova.api.openstack.wsgi [None req-1522bfd2-2efc-436e-99f1-036542a395be tempest-AggregatesAdminTestJSON-397930990 tempest-AggregatesAdminTestJSON-397930990-project] HTTP exception thrown: Instance 4f0eb25d-21ed-49fe-819f-1f4960d0a2df could not be found.
Feb 18 09:03:26.277131 n-d-829504-2 devstack@n-api.service[98946]: DEBUG nova.api.openstack.wsgi [None req-1522bfd2-2efc-436e-99f1-036542a395be tempest-AggregatesAdminTestJSON-397930990 tempest-AggregatesAdminTestJSON-397930990-project] Returning 404 to user: Instance 4f0eb25d-21ed-49fe-819f-1f4960d0a2df could not be found. {{(pid=98946) __call__ /opt/stack/nova/nova/api/openstack/wsgi.py:926}}
Feb 18 09:03:26.278193 n-d-829504-2 devstack@n-api.service[98946]: INFO nova.api.openstack.requestlog [None req-1522bfd2-2efc-436e-99f1-036542a395be tempest-AggregatesAdminTestJSON-397930990 tempest-AggregatesAdminTestJSON-397930990-project] 10.222.0.73 "DELETE /compute/v2.1/servers/4f0eb25d-21ed-49fe-819f-1f4960d0a2df" status: 404 len: 111 microversion: 2.1 time: 0.120974
Feb 18 09:03:26.282009 n-d-829504-2 devstack@n-api.service[98946]: [pid: 98946|app: 0|req: 136/230] 10.222.0.73 () {58 vars in 1238 bytes} [Fri Feb 18 09:03:26 2022] DELETE /compute/v2.1/servers/4f0eb25d-21ed-49fe-819f-1f4960d0a2df => generated 111 bytes in 125 msecs (HTTP/1.1 404) 9 headers in 379 bytes (1 switches on core 0)
Feb 18 09:03:26.294911 n-d-829504-2 devstack@n-api.service[98946]: DEBUG nova.api.openstack.wsgi [None req-2e6832ed-0e5c-47a0-9bd9-bd2ec9fe82af tempest-AggregatesAdminTestJSON-397930990 tempest-AggregatesAdminTestJSON-397930990-project] Calling method '>' {{(pid=98946) _process_stack /opt/stack/nova/nova/api/openstack/wsgi.py:513}}
Feb 18 09:03:26.295445 n-d-829504-2 devstack@n-api.service[98946]: DEBUG nova.compute.api [None req-2e6832ed-0e5c-47a0-9bd9-bd2ec9fe82af tempest-AggregatesAdminTestJSON-397930990 tempest-AggregatesAdminTestJSON-397930990-project] [instance: 4f0eb25d-21ed-49fe-819f-1f4960d0a2df] Fetching instance by UUID {{(pid=98946) get /opt/stack/nova/nova/compute/api.py:2810}}
Feb 18 09:03:26.305142 n-d-829504-2 devstack@n-api.service[98945]: INFO nova.api.openstack.requestlog [None req-455a0a0f-fa13-49fd-a15b-af2489276f95 tempest-AggregatesAdminNegativeTestJSON-1428901450 tempest-AggregatesAdminNegativeTestJSON-1428901450-project-admin] 10.222.0.73 "POST /compute/v2.1/os-aggregates" status: 200 len: 199 microversion: 2.1 time: 0.145843
Feb 18 09:03:26.311408 n-d-829504-2 devstack@n-api.service[98945]: [pid: 98945|app: 0|req: 95/231] 10.222.0.73 () {60 vars in 1163 bytes} [Fri Feb 18 09:03:26 2022] POST /compute/v2.1/os-aggregates => generated 199 bytes in 150 msecs (HTTP/1.1 200) 9 headers in 357 bytes (1 switches on core 0)
Feb 18 09:03:26.322207 n-d-829504-2 devstack@n-api.service[98946]: DEBUG oslo_concurrency.lockutils [None req-2e6832ed-0e5c-47a0-9bd9-bd2ec9fe82af tempest-AggregatesAdminTestJSON-397930990 tempest-AggregatesAdminTestJSON-397930990-project] Lock "a601c8b9-3308-4889-83de-e0b52b33987e" acquired by "nova.context.set_target_cell..get_or_set_cached_cell_and_set_connections" :: waited 0.000s {{(pid=98946) inner /usr/local/lib/python3.8/dist-packages/oslo_concurrency/lockutils.py:355}}
Feb 18 09:03:26.322580 n-d-829504-2 devstack@n-api.service[98946]: DEBUG oslo_concurrency.lockutils [None req-2e6832ed-0e5c-47a0-9bd9-bd2ec9fe82af tempest-AggregatesAdminTestJSON-397930990 tempest-AggregatesAdminTestJSON-397930990-project] Lock "a601c8b9-3308-4889-83de-e0b52b33987e" released by "nova.context.set_target_cell..get_or_set_cached_cell_and_set_connections" :: held 0.001s {{(pid=98946) inner /usr/local/lib/python3.8/dist-packages/oslo_concurrency/lockutils.py:367}}
Feb 18 09:03:26.323437 n-d-829504-2 devstack@n-api.service[98946]: DEBUG oslo_concurrency.lockutils [None req-2e6832ed-0e5c-47a0-9bd9-bd2ec9fe82af tempest-AggregatesAdminTestJSON-397930990 tempest-AggregatesAdminTestJSON-397930990-project] Lock "a601c8b9-3308-4889-83de-e0b52b33987e" acquired by "nova.context.set_target_cell..get_or_set_cached_cell_and_set_connections" :: waited 0.000s {{(pid=98946) inner /usr/local/lib/python3.8/dist-packages/oslo_concurrency/lockutils.py:355}}
Feb 18 09:03:26.323662 n-d-829504-2 devstack@n-api.service[98945]: DEBUG nova.api.openstack.wsgi [None req-b3ad2f0c-5de0-441a-b142-5201a39e03ee tempest-AggregatesAdminNegativeTestJSON-1803057916 tempest-AggregatesAdminNegativeTestJSON-1803057916-project] Calling method '>' {{(pid=98945) _process_stack /opt/stack/nova/nova/api/openstack/wsgi.py:513}}
Feb 18 09:03:26.324011 n-d-829504-2 devstack@n-api.service[98946]: DEBUG oslo_concurrency.lockutils [None req-2e6832ed-0e5c-47a0-9bd9-bd2ec9fe82af tempest-AggregatesAdminTestJSON-397930990 tempest-AggregatesAdminTestJSON-397930990-project] Lock "a601c8b9-3308-4889-83de-e0b52b33987e" released by "nova.context.set_target_cell..get_or_set_cached_cell_and_set_connections" :: held 0.000s {{(pid=98946) inner /usr/local/lib/python3.8/dist-packages/oslo_concurrency/lockutils.py:367}}
Feb 18 09:03:26.330095 n-d-829504-2 devstack@n-api.service[98945]: /usr/local/lib/python3.8/dist-packages/oslo_policy/policy.py:1022: UserWarning: Policy os_compute_api:os-aggregates:delete failed scope check. The token used to make the request was project scoped but the policy requires ['system'] scope. This behavior may change in the future where using the intended scope is required
Feb 18 09:03:26.330095 n-d-829504-2 devstack@n-api.service[98945]: warnings.warn(msg)
Feb 18 09:03:26.332329 n-d-829504-2 devstack@n-api.service[98945]: DEBUG nova.policy [None req-b3ad2f0c-5de0-441a-b142-5201a39e03ee tempest-AggregatesAdminNegativeTestJSON-1803057916 tempest-AggregatesAdminNegativeTestJSON-1803057916-project] Policy check for os_compute_api:os-aggregates:delete failed with credentials {'is_admin': False, 'user_id': 'e4dd1fcfc02b4308a8f05916fa3d6421', 'user_domain_id': 'default', 'system_scope': None, 'domain_id': None, 'project_id': '76ca2bb4f7f14a7ca4f7bbb74f6ed949', 'project_domain_id': 'default', 'roles': ['member', 'reader'], 'is_admin_project': True, 'service_user_id': None, 'service_user_domain_id': None, 'service_project_id': None, 'service_project_domain_id': None, 'service_roles': []} {{(pid=98945) authorize /opt/stack/nova/nova/policy.py:222}}
Feb 18 09:03:26.332329 n-d-829504-2 devstack@n-api.service[98945]: DEBUG nova.api.openstack.wsgi [None req-b3ad2f0c-5de0-441a-b142-5201a39e03ee tempest-AggregatesAdminNegativeTestJSON-1803057916 tempest-AggregatesAdminNegativeTestJSON-1803057916-project] Returning 403 to user: Policy doesn't allow os_compute_api:os-aggregates:delete to be performed. {{(pid=98945) __call__ /opt/stack/nova/nova/api/openstack/wsgi.py:926}}
Feb 18 09:03:26.335470 n-d-829504-2 devstack@n-api.service[98945]: INFO nova.api.openstack.requestlog [None req-b3ad2f0c-5de0-441a-b142-5201a39e03ee tempest-AggregatesAdminNegativeTestJSON-1803057916 tempest-AggregatesAdminNegativeTestJSON-1803057916-project] 10.222.0.73 "DELETE /compute/v2.1/os-aggregates/15" status: 403 len: 116 microversion: 2.1 time: 0.022788
Feb 18 09:03:26.336860 n-d-829504-2 devstack@n-api.service[98945]: [pid: 98945|app: 0|req: 96/232] 10.222.0.73 () {58 vars in 1154 bytes} [Fri Feb 18 09:03:26 2022] DELETE /compute/v2.1/os-aggregates/15 => generated 116 bytes in 24 msecs (HTTP/1.1 403) 9 headers in 379 bytes (1 switches on core 0)
Feb 18 09:03:26.353951 n-d-829504-2 devstack@n-api.service[98945]: DEBUG nova.api.openstack.wsgi [None req-259cb55e-bf38-468d-8641-2f197b250197 tempest-AggregatesAdminNegativeTestJSON-1428901450 tempest-AggregatesAdminNegativeTestJSON-1428901450-project-admin] Calling method '>' {{(pid=98945) _process_stack /opt/stack/nova/nova/api/openstack/wsgi.py:513}}
Feb 18 09:03:26.429793 n-d-829504-2 devstack@n-api.service[98946]: INFO nova.api.openstack.wsgi [None req-2e6832ed-0e5c-47a0-9bd9-bd2ec9fe82af tempest-AggregatesAdminTestJSON-397930990 tempest-AggregatesAdminTestJSON-397930990-project] HTTP exception thrown: Instance 4f0eb25d-21ed-49fe-819f-1f4960d0a2df could not be found.
Feb 18 09:03:26.430554 n-d-829504-2 devstack@n-api.service[98946]: DEBUG nova.api.openstack.wsgi [None req-2e6832ed-0e5c-47a0-9bd9-bd2ec9fe82af tempest-AggregatesAdminTestJSON-397930990 tempest-AggregatesAdminTestJSON-397930990-project] Returning 404 to user: Instance 4f0eb25d-21ed-49fe-819f-1f4960d0a2df could not be found. {{(pid=98946) __call__ /opt/stack/nova/nova/api/openstack/wsgi.py:926}}
Feb 18 09:03:26.431902 n-d-829504-2 devstack@n-api.service[98946]: INFO nova.api.openstack.requestlog [None req-2e6832ed-0e5c-47a0-9bd9-bd2ec9fe82af tempest-AggregatesAdminTestJSON-397930990 tempest-AggregatesAdminTestJSON-397930990-project] 10.222.0.73 "GET /compute/v2.1/servers/4f0eb25d-21ed-49fe-819f-1f4960d0a2df" status: 404 len: 111 microversion: 2.1 time: 0.147427
Feb 18 09:03:26.433551 n-d-829504-2 devstack@n-api.service[98946]: [pid: 98946|app: 0|req: 137/233] 10.222.0.73 () {58 vars in 1235 bytes} [Fri Feb 18 09:03:26 2022] GET /compute/v2.1/servers/4f0eb25d-21ed-49fe-819f-1f4960d0a2df => generated 111 bytes in 150 msecs (HTTP/1.1 404) 9 headers in 379 bytes (1 switches on core 0)
Feb 18 09:03:26.443886 n-d-829504-2 devstack@n-api.service[98946]: DEBUG nova.api.openstack.wsgi [req-a53dd3b2-bd94-433a-a580-0ae03b21ab35 req-18bb322d-c880-4608-9790-67d48c40f5ba service nova] Action: 'create', calling method: >, body: {"events": [{"name": "network-changed", "server_uuid": "e21b46e1-bc14-4f58-b54b-f19ae69c814c", "tag": "beb2280c-e8c8-4b5f-a83f-d57a91b3268d"}]} {{(pid=98946) _process_stack /opt/stack/nova/nova/api/openstack/wsgi.py:511}}
Feb 18 09:03:26.450542 n-d-829504-2 devstack@n-api.service[98946]: /usr/local/lib/python3.8/dist-packages/oslo_policy/policy.py:1022: UserWarning: Policy os_compute_api:os-server-external-events:create failed scope check. The token used to make the request was project scoped but the policy requires ['system'] scope. This behavior may change in the future where using the intended scope is required
Feb 18 09:03:26.450542 n-d-829504-2 devstack@n-api.service[98946]: warnings.warn(msg)
Feb 18 09:03:26.459410 n-d-829504-2 devstack@n-api.service[98946]: DEBUG oslo_concurrency.lockutils [req-a53dd3b2-bd94-433a-a580-0ae03b21ab35 req-18bb322d-c880-4608-9790-67d48c40f5ba service nova] Lock "a601c8b9-3308-4889-83de-e0b52b33987e" acquired by "nova.context.set_target_cell..get_or_set_cached_cell_and_set_connections" :: waited 0.000s {{(pid=98946) inner /usr/local/lib/python3.8/dist-packages/oslo_concurrency/lockutils.py:355}}
Feb 18 09:03:26.459905 n-d-829504-2 devstack@n-api.service[98946]: DEBUG oslo_concurrency.lockutils [req-a53dd3b2-bd94-433a-a580-0ae03b21ab35 req-18bb322d-c880-4608-9790-67d48c40f5ba service nova] Lock "a601c8b9-3308-4889-83de-e0b52b33987e" released by "nova.context.set_target_cell..get_or_set_cached_cell_and_set_connections" :: held 0.001s {{(pid=98946) inner /usr/local/lib/python3.8/dist-packages/oslo_concurrency/lockutils.py:367}}
Feb 18 09:03:26.471436 n-d-829504-2 devstack@n-api.service[98945]: INFO nova.api.openstack.requestlog [None req-259cb55e-bf38-468d-8641-2f197b250197 tempest-AggregatesAdminNegativeTestJSON-1428901450 tempest-AggregatesAdminNegativeTestJSON-1428901450-project-admin] 10.222.0.73 "DELETE /compute/v2.1/os-aggregates/15" status: 200 len: 0 microversion: 2.1 time: 0.130363
Feb 18 09:03:26.473810 n-d-829504-2 devstack@n-api.service[98945]: [pid: 98945|app: 0|req: 97/234] 10.222.0.73 () {58 vars in 1154 bytes} [Fri Feb 18 09:03:26 2022] DELETE /compute/v2.1/os-aggregates/15 => generated 0 bytes in 132 msecs (HTTP/1.1 200) 9 headers in 355 bytes (2 switches on core 0)
Feb 18 09:03:26.494429 n-d-829504-2 devstack@n-api.service[98945]: DEBUG nova.api.openstack.wsgi [None req-5d0198cc-77ca-4386-aa90-e0cb81b41abb tempest-AggregatesAdminNegativeTestJSON-1428901450 tempest-AggregatesAdminNegativeTestJSON-1428901450-project-admin] Calling method '>' {{(pid=98945) _process_stack /opt/stack/nova/nova/api/openstack/wsgi.py:513}}
Feb 18 09:03:26.505372 n-d-829504-2 devstack@n-api.service[98946]: INFO nova.api.openstack.compute.server_external_events [req-a53dd3b2-bd94-433a-a580-0ae03b21ab35 req-18bb322d-c880-4608-9790-67d48c40f5ba service nova] Creating event network-changed:beb2280c-e8c8-4b5f-a83f-d57a91b3268d for instance e21b46e1-bc14-4f58-b54b-f19ae69c814c on n-h2-829504-2
Feb 18 09:03:26.506391 n-d-829504-2 devstack@n-api.service[98945]: /usr/local/lib/python3.8/dist-packages/oslo_policy/policy.py:1022: UserWarning: Policy os_compute_api:os-aggregates:delete failed scope check. The token used to make the request was project scoped but the policy requires ['system'] scope. This behavior may change in the future where using the intended scope is required
Feb 18 09:03:26.506391 n-d-829504-2 devstack@n-api.service[98945]: warnings.warn(msg)
Feb 18 09:03:26.515059 n-d-829504-2 devstack@n-api.service[98946]: INFO nova.api.openstack.requestlog [req-a53dd3b2-bd94-433a-a580-0ae03b21ab35 req-18bb322d-c880-4608-9790-67d48c40f5ba service nova] 10.222.0.73 "POST /compute/v2.1/os-server-external-events" status: 200 len: 179 microversion: 2.1 time: 0.080384
Feb 18 09:03:26.518249 n-d-829504-2 devstack@n-api.service[98946]: [pid: 98946|app: 0|req: 138/235] 10.222.0.73 () {64 vars in 1317 bytes} [Fri Feb 18 09:03:26 2022] POST /compute/v2.1/os-server-external-events => generated 179 bytes in 84 msecs (HTTP/1.1 200) 9 headers in 357 bytes (1 switches on core 0)
Feb 18 09:03:26.538623 n-d-829504-2 devstack@n-api.service[98945]: INFO nova.api.openstack.wsgi [None req-5d0198cc-77ca-4386-aa90-e0cb81b41abb tempest-AggregatesAdminNegativeTestJSON-1428901450 tempest-AggregatesAdminNegativeTestJSON-1428901450-project-admin] HTTP exception thrown: Aggregate -1 could not be found.
Feb 18 09:03:26.539224 n-d-829504-2 devstack@n-api.service[98945]: DEBUG nova.api.openstack.wsgi [None req-5d0198cc-77ca-4386-aa90-e0cb81b41abb tempest-AggregatesAdminNegativeTestJSON-1428901450 tempest-AggregatesAdminNegativeTestJSON-1428901450-project-admin] Returning 404 to user: Aggregate -1 could not be found. {{(pid=98945) __call__ /opt/stack/nova/nova/api/openstack/wsgi.py:926}}
Feb 18 09:03:26.540724 n-d-829504-2 devstack@n-api.service[98946]: DEBUG nova.api.openstack.wsgi [None req-15b998da-28f1-4edb-b0ec-34a9162cba52 tempest-LiveAutoBlockMigrationV225Test-1236276232 tempest-LiveAutoBlockMigrationV225Test-1236276232-project] Calling method '>' {{(pid=98946) _process_stack /opt/stack/nova/nova/api/openstack/wsgi.py:513}}
Feb 18 09:03:26.542666 n-d-829504-2 devstack@n-api.service[98946]: DEBUG nova.compute.api [None req-15b998da-28f1-4edb-b0ec-34a9162cba52 tempest-LiveAutoBlockMigrationV225Test-1236276232 tempest-LiveAutoBlockMigrationV225Test-1236276232-project] [instance: b2442d97-1bde-48b8-a9f9-cdd501c23570] Fetching instance by UUID {{(pid=98946) get /opt/stack/nova/nova/compute/api.py:2810}}
Feb 18 09:03:26.542790 n-d-829504-2 devstack@n-api.service[98945]: INFO nova.api.openstack.requestlog [None req-5d0198cc-77ca-4386-aa90-e0cb81b41abb tempest-AggregatesAdminNegativeTestJSON-1428901450 tempest-AggregatesAdminNegativeTestJSON-1428901450-project-admin] 10.222.0.73 "DELETE /compute/v2.1/os-aggregates/-1" status: 404 len: 78 microversion: 2.1 time: 0.062100
Feb 18 09:03:26.548878 n-d-829504-2 devstack@n-api.service[98945]: [pid: 98945|app: 0|req: 98/236] 10.222.0.73 () {58 vars in 1154 bytes} [Fri Feb 18 09:03:26 2022] DELETE /compute/v2.1/os-aggregates/-1 => generated 78 bytes in 71 msecs (HTTP/1.1 404) 9 headers in 378 bytes (1 switches on core 0)
Feb 18 09:03:26.565773 n-d-829504-2 devstack@n-api.service[98945]: DEBUG nova.api.openstack.wsgi [None req-72f4de2b-74b0-434c-a99b-b9771441d600 tempest-AggregatesAdminNegativeTestJSON-1428901450 tempest-AggregatesAdminNegativeTestJSON-1428901450-project-admin] Action: 'create', calling method: >, body: {"aggregate": {"name": "tempest-test_aggregate-988963456"}} {{(pid=98945) _process_stack /opt/stack/nova/nova/api/openstack/wsgi.py:511}}
Feb 18 09:03:26.570786 n-d-829504-2 devstack@n-api.service[98946]: DEBUG oslo_concurrency.lockutils [None req-15b998da-28f1-4edb-b0ec-34a9162cba52 tempest-LiveAutoBlockMigrationV225Test-1236276232 tempest-LiveAutoBlockMigrationV225Test-1236276232-project] Lock "a601c8b9-3308-4889-83de-e0b52b33987e" acquired by "nova.context.set_target_cell..get_or_set_cached_cell_and_set_connections" :: waited 0.000s {{(pid=98946) inner /usr/local/lib/python3.8/dist-packages/oslo_concurrency/lockutils.py:355}}
Feb 18 09:03:26.571254 n-d-829504-2 devstack@n-api.service[98946]: DEBUG oslo_concurrency.lockutils [None req-15b998da-28f1-4edb-b0ec-34a9162cba52 tempest-LiveAutoBlockMigrationV225Test-1236276232 tempest-LiveAutoBlockMigrationV225Test-1236276232-project] Lock "a601c8b9-3308-4889-83de-e0b52b33987e" released by "nova.context.set_target_cell..get_or_set_cached_cell_and_set_connections" :: held 0.001s {{(pid=98946) inner /usr/local/lib/python3.8/dist-packages/oslo_concurrency/lockutils.py:367}}
Feb 18 09:03:26.572191 n-d-829504-2 devstack@n-api.service[98946]: DEBUG oslo_concurrency.lockutils [None req-15b998da-28f1-4edb-b0ec-34a9162cba52 tempest-LiveAutoBlockMigrationV225Test-1236276232 tempest-LiveAutoBlockMigrationV225Test-1236276232-project] Lock "a601c8b9-3308-4889-83de-e0b52b33987e" acquired by "nova.context.set_target_cell..get_or_set_cached_cell_and_set_connections" :: waited 0.000s {{(pid=98946) inner /usr/local/lib/python3.8/dist-packages/oslo_concurrency/lockutils.py:355}}
Feb 18 09:03:26.572523 n-d-829504-2 devstack@n-api.service[98946]: DEBUG oslo_concurrency.lockutils [None req-15b998da-28f1-4edb-b0ec-34a9162cba52 tempest-LiveAutoBlockMigrationV225Test-1236276232 tempest-LiveAutoBlockMigrationV225Test-1236276232-project] Lock "a601c8b9-3308-4889-83de-e0b52b33987e" released by "nova.context.set_target_cell..get_or_set_cached_cell_and_set_connections" :: held 0.000s {{(pid=98946) inner /usr/local/lib/python3.8/dist-packages/oslo_concurrency/lockutils.py:367}}
Feb 18 09:03:26.585195 n-d-829504-2 devstack@n-api.service[98945]: /usr/local/lib/python3.8/dist-packages/oslo_policy/policy.py:1022: UserWarning: Policy os_compute_api:os-aggregates:create failed scope check. The token used to make the request was project scoped but the policy requires ['system'] scope. This behavior may change in the future where using the intended scope is required
Feb 18 09:03:26.585195 n-d-829504-2 devstack@n-api.service[98945]: warnings.warn(msg)
Feb 18 09:03:26.587875 n-d-829504-2 devstack@n-api.service[98945]: DEBUG nova.objects.aggregate [None req-72f4de2b-74b0-434c-a99b-b9771441d600 tempest-AggregatesAdminNegativeTestJSON-1428901450 tempest-AggregatesAdminNegativeTestJSON-1428901450-project-admin] Generated uuid e4f67f54-e9f1-4702-b1fa-bd9f9296f0e0 for aggregate {{(pid=98945) create /opt/stack/nova/nova/objects/aggregate.py:299}}
Feb 18 09:03:26.729679 n-d-829504-2 devstack@n-api.service[98945]: INFO nova.api.openstack.requestlog [None req-72f4de2b-74b0-434c-a99b-b9771441d600 tempest-AggregatesAdminNegativeTestJSON-1428901450 tempest-AggregatesAdminNegativeTestJSON-1428901450-project-admin] 10.222.0.73 "POST /compute/v2.1/os-aggregates" status: 200 len: 198 microversion: 2.1 time: 0.179054
Feb 18 09:03:26.736950 n-d-829504-2 devstack@n-api.service[98945]: [pid: 98945|app: 0|req: 99/237] 10.222.0.73 () {60 vars in 1163 bytes} [Fri Feb 18 09:03:26 2022] POST /compute/v2.1/os-aggregates => generated 198 bytes in 187 msecs (HTTP/1.1 200) 9 headers in 357 bytes (1 switches on core 0)
Feb 18 09:03:26.747742 n-d-829504-2 devstack@n-api.service[98945]: DEBUG nova.api.openstack.wsgi [None req-9215e997-3625-406c-9c54-3541718bf552 tempest-AggregatesAdminNegativeTestJSON-1803057916 tempest-AggregatesAdminNegativeTestJSON-1803057916-project] Calling method '>' {{(pid=98945) _process_stack /opt/stack/nova/nova/api/openstack/wsgi.py:513}}
Feb 18 09:03:26.753653 n-d-829504-2 devstack@n-api.service[98945]: /usr/local/lib/python3.8/dist-packages/oslo_policy/policy.py:1022: UserWarning: Policy os_compute_api:os-aggregates:show failed scope check. The token used to make the request was project scoped but the policy requires ['system'] scope. This behavior may change in the future where using the intended scope is required
Feb 18 09:03:26.753653 n-d-829504-2 devstack@n-api.service[98945]: warnings.warn(msg)
Feb 18 09:03:26.754946 n-d-829504-2 devstack@n-api.service[98945]: DEBUG nova.policy [None req-9215e997-3625-406c-9c54-3541718bf552 tempest-AggregatesAdminNegativeTestJSON-1803057916 tempest-AggregatesAdminNegativeTestJSON-1803057916-project] Policy check for os_compute_api:os-aggregates:show failed with credentials {'is_admin': False, 'user_id': 'e4dd1fcfc02b4308a8f05916fa3d6421', 'user_domain_id': 'default', 'system_scope': None, 'domain_id': None, 'project_id': '76ca2bb4f7f14a7ca4f7bbb74f6ed949', 'project_domain_id': 'default', 'roles': ['member', 'reader'], 'is_admin_project': True, 'service_user_id': None, 'service_user_domain_id': None, 'service_project_id': None, 'service_project_domain_id': None, 'service_roles': []} {{(pid=98945) authorize /opt/stack/nova/nova/policy.py:222}}
Feb 18 09:03:26.755917 n-d-829504-2 devstack@n-api.service[98945]: DEBUG nova.api.openstack.wsgi [None req-9215e997-3625-406c-9c54-3541718bf552 tempest-AggregatesAdminNegativeTestJSON-1803057916 tempest-AggregatesAdminNegativeTestJSON-1803057916-project] Returning 403 to user: Policy doesn't allow os_compute_api:os-aggregates:show to be performed. {{(pid=98945) __call__ /opt/stack/nova/nova/api/openstack/wsgi.py:926}}
Feb 18 09:03:26.757121 n-d-829504-2 devstack@n-api.service[98945]: INFO nova.api.openstack.requestlog [None req-9215e997-3625-406c-9c54-3541718bf552 tempest-AggregatesAdminNegativeTestJSON-1803057916 tempest-AggregatesAdminNegativeTestJSON-1803057916-project] 10.222.0.73 "GET /compute/v2.1/os-aggregates/16" status: 403 len: 114 microversion: 2.1 time: 0.019360
Feb 18 09:03:26.758040 n-d-829504-2 devstack@n-api.service[98945]: [pid: 98945|app: 0|req: 100/238] 10.222.0.73 () {58 vars in 1151 bytes} [Fri Feb 18 09:03:26 2022] GET /compute/v2.1/os-aggregates/16 => generated 114 bytes in 21 msecs (HTTP/1.1 403) 9 headers in 379 bytes (1 switches on core 0)
Feb 18 09:03:26.775726 n-d-829504-2 devstack@n-api.service[98945]: DEBUG nova.api.openstack.wsgi [None req-a21ee145-23a4-4640-8d53-35c583f84782 tempest-LiveMigrationTest-2051945061 tempest-LiveMigrationTest-2051945061-project] Calling method '>' {{(pid=98945) _process_stack /opt/stack/nova/nova/api/openstack/wsgi.py:513}}
Feb 18 09:03:26.777106 n-d-829504-2 devstack@n-api.service[98945]: DEBUG nova.compute.api [None req-a21ee145-23a4-4640-8d53-35c583f84782 tempest-LiveMigrationTest-2051945061 tempest-LiveMigrationTest-2051945061-project] [instance: e21b46e1-bc14-4f58-b54b-f19ae69c814c] Fetching instance by UUID {{(pid=98945) get /opt/stack/nova/nova/compute/api.py:2810}}
Feb 18 09:03:26.800465 n-d-829504-2 devstack@n-api.service[98945]: DEBUG oslo_concurrency.lockutils [None req-a21ee145-23a4-4640-8d53-35c583f84782 tempest-LiveMigrationTest-2051945061 tempest-LiveMigrationTest-2051945061-project] Lock "a601c8b9-3308-4889-83de-e0b52b33987e" acquired by "nova.context.set_target_cell..get_or_set_cached_cell_and_set_connections" :: waited 0.000s {{(pid=98945) inner /usr/local/lib/python3.8/dist-packages/oslo_concurrency/lockutils.py:355}}
Feb 18 09:03:26.801255 n-d-829504-2 devstack@n-api.service[98945]: DEBUG oslo_concurrency.lockutils [None req-a21ee145-23a4-4640-8d53-35c583f84782 tempest-LiveMigrationTest-2051945061 tempest-LiveMigrationTest-2051945061-project] Lock "a601c8b9-3308-4889-83de-e0b52b33987e" released by "nova.context.set_target_cell..get_or_set_cached_cell_and_set_connections" :: held 0.003s {{(pid=98945) inner /usr/local/lib/python3.8/dist-packages/oslo_concurrency/lockutils.py:367}}
Feb 18 09:03:26.804563 n-d-829504-2 devstack@n-api.service[98945]: DEBUG oslo_concurrency.lockutils [None req-a21ee145-23a4-4640-8d53-35c583f84782 tempest-LiveMigrationTest-2051945061 tempest-LiveMigrationTest-2051945061-project] Lock "a601c8b9-3308-4889-83de-e0b52b33987e" acquired by "nova.context.set_target_cell..get_or_set_cached_cell_and_set_connections" :: waited 0.000s {{(pid=98945) inner /usr/local/lib/python3.8/dist-packages/oslo_concurrency/lockutils.py:355}}
