Feb 16 14:40:03.367769 n-d-829433-1 neutron-server[103045]: DEBUG neutron.plugins.ml2.rpc [None req-4d2a5d45-42c6-40cd-a822-a572e0a29091 None None] Returning: {'device': '7e9b5105-8c5a-4500-b964-8a49a7607dc5', 'network_id': '17e411cc-5c91-4342-ae9e-9be4ddd8c9f4', 'port_id': '7e9b5105-8c5a-4500-b964-8a49a7607dc5', 'mac_address': 'fa:16:3e:c3:32:46', 'admin_state_up': True, 'network_type': 'vlan', 'segmentation_id': 1055, 'physical_network': 'physnet1', 'mtu': 1500, 'fixed_ips': [{'subnet_id': 'b9b3dd02-9da6-47db-b291-2bcf0e7ac67e', 'ip_address': '172.20.0.5'}], 'device_owner': 'compute:nova', 'allowed_address_pairs': [], 'port_security_enabled': True, 'qos_policy_id': None, 'network_qos_policy_id': None, 'profile': {}, 'propagate_uplink_status': False} {{(pid=103045) _get_device_details /opt/stack/neutron/neutron/plugins/ml2/rpc.py:184}}
Feb 16 14:40:03.407977 n-d-829433-1 neutron-server[103043]: DEBUG neutron.pecan_wsgi.hooks.policy_enforcement [req-c4e63878-395b-45f8-890b-cb70a30159b0 req-a74f18c7-ba08-4af7-b3e5-429127b04e91 tempest-LiveMigrationTest-220056050 tempest-LiveMigrationTest-220056050-project] Attributes excluded by policy engine: ['standard_attr_id', 'binding:profile', 'binding:host_id', 'binding:vif_type', 'binding:vif_details'] {{(pid=103043) _exclude_attributes_by_policy /opt/stack/neutron/neutron/pecan_wsgi/hooks/policy_enforcement.py:255}}
Feb 16 14:40:03.409510 n-d-829433-1 neutron-server[103043]: INFO neutron.wsgi [req-c4e63878-395b-45f8-890b-cb70a30159b0 req-a74f18c7-ba08-4af7-b3e5-429127b04e91 tempest-LiveMigrationTest-220056050 tempest-LiveMigrationTest-220056050-project] 10.222.0.113 "GET /v2.0/ports?device_id=7890305e-8250-4d65-8d79-08ef34a283d1 HTTP/1.1" status: 200 len: 966 time: 0.5047915
Feb 16 14:40:03.422353 n-d-829433-1 neutron-server[103045]: DEBUG neutron_lib.callbacks.manager [None req-4d2a5d45-42c6-40cd-a822-a572e0a29091 None None] Notify callbacks ['neutron.plugins.ml2.plugin.SecurityGroupDbMixin._ensure_default_security_group_handler-4171413'] for port, before_update {{(pid=103045) _notify_loop /usr/local/lib/python3.8/dist-packages/neutron_lib/callbacks/manager.py:192}}
Feb 16 14:40:03.432256 n-d-829433-1 neutron-server[103044]: DEBUG neutron.plugins.ml2.db [req-f1c85f1d-c866-45c0-a993-3d4595ba8d58 req-a4974b40-8853-43d9-acd5-b40b588c8de4 service neutron] For port 24ff1da1-c374-43e7-a993-bbe19d7ab30c, host n-h2-829433-1, cleared binding levels {{(pid=103044) clear_binding_levels /opt/stack/neutron/neutron/plugins/ml2/db.py:87}}
Feb 16 14:40:03.436403 n-d-829433-1 neutron-server[103044]: DEBUG neutron_lib.callbacks.manager [req-f1c85f1d-c866-45c0-a993-3d4595ba8d58 req-a4974b40-8853-43d9-acd5-b40b588c8de4 service neutron] Notify callbacks [] for binding, before_response {{(pid=103044) _notify_loop /usr/local/lib/python3.8/dist-packages/neutron_lib/callbacks/manager.py:192}}
Feb 16 14:40:03.437058 n-d-829433-1 neutron-server[103045]: DEBUG neutron.notifiers.nova [None req-4d2a5d45-42c6-40cd-a822-a572e0a29091 None None] Ignoring state change previous_port_status: DOWN current_port_status: BUILD port_id 7e9b5105-8c5a-4500-b964-8a49a7607dc5 {{(pid=103045) record_port_status_changed /opt/stack/neutron/neutron/notifiers/nova.py:233}}
Feb 16 14:40:03.437892 n-d-829433-1 neutron-server[103044]: INFO neutron.wsgi [req-f1c85f1d-c866-45c0-a993-3d4595ba8d58 req-a4974b40-8853-43d9-acd5-b40b588c8de4 service neutron] 10.222.0.93 "DELETE /v2.0/ports/24ff1da1-c374-43e7-a993-bbe19d7ab30c/bindings/n-h2-829433-1 HTTP/1.1" status: 204 len: 173 time: 0.2429652
Feb 16 14:40:03.459111 n-d-829433-1 neutron-server[103045]: DEBUG neutron.plugins.ml2.db [None req-4d2a5d45-42c6-40cd-a822-a572e0a29091 None None] For port 7e9b5105-8c5a-4500-b964-8a49a7607dc5, host n-h2-829433-1, got binding levels [PortBindingLevel(driver='hyperv',host='n-h2-829433-1',level=0,port_id=7e9b5105-8c5a-4500-b964-8a49a7607dc5,segment=NetworkSegment(2dde613d-7da6-48d0-bee2-99c8fb8ffbaf),segment_id=2dde613d-7da6-48d0-bee2-99c8fb8ffbaf)] {{(pid=103045) get_binding_level_objs /opt/stack/neutron/neutron/plugins/ml2/db.py:74}}
Feb 16 14:40:03.500785 n-d-829433-1 neutron-server[103043]: DEBUG neutron.pecan_wsgi.hooks.policy_enforcement [req-269dbb08-d4fd-4506-8abb-0c552dbd68be req-ecfe041c-d5dc-4eb4-a0e3-6ff3428a8aab tempest-ServersAdminTestJSON-1846748540 tempest-ServersAdminTestJSON-1846748540-project] Attributes excluded by policy engine: ['standard_attr_id', 'vlan_transparent', 'provider:network_type', 'provider:physical_network', 'provider:segmentation_id'] {{(pid=103043) _exclude_attributes_by_policy /opt/stack/neutron/neutron/pecan_wsgi/hooks/policy_enforcement.py:255}}
Feb 16 14:40:03.502204 n-d-829433-1 neutron-server[103043]: INFO neutron.wsgi [req-269dbb08-d4fd-4506-8abb-0c552dbd68be req-ecfe041c-d5dc-4eb4-a0e3-6ff3428a8aab tempest-ServersAdminTestJSON-1846748540 tempest-ServersAdminTestJSON-1846748540-project] 10.222.0.93 "GET /v2.0/networks?shared=True HTTP/1.1" status: 200 len: 769 time: 0.5435011
Feb 16 14:40:03.523796 n-d-829433-1 neutron-server[103043]: DEBUG neutron.api.v2.base [req-269dbb08-d4fd-4506-8abb-0c552dbd68be req-856b97af-2b05-4685-b76a-eaeaf9ea215c tempest-ServersAdminTestJSON-1846748540 tempest-ServersAdminTestJSON-1846748540-project] Request body: {'port': {'device_id': 'ca496f88-5e8c-4f06-b4d1-7daba5a0a570', 'network_id': '421f03cc-8d97-4890-a566-5ea0d9665989', 'admin_state_up': True, 'tenant_id': 'f3130184073c44818146fbdf220188d3'}} {{(pid=103043) prepare_request_body /opt/stack/neutron/neutron/api/v2/base.py:729}}
Feb 16 14:40:03.549445 n-d-829433-1 neutron-server[103043]: INFO neutron.wsgi [req-c4e63878-395b-45f8-890b-cb70a30159b0 req-540684b9-4737-48b1-badd-94800d785147 tempest-LiveMigrationTest-220056050 tempest-LiveMigrationTest-220056050-project] 10.222.0.113 "GET /v2.0/security-groups?id=c17fccaa-9154-4c52-a3ef-988d6a26a7e6&fields=id&fields=name HTTP/1.1" status: 200 len: 286 time: 0.1188707
Feb 16 14:40:03.575311 n-d-829433-1 neutron-server[103045]: DEBUG neutron_lib.callbacks.manager [None req-4d2a5d45-42c6-40cd-a822-a572e0a29091 None None] Notify callbacks ['neutron.plugins.ml2.plugin.SecurityGroupServerNotifierRpcMixin._notify_sg_on_port_change-4171338', 'neutron.plugins.ml2.ovo_rpc._ObjectChangeHandler.handle_event-54270', 'neutron.api.rpc.agentnotifiers.dhcp_rpc_agent_api.DhcpAgentNotifyAPI._native_event_send_dhcp_notification-1000444', 'neutron.db.l3_db.L3RpcNotifierMixin._notify_gateway_port_ip_changed-8730684533872', 'neutron.db.l3_dvrscheduler_db._notify_l3_agent_port_update-8730684134027', 'neutron.db.l3_hascheduler_db._notify_l3_agent_ha_port_update-8730684134045'] for port, after_update {{(pid=103045) _notify_loop /usr/local/lib/python3.8/dist-packages/neutron_lib/callbacks/manager.py:192}}
Feb 16 14:40:03.583577 n-d-829433-1 neutron-server[103043]: DEBUG neutron.pecan_wsgi.hooks.policy_enforcement [req-da6a0385-b519-4e6d-a8d5-e301779bd516 req-683e0479-5430-4f77-8c7c-63de9bef411c tempest-ImagesNegativeTestJSON-444627400 tempest-ImagesNegativeTestJSON-444627400-project] Attributes excluded by policy engine: ['standard_attr_id', 'binding:profile', 'binding:host_id', 'binding:vif_type', 'binding:vif_details'] {{(pid=103043) _exclude_attributes_by_policy /opt/stack/neutron/neutron/pecan_wsgi/hooks/policy_enforcement.py:255}}
Feb 16 14:40:03.585153 n-d-829433-1 neutron-server[103043]: INFO neutron.wsgi [req-da6a0385-b519-4e6d-a8d5-e301779bd516 req-683e0479-5430-4f77-8c7c-63de9bef411c tempest-ImagesNegativeTestJSON-444627400 tempest-ImagesNegativeTestJSON-444627400-project] 10.222.0.113 "GET /v2.0/ports?device_id=4c933919-06df-455a-b178-5265909adb41 HTTP/1.1" status: 200 len: 950 time: 0.1712182
Feb 16 14:40:03.613677 n-d-829433-1 neutron-server[103043]: DEBUG neutron.plugins.ml2.plugin [req-cea0cc43-dfec-44b7-abf6-5853bf02b50c req-53e0442c-0b84-440c-95b1-32ed2d805d37 tempest-ImagesNegativeTestJSON-444627400 tempest-ImagesNegativeTestJSON-444627400-project] Deleting port 5a857f7c-0cbb-435f-8dd7-86db7a5978d0 {{(pid=103043) _pre_delete_port /opt/stack/neutron/neutron/plugins/ml2/plugin.py:1954}}
Feb 16 14:40:03.614015 n-d-829433-1 neutron-server[103043]: DEBUG neutron_lib.callbacks.manager [req-cea0cc43-dfec-44b7-abf6-5853bf02b50c req-53e0442c-0b84-440c-95b1-32ed2d805d37 tempest-ImagesNegativeTestJSON-444627400 tempest-ImagesNegativeTestJSON-444627400-project] Notify callbacks ['neutron.db.l3_db.L3_NAT_dbonly_mixin._prevent_l3_port_delete_callback-8730684532062'] for port, before_delete {{(pid=103043) _notify_loop /usr/local/lib/python3.8/dist-packages/neutron_lib/callbacks/manager.py:192}}
Feb 16 14:40:03.644768 n-d-829433-1 neutron-server[103045]: DEBUG neutron.api.rpc.handlers.resources_rpc [None req-4d2a5d45-42c6-40cd-a822-a572e0a29091 None None] Pushing event updated for resources: {'Port': ['ID=7e9b5105-8c5a-4500-b964-8a49a7607dc5,revision_number=4']} {{(pid=103045) push /opt/stack/neutron/neutron/api/rpc/handlers/resources_rpc.py:237}}
Feb 16 14:40:03.750072 n-d-829433-1 neutron-server[103043]: INFO neutron.wsgi [req-da6a0385-b519-4e6d-a8d5-e301779bd516 req-bbfa61de-c3bb-4ea6-81bb-1a1f3a38565f tempest-ImagesNegativeTestJSON-444627400 tempest-ImagesNegativeTestJSON-444627400-project] 10.222.0.113 "GET /v2.0/security-groups?id=bfd276e6-60ef-4401-8319-1dc77c8baece&fields=id&fields=name HTTP/1.1" status: 200 len: 286 time: 0.1546841
Feb 16 14:40:03.757931 n-d-829433-1 neutron-server[103044]: DEBUG neutron.wsgi [-] (103044) accepted ('10.222.0.113', 39162) {{(pid=103044) server /usr/local/lib/python3.8/dist-packages/eventlet/wsgi.py:982}}
Feb 16 14:40:03.785026 n-d-829433-1 neutron-server[103044]: DEBUG neutron_lib.callbacks.manager [None req-a026cff5-fd76-48be-ac49-3df3be488202 admin admin] Notify callbacks [] for security_group, before_create {{(pid=103044) _notify_loop /usr/local/lib/python3.8/dist-packages/neutron_lib/callbacks/manager.py:192}}
Feb 16 14:40:03.793129 n-d-829433-1 neutron-server[103045]: DEBUG neutron.plugins.ml2.db [None req-4d2a5d45-42c6-40cd-a822-a572e0a29091 None None] get_ports_and_sgs() called for port_ids ['7e9b5105-8c5a-4500-b964-8a49a7607dc5'] {{(pid=103045) get_ports_and_sgs /opt/stack/neutron/neutron/plugins/ml2/db.py:156}}
Feb 16 14:40:03.803052 n-d-829433-1 neutron-server[103043]: DEBUG neutron.pecan_wsgi.hooks.policy_enforcement [req-0a8de9c7-b9d5-4553-923e-9cd9802509dc req-8d70545e-3aff-4137-9858-1c00cfd27113 tempest-LiveAutoBlockMigrationV225Test-1821109030 tempest-LiveAutoBlockMigrationV225Test-1821109030-project] Attributes excluded by policy engine: ['standard_attr_id', 'binding:profile', 'binding:host_id', 'binding:vif_type', 'binding:vif_details'] {{(pid=103043) _exclude_attributes_by_policy /opt/stack/neutron/neutron/pecan_wsgi/hooks/policy_enforcement.py:255}}
Feb 16 14:40:03.805018 n-d-829433-1 neutron-server[103043]: INFO neutron.wsgi [req-0a8de9c7-b9d5-4553-923e-9cd9802509dc req-8d70545e-3aff-4137-9858-1c00cfd27113 tempest-LiveAutoBlockMigrationV225Test-1821109030 tempest-LiveAutoBlockMigrationV225Test-1821109030-project] 10.222.0.113 "GET /v2.0/ports?device_id=13fdfd23-bc1b-487d-8ab4-5bab217bce02 HTTP/1.1" status: 200 len: 944 time: 0.1643465
Feb 16 14:40:03.810069 n-d-829433-1 neutron-server[103043]: DEBUG neutron.plugins.ml2.db [req-cea0cc43-dfec-44b7-abf6-5853bf02b50c req-53e0442c-0b84-440c-95b1-32ed2d805d37 tempest-ImagesNegativeTestJSON-444627400 tempest-ImagesNegativeTestJSON-444627400-project] For port 5a857f7c-0cbb-435f-8dd7-86db7a5978d0, host n-h2-829433-1, got binding levels [PortBindingLevel(driver='hyperv',host='n-h2-829433-1',level=0,port_id=5a857f7c-0cbb-435f-8dd7-86db7a5978d0,segment=NetworkSegment(bac1006c-286d-4a9b-b9e7-e9e34635151e),segment_id=bac1006c-286d-4a9b-b9e7-e9e34635151e)] {{(pid=103043) get_binding_level_objs /opt/stack/neutron/neutron/plugins/ml2/db.py:74}}
Feb 16 14:40:03.810433 n-d-829433-1 neutron-server[103043]: DEBUG neutron_lib.callbacks.manager [req-cea0cc43-dfec-44b7-abf6-5853bf02b50c req-53e0442c-0b84-440c-95b1-32ed2d805d37 tempest-ImagesNegativeTestJSON-444627400 tempest-ImagesNegativeTestJSON-444627400-project] Notify callbacks ['neutron.services.l3_router.l3_router_plugin.L3_NAT_dbonly_mixin._precommit_delete_port_callback-715450'] for port, precommit_delete {{(pid=103043) _notify_loop /usr/local/lib/python3.8/dist-packages/neutron_lib/callbacks/manager.py:192}}
Feb 16 14:40:03.831065 n-d-829433-1 neutron-server[103043]: DEBUG neutron.plugins.ml2.plugin [req-cea0cc43-dfec-44b7-abf6-5853bf02b50c req-53e0442c-0b84-440c-95b1-32ed2d805d37 tempest-ImagesNegativeTestJSON-444627400 tempest-ImagesNegativeTestJSON-444627400-project] Calling delete_port for 5a857f7c-0cbb-435f-8dd7-86db7a5978d0 owned by compute:nova {{(pid=103043) delete_port /opt/stack/neutron/neutron/plugins/ml2/plugin.py:2032}}
Feb 16 14:40:03.899602 n-d-829433-1 neutron-server[103043]: DEBUG neutron.pecan_wsgi.hooks.quota_enforcement [req-269dbb08-d4fd-4506-8abb-0c552dbd68be req-856b97af-2b05-4685-b76a-eaeaf9ea215c tempest-ServersAdminTestJSON-1846748540 tempest-ServersAdminTestJSON-1846748540-project] Made reservation on behalf of f3130184073c44818146fbdf220188d3 for: {'port': 1} {{(pid=103043) before /opt/stack/neutron/neutron/pecan_wsgi/hooks/quota_enforcement.py:53}}
Feb 16 14:40:03.903073 n-d-829433-1 neutron-server[103043]: DEBUG neutron_lib.callbacks.manager [req-269dbb08-d4fd-4506-8abb-0c552dbd68be req-856b97af-2b05-4685-b76a-eaeaf9ea215c tempest-ServersAdminTestJSON-1846748540 tempest-ServersAdminTestJSON-1846748540-project] Notify callbacks ['neutron.plugins.ml2.plugin.SecurityGroupDbMixin._ensure_default_security_group_handler-4171413'] for port, before_create {{(pid=103043) _notify_loop /usr/local/lib/python3.8/dist-packages/neutron_lib/callbacks/manager.py:192}}
Feb 16 14:40:03.926309 n-d-829433-1 neutron-server[103044]: DEBUG neutron_lib.callbacks.manager [None req-a026cff5-fd76-48be-ac49-3df3be488202 admin admin] Notify callbacks [] for security_group, precommit_create {{(pid=103044) _notify_loop /usr/local/lib/python3.8/dist-packages/neutron_lib/callbacks/manager.py:192}}
Feb 16 14:40:03.928063 n-d-829433-1 neutron-server[103043]: INFO neutron.wsgi [req-0a8de9c7-b9d5-4553-923e-9cd9802509dc req-010ce1cf-79fd-47c1-a502-71f2032c2bf8 tempest-LiveAutoBlockMigrationV225Test-1821109030 tempest-LiveAutoBlockMigrationV225Test-1821109030-project] 10.222.0.113 "GET /v2.0/security-groups?id=dcc258e7-378b-4821-b9e3-50e985eddab2&fields=id&fields=name HTTP/1.1" status: 200 len: 286 time: 0.1071622
Feb 16 14:40:03.995171 n-d-829433-1 neutron-server[103044]: DEBUG neutron_lib.callbacks.manager [None req-a026cff5-fd76-48be-ac49-3df3be488202 admin admin] Notify callbacks ['neutron.plugins.ml2.ovo_rpc._ObjectChangeHandler.handle_event-947657'] for security_group, after_create {{(pid=103044) _notify_loop /usr/local/lib/python3.8/dist-packages/neutron_lib/callbacks/manager.py:192}}
Feb 16 14:40:04.000006 n-d-829433-1 neutron-server[103043]: INFO neutron.wsgi [req-7e1529c9-ccd8-44dd-a33c-e8830a913275 req-25fd3a20-eaa4-4afa-bc82-3c411152bf66 tempest-DeleteServersAdminTestJSON-602689390 tempest-DeleteServersAdminTestJSON-602689390-project] 10.222.0.113 "GET /v2.0/ports?device_id=4108c0e3-ebd5-4310-87ec-7281e39161e5 HTTP/1.1" status: 200 len: 210 time: 0.1055782
Feb 16 14:40:04.043351 n-d-829433-1 neutron-server[103044]: INFO neutron.wsgi [None req-a026cff5-fd76-48be-ac49-3df3be488202 admin admin] 10.222.0.113 "GET /v2.0/security-groups?tenant_id=06b6c065543a45d58e645585a2f15533&name=default HTTP/1.1" status: 200 len: 2979 time: 0.2843275
Feb 16 14:40:04.046029 n-d-829433-1 neutron-server[103044]: DEBUG neutron.wsgi [-] (103044) accepted ('10.222.0.113', 39168) {{(pid=103044) server /usr/local/lib/python3.8/dist-packages/eventlet/wsgi.py:982}}
Feb 16 14:40:04.076233 n-d-829433-1 neutron-server[103044]: DEBUG neutron.api.rpc.handlers.resources_rpc [None req-a026cff5-fd76-48be-ac49-3df3be488202 admin admin] Pushing event updated for resources: {'SecurityGroup': ['ID=651c97f8-2219-4500-b1a9-8c01fbd4d6ab,revision_number=1']} {{(pid=103044) push /opt/stack/neutron/neutron/api/rpc/handlers/resources_rpc.py:237}}
Feb 16 14:40:04.141986 n-d-829433-1 neutron-server[103044]: INFO neutron.wsgi [req-a925009c-f623-44ca-8f5f-7d0190134609 req-ac147680-53d0-43e9-a9b8-599dc29ca95c tempest-DeleteServersAdminTestJSON-602689390 tempest-DeleteServersAdminTestJSON-602689390-project] 10.222.0.93 "GET /v2.0/networks?tenant_id=0495d4f2aef1472db9d39ca5d69281fb&shared=False HTTP/1.1" status: 200 len: 213 time: 0.0359864
Feb 16 14:40:04.178967 n-d-829433-1 neutron-server[103044]: DEBUG neutron_lib.callbacks.manager [None req-6bc692be-1137-4e1b-8e25-8280cefc5a2e admin admin] Notify callbacks [] for security_group, before_delete {{(pid=103044) _notify_loop /usr/local/lib/python3.8/dist-packages/neutron_lib/callbacks/manager.py:192}}
Feb 16 14:40:04.207298 n-d-829433-1 neutron-server[103043]: DEBUG neutron.db.db_base_plugin_common [req-269dbb08-d4fd-4506-8abb-0c552dbd68be req-856b97af-2b05-4685-b76a-eaeaf9ea215c tempest-ServersAdminTestJSON-1846748540 tempest-ServersAdminTestJSON-1846748540-project] Allocated IP 192.168.233.104 (421f03cc-8d97-4890-a566-5ea0d9665989/20895c0a-9072-493c-822d-0fcac7984d77/77d11ee8-c770-4ffc-929f-80a8cb80c501) {{(pid=103043) _store_ip_allocation /opt/stack/neutron/neutron/db/db_base_plugin_common.py:131}}
Feb 16 14:40:04.220429 n-d-829433-1 neutron-server[103043]: DEBUG neutron_lib.callbacks.manager [req-cea0cc43-dfec-44b7-abf6-5853bf02b50c req-53e0442c-0b84-440c-95b1-32ed2d805d37 tempest-ImagesNegativeTestJSON-444627400 tempest-ImagesNegativeTestJSON-444627400-project] Notify callbacks ['neutron.plugins.ml2.plugin.SecurityGroupServerNotifierRpcMixin._notify_sg_on_port_change-4171338', 'neutron.plugins.ml2.ovo_rpc._ObjectChangeHandler.handle_event-54270', 'neutron.api.rpc.agentnotifiers.dhcp_rpc_agent_api.DhcpAgentNotifyAPI._native_event_send_dhcp_notification-1000444', 'neutron.db.l3_db.L3RpcNotifierMixin._notify_routers_callback-8730684533845', 'neutron.db.l3_dvrscheduler_db._notify_port_delete-8730684134018', 'neutron.services.segments.plugin.NovaSegmentNotifier._notify_port_created_or_deleted-25406520'] for port, after_delete {{(pid=103043) _notify_loop /usr/local/lib/python3.8/dist-packages/neutron_lib/callbacks/manager.py:192}}
Feb 16 14:40:04.236763 n-d-829433-1 neutron-server[103044]: DEBUG neutron_lib.callbacks.manager [None req-6bc692be-1137-4e1b-8e25-8280cefc5a2e admin admin] Notify callbacks [] for security_group, precommit_delete {{(pid=103044) _notify_loop /usr/local/lib/python3.8/dist-packages/neutron_lib/callbacks/manager.py:192}}
Feb 16 14:40:04.268392 n-d-829433-1 neutron-server[103043]: DEBUG neutron.api.rpc.handlers.resources_rpc [None req-53e0442c-0b84-440c-95b1-32ed2d805d37 tempest-ImagesNegativeTestJSON-444627400 tempest-ImagesNegativeTestJSON-444627400-project] Pushing event deleted for resources: {'Port': ['ID=5a857f7c-0cbb-435f-8dd7-86db7a5978d0,revision_number=None']} {{(pid=103043) push /opt/stack/neutron/neutron/api/rpc/handlers/resources_rpc.py:237}}
Feb 16 14:40:04.320393 n-d-829433-1 neutron-server[103044]: DEBUG neutron.pecan_wsgi.hooks.policy_enforcement [req-a925009c-f623-44ca-8f5f-7d0190134609 req-33d84ef3-28f2-422a-89db-bb8ec641a763 tempest-DeleteServersAdminTestJSON-602689390 tempest-DeleteServersAdminTestJSON-602689390-project] Attributes excluded by policy engine: ['standard_attr_id', 'vlan_transparent', 'provider:network_type', 'provider:physical_network', 'provider:segmentation_id'] {{(pid=103044) _exclude_attributes_by_policy /opt/stack/neutron/neutron/pecan_wsgi/hooks/policy_enforcement.py:255}}
Feb 16 14:40:04.321882 n-d-829433-1 neutron-server[103044]: INFO neutron.wsgi [req-a925009c-f623-44ca-8f5f-7d0190134609 req-33d84ef3-28f2-422a-89db-bb8ec641a763 tempest-DeleteServersAdminTestJSON-602689390 tempest-DeleteServersAdminTestJSON-602689390-project] 10.222.0.93 "GET /v2.0/networks?shared=True HTTP/1.1" status: 200 len: 769 time: 0.1701119
Feb 16 14:40:04.339565 n-d-829433-1 neutron-server[103044]: DEBUG neutron.api.v2.base [req-a925009c-f623-44ca-8f5f-7d0190134609 req-57f04d1e-692f-4b51-87fe-c25770bc8c6d tempest-DeleteServersAdminTestJSON-602689390 tempest-DeleteServersAdminTestJSON-602689390-project] Request body: {'port': {'device_id': '4108c0e3-ebd5-4310-87ec-7281e39161e5', 'network_id': '421f03cc-8d97-4890-a566-5ea0d9665989', 'admin_state_up': True, 'tenant_id': '0495d4f2aef1472db9d39ca5d69281fb'}} {{(pid=103044) prepare_request_body /opt/stack/neutron/neutron/api/v2/base.py:729}}
Feb 16 14:40:04.357332 n-d-829433-1 neutron-server[103043]: DEBUG neutron.db.l3_dvrscheduler_db [req-cea0cc43-dfec-44b7-abf6-5853bf02b50c req-53e0442c-0b84-440c-95b1-32ed2d805d37 tempest-ImagesNegativeTestJSON-444627400 tempest-ImagesNegativeTestJSON-444627400-project] No DVR routers for this DVR port 5a857f7c-0cbb-435f-8dd7-86db7a5978d0 on host n-h2-829433-1 {{(pid=103043) get_dvr_routers_to_remove /opt/stack/neutron/neutron/db/l3_dvrscheduler_db.py:214}}
Feb 16 14:40:04.364196 n-d-829433-1 neutron-server[103043]: DEBUG neutron_lib.callbacks.manager [req-cea0cc43-dfec-44b7-abf6-5853bf02b50c req-53e0442c-0b84-440c-95b1-32ed2d805d37 tempest-ImagesNegativeTestJSON-444627400 tempest-ImagesNegativeTestJSON-444627400-project] Notify callbacks ['neutron.notifiers.nova.Notifier._send_nova_notification-229629'] for port, before_response {{(pid=103043) _notify_loop /usr/local/lib/python3.8/dist-packages/neutron_lib/callbacks/manager.py:192}}
Feb 16 14:40:04.367390 n-d-829433-1 neutron-server[103043]: INFO neutron.wsgi [req-cea0cc43-dfec-44b7-abf6-5853bf02b50c req-53e0442c-0b84-440c-95b1-32ed2d805d37 tempest-ImagesNegativeTestJSON-444627400 tempest-ImagesNegativeTestJSON-444627400-project] 10.222.0.129 "DELETE /v2.0/ports/5a857f7c-0cbb-435f-8dd7-86db7a5978d0 HTTP/1.1" status: 204 len: 173 time: 1.3845026
Feb 16 14:40:04.367390 n-d-829433-1 neutron-server[103043]: DEBUG neutron.notifiers.nova [-] Sending events: [{'server_uuid': '4c933919-06df-455a-b178-5265909adb41', 'name': 'network-vif-deleted', 'tag': '5a857f7c-0cbb-435f-8dd7-86db7a5978d0'}] {{(pid=103043) send_events /opt/stack/neutron/neutron/notifiers/nova.py:271}}
Feb 16 14:40:04.369470 n-d-829433-1 neutron-server[103043]: DEBUG novaclient.v2.client [-] REQ: curl -g -i --cacert "/opt/stack/data/ca-bundle.pem" -X POST http://10.222.0.113/compute/v2.1/os-server-external-events -H "Accept: application/json" -H "Content-Type: application/json" -H "User-Agent: python-novaclient" -H "X-Auth-Token: {SHA256}2cd8c8ae413fd6c89564e08d8b8c3b733aeb46493e27df70556797d89bdf0b55" -H "X-OpenStack-Nova-API-Version: 2.1" -H "X-OpenStack-Request-ID: req-7b5b6e84-8a99-44b8-b4c7-d48bcc668410" -d '{"events": [{"server_uuid": "4c933919-06df-455a-b178-5265909adb41", "name": "network-vif-deleted", "tag": "5a857f7c-0cbb-435f-8dd7-86db7a5978d0"}]}' {{(pid=103043) _http_log_request /usr/local/lib/python3.8/dist-packages/keystoneauth1/session.py:519}}
Feb 16 14:40:04.556325 n-d-829433-1 neutron-server[103043]: INFO neutron.wsgi [req-a7080067-a547-4022-8cfa-5c9b35330b67 req-ba592c97-e2a9-4195-b0cb-848f4cb2b6e2 tempest-ServersAdminTestJSON-1846748540 tempest-ServersAdminTestJSON-1846748540-project] 10.222.0.113 "GET /v2.0/ports?device_id=ca496f88-5e8c-4f06-b4d1-7daba5a0a570 HTTP/1.1" status: 200 len: 210 time: 0.0630624
Feb 16 14:40:04.557091 n-d-829433-1 neutron-server[103044]: DEBUG neutron_lib.callbacks.manager [None req-6bc692be-1137-4e1b-8e25-8280cefc5a2e admin admin] Notify callbacks ['neutron.plugins.ml2.ovo_rpc._ObjectChangeHandler.handle_event-947657'] for security_group, after_delete {{(pid=103044) _notify_loop /usr/local/lib/python3.8/dist-packages/neutron_lib/callbacks/manager.py:192}}
Feb 16 14:40:04.558318 n-d-829433-1 neutron-server[103043]: DEBUG novaclient.v2.client [-] RESP: [200] Connection: close Content-Length: 183 Content-Type: application/json Date: Wed, 16 Feb 2022 14:40:04 GMT OpenStack-API-Version: compute 2.1 Server: Apache/2.4.41 (Ubuntu) Vary: OpenStack-API-Version,X-OpenStack-Nova-API-Version X-OpenStack-Nova-API-Version: 2.1 x-compute-request-id: req-8b823c21-3dfb-432e-b270-24d4d2373d40 x-openstack-request-id: req-8b823c21-3dfb-432e-b270-24d4d2373d40 {{(pid=103043) _http_log_response /usr/local/lib/python3.8/dist-packages/keystoneauth1/session.py:550}}
Feb 16 14:40:04.558603 n-d-829433-1 neutron-server[103043]: DEBUG novaclient.v2.client [-] RESP BODY: {"events": [{"server_uuid": "4c933919-06df-455a-b178-5265909adb41", "name": "network-vif-deleted", "tag": "5a857f7c-0cbb-435f-8dd7-86db7a5978d0", "status": "completed", "code": 200}]} {{(pid=103043) _http_log_response /usr/local/lib/python3.8/dist-packages/keystoneauth1/session.py:582}}
Feb 16 14:40:04.565665 n-d-829433-1 neutron-server[103043]: DEBUG novaclient.v2.client [-] POST call to compute for http://10.222.0.113/compute/v2.1/os-server-external-events used request id req-8b823c21-3dfb-432e-b270-24d4d2373d40 {{(pid=103043) request /usr/local/lib/python3.8/dist-packages/keystoneauth1/session.py:954}}
Feb 16 14:40:04.565665 n-d-829433-1 neutron-server[103043]: INFO neutron.notifiers.nova [-] Nova event response: {'server_uuid': '4c933919-06df-455a-b178-5265909adb41', 'name': 'network-vif-deleted', 'tag': '5a857f7c-0cbb-435f-8dd7-86db7a5978d0', 'status': 'completed', 'code': 200}
Feb 16 14:40:04.565801 n-d-829433-1 neutron-server[103044]: DEBUG neutron_lib.callbacks.manager [None req-6bc692be-1137-4e1b-8e25-8280cefc5a2e admin admin] Notify callbacks [] for security_group, before_response {{(pid=103044) _notify_loop /usr/local/lib/python3.8/dist-packages/neutron_lib/callbacks/manager.py:192}}
Feb 16 14:40:04.565801 n-d-829433-1 neutron-server[103044]: INFO neutron.wsgi [None req-6bc692be-1137-4e1b-8e25-8280cefc5a2e admin admin] 10.222.0.113 "DELETE /v2.0/security-groups/651c97f8-2219-4500-b1a9-8c01fbd4d6ab HTTP/1.1" status: 204 len: 168 time: 0.5140789
Feb 16 14:40:04.585480 n-d-829433-1 neutron-server[103044]: DEBUG neutron.api.rpc.handlers.resources_rpc [None req-6bc692be-1137-4e1b-8e25-8280cefc5a2e admin admin] Pushing event deleted for resources: {'SecurityGroup': ['ID=651c97f8-2219-4500-b1a9-8c01fbd4d6ab,revision_number=None']} {{(pid=103044) push /opt/stack/neutron/neutron/api/rpc/handlers/resources_rpc.py:237}}
Feb 16 14:40:04.607486 n-d-829433-1 neutron-server[103043]: DEBUG neutron_lib.callbacks.manager [req-269dbb08-d4fd-4506-8abb-0c552dbd68be req-856b97af-2b05-4685-b76a-eaeaf9ea215c tempest-ServersAdminTestJSON-1846748540 tempest-ServersAdminTestJSON-1846748540-project] Notify callbacks [] for port, precommit_create {{(pid=103043) _notify_loop /usr/local/lib/python3.8/dist-packages/neutron_lib/callbacks/manager.py:192}}
Feb 16 14:40:04.703450 n-d-829433-1 neutron-server[103044]: DEBUG neutron.pecan_wsgi.hooks.quota_enforcement [req-a925009c-f623-44ca-8f5f-7d0190134609 req-57f04d1e-692f-4b51-87fe-c25770bc8c6d tempest-DeleteServersAdminTestJSON-602689390 tempest-DeleteServersAdminTestJSON-602689390-project] Made reservation on behalf of 0495d4f2aef1472db9d39ca5d69281fb for: {'port': 1} {{(pid=103044) before /opt/stack/neutron/neutron/pecan_wsgi/hooks/quota_enforcement.py:53}}
Feb 16 14:40:04.711414 n-d-829433-1 neutron-server[103044]: DEBUG neutron_lib.callbacks.manager [req-a925009c-f623-44ca-8f5f-7d0190134609 req-57f04d1e-692f-4b51-87fe-c25770bc8c6d tempest-DeleteServersAdminTestJSON-602689390 tempest-DeleteServersAdminTestJSON-602689390-project] Notify callbacks ['neutron.plugins.ml2.plugin.SecurityGroupDbMixin._ensure_default_security_group_handler-4171413'] for port, before_create {{(pid=103044) _notify_loop /usr/local/lib/python3.8/dist-packages/neutron_lib/callbacks/manager.py:192}}
Feb 16 14:40:04.723261 n-d-829433-1 neutron-server[103044]: DEBUG neutron_lib.callbacks.manager [req-a925009c-f623-44ca-8f5f-7d0190134609 req-57f04d1e-692f-4b51-87fe-c25770bc8c6d tempest-DeleteServersAdminTestJSON-602689390 tempest-DeleteServersAdminTestJSON-602689390-project] Notify callbacks [] for security_group, before_create {{(pid=103044) _notify_loop /usr/local/lib/python3.8/dist-packages/neutron_lib/callbacks/manager.py:192}}
Feb 16 14:40:04.749827 n-d-829433-1 neutron-server[103043]: DEBUG neutron.pecan_wsgi.hooks.policy_enforcement [req-a034b4d8-ca73-4f94-93c0-4d7bdd642cdf req-01b890b7-42f1-4322-bbfe-034932ebad3d tempest-LiveMigrationTest-220056050 tempest-LiveMigrationTest-220056050-project] Attributes excluded by policy engine: ['standard_attr_id', 'binding:profile', 'binding:host_id', 'binding:vif_type', 'binding:vif_details'] {{(pid=103043) _exclude_attributes_by_policy /opt/stack/neutron/neutron/pecan_wsgi/hooks/policy_enforcement.py:255}}
Feb 16 14:40:04.751371 n-d-829433-1 neutron-server[103043]: INFO neutron.wsgi [req-a034b4d8-ca73-4f94-93c0-4d7bdd642cdf req-01b890b7-42f1-4322-bbfe-034932ebad3d tempest-LiveMigrationTest-220056050 tempest-LiveMigrationTest-220056050-project] 10.222.0.113 "GET /v2.0/ports?device_id=7890305e-8250-4d65-8d79-08ef34a283d1 HTTP/1.1" status: 200 len: 966 time: 0.0814567
Feb 16 14:40:04.792866 n-d-829433-1 neutron-server[103043]: INFO neutron.wsgi [req-a034b4d8-ca73-4f94-93c0-4d7bdd642cdf req-f20688d4-91d5-4b85-a3b5-15a948534ef9 tempest-LiveMigrationTest-220056050 tempest-LiveMigrationTest-220056050-project] 10.222.0.113 "GET /v2.0/security-groups?id=c17fccaa-9154-4c52-a3ef-988d6a26a7e6&fields=id&fields=name HTTP/1.1" status: 200 len: 286 time: 0.0349078
Feb 16 14:40:04.808591 n-d-829433-1 neutron-server[103044]: DEBUG neutron_lib.callbacks.manager [req-a925009c-f623-44ca-8f5f-7d0190134609 req-57f04d1e-692f-4b51-87fe-c25770bc8c6d tempest-DeleteServersAdminTestJSON-602689390 tempest-DeleteServersAdminTestJSON-602689390-project] Notify callbacks [] for security_group, precommit_create {{(pid=103044) _notify_loop /usr/local/lib/python3.8/dist-packages/neutron_lib/callbacks/manager.py:192}}
Feb 16 14:40:04.829598 n-d-829433-1 neutron-server[103043]: DEBUG neutron_lib.callbacks.manager [req-269dbb08-d4fd-4506-8abb-0c552dbd68be req-856b97af-2b05-4685-b76a-eaeaf9ea215c tempest-ServersAdminTestJSON-1846748540 tempest-ServersAdminTestJSON-1846748540-project] Notify callbacks ['neutron.plugins.ml2.plugin.SecurityGroupServerNotifierRpcMixin._notify_sg_on_port_change-4171338', 'neutron.plugins.ml2.ovo_rpc._ObjectChangeHandler.handle_event-54270', 'neutron.api.rpc.agentnotifiers.dhcp_rpc_agent_api.DhcpAgentNotifyAPI._native_event_send_dhcp_notification-1000444', 'neutron.db.l3_dvrscheduler_db._notify_l3_agent_new_port-8730684134009', 'neutron.services.segments.plugin.NovaSegmentNotifier._notify_port_created_or_deleted-25406520'] for port, after_create {{(pid=103043) _notify_loop /usr/local/lib/python3.8/dist-packages/neutron_lib/callbacks/manager.py:192}}
Feb 16 14:40:04.845137 n-d-829433-1 neutron-server[103045]: DEBUG neutron.plugins.ml2.db [None req-007d473c-f136-4a48-b4c1-cb700ad38ec9 None None] get_ports_and_sgs() called for port_ids ['d8d81237-a4f9-40dc-a040-e7a2c722a3d8', '89528440-3861-412e-8e05-f70dc1a80c05'] {{(pid=103045) get_ports_and_sgs /opt/stack/neutron/neutron/plugins/ml2/db.py:156}}
Feb 16 14:40:04.893113 n-d-829433-1 neutron-server[103044]: DEBUG neutron_lib.callbacks.manager [req-a925009c-f623-44ca-8f5f-7d0190134609 req-57f04d1e-692f-4b51-87fe-c25770bc8c6d tempest-DeleteServersAdminTestJSON-602689390 tempest-DeleteServersAdminTestJSON-602689390-project] Notify callbacks ['neutron.plugins.ml2.ovo_rpc._ObjectChangeHandler.handle_event-947657'] for security_group, after_create {{(pid=103044) _notify_loop /usr/local/lib/python3.8/dist-packages/neutron_lib/callbacks/manager.py:192}}
Feb 16 14:40:04.908259 n-d-829433-1 neutron-server[103043]: INFO neutron.wsgi [req-58a3936d-4cea-48ce-b275-aa97bbd6294a req-742bd028-99fa-4618-8743-944ea16e4e10 tempest-ImagesNegativeTestJSON-444627400 tempest-ImagesNegativeTestJSON-444627400-project] 10.222.0.113 "GET /v2.0/ports?device_id=4c933919-06df-455a-b178-5265909adb41 HTTP/1.1" status: 200 len: 210 time: 0.0679088
Feb 16 14:40:04.919970 n-d-829433-1 neutron-server[103043]: DEBUG neutron.scheduler.dhcp_agent_scheduler [req-269dbb08-d4fd-4506-8abb-0c552dbd68be req-856b97af-2b05-4685-b76a-eaeaf9ea215c tempest-ServersAdminTestJSON-1846748540 tempest-ServersAdminTestJSON-1846748540-project] Network 421f03cc-8d97-4890-a566-5ea0d9665989 is already hosted by enough agents. {{(pid=103043) _get_dhcp_agents_hosting_network /opt/stack/neutron/neutron/scheduler/dhcp_agent_scheduler.py:275}}
Feb 16 14:40:04.926715 n-d-829433-1 neutron-server[103043]: DEBUG neutron.scheduler.base_scheduler [req-269dbb08-d4fd-4506-8abb-0c552dbd68be req-856b97af-2b05-4685-b76a-eaeaf9ea215c tempest-ServersAdminTestJSON-1846748540 tempest-ServersAdminTestJSON-1846748540-project] Resources bound (agent type, host, resource id): {{(pid=103043) schedule /opt/stack/neutron/neutron/scheduler/base_scheduler.py:57}}
Feb 16 14:40:04.940758 n-d-829433-1 neutron-server[103043]: DEBUG neutron.api.rpc.handlers.resources_rpc [None req-856b97af-2b05-4685-b76a-eaeaf9ea215c tempest-ServersAdminTestJSON-1846748540 tempest-ServersAdminTestJSON-1846748540-project] Pushing event updated for resources: {'Port': ['ID=77d11ee8-c770-4ffc-929f-80a8cb80c501,revision_number=1']} {{(pid=103043) push /opt/stack/neutron/neutron/api/rpc/handlers/resources_rpc.py:237}}
Feb 16 14:40:04.943205 n-d-829433-1 neutron-server[103043]: DEBUG neutron.db.l3_dvrscheduler_db [req-269dbb08-d4fd-4506-8abb-0c552dbd68be req-856b97af-2b05-4685-b76a-eaeaf9ea215c tempest-ServersAdminTestJSON-1846748540 tempest-ServersAdminTestJSON-1846748540-project] Received port after_create {{(pid=103043) _notify_l3_agent_new_port /opt/stack/neutron/neutron/db/l3_dvrscheduler_db.py:536}}
Feb 16 14:40:04.992741 n-d-829433-1 neutron-server[103044]: DEBUG neutron.api.rpc.handlers.resources_rpc [None req-57f04d1e-692f-4b51-87fe-c25770bc8c6d tempest-DeleteServersAdminTestJSON-602689390 tempest-DeleteServersAdminTestJSON-602689390-project] Pushing event updated for resources: {'SecurityGroup': ['ID=673f60d1-916d-47f5-b012-e6ec3f3e9026,revision_number=1']} {{(pid=103044) push /opt/stack/neutron/neutron/api/rpc/handlers/resources_rpc.py:237}}
Feb 16 14:40:05.111650 n-d-829433-1 neutron-server[103044]: DEBUG neutron.db.db_base_plugin_common [req-a925009c-f623-44ca-8f5f-7d0190134609 req-57f04d1e-692f-4b51-87fe-c25770bc8c6d tempest-DeleteServersAdminTestJSON-602689390 tempest-DeleteServersAdminTestJSON-602689390-project] Allocated IP 192.168.233.218 (421f03cc-8d97-4890-a566-5ea0d9665989/20895c0a-9072-493c-822d-0fcac7984d77/9f84a036-b5af-46a6-aa14-e4a78053f526) {{(pid=103044) _store_ip_allocation /opt/stack/neutron/neutron/db/db_base_plugin_common.py:131}}
Feb 16 14:40:05.119720 n-d-829433-1 neutron-server[103045]: DEBUG neutron.plugins.ml2.rpc [None req-4d2a5d45-42c6-40cd-a822-a572e0a29091 None None] Device 7e9b5105-8c5a-4500-b964-8a49a7607dc5 up at agent hyperv_n-h2-829433-1 {{(pid=103045) update_device_up /opt/stack/neutron/neutron/plugins/ml2/rpc.py:296}}
Feb 16 14:40:05.146261 n-d-829433-1 neutron-server[103043]: DEBUG neutron.pecan_wsgi.hooks.policy_enforcement [req-269dbb08-d4fd-4506-8abb-0c552dbd68be req-856b97af-2b05-4685-b76a-eaeaf9ea215c tempest-ServersAdminTestJSON-1846748540 tempest-ServersAdminTestJSON-1846748540-project] Attributes excluded by policy engine: ['standard_attr_id', 'binding:profile', 'binding:host_id', 'binding:vif_type', 'binding:vif_details', 'network'] {{(pid=103043) _exclude_attributes_by_policy /opt/stack/neutron/neutron/pecan_wsgi/hooks/policy_enforcement.py:255}}
Feb 16 14:40:05.147010 n-d-829433-1 neutron-server[103043]: DEBUG neutron_lib.callbacks.manager [req-269dbb08-d4fd-4506-8abb-0c552dbd68be req-856b97af-2b05-4685-b76a-eaeaf9ea215c tempest-ServersAdminTestJSON-1846748540 tempest-ServersAdminTestJSON-1846748540-project] Notify callbacks ['neutron.notifiers.nova.Notifier._send_nova_notification-229629'] for port, before_response {{(pid=103043) _notify_loop /usr/local/lib/python3.8/dist-packages/neutron_lib/callbacks/manager.py:192}}
Feb 16 14:40:05.154251 n-d-829433-1 neutron-server[103043]: DEBUG neutron.pecan_wsgi.hooks.policy_enforcement [req-18a00b64-5129-4cde-9c49-d8bbd861c989 req-475caa9f-8f45-448b-9fc3-54f480532489 tempest-LiveMigrationTest-952756637 tempest-LiveMigrationTest-952756637-project-admin] Attributes excluded by policy engine: ['standard_attr_id'] {{(pid=103043) _exclude_attributes_by_policy /opt/stack/neutron/neutron/pecan_wsgi/hooks/policy_enforcement.py:255}}
Feb 16 14:40:05.161856 n-d-829433-1 neutron-server[103043]: INFO neutron.wsgi [req-18a00b64-5129-4cde-9c49-d8bbd861c989 req-475caa9f-8f45-448b-9fc3-54f480532489 tempest-LiveMigrationTest-952756637 tempest-LiveMigrationTest-952756637-project-admin] 10.222.0.113 "GET /v2.0/ports?device_id=7890305e-8250-4d65-8d79-08ef34a283d1 HTTP/1.1" status: 200 len: 1117 time: 0.2303421
Feb 16 14:40:05.196415 n-d-829433-1 neutron-server[103043]: DEBUG neutron.pecan_wsgi.hooks.policy_enforcement [req-c6709ab8-2356-4d65-b139-5527ea82ea95 req-97e0d268-021c-4689-b31c-a5ce658d507d tempest-LiveAutoBlockMigrationV225Test-1821109030 tempest-LiveAutoBlockMigrationV225Test-1821109030-project] Attributes excluded by policy engine: ['standard_attr_id', 'binding:profile', 'binding:host_id', 'binding:vif_type', 'binding:vif_details'] {{(pid=103043) _exclude_attributes_by_policy /opt/stack/neutron/neutron/pecan_wsgi/hooks/policy_enforcement.py:255}}
Feb 16 14:40:05.205269 n-d-829433-1 neutron-server[103043]: INFO neutron.wsgi [req-c6709ab8-2356-4d65-b139-5527ea82ea95 req-97e0d268-021c-4689-b31c-a5ce658d507d tempest-LiveAutoBlockMigrationV225Test-1821109030 tempest-LiveAutoBlockMigrationV225Test-1821109030-project] 10.222.0.113 "GET /v2.0/ports?device_id=13fdfd23-bc1b-487d-8ab4-5bab217bce02 HTTP/1.1" status: 200 len: 944 time: 0.1687465
Feb 16 14:40:05.308248 n-d-829433-1 neutron-server[103043]: INFO neutron.wsgi [req-c6709ab8-2356-4d65-b139-5527ea82ea95 req-efcf9565-39b4-482f-ad93-3e74186191ee tempest-LiveAutoBlockMigrationV225Test-1821109030 tempest-LiveAutoBlockMigrationV225Test-1821109030-project] 10.222.0.113 "GET /v2.0/security-groups?id=dcc258e7-378b-4821-b9e3-50e985eddab2&fields=id&fields=name HTTP/1.1" status: 200 len: 286 time: 0.0994742
Feb 16 14:40:05.331921 n-d-829433-1 neutron-server[103044]: DEBUG neutron.wsgi [-] (103044) accepted ('10.222.0.113', 39208) {{(pid=103044) server /usr/local/lib/python3.8/dist-packages/eventlet/wsgi.py:982}}
Feb 16 14:40:05.343611 n-d-829433-1 neutron-server[103043]: INFO neutron.wsgi [req-18a00b64-5129-4cde-9c49-d8bbd861c989 req-019c1e4c-5ff6-4533-b0a2-0bcbe2d3ebad tempest-LiveMigrationTest-952756637 tempest-LiveMigrationTest-952756637-project-admin] 10.222.0.113 "GET /v2.0/security-groups?id=c17fccaa-9154-4c52-a3ef-988d6a26a7e6&fields=id&fields=name HTTP/1.1" status: 200 len: 286 time: 0.1807978
Feb 16 14:40:05.380145 n-d-829433-1 neutron-server[103043]: INFO neutron.wsgi [req-269dbb08-d4fd-4506-8abb-0c552dbd68be req-856b97af-2b05-4685-b76a-eaeaf9ea215c tempest-ServersAdminTestJSON-1846748540 tempest-ServersAdminTestJSON-1846748540-project] 10.222.0.93 "POST /v2.0/ports HTTP/1.1" status: 201 len: 938 time: 1.8630741
Feb 16 14:40:05.394955 n-d-829433-1 neutron-server[103044]: DEBUG neutron_lib.callbacks.manager [req-a925009c-f623-44ca-8f5f-7d0190134609 req-57f04d1e-692f-4b51-87fe-c25770bc8c6d tempest-DeleteServersAdminTestJSON-602689390 tempest-DeleteServersAdminTestJSON-602689390-project] Notify callbacks [] for port, precommit_create {{(pid=103044) _notify_loop /usr/local/lib/python3.8/dist-packages/neutron_lib/callbacks/manager.py:192}}
Feb 16 14:40:05.396484 n-d-829433-1 neutron-server[103043]: DEBUG neutron.api.v2.base [req-269dbb08-d4fd-4506-8abb-0c552dbd68be req-e1a2fa8b-9259-4454-8775-a30958f5644d service neutron] Request body: {'port': {'device_id': 'ca496f88-5e8c-4f06-b4d1-7daba5a0a570', 'device_owner': 'compute:nova', 'binding:host_id': 'n-h1-829433-1'}} {{(pid=103043) prepare_request_body /opt/stack/neutron/neutron/api/v2/base.py:729}}
Feb 16 14:40:05.414416 n-d-829433-1 neutron-server[103045]: DEBUG neutron_lib.callbacks.manager [None req-a5bedaa2-de64-407c-8a62-52bc12c32d72 None None] Notify callbacks ['neutron.services.segments.db._update_segment_host_mapping_for_agent-8730684553602', 'neutron.plugins.ml2.plugin.Ml2Plugin._retry_binding_revived_agents-4125231'] for agent, after_update {{(pid=103045) _notify_loop /usr/local/lib/python3.8/dist-packages/neutron_lib/callbacks/manager.py:192}}
Feb 16 14:40:05.527866 n-d-829433-1 neutron-server[103043]: INFO neutron.wsgi [req-76fb402b-a709-4e0b-948c-a0c8eb8f0428 req-b6e3b80c-12d1-4149-9cd8-52e56ebbcf18 tempest-DeleteServersAdminTestJSON-602689390 tempest-DeleteServersAdminTestJSON-602689390-project] 10.222.0.113 "GET /v2.0/ports?device_id=4108c0e3-ebd5-4310-87ec-7281e39161e5 HTTP/1.1" status: 200 len: 210 time: 0.0542555
Feb 16 14:40:05.531253 n-d-829433-1 neutron-server[103044]: DEBUG neutron_lib.callbacks.manager [None req-971c76ae-0d51-4598-8516-8f1804da3691 admin admin] Notify callbacks [] for security_group, before_create {{(pid=103044) _notify_loop /usr/local/lib/python3.8/dist-packages/neutron_lib/callbacks/manager.py:192}}
Feb 16 14:40:05.542327 n-d-829433-1 neutron-server[103045]: DEBUG neutron.db.provisioning_blocks [None req-787da62e-ffd6-4a60-ab02-854fcd71738d None None] Provisioning complete for port 77d11ee8-c770-4ffc-929f-80a8cb80c501 triggered by entity DHCP. {{(pid=103045) provisioning_complete /opt/stack/neutron/neutron/db/provisioning_blocks.py:139}}
Feb 16 14:40:05.542327 n-d-829433-1 neutron-server[103045]: DEBUG neutron_lib.callbacks.manager [None req-787da62e-ffd6-4a60-ab02-854fcd71738d None None] Notify callbacks ['neutron.plugins.ml2.plugin.Ml2Plugin._port_provisioned-4125340'] for port, provisioning_complete {{(pid=103045) _notify_loop /usr/local/lib/python3.8/dist-packages/neutron_lib/callbacks/manager.py:192}}
Feb 16 14:40:05.567117 n-d-829433-1 neutron-server[103044]: DEBUG neutron_lib.callbacks.manager [req-a925009c-f623-44ca-8f5f-7d0190134609 req-57f04d1e-692f-4b51-87fe-c25770bc8c6d tempest-DeleteServersAdminTestJSON-602689390 tempest-DeleteServersAdminTestJSON-602689390-project] Notify callbacks ['neutron.plugins.ml2.plugin.SecurityGroupServerNotifierRpcMixin._notify_sg_on_port_change-4171338', 'neutron.plugins.ml2.ovo_rpc._ObjectChangeHandler.handle_event-54270', 'neutron.api.rpc.agentnotifiers.dhcp_rpc_agent_api.DhcpAgentNotifyAPI._native_event_send_dhcp_notification-1000444', 'neutron.db.l3_dvrscheduler_db._notify_l3_agent_new_port-8730684134009'] for port, after_create {{(pid=103044) _notify_loop /usr/local/lib/python3.8/dist-packages/neutron_lib/callbacks/manager.py:192}}
Feb 16 14:40:05.578054 n-d-829433-1 neutron-server[103043]: DEBUG neutron_lib.callbacks.manager [req-269dbb08-d4fd-4506-8abb-0c552dbd68be req-e1a2fa8b-9259-4454-8775-a30958f5644d service neutron] Notify callbacks ['neutron.plugins.ml2.plugin.SecurityGroupDbMixin._ensure_default_security_group_handler-4171413'] for port, before_update {{(pid=103043) _notify_loop /usr/local/lib/python3.8/dist-packages/neutron_lib/callbacks/manager.py:192}}
Feb 16 14:40:05.624173 n-d-829433-1 neutron-server[103045]: DEBUG neutron.db.provisioning_blocks [None req-4d2a5d45-42c6-40cd-a822-a572e0a29091 None None] Provisioning for port 7e9b5105-8c5a-4500-b964-8a49a7607dc5 completed by entity L2. {{(pid=103045) provisioning_complete /opt/stack/neutron/neutron/db/provisioning_blocks.py:133}}
Feb 16 14:40:05.642053 n-d-829433-1 neutron-server[103045]: DEBUG neutron.db.provisioning_blocks [None req-4d2a5d45-42c6-40cd-a822-a572e0a29091 None None] Provisioning complete for port 7e9b5105-8c5a-4500-b964-8a49a7607dc5 triggered by entity L2. {{(pid=103045) provisioning_complete /opt/stack/neutron/neutron/db/provisioning_blocks.py:139}}
Feb 16 14:40:05.642428 n-d-829433-1 neutron-server[103045]: DEBUG neutron_lib.callbacks.manager [None req-4d2a5d45-42c6-40cd-a822-a572e0a29091 None None] Notify callbacks ['neutron.plugins.ml2.plugin.Ml2Plugin._port_provisioned-4125340'] for port, provisioning_complete {{(pid=103045) _notify_loop /usr/local/lib/python3.8/dist-packages/neutron_lib/callbacks/manager.py:192}}
Feb 16 14:40:05.651696 n-d-829433-1 neutron-server[103044]: DEBUG neutron.scheduler.dhcp_agent_scheduler [req-a925009c-f623-44ca-8f5f-7d0190134609 req-57f04d1e-692f-4b51-87fe-c25770bc8c6d tempest-DeleteServersAdminTestJSON-602689390 tempest-DeleteServersAdminTestJSON-602689390-project] Network 421f03cc-8d97-4890-a566-5ea0d9665989 is already hosted by enough agents. {{(pid=103044) _get_dhcp_agents_hosting_network /opt/stack/neutron/neutron/scheduler/dhcp_agent_scheduler.py:275}}
Feb 16 14:40:05.661164 n-d-829433-1 neutron-server[103044]: DEBUG neutron.scheduler.base_scheduler [req-a925009c-f623-44ca-8f5f-7d0190134609 req-57f04d1e-692f-4b51-87fe-c25770bc8c6d tempest-DeleteServersAdminTestJSON-602689390 tempest-DeleteServersAdminTestJSON-602689390-project] Resources bound (agent type, host, resource id): {{(pid=103044) schedule /opt/stack/neutron/neutron/scheduler/base_scheduler.py:57}}
Feb 16 14:40:05.667048 n-d-829433-1 neutron-server[103045]: DEBUG neutron.plugins.ml2.plugin [None req-787da62e-ffd6-4a60-ab02-854fcd71738d None None] Port 77d11ee8-c770-4ffc-929f-80a8cb80c501 cannot update to ACTIVE because it is not bound. {{(pid=103045) _port_provisioned /opt/stack/neutron/neutron/plugins/ml2/plugin.py:338}}
Feb 16 14:40:05.692177 n-d-829433-1 neutron-server[103044]: DEBUG neutron.db.l3_dvrscheduler_db [req-a925009c-f623-44ca-8f5f-7d0190134609 req-57f04d1e-692f-4b51-87fe-c25770bc8c6d tempest-DeleteServersAdminTestJSON-602689390 tempest-DeleteServersAdminTestJSON-602689390-project] Received port after_create {{(pid=103044) _notify_l3_agent_new_port /opt/stack/neutron/neutron/db/l3_dvrscheduler_db.py:536}}
Feb 16 14:40:05.699026 n-d-829433-1 neutron-server[103044]: DEBUG neutron.pecan_wsgi.hooks.policy_enforcement [req-a925009c-f623-44ca-8f5f-7d0190134609 req-57f04d1e-692f-4b51-87fe-c25770bc8c6d tempest-DeleteServersAdminTestJSON-602689390 tempest-DeleteServersAdminTestJSON-602689390-project] Attributes excluded by policy engine: ['standard_attr_id', 'binding:profile', 'binding:host_id', 'binding:vif_type', 'binding:vif_details', 'network'] {{(pid=103044) _exclude_attributes_by_policy /opt/stack/neutron/neutron/pecan_wsgi/hooks/policy_enforcement.py:255}}
Feb 16 14:40:05.700363 n-d-829433-1 neutron-server[103044]: DEBUG neutron_lib.callbacks.manager [req-a925009c-f623-44ca-8f5f-7d0190134609 req-57f04d1e-692f-4b51-87fe-c25770bc8c6d tempest-DeleteServersAdminTestJSON-602689390 tempest-DeleteServersAdminTestJSON-602689390-project] Notify callbacks ['neutron.notifiers.nova.Notifier._send_nova_notification-229629'] for port, before_response {{(pid=103044) _notify_loop /usr/local/lib/python3.8/dist-packages/neutron_lib/callbacks/manager.py:192}}
Feb 16 14:40:05.719469 n-d-829433-1 neutron-server[103044]: DEBUG neutron.api.rpc.handlers.resources_rpc [None req-57f04d1e-692f-4b51-87fe-c25770bc8c6d tempest-DeleteServersAdminTestJSON-602689390 tempest-DeleteServersAdminTestJSON-602689390-project] Pushing event updated for resources: {'Port': ['ID=9f84a036-b5af-46a6-aa14-e4a78053f526,revision_number=1']} {{(pid=103044) push /opt/stack/neutron/neutron/api/rpc/handlers/resources_rpc.py:237}}
Feb 16 14:40:05.784840 n-d-829433-1 neutron-server[103044]: DEBUG neutron_lib.callbacks.manager [None req-971c76ae-0d51-4598-8516-8f1804da3691 admin admin] Notify callbacks [] for security_group, precommit_create {{(pid=103044) _notify_loop /usr/local/lib/python3.8/dist-packages/neutron_lib/callbacks/manager.py:192}}
Feb 16 14:40:05.787331 n-d-829433-1 neutron-server[103045]: DEBUG neutron_lib.callbacks.manager [None req-4d2a5d45-42c6-40cd-a822-a572e0a29091 None None] Notify callbacks ['neutron.plugins.ml2.plugin.SecurityGroupDbMixin._ensure_default_security_group_handler-4171413'] for port, before_update {{(pid=103045) _notify_loop /usr/local/lib/python3.8/dist-packages/neutron_lib/callbacks/manager.py:192}}
Feb 16 14:40:05.813324 n-d-829433-1 neutron-server[103045]: DEBUG neutron.notifiers.nova [-] Sending events: [{'server_uuid': '13fdfd23-bc1b-487d-8ab4-5bab217bce02', 'name': 'network-vif-plugged', 'status': 'completed', 'tag': '7e9b5105-8c5a-4500-b964-8a49a7607dc5'}] {{(pid=103045) send_events /opt/stack/neutron/neutron/notifiers/nova.py:271}}
Feb 16 14:40:05.817110 n-d-829433-1 neutron-server[103045]: DEBUG novaclient.v2.client [-] REQ: curl -g -i --cacert "/opt/stack/data/ca-bundle.pem" -X POST http://10.222.0.113/compute/v2.1/os-server-external-events -H "Accept: application/json" -H "Content-Type: application/json" -H "User-Agent: python-novaclient" -H "X-Auth-Token: {SHA256}f6d7c9dd2cf79462247cc673217f974dc28bdc8cfe28cd14e6b4e56b61e57563" -H "X-OpenStack-Nova-API-Version: 2.1" -H "X-OpenStack-Request-ID: req-2a1ac05e-6c6b-4607-8833-0906b29a0c90" -d '{"events": [{"server_uuid": "13fdfd23-bc1b-487d-8ab4-5bab217bce02", "name": "network-vif-plugged", "status": "completed", "tag": "7e9b5105-8c5a-4500-b964-8a49a7607dc5"}]}' {{(pid=103045) _http_log_request /usr/local/lib/python3.8/dist-packages/keystoneauth1/session.py:519}}
Feb 16 14:40:05.831572 n-d-829433-1 neutron-server[103045]: DEBUG neutron.plugins.ml2.db [None req-4d2a5d45-42c6-40cd-a822-a572e0a29091 None None] For port 7e9b5105-8c5a-4500-b964-8a49a7607dc5, host n-h2-829433-1, got binding levels [PortBindingLevel(driver='hyperv',host='n-h2-829433-1',level=0,port_id=7e9b5105-8c5a-4500-b964-8a49a7607dc5,segment=NetworkSegment(2dde613d-7da6-48d0-bee2-99c8fb8ffbaf),segment_id=2dde613d-7da6-48d0-bee2-99c8fb8ffbaf)] {{(pid=103045) get_binding_level_objs /opt/stack/neutron/neutron/plugins/ml2/db.py:74}}
Feb 16 14:40:05.877007 n-d-829433-1 neutron-server[103044]: INFO neutron.wsgi [req-a925009c-f623-44ca-8f5f-7d0190134609 req-57f04d1e-692f-4b51-87fe-c25770bc8c6d tempest-DeleteServersAdminTestJSON-602689390 tempest-DeleteServersAdminTestJSON-602689390-project] 10.222.0.93 "POST /v2.0/ports HTTP/1.1" status: 201 len: 938 time: 1.5413589
