Mar 20 10:01:52.832900 n-d-829248-5 devstack@placement-api.service[110883]: DEBUG placement.requestlog [req-84343f40-ccbf-41cd-9d53-e7585cbd488e req-45392391-4dd7-476b-9f91-06de16dea0f6 None None] Starting request: 10.222.0.24 "GET /placement/allocations/ae549d21-1a5f-499c-9cb4-be53036981bc" {{(pid=110883) __call__ /opt/stack/placement/placement/requestlog.py:55}}
Mar 20 10:01:52.915281 n-d-829248-5 devstack@placement-api.service[110883]: INFO placement.requestlog [req-84343f40-ccbf-41cd-9d53-e7585cbd488e req-45392391-4dd7-476b-9f91-06de16dea0f6 service placement] 10.222.0.24 "GET /placement/allocations/ae549d21-1a5f-499c-9cb4-be53036981bc" status: 200 len: 259 microversion: 1.28
Mar 20 10:01:52.916300 n-d-829248-5 devstack@placement-api.service[110883]: [pid: 110883|app: 0|req: 227/455] 10.222.0.24 () {60 vars in 1380 bytes} [Sun Mar 20 10:01:52 2022] GET /placement/allocations/ae549d21-1a5f-499c-9cb4-be53036981bc => generated 259 bytes in 84 msecs (HTTP/1.1 200) 8 headers in 296 bytes (2 switches on core 0)
Mar 20 10:01:52.922245 n-d-829248-5 devstack@placement-api.service[110884]: DEBUG placement.requestlog [req-84343f40-ccbf-41cd-9d53-e7585cbd488e req-5e73ac1a-b3a7-46b6-bee0-e8cd94dd1ab6 None None] Starting request: 10.222.0.24 "GET /placement/allocations/ae549d21-1a5f-499c-9cb4-be53036981bc" {{(pid=110884) __call__ /opt/stack/placement/placement/requestlog.py:55}}
Mar 20 10:01:52.936971 n-d-829248-5 devstack@placement-api.service[110884]: INFO placement.requestlog [req-84343f40-ccbf-41cd-9d53-e7585cbd488e req-5e73ac1a-b3a7-46b6-bee0-e8cd94dd1ab6 service placement] 10.222.0.24 "GET /placement/allocations/ae549d21-1a5f-499c-9cb4-be53036981bc" status: 200 len: 259 microversion: 1.28
Mar 20 10:01:52.937412 n-d-829248-5 devstack@placement-api.service[110884]: [pid: 110884|app: 0|req: 229/456] 10.222.0.24 () {60 vars in 1380 bytes} [Sun Mar 20 10:01:52 2022] GET /placement/allocations/ae549d21-1a5f-499c-9cb4-be53036981bc => generated 259 bytes in 15 msecs (HTTP/1.1 200) 8 headers in 296 bytes (1 switches on core 0)
Mar 20 10:01:52.943492 n-d-829248-5 devstack@placement-api.service[110883]: DEBUG placement.requestlog [req-84343f40-ccbf-41cd-9d53-e7585cbd488e req-8031bb93-062b-4f12-a010-ea4958476168 None None] Starting request: 10.222.0.24 "GET /placement/allocations/a92d5e25-ae5d-44a2-94f9-6ccd92b5d03e" {{(pid=110883) __call__ /opt/stack/placement/placement/requestlog.py:55}}
Mar 20 10:01:52.954522 n-d-829248-5 devstack@placement-api.service[110883]: INFO placement.requestlog [req-84343f40-ccbf-41cd-9d53-e7585cbd488e req-8031bb93-062b-4f12-a010-ea4958476168 service placement] 10.222.0.24 "GET /placement/allocations/a92d5e25-ae5d-44a2-94f9-6ccd92b5d03e" status: 200 len: 19 microversion: 1.28
Mar 20 10:01:52.962917 n-d-829248-5 devstack@placement-api.service[110884]: DEBUG placement.requestlog [req-84343f40-ccbf-41cd-9d53-e7585cbd488e req-9d4e73fc-2237-491b-8aa2-f78019330ff4 None None] Starting request: 10.222.0.24 "POST /placement/allocations" {{(pid=110884) __call__ /opt/stack/placement/placement/requestlog.py:55}}
Mar 20 10:01:52.963515 n-d-829248-5 devstack@placement-api.service[110883]: [pid: 110883|app: 0|req: 228/457] 10.222.0.24 () {60 vars in 1380 bytes} [Sun Mar 20 10:01:52 2022] GET /placement/allocations/a92d5e25-ae5d-44a2-94f9-6ccd92b5d03e => generated 19 bytes in 19 msecs (HTTP/1.1 200) 8 headers in 295 bytes (1 switches on core 0)
Mar 20 10:01:53.058094 n-d-829248-5 devstack@placement-api.service[110884]: DEBUG placement.handlers.allocation [req-84343f40-ccbf-41cd-9d53-e7585cbd488e req-9d4e73fc-2237-491b-8aa2-f78019330ff4 service placement] Successfully wrote allocations [, , , , , ] {{(pid=110884) _update_consumers_and_create_allocations /opt/stack/placement/placement/handlers/allocation.py:572}}
Mar 20 10:01:53.062517 n-d-829248-5 devstack@placement-api.service[110884]: INFO placement.requestlog [req-84343f40-ccbf-41cd-9d53-e7585cbd488e req-9d4e73fc-2237-491b-8aa2-f78019330ff4 service placement] 10.222.0.24 "POST /placement/allocations" status: 204 len: 0 microversion: 1.28
Mar 20 10:01:53.063208 n-d-829248-5 devstack@placement-api.service[110884]: [pid: 110884|app: 0|req: 230/458] 10.222.0.24 () {64 vars in 1323 bytes} [Sun Mar 20 10:01:52 2022] POST /placement/allocations => generated 0 bytes in 101 msecs (HTTP/1.1 204) 5 headers in 199 bytes (1 switches on core 0)
Mar 20 10:01:53.097554 n-d-829248-5 devstack@placement-api.service[110883]: DEBUG placement.requestlog [req-84343f40-ccbf-41cd-9d53-e7585cbd488e req-ff99c7db-dbdf-4e1e-9fc4-86cf3d8a2d47 None None] Starting request: 10.222.0.24 "GET /placement/allocations/ae549d21-1a5f-499c-9cb4-be53036981bc" {{(pid=110883) __call__ /opt/stack/placement/placement/requestlog.py:55}}
Mar 20 10:01:53.163552 n-d-829248-5 devstack@placement-api.service[110883]: INFO placement.requestlog [req-84343f40-ccbf-41cd-9d53-e7585cbd488e req-ff99c7db-dbdf-4e1e-9fc4-86cf3d8a2d47 service placement] 10.222.0.24 "GET /placement/allocations/ae549d21-1a5f-499c-9cb4-be53036981bc" status: 200 len: 19 microversion: 1.28
Mar 20 10:01:53.164211 n-d-829248-5 devstack@placement-api.service[110883]: [pid: 110883|app: 0|req: 229/459] 10.222.0.24 () {60 vars in 1380 bytes} [Sun Mar 20 10:01:53 2022] GET /placement/allocations/ae549d21-1a5f-499c-9cb4-be53036981bc => generated 19 bytes in 67 msecs (HTTP/1.1 200) 8 headers in 295 bytes (1 switches on core 0)
Mar 20 10:01:53.169784 n-d-829248-5 devstack@placement-api.service[110884]: DEBUG placement.requestlog [req-84343f40-ccbf-41cd-9d53-e7585cbd488e req-4c938a43-0e20-4e41-bf42-a6680173f562 None None] Starting request: 10.222.0.24 "PUT /placement/allocations/ae549d21-1a5f-499c-9cb4-be53036981bc" {{(pid=110884) __call__ /opt/stack/placement/placement/requestlog.py:55}}
Mar 20 10:01:53.221794 n-d-829248-5 devstack@placement-api.service[110884]: DEBUG placement.handlers.allocation [req-84343f40-ccbf-41cd-9d53-e7585cbd488e req-4c938a43-0e20-4e41-bf42-a6680173f562 service placement] Successfully wrote allocations [, , ] {{(pid=110884) _update_consumers_and_create_allocations /opt/stack/placement/placement/handlers/allocation.py:462}}
Mar 20 10:01:53.224673 n-d-829248-5 devstack@placement-api.service[110884]: INFO placement.requestlog [req-84343f40-ccbf-41cd-9d53-e7585cbd488e req-4c938a43-0e20-4e41-bf42-a6680173f562 service placement] 10.222.0.24 "PUT /placement/allocations/ae549d21-1a5f-499c-9cb4-be53036981bc" status: 204 len: 0 microversion: 1.28
Mar 20 10:01:53.225352 n-d-829248-5 devstack@placement-api.service[110884]: [pid: 110884|app: 0|req: 231/460] 10.222.0.24 () {64 vars in 1433 bytes} [Sun Mar 20 10:01:53 2022] PUT /placement/allocations/ae549d21-1a5f-499c-9cb4-be53036981bc => generated 0 bytes in 56 msecs (HTTP/1.1 204) 5 headers in 199 bytes (1 switches on core 0)
Mar 20 10:01:53.357939 n-d-829248-5 devstack@placement-api.service[110883]: DEBUG placement.requestlog [req-84343f40-ccbf-41cd-9d53-e7585cbd488e req-1d51c819-ebfa-4e63-a4e1-6a160eb586f5 None None] Starting request: 10.222.0.10 "GET /placement/allocations/ae549d21-1a5f-499c-9cb4-be53036981bc" {{(pid=110883) __call__ /opt/stack/placement/placement/requestlog.py:55}}
Mar 20 10:01:53.372534 n-d-829248-5 devstack@placement-api.service[110883]: INFO placement.requestlog [req-84343f40-ccbf-41cd-9d53-e7585cbd488e req-1d51c819-ebfa-4e63-a4e1-6a160eb586f5 service placement] 10.222.0.10 "GET /placement/allocations/ae549d21-1a5f-499c-9cb4-be53036981bc" status: 200 len: 259 microversion: 1.28
Mar 20 10:01:53.372877 n-d-829248-5 devstack@placement-api.service[110883]: [pid: 110883|app: 0|req: 230/461] 10.222.0.10 () {60 vars in 1377 bytes} [Sun Mar 20 10:01:53 2022] GET /placement/allocations/ae549d21-1a5f-499c-9cb4-be53036981bc => generated 259 bytes in 15 msecs (HTTP/1.1 200) 8 headers in 296 bytes (1 switches on core 0)
Mar 20 10:01:58.150415 n-d-829248-5 devstack@placement-api.service[110884]: DEBUG placement.requestlog [req-8570eb6a-f004-411b-b264-763274415977 req-156dc781-72c7-44d1-84c5-d3df9adca5e2 None None] Starting request: 10.222.0.24 "GET /placement/allocation_candidates?resources=DISK_GB%3A1%2CMEMORY_MB%3A1024%2CVCPU%3A1&root_required=%21COMPUTE_STATUS_DISABLED" {{(pid=110884) __call__ /opt/stack/placement/placement/requestlog.py:55}}
Mar 20 10:01:58.207720 n-d-829248-5 devstack@placement-api.service[110884]: DEBUG placement.objects.research_context [req-8570eb6a-f004-411b-b264-763274415977 req-156dc781-72c7-44d1-84c5-d3df9adca5e2 service placement] getting providers with 1 DISK_GB {{(pid=110884) __init__ /opt/stack/placement/placement/objects/research_context.py:136}}
Mar 20 10:01:58.214985 n-d-829248-5 devstack@placement-api.service[110884]: DEBUG placement.objects.research_context [req-8570eb6a-f004-411b-b264-763274415977 req-156dc781-72c7-44d1-84c5-d3df9adca5e2 service placement] getting providers with 1024 MEMORY_MB {{(pid=110884) __init__ /opt/stack/placement/placement/objects/research_context.py:136}}
Mar 20 10:01:58.224007 n-d-829248-5 devstack@placement-api.service[110884]: DEBUG placement.objects.research_context [req-8570eb6a-f004-411b-b264-763274415977 req-156dc781-72c7-44d1-84c5-d3df9adca5e2 service placement] getting providers with 1 VCPU {{(pid=110884) __init__ /opt/stack/placement/placement/objects/research_context.py:136}}
Mar 20 10:01:58.233177 n-d-829248-5 devstack@placement-api.service[110884]: DEBUG placement.objects.research_context [req-8570eb6a-f004-411b-b264-763274415977 req-156dc781-72c7-44d1-84c5-d3df9adca5e2 service placement] found 2 providers with available 1 DISK_GB {{(pid=110884) get_provider_ids_matching /opt/stack/placement/placement/objects/research_context.py:559}}
Mar 20 10:01:58.233475 n-d-829248-5 devstack@placement-api.service[110884]: DEBUG placement.objects.research_context [req-8570eb6a-f004-411b-b264-763274415977 req-156dc781-72c7-44d1-84c5-d3df9adca5e2 service placement] found 2 providers with available 1024 MEMORY_MB {{(pid=110884) get_provider_ids_matching /opt/stack/placement/placement/objects/research_context.py:559}}
Mar 20 10:01:58.233968 n-d-829248-5 devstack@placement-api.service[110884]: DEBUG placement.objects.research_context [req-8570eb6a-f004-411b-b264-763274415977 req-156dc781-72c7-44d1-84c5-d3df9adca5e2 service placement] found 2 providers after filtering by previous result {{(pid=110884) get_provider_ids_matching /opt/stack/placement/placement/objects/research_context.py:590}}
Mar 20 10:01:58.234605 n-d-829248-5 devstack@placement-api.service[110884]: DEBUG placement.objects.research_context [req-8570eb6a-f004-411b-b264-763274415977 req-156dc781-72c7-44d1-84c5-d3df9adca5e2 service placement] found 2 providers with available 1 VCPU {{(pid=110884) get_provider_ids_matching /opt/stack/placement/placement/objects/research_context.py:559}}
Mar 20 10:01:58.235077 n-d-829248-5 devstack@placement-api.service[110884]: DEBUG placement.objects.research_context [req-8570eb6a-f004-411b-b264-763274415977 req-156dc781-72c7-44d1-84c5-d3df9adca5e2 service placement] found 2 providers after filtering by previous result {{(pid=110884) get_provider_ids_matching /opt/stack/placement/placement/objects/research_context.py:590}}
Mar 20 10:01:58.251558 n-d-829248-5 devstack@placement-api.service[110884]: DEBUG placement.objects.allocation_candidate [req-8570eb6a-f004-411b-b264-763274415977 req-156dc781-72c7-44d1-84c5-d3df9adca5e2 service placement] RequestGroup(use_same_provider=False, resources={DISK_GB:1, MEMORY_MB:1024, VCPU:1}, traits=(), aggregates=[]) (suffix '') returned 2 matches {{(pid=110884) _get_by_requests /opt/stack/placement/placement/objects/allocation_candidate.py:156}}
Mar 20 10:01:58.251558 n-d-829248-5 devstack@placement-api.service[110884]: DEBUG placement.objects.allocation_candidate [req-8570eb6a-f004-411b-b264-763274415977 req-156dc781-72c7-44d1-84c5-d3df9adca5e2 service placement] Merging candidates yields 2 allocation requests and 2 provider summaries {{(pid=110884) _merge_candidates /opt/stack/placement/placement/objects/allocation_candidate.py:809}}
Mar 20 10:01:58.253596 n-d-829248-5 devstack@placement-api.service[110884]: INFO placement.requestlog [req-8570eb6a-f004-411b-b264-763274415977 req-156dc781-72c7-44d1-84c5-d3df9adca5e2 service placement] 10.222.0.24 "GET /placement/allocation_candidates?resources=DISK_GB%3A1%2CMEMORY_MB%3A1024%2CVCPU%3A1&root_required=%21COMPUTE_STATUS_DISABLED" status: 200 len: 1309 microversion: 1.36
Mar 20 10:01:58.254457 n-d-829248-5 devstack@placement-api.service[110884]: [pid: 110884|app: 0|req: 232/462] 10.222.0.24 () {60 vars in 1484 bytes} [Sun Mar 20 10:01:58 2022] GET /placement/allocation_candidates?resources=DISK_GB%3A1%2CMEMORY_MB%3A1024%2CVCPU%3A1&root_required=%21COMPUTE_STATUS_DISABLED => generated 1309 bytes in 104 msecs (HTTP/1.1 200) 8 headers in 297 bytes (1 switches on core 0)
Mar 20 10:01:58.388996 n-d-829248-5 devstack@placement-api.service[110883]: DEBUG placement.requestlog [req-8570eb6a-f004-411b-b264-763274415977 req-42d43763-1e88-49ca-9fa6-f44e0cbbd823 None None] Starting request: 10.222.0.24 "GET /placement/allocations/c6afc194-01ca-4870-b0b4-261993484fb7" {{(pid=110883) __call__ /opt/stack/placement/placement/requestlog.py:55}}
Mar 20 10:01:58.405638 n-d-829248-5 devstack@placement-api.service[110883]: INFO placement.requestlog [req-8570eb6a-f004-411b-b264-763274415977 req-42d43763-1e88-49ca-9fa6-f44e0cbbd823 service placement] 10.222.0.24 "GET /placement/allocations/c6afc194-01ca-4870-b0b4-261993484fb7" status: 200 len: 19 microversion: 1.28
Mar 20 10:01:58.406721 n-d-829248-5 devstack@placement-api.service[110883]: [pid: 110883|app: 0|req: 231/463] 10.222.0.24 () {60 vars in 1380 bytes} [Sun Mar 20 10:01:58 2022] GET /placement/allocations/c6afc194-01ca-4870-b0b4-261993484fb7 => generated 19 bytes in 18 msecs (HTTP/1.1 200) 8 headers in 295 bytes (1 switches on core 0)
Mar 20 10:01:58.413235 n-d-829248-5 devstack@placement-api.service[110884]: DEBUG placement.requestlog [req-8570eb6a-f004-411b-b264-763274415977 req-addcd713-ce6e-48ff-8928-b3507caf9a91 None None] Starting request: 10.222.0.24 "PUT /placement/allocations/c6afc194-01ca-4870-b0b4-261993484fb7" {{(pid=110884) __call__ /opt/stack/placement/placement/requestlog.py:55}}
Mar 20 10:01:58.487924 n-d-829248-5 devstack@placement-api.service[110884]: DEBUG placement.handlers.allocation [req-8570eb6a-f004-411b-b264-763274415977 req-addcd713-ce6e-48ff-8928-b3507caf9a91 service placement] Successfully wrote allocations [, , ] {{(pid=110884) _update_consumers_and_create_allocations /opt/stack/placement/placement/handlers/allocation.py:462}}
Mar 20 10:01:58.496451 n-d-829248-5 devstack@placement-api.service[110884]: INFO placement.requestlog [req-8570eb6a-f004-411b-b264-763274415977 req-addcd713-ce6e-48ff-8928-b3507caf9a91 service placement] 10.222.0.24 "PUT /placement/allocations/c6afc194-01ca-4870-b0b4-261993484fb7" status: 204 len: 0 microversion: 1.36
Mar 20 10:01:58.498488 n-d-829248-5 devstack@placement-api.service[110884]: [pid: 110884|app: 0|req: 233/464] 10.222.0.24 () {64 vars in 1433 bytes} [Sun Mar 20 10:01:58 2022] PUT /placement/allocations/c6afc194-01ca-4870-b0b4-261993484fb7 => generated 0 bytes in 85 msecs (HTTP/1.1 204) 5 headers in 199 bytes (1 switches on core 0)
Mar 20 10:01:59.055729 n-d-829248-5 devstack@placement-api.service[110883]: DEBUG placement.requestlog [req-8570eb6a-f004-411b-b264-763274415977 req-dec256a8-be65-40d1-8004-2cd551703740 None None] Starting request: 10.222.0.10 "GET /placement/allocations/c6afc194-01ca-4870-b0b4-261993484fb7" {{(pid=110883) __call__ /opt/stack/placement/placement/requestlog.py:55}}
Mar 20 10:01:59.072267 n-d-829248-5 devstack@placement-api.service[110883]: INFO placement.requestlog [req-8570eb6a-f004-411b-b264-763274415977 req-dec256a8-be65-40d1-8004-2cd551703740 service placement] 10.222.0.10 "GET /placement/allocations/c6afc194-01ca-4870-b0b4-261993484fb7" status: 200 len: 259 microversion: 1.28
Mar 20 10:01:59.073739 n-d-829248-5 devstack@placement-api.service[110883]: [pid: 110883|app: 0|req: 232/465] 10.222.0.10 () {60 vars in 1377 bytes} [Sun Mar 20 10:01:59 2022] GET /placement/allocations/c6afc194-01ca-4870-b0b4-261993484fb7 => generated 259 bytes in 18 msecs (HTTP/1.1 200) 8 headers in 296 bytes (1 switches on core 0)
Mar 20 10:01:59.288989 n-d-829248-5 devstack@placement-api.service[110884]: DEBUG placement.requestlog [req-8570eb6a-f004-411b-b264-763274415977 req-fcbb53c5-51f3-48ef-89eb-53af1f1653d9 None None] Starting request: 10.222.0.10 "GET /placement/resource_providers?in_tree=7e3a8441-6a9a-4076-9618-85754a55d45f" {{(pid=110884) __call__ /opt/stack/placement/placement/requestlog.py:55}}
Mar 20 10:01:59.363243 n-d-829248-5 devstack@placement-api.service[110884]: INFO placement.requestlog [req-8570eb6a-f004-411b-b264-763274415977 req-fcbb53c5-51f3-48ef-89eb-53af1f1653d9 service placement] 10.222.0.10 "GET /placement/resource_providers?in_tree=7e3a8441-6a9a-4076-9618-85754a55d45f" status: 200 len: 863 microversion: 1.14
Mar 20 10:01:59.366940 n-d-829248-5 devstack@placement-api.service[110884]: [pid: 110884|app: 0|req: 234/466] 10.222.0.10 () {60 vars in 1376 bytes} [Sun Mar 20 10:01:59 2022] GET /placement/resource_providers?in_tree=7e3a8441-6a9a-4076-9618-85754a55d45f => generated 863 bytes in 78 msecs (HTTP/1.1 200) 6 headers in 225 bytes (1 switches on core 0)
Mar 20 10:01:59.384253 n-d-829248-5 devstack@placement-api.service[110883]: DEBUG placement.requestlog [req-8570eb6a-f004-411b-b264-763274415977 req-f4163654-7265-47b8-9025-59808e5832dc None None] Starting request: 10.222.0.10 "GET /placement/resource_providers/7e3a8441-6a9a-4076-9618-85754a55d45f/inventories" {{(pid=110883) __call__ /opt/stack/placement/placement/requestlog.py:55}}
Mar 20 10:01:59.424111 n-d-829248-5 devstack@placement-api.service[110883]: INFO placement.requestlog [req-8570eb6a-f004-411b-b264-763274415977 req-f4163654-7265-47b8-9025-59808e5832dc service placement] 10.222.0.10 "GET /placement/resource_providers/7e3a8441-6a9a-4076-9618-85754a55d45f/inventories" status: 200 len: 398 microversion: 1.0
Mar 20 10:01:59.430412 n-d-829248-5 devstack@placement-api.service[110883]: [pid: 110883|app: 0|req: 233/467] 10.222.0.10 () {58 vars in 1390 bytes} [Sun Mar 20 10:01:59 2022] GET /placement/resource_providers/7e3a8441-6a9a-4076-9618-85754a55d45f/inventories => generated 398 bytes in 46 msecs (HTTP/1.1 200) 6 headers in 224 bytes (1 switches on core 0)
Mar 20 10:01:59.440543 n-d-829248-5 devstack@placement-api.service[110884]: DEBUG placement.requestlog [req-8570eb6a-f004-411b-b264-763274415977 req-d80e089e-6186-4079-abb1-c61312ff79ba None None] Starting request: 10.222.0.10 "GET /placement/resource_providers/7e3a8441-6a9a-4076-9618-85754a55d45f/aggregates" {{(pid=110884) __call__ /opt/stack/placement/placement/requestlog.py:55}}
Mar 20 10:01:59.462545 n-d-829248-5 devstack@placement-api.service[110884]: INFO placement.requestlog [req-8570eb6a-f004-411b-b264-763274415977 req-d80e089e-6186-4079-abb1-c61312ff79ba service placement] 10.222.0.10 "GET /placement/resource_providers/7e3a8441-6a9a-4076-9618-85754a55d45f/aggregates" status: 200 len: 54 microversion: 1.19
Mar 20 10:01:59.463558 n-d-829248-5 devstack@placement-api.service[110884]: [pid: 110884|app: 0|req: 235/468] 10.222.0.10 () {60 vars in 1431 bytes} [Sun Mar 20 10:01:59 2022] GET /placement/resource_providers/7e3a8441-6a9a-4076-9618-85754a55d45f/aggregates => generated 54 bytes in 23 msecs (HTTP/1.1 200) 8 headers in 295 bytes (1 switches on core 0)
Mar 20 10:01:59.507566 n-d-829248-5 devstack@placement-api.service[110883]: DEBUG placement.requestlog [req-8570eb6a-f004-411b-b264-763274415977 req-82e53d16-7167-40ed-ba9b-4f19c8b669d3 None None] Starting request: 10.222.0.10 "GET /placement/resource_providers/7e3a8441-6a9a-4076-9618-85754a55d45f/traits" {{(pid=110883) __call__ /opt/stack/placement/placement/requestlog.py:55}}
Mar 20 10:01:59.567154 n-d-829248-5 devstack@placement-api.service[110883]: INFO placement.requestlog [req-8570eb6a-f004-411b-b264-763274415977 req-82e53d16-7167-40ed-ba9b-4f19c8b669d3 service placement] 10.222.0.10 "GET /placement/resource_providers/7e3a8441-6a9a-4076-9618-85754a55d45f/traits" status: 200 len: 212 microversion: 1.6
Mar 20 10:01:59.567639 n-d-829248-5 devstack@placement-api.service[110883]: [pid: 110883|app: 0|req: 234/469] 10.222.0.10 () {60 vars in 1418 bytes} [Sun Mar 20 10:01:59 2022] GET /placement/resource_providers/7e3a8441-6a9a-4076-9618-85754a55d45f/traits => generated 212 bytes in 60 msecs (HTTP/1.1 200) 6 headers in 224 bytes (1 switches on core 0)
Mar 20 10:02:01.314230 n-d-829248-5 devstack@placement-api.service[110884]: DEBUG placement.requestlog [req-e5313ba8-692a-4436-b9f7-89d5ba739bd4 req-c56d09c1-5481-4390-a22f-5b50d081cbce None None] Starting request: 10.222.0.10 "DELETE /placement/allocations/bf574799-e76d-4d40-a7c4-ad7b838d9a4f" {{(pid=110884) __call__ /opt/stack/placement/placement/requestlog.py:55}}
Mar 20 10:02:01.347121 n-d-829248-5 devstack@placement-api.service[110884]: DEBUG placement.handlers.allocation [req-e5313ba8-692a-4436-b9f7-89d5ba739bd4 req-c56d09c1-5481-4390-a22f-5b50d081cbce service placement] Successfully deleted allocations [, , ] {{(pid=110884) delete_allocations /opt/stack/placement/placement/handlers/allocation.py:627}}
Mar 20 10:02:01.347916 n-d-829248-5 devstack@placement-api.service[110884]: INFO placement.requestlog [req-e5313ba8-692a-4436-b9f7-89d5ba739bd4 req-c56d09c1-5481-4390-a22f-5b50d081cbce service placement] 10.222.0.10 "DELETE /placement/allocations/bf574799-e76d-4d40-a7c4-ad7b838d9a4f" status: 204 len: 0 microversion: 1.0
Mar 20 10:02:01.348736 n-d-829248-5 devstack@placement-api.service[110884]: [pid: 110884|app: 0|req: 236/470] 10.222.0.10 () {60 vars in 1355 bytes} [Sun Mar 20 10:02:01 2022] DELETE /placement/allocations/bf574799-e76d-4d40-a7c4-ad7b838d9a4f => generated 0 bytes in 35 msecs (HTTP/1.1 204) 5 headers in 198 bytes (1 switches on core 0)
Mar 20 10:02:05.369784 n-d-829248-5 devstack@placement-api.service[110883]: DEBUG placement.requestlog [req-f852d470-8bc5-48dc-bf8b-b31ec141a43a req-6793fb5b-22cf-406c-bee8-b6bf0677335f None None] Starting request: 10.222.0.24 "GET /placement/allocation_candidates?limit=1000&resources=DISK_GB%3A1%2CMEMORY_MB%3A1024%2CVCPU%3A1&root_required=%21COMPUTE_STATUS_DISABLED" {{(pid=110883) __call__ /opt/stack/placement/placement/requestlog.py:55}}
Mar 20 10:02:05.453893 n-d-829248-5 devstack@placement-api.service[110883]: DEBUG placement.objects.research_context [req-f852d470-8bc5-48dc-bf8b-b31ec141a43a req-6793fb5b-22cf-406c-bee8-b6bf0677335f service placement] getting providers with 1 DISK_GB {{(pid=110883) __init__ /opt/stack/placement/placement/objects/research_context.py:136}}
Mar 20 10:02:05.469881 n-d-829248-5 devstack@placement-api.service[110883]: DEBUG placement.objects.research_context [req-f852d470-8bc5-48dc-bf8b-b31ec141a43a req-6793fb5b-22cf-406c-bee8-b6bf0677335f service placement] getting providers with 1024 MEMORY_MB {{(pid=110883) __init__ /opt/stack/placement/placement/objects/research_context.py:136}}
Mar 20 10:02:05.486002 n-d-829248-5 devstack@placement-api.service[110883]: DEBUG placement.objects.research_context [req-f852d470-8bc5-48dc-bf8b-b31ec141a43a req-6793fb5b-22cf-406c-bee8-b6bf0677335f service placement] getting providers with 1 VCPU {{(pid=110883) __init__ /opt/stack/placement/placement/objects/research_context.py:136}}
Mar 20 10:02:05.498380 n-d-829248-5 devstack@placement-api.service[110883]: DEBUG placement.objects.research_context [req-f852d470-8bc5-48dc-bf8b-b31ec141a43a req-6793fb5b-22cf-406c-bee8-b6bf0677335f service placement] found 2 providers with available 1 DISK_GB {{(pid=110883) get_provider_ids_matching /opt/stack/placement/placement/objects/research_context.py:559}}
Mar 20 10:02:05.498761 n-d-829248-5 devstack@placement-api.service[110883]: DEBUG placement.objects.research_context [req-f852d470-8bc5-48dc-bf8b-b31ec141a43a req-6793fb5b-22cf-406c-bee8-b6bf0677335f service placement] found 2 providers with available 1024 MEMORY_MB {{(pid=110883) get_provider_ids_matching /opt/stack/placement/placement/objects/research_context.py:559}}
Mar 20 10:02:05.499282 n-d-829248-5 devstack@placement-api.service[110883]: DEBUG placement.objects.research_context [req-f852d470-8bc5-48dc-bf8b-b31ec141a43a req-6793fb5b-22cf-406c-bee8-b6bf0677335f service placement] found 2 providers after filtering by previous result {{(pid=110883) get_provider_ids_matching /opt/stack/placement/placement/objects/research_context.py:590}}
Mar 20 10:02:05.499762 n-d-829248-5 devstack@placement-api.service[110883]: DEBUG placement.objects.research_context [req-f852d470-8bc5-48dc-bf8b-b31ec141a43a req-6793fb5b-22cf-406c-bee8-b6bf0677335f service placement] found 2 providers with available 1 VCPU {{(pid=110883) get_provider_ids_matching /opt/stack/placement/placement/objects/research_context.py:559}}
Mar 20 10:02:05.500300 n-d-829248-5 devstack@placement-api.service[110883]: DEBUG placement.objects.research_context [req-f852d470-8bc5-48dc-bf8b-b31ec141a43a req-6793fb5b-22cf-406c-bee8-b6bf0677335f service placement] found 2 providers after filtering by previous result {{(pid=110883) get_provider_ids_matching /opt/stack/placement/placement/objects/research_context.py:590}}
Mar 20 10:02:05.528649 n-d-829248-5 devstack@placement-api.service[110883]: DEBUG placement.objects.allocation_candidate [req-f852d470-8bc5-48dc-bf8b-b31ec141a43a req-6793fb5b-22cf-406c-bee8-b6bf0677335f service placement] RequestGroup(use_same_provider=False, resources={DISK_GB:1, MEMORY_MB:1024, VCPU:1}, traits=(), aggregates=[]) (suffix '') returned 2 matches {{(pid=110883) _get_by_requests /opt/stack/placement/placement/objects/allocation_candidate.py:156}}
Mar 20 10:02:05.529155 n-d-829248-5 devstack@placement-api.service[110883]: DEBUG placement.objects.allocation_candidate [req-f852d470-8bc5-48dc-bf8b-b31ec141a43a req-6793fb5b-22cf-406c-bee8-b6bf0677335f service placement] Merging candidates yields 2 allocation requests and 2 provider summaries {{(pid=110883) _merge_candidates /opt/stack/placement/placement/objects/allocation_candidate.py:809}}
Mar 20 10:02:05.530945 n-d-829248-5 devstack@placement-api.service[110883]: INFO placement.requestlog [req-f852d470-8bc5-48dc-bf8b-b31ec141a43a req-6793fb5b-22cf-406c-bee8-b6bf0677335f service placement] 10.222.0.24 "GET /placement/allocation_candidates?limit=1000&resources=DISK_GB%3A1%2CMEMORY_MB%3A1024%2CVCPU%3A1&root_required=%21COMPUTE_STATUS_DISABLED" status: 200 len: 1309 microversion: 1.36
Mar 20 10:02:05.531783 n-d-829248-5 devstack@placement-api.service[110883]: [pid: 110883|app: 0|req: 235/471] 10.222.0.24 () {60 vars in 1506 bytes} [Sun Mar 20 10:02:05 2022] GET /placement/allocation_candidates?limit=1000&resources=DISK_GB%3A1%2CMEMORY_MB%3A1024%2CVCPU%3A1&root_required=%21COMPUTE_STATUS_DISABLED => generated 1309 bytes in 162 msecs (HTTP/1.1 200) 8 headers in 297 bytes (1 switches on core 0)
Mar 20 10:02:05.684572 n-d-829248-5 devstack@placement-api.service[110884]: DEBUG placement.requestlog [req-f852d470-8bc5-48dc-bf8b-b31ec141a43a req-662b75ea-baf9-4ad9-83f6-c0e37035fe76 None None] Starting request: 10.222.0.24 "GET /placement/allocations/e803bee6-41a9-493a-8255-6a948dde9816" {{(pid=110884) __call__ /opt/stack/placement/placement/requestlog.py:55}}
Mar 20 10:02:05.701873 n-d-829248-5 devstack@placement-api.service[110884]: INFO placement.requestlog [req-f852d470-8bc5-48dc-bf8b-b31ec141a43a req-662b75ea-baf9-4ad9-83f6-c0e37035fe76 service placement] 10.222.0.24 "GET /placement/allocations/e803bee6-41a9-493a-8255-6a948dde9816" status: 200 len: 19 microversion: 1.28
Mar 20 10:02:05.706669 n-d-829248-5 devstack@placement-api.service[110884]: [pid: 110884|app: 0|req: 237/472] 10.222.0.24 () {60 vars in 1380 bytes} [Sun Mar 20 10:02:05 2022] GET /placement/allocations/e803bee6-41a9-493a-8255-6a948dde9816 => generated 19 bytes in 22 msecs (HTTP/1.1 200) 8 headers in 295 bytes (1 switches on core 0)
Mar 20 10:02:05.710348 n-d-829248-5 devstack@placement-api.service[110883]: DEBUG placement.requestlog [req-f852d470-8bc5-48dc-bf8b-b31ec141a43a req-85365309-7b47-4acd-bdea-3f5f9cb6cec3 None None] Starting request: 10.222.0.24 "PUT /placement/allocations/e803bee6-41a9-493a-8255-6a948dde9816" {{(pid=110883) __call__ /opt/stack/placement/placement/requestlog.py:55}}
Mar 20 10:02:05.805875 n-d-829248-5 devstack@placement-api.service[110883]: DEBUG placement.handlers.allocation [req-f852d470-8bc5-48dc-bf8b-b31ec141a43a req-85365309-7b47-4acd-bdea-3f5f9cb6cec3 service placement] Successfully wrote allocations [, , ] {{(pid=110883) _update_consumers_and_create_allocations /opt/stack/placement/placement/handlers/allocation.py:462}}
Mar 20 10:02:05.837745 n-d-829248-5 devstack@placement-api.service[110883]: INFO placement.requestlog [req-f852d470-8bc5-48dc-bf8b-b31ec141a43a req-85365309-7b47-4acd-bdea-3f5f9cb6cec3 service placement] 10.222.0.24 "PUT /placement/allocations/e803bee6-41a9-493a-8255-6a948dde9816" status: 204 len: 0 microversion: 1.36
Mar 20 10:02:05.853261 n-d-829248-5 devstack@placement-api.service[110883]: [pid: 110883|app: 0|req: 236/473] 10.222.0.24 () {64 vars in 1433 bytes} [Sun Mar 20 10:02:05 2022] PUT /placement/allocations/e803bee6-41a9-493a-8255-6a948dde9816 => generated 0 bytes in 130 msecs (HTTP/1.1 204) 5 headers in 199 bytes (1 switches on core 0)
Mar 20 10:02:06.320065 n-d-829248-5 devstack@placement-api.service[110884]: DEBUG placement.requestlog [req-f852d470-8bc5-48dc-bf8b-b31ec141a43a req-6d9f8029-a79e-4367-a18c-daac66007f54 None None] Starting request: 10.222.0.10 "GET /placement/allocations/e803bee6-41a9-493a-8255-6a948dde9816" {{(pid=110884) __call__ /opt/stack/placement/placement/requestlog.py:55}}
Mar 20 10:02:06.363302 n-d-829248-5 devstack@placement-api.service[110884]: INFO placement.requestlog [req-f852d470-8bc5-48dc-bf8b-b31ec141a43a req-6d9f8029-a79e-4367-a18c-daac66007f54 service placement] 10.222.0.10 "GET /placement/allocations/e803bee6-41a9-493a-8255-6a948dde9816" status: 200 len: 259 microversion: 1.28
Mar 20 10:02:06.363692 n-d-829248-5 devstack@placement-api.service[110884]: [pid: 110884|app: 0|req: 238/474] 10.222.0.10 () {60 vars in 1377 bytes} [Sun Mar 20 10:02:06 2022] GET /placement/allocations/e803bee6-41a9-493a-8255-6a948dde9816 => generated 259 bytes in 45 msecs (HTTP/1.1 200) 8 headers in 296 bytes (1 switches on core 0)
Mar 20 10:02:09.476586 n-d-829248-5 devstack@placement-api.service[110883]: DEBUG placement.requestlog [req-84343f40-ccbf-41cd-9d53-e7585cbd488e req-75a4cc16-548b-4c9d-9b22-b577765f0e6f None None] Starting request: 10.222.0.31 "GET /placement/resource_providers/e999e691-accc-4923-9672-516851f4720d/allocations" {{(pid=110883) __call__ /opt/stack/placement/placement/requestlog.py:55}}
Mar 20 10:02:09.529892 n-d-829248-5 devstack@placement-api.service[110883]: INFO placement.requestlog [req-84343f40-ccbf-41cd-9d53-e7585cbd488e req-75a4cc16-548b-4c9d-9b22-b577765f0e6f service placement] 10.222.0.31 "GET /placement/resource_providers/e999e691-accc-4923-9672-516851f4720d/allocations" status: 200 len: 760 microversion: 1.0
Mar 20 10:02:09.539802 n-d-829248-5 devstack@placement-api.service[110883]: [pid: 110883|app: 0|req: 237/475] 10.222.0.31 () {58 vars in 1390 bytes} [Sun Mar 20 10:02:09 2022] GET /placement/resource_providers/e999e691-accc-4923-9672-516851f4720d/allocations => generated 760 bytes in 62 msecs (HTTP/1.1 200) 6 headers in 224 bytes (1 switches on core 0)
Mar 20 10:02:10.081306 n-d-829248-5 devstack@placement-api.service[110884]: DEBUG placement.requestlog [req-84343f40-ccbf-41cd-9d53-e7585cbd488e req-8483b839-d67b-48a8-b4c2-96f04795a898 None None] Starting request: 10.222.0.31 "GET /placement/allocations/a92d5e25-ae5d-44a2-94f9-6ccd92b5d03e" {{(pid=110884) __call__ /opt/stack/placement/placement/requestlog.py:55}}
Mar 20 10:02:10.111702 n-d-829248-5 devstack@placement-api.service[110884]: INFO placement.requestlog [req-84343f40-ccbf-41cd-9d53-e7585cbd488e req-8483b839-d67b-48a8-b4c2-96f04795a898 service placement] 10.222.0.31 "GET /placement/allocations/a92d5e25-ae5d-44a2-94f9-6ccd92b5d03e" status: 200 len: 259 microversion: 1.28
Mar 20 10:02:10.113993 n-d-829248-5 devstack@placement-api.service[110884]: [pid: 110884|app: 0|req: 239/476] 10.222.0.31 () {60 vars in 1377 bytes} [Sun Mar 20 10:02:10 2022] GET /placement/allocations/a92d5e25-ae5d-44a2-94f9-6ccd92b5d03e => generated 259 bytes in 33 msecs (HTTP/1.1 200) 8 headers in 296 bytes (1 switches on core 0)
Mar 20 10:02:10.121746 n-d-829248-5 devstack@placement-api.service[110883]: DEBUG placement.requestlog [req-84343f40-ccbf-41cd-9d53-e7585cbd488e req-fd720196-c740-485d-96f2-734dd6f00fd0 None None] Starting request: 10.222.0.31 "PUT /placement/allocations/a92d5e25-ae5d-44a2-94f9-6ccd92b5d03e" {{(pid=110883) __call__ /opt/stack/placement/placement/requestlog.py:55}}
Mar 20 10:02:10.264613 n-d-829248-5 devstack@placement-api.service[110883]: DEBUG placement.handlers.allocation [req-84343f40-ccbf-41cd-9d53-e7585cbd488e req-fd720196-c740-485d-96f2-734dd6f00fd0 service placement] Successfully wrote allocations [, , ] {{(pid=110883) _update_consumers_and_create_allocations /opt/stack/placement/placement/handlers/allocation.py:462}}
Mar 20 10:02:10.274945 n-d-829248-5 devstack@placement-api.service[110883]: INFO placement.requestlog [req-84343f40-ccbf-41cd-9d53-e7585cbd488e req-fd720196-c740-485d-96f2-734dd6f00fd0 service placement] 10.222.0.31 "PUT /placement/allocations/a92d5e25-ae5d-44a2-94f9-6ccd92b5d03e" status: 204 len: 0 microversion: 1.28
Mar 20 10:02:10.275942 n-d-829248-5 devstack@placement-api.service[110883]: [pid: 110883|app: 0|req: 238/477] 10.222.0.31 () {64 vars in 1430 bytes} [Sun Mar 20 10:02:10 2022] PUT /placement/allocations/a92d5e25-ae5d-44a2-94f9-6ccd92b5d03e => generated 0 bytes in 154 msecs (HTTP/1.1 204) 5 headers in 199 bytes (1 switches on core 0)
Mar 20 10:02:13.021523 n-d-829248-5 devstack@placement-api.service[110884]: DEBUG placement.requestlog [req-6d153fb0-358e-4dc3-a921-8c7f9192cf6b req-2cb2745f-2e15-4811-97a7-07d586941c19 None None] Starting request: 10.222.0.24 "GET /placement/allocation_candidates?limit=1000&resources=DISK_GB%3A1%2CMEMORY_MB%3A1024%2CVCPU%3A1&root_required=%21COMPUTE_STATUS_DISABLED" {{(pid=110884) __call__ /opt/stack/placement/placement/requestlog.py:55}}
Mar 20 10:02:13.089806 n-d-829248-5 devstack@placement-api.service[110884]: DEBUG placement.objects.research_context [req-6d153fb0-358e-4dc3-a921-8c7f9192cf6b req-2cb2745f-2e15-4811-97a7-07d586941c19 service placement] getting providers with 1 DISK_GB {{(pid=110884) __init__ /opt/stack/placement/placement/objects/research_context.py:136}}
Mar 20 10:02:13.097642 n-d-829248-5 devstack@placement-api.service[110884]: DEBUG placement.objects.research_context [req-6d153fb0-358e-4dc3-a921-8c7f9192cf6b req-2cb2745f-2e15-4811-97a7-07d586941c19 service placement] getting providers with 1024 MEMORY_MB {{(pid=110884) __init__ /opt/stack/placement/placement/objects/research_context.py:136}}
Mar 20 10:02:13.111829 n-d-829248-5 devstack@placement-api.service[110884]: DEBUG placement.objects.research_context [req-6d153fb0-358e-4dc3-a921-8c7f9192cf6b req-2cb2745f-2e15-4811-97a7-07d586941c19 service placement] getting providers with 1 VCPU {{(pid=110884) __init__ /opt/stack/placement/placement/objects/research_context.py:136}}
Mar 20 10:02:13.123084 n-d-829248-5 devstack@placement-api.service[110884]: DEBUG placement.objects.research_context [req-6d153fb0-358e-4dc3-a921-8c7f9192cf6b req-2cb2745f-2e15-4811-97a7-07d586941c19 service placement] found 2 providers with available 1 DISK_GB {{(pid=110884) get_provider_ids_matching /opt/stack/placement/placement/objects/research_context.py:559}}
Mar 20 10:02:13.123368 n-d-829248-5 devstack@placement-api.service[110884]: DEBUG placement.objects.research_context [req-6d153fb0-358e-4dc3-a921-8c7f9192cf6b req-2cb2745f-2e15-4811-97a7-07d586941c19 service placement] found 2 providers with available 1024 MEMORY_MB {{(pid=110884) get_provider_ids_matching /opt/stack/placement/placement/objects/research_context.py:559}}
Mar 20 10:02:13.124342 n-d-829248-5 devstack@placement-api.service[110884]: DEBUG placement.objects.research_context [req-6d153fb0-358e-4dc3-a921-8c7f9192cf6b req-2cb2745f-2e15-4811-97a7-07d586941c19 service placement] found 2 providers after filtering by previous result {{(pid=110884) get_provider_ids_matching /opt/stack/placement/placement/objects/research_context.py:590}}
Mar 20 10:02:13.126660 n-d-829248-5 devstack@placement-api.service[110884]: DEBUG placement.objects.research_context [req-6d153fb0-358e-4dc3-a921-8c7f9192cf6b req-2cb2745f-2e15-4811-97a7-07d586941c19 service placement] found 2 providers with available 1 VCPU {{(pid=110884) get_provider_ids_matching /opt/stack/placement/placement/objects/research_context.py:559}}
Mar 20 10:02:13.127183 n-d-829248-5 devstack@placement-api.service[110884]: DEBUG placement.objects.research_context [req-6d153fb0-358e-4dc3-a921-8c7f9192cf6b req-2cb2745f-2e15-4811-97a7-07d586941c19 service placement] found 2 providers after filtering by previous result {{(pid=110884) get_provider_ids_matching /opt/stack/placement/placement/objects/research_context.py:590}}
Mar 20 10:02:13.149103 n-d-829248-5 devstack@placement-api.service[110884]: DEBUG placement.objects.allocation_candidate [req-6d153fb0-358e-4dc3-a921-8c7f9192cf6b req-2cb2745f-2e15-4811-97a7-07d586941c19 service placement] RequestGroup(use_same_provider=False, resources={DISK_GB:1, MEMORY_MB:1024, VCPU:1}, traits=(), aggregates=[]) (suffix '') returned 2 matches {{(pid=110884) _get_by_requests /opt/stack/placement/placement/objects/allocation_candidate.py:156}}
Mar 20 10:02:13.149737 n-d-829248-5 devstack@placement-api.service[110884]: DEBUG placement.objects.allocation_candidate [req-6d153fb0-358e-4dc3-a921-8c7f9192cf6b req-2cb2745f-2e15-4811-97a7-07d586941c19 service placement] Merging candidates yields 2 allocation requests and 2 provider summaries {{(pid=110884) _merge_candidates /opt/stack/placement/placement/objects/allocation_candidate.py:809}}
Mar 20 10:02:13.157983 n-d-829248-5 devstack@placement-api.service[110884]: INFO placement.requestlog [req-6d153fb0-358e-4dc3-a921-8c7f9192cf6b req-2cb2745f-2e15-4811-97a7-07d586941c19 service placement] 10.222.0.24 "GET /placement/allocation_candidates?limit=1000&resources=DISK_GB%3A1%2CMEMORY_MB%3A1024%2CVCPU%3A1&root_required=%21COMPUTE_STATUS_DISABLED" status: 200 len: 1309 microversion: 1.36
Mar 20 10:02:13.158826 n-d-829248-5 devstack@placement-api.service[110884]: [pid: 110884|app: 0|req: 240/478] 10.222.0.24 () {60 vars in 1506 bytes} [Sun Mar 20 10:02:13 2022] GET /placement/allocation_candidates?limit=1000&resources=DISK_GB%3A1%2CMEMORY_MB%3A1024%2CVCPU%3A1&root_required=%21COMPUTE_STATUS_DISABLED => generated 1309 bytes in 138 msecs (HTTP/1.1 200) 8 headers in 297 bytes (1 switches on core 0)
Mar 20 10:02:13.348435 n-d-829248-5 devstack@placement-api.service[110883]: DEBUG placement.requestlog [req-6d153fb0-358e-4dc3-a921-8c7f9192cf6b req-530a18e6-c56b-40be-aaef-10bc3e9e6834 None None] Starting request: 10.222.0.24 "GET /placement/allocations/ba3b5ada-8627-4bf9-9f84-6581a2a10b97" {{(pid=110883) __call__ /opt/stack/placement/placement/requestlog.py:55}}
Mar 20 10:02:13.373434 n-d-829248-5 devstack@placement-api.service[110883]: INFO placement.requestlog [req-6d153fb0-358e-4dc3-a921-8c7f9192cf6b req-530a18e6-c56b-40be-aaef-10bc3e9e6834 service placement] 10.222.0.24 "GET /placement/allocations/ba3b5ada-8627-4bf9-9f84-6581a2a10b97" status: 200 len: 19 microversion: 1.28
Mar 20 10:02:13.374486 n-d-829248-5 devstack@placement-api.service[110883]: [pid: 110883|app: 0|req: 239/479] 10.222.0.24 () {60 vars in 1380 bytes} [Sun Mar 20 10:02:13 2022] GET /placement/allocations/ba3b5ada-8627-4bf9-9f84-6581a2a10b97 => generated 19 bytes in 26 msecs (HTTP/1.1 200) 8 headers in 295 bytes (1 switches on core 0)
Mar 20 10:02:13.382632 n-d-829248-5 devstack@placement-api.service[110884]: DEBUG placement.requestlog [req-6d153fb0-358e-4dc3-a921-8c7f9192cf6b req-656b738f-273d-490a-9985-cf74c489f80e None None] Starting request: 10.222.0.24 "PUT /placement/allocations/ba3b5ada-8627-4bf9-9f84-6581a2a10b97" {{(pid=110884) __call__ /opt/stack/placement/placement/requestlog.py:55}}
Mar 20 10:02:13.509128 n-d-829248-5 devstack@placement-api.service[110884]: DEBUG placement.handlers.allocation [req-6d153fb0-358e-4dc3-a921-8c7f9192cf6b req-656b738f-273d-490a-9985-cf74c489f80e service placement] Successfully wrote allocations [, , ] {{(pid=110884) _update_consumers_and_create_allocations /opt/stack/placement/placement/handlers/allocation.py:462}}
Mar 20 10:02:13.520718 n-d-829248-5 devstack@placement-api.service[110884]: INFO placement.requestlog [req-6d153fb0-358e-4dc3-a921-8c7f9192cf6b req-656b738f-273d-490a-9985-cf74c489f80e service placement] 10.222.0.24 "PUT /placement/allocations/ba3b5ada-8627-4bf9-9f84-6581a2a10b97" status: 204 len: 0 microversion: 1.36
Mar 20 10:02:13.521809 n-d-829248-5 devstack@placement-api.service[110884]: [pid: 110884|app: 0|req: 241/480] 10.222.0.24 () {64 vars in 1433 bytes} [Sun Mar 20 10:02:13 2022] PUT /placement/allocations/ba3b5ada-8627-4bf9-9f84-6581a2a10b97 => generated 0 bytes in 139 msecs (HTTP/1.1 204) 5 headers in 199 bytes (1 switches on core 0)
Mar 20 10:02:13.954879 n-d-829248-5 devstack@placement-api.service[110883]: DEBUG placement.requestlog [req-f7c78b39-7fba-43b6-a711-4a2d9ebb9ccd req-ab6a31c7-e56a-44bb-8e83-570af89067b9 None None] Starting request: 10.222.0.24 "GET /placement/allocation_candidates?limit=1000&resources=DISK_GB%3A1%2CMEMORY_MB%3A1024%2CVCPU%3A1&root_required=%21COMPUTE_STATUS_DISABLED" {{(pid=110883) __call__ /opt/stack/placement/placement/requestlog.py:55}}
Mar 20 10:02:14.035015 n-d-829248-5 devstack@placement-api.service[110883]: DEBUG placement.objects.research_context [req-f7c78b39-7fba-43b6-a711-4a2d9ebb9ccd req-ab6a31c7-e56a-44bb-8e83-570af89067b9 service placement] getting providers with 1 DISK_GB {{(pid=110883) __init__ /opt/stack/placement/placement/objects/research_context.py:136}}
Mar 20 10:02:14.051684 n-d-829248-5 devstack@placement-api.service[110883]: DEBUG placement.objects.research_context [req-f7c78b39-7fba-43b6-a711-4a2d9ebb9ccd req-ab6a31c7-e56a-44bb-8e83-570af89067b9 service placement] getting providers with 1024 MEMORY_MB {{(pid=110883) __init__ /opt/stack/placement/placement/objects/research_context.py:136}}
Mar 20 10:02:14.069692 n-d-829248-5 devstack@placement-api.service[110883]: DEBUG placement.objects.research_context [req-f7c78b39-7fba-43b6-a711-4a2d9ebb9ccd req-ab6a31c7-e56a-44bb-8e83-570af89067b9 service placement] getting providers with 1 VCPU {{(pid=110883) __init__ /opt/stack/placement/placement/objects/research_context.py:136}}
Mar 20 10:02:14.087121 n-d-829248-5 devstack@placement-api.service[110883]: DEBUG placement.objects.research_context [req-f7c78b39-7fba-43b6-a711-4a2d9ebb9ccd req-ab6a31c7-e56a-44bb-8e83-570af89067b9 service placement] found 2 providers with available 1 DISK_GB {{(pid=110883) get_provider_ids_matching /opt/stack/placement/placement/objects/research_context.py:559}}
Mar 20 10:02:14.093249 n-d-829248-5 devstack@placement-api.service[110883]: DEBUG placement.objects.research_context [req-f7c78b39-7fba-43b6-a711-4a2d9ebb9ccd req-ab6a31c7-e56a-44bb-8e83-570af89067b9 service placement] found 2 providers with available 1024 MEMORY_MB {{(pid=110883) get_provider_ids_matching /opt/stack/placement/placement/objects/research_context.py:559}}
Mar 20 10:02:14.095747 n-d-829248-5 devstack@placement-api.service[110883]: DEBUG placement.objects.research_context [req-f7c78b39-7fba-43b6-a711-4a2d9ebb9ccd req-ab6a31c7-e56a-44bb-8e83-570af89067b9 service placement] found 2 providers after filtering by previous result {{(pid=110883) get_provider_ids_matching /opt/stack/placement/placement/objects/research_context.py:590}}
Mar 20 10:02:14.096301 n-d-829248-5 devstack@placement-api.service[110883]: DEBUG placement.objects.research_context [req-f7c78b39-7fba-43b6-a711-4a2d9ebb9ccd req-ab6a31c7-e56a-44bb-8e83-570af89067b9 service placement] found 2 providers with available 1 VCPU {{(pid=110883) get_provider_ids_matching /opt/stack/placement/placement/objects/research_context.py:559}}
Mar 20 10:02:14.097332 n-d-829248-5 devstack@placement-api.service[110883]: DEBUG placement.objects.research_context [req-f7c78b39-7fba-43b6-a711-4a2d9ebb9ccd req-ab6a31c7-e56a-44bb-8e83-570af89067b9 service placement] found 2 providers after filtering by previous result {{(pid=110883) get_provider_ids_matching /opt/stack/placement/placement/objects/research_context.py:590}}
Mar 20 10:02:14.125374 n-d-829248-5 devstack@placement-api.service[110884]: DEBUG placement.requestlog [req-6d153fb0-358e-4dc3-a921-8c7f9192cf6b req-041d27cb-1c8e-4c80-bd2c-b8827f15d25b None None] Starting request: 10.222.0.31 "GET /placement/allocations/ba3b5ada-8627-4bf9-9f84-6581a2a10b97" {{(pid=110884) __call__ /opt/stack/placement/placement/requestlog.py:55}}
Mar 20 10:02:14.131658 n-d-829248-5 devstack@placement-api.service[110883]: DEBUG placement.objects.allocation_candidate [req-f7c78b39-7fba-43b6-a711-4a2d9ebb9ccd req-ab6a31c7-e56a-44bb-8e83-570af89067b9 service placement] RequestGroup(use_same_provider=False, resources={DISK_GB:1, MEMORY_MB:1024, VCPU:1}, traits=(), aggregates=[]) (suffix '') returned 2 matches {{(pid=110883) _get_by_requests /opt/stack/placement/placement/objects/allocation_candidate.py:156}}
Mar 20 10:02:14.132649 n-d-829248-5 devstack@placement-api.service[110883]: DEBUG placement.objects.allocation_candidate [req-f7c78b39-7fba-43b6-a711-4a2d9ebb9ccd req-ab6a31c7-e56a-44bb-8e83-570af89067b9 service placement] Merging candidates yields 2 allocation requests and 2 provider summaries {{(pid=110883) _merge_candidates /opt/stack/placement/placement/objects/allocation_candidate.py:809}}
Mar 20 10:02:14.137801 n-d-829248-5 devstack@placement-api.service[110883]: INFO placement.requestlog [req-f7c78b39-7fba-43b6-a711-4a2d9ebb9ccd req-ab6a31c7-e56a-44bb-8e83-570af89067b9 service placement] 10.222.0.24 "GET /placement/allocation_candidates?limit=1000&resources=DISK_GB%3A1%2CMEMORY_MB%3A1024%2CVCPU%3A1&root_required=%21COMPUTE_STATUS_DISABLED" status: 200 len: 1309 microversion: 1.36
Mar 20 10:02:14.138534 n-d-829248-5 devstack@placement-api.service[110883]: [pid: 110883|app: 0|req: 240/481] 10.222.0.24 () {60 vars in 1506 bytes} [Sun Mar 20 10:02:13 2022] GET /placement/allocation_candidates?limit=1000&resources=DISK_GB%3A1%2CMEMORY_MB%3A1024%2CVCPU%3A1&root_required=%21COMPUTE_STATUS_DISABLED => generated 1309 bytes in 184 msecs (HTTP/1.1 200) 8 headers in 297 bytes (1 switches on core 0)
Mar 20 10:02:14.174680 n-d-829248-5 devstack@placement-api.service[110884]: INFO placement.requestlog [req-6d153fb0-358e-4dc3-a921-8c7f9192cf6b req-041d27cb-1c8e-4c80-bd2c-b8827f15d25b service placement] 10.222.0.31 "GET /placement/allocations/ba3b5ada-8627-4bf9-9f84-6581a2a10b97" status: 200 len: 259 microversion: 1.28
Mar 20 10:02:14.176644 n-d-829248-5 devstack@placement-api.service[110884]: [pid: 110884|app: 0|req: 242/482] 10.222.0.31 () {60 vars in 1377 bytes} [Sun Mar 20 10:02:14 2022] GET /placement/allocations/ba3b5ada-8627-4bf9-9f84-6581a2a10b97 => generated 259 bytes in 50 msecs (HTTP/1.1 200) 8 headers in 296 bytes (2 switches on core 0)
Mar 20 10:02:14.312586 n-d-829248-5 devstack@placement-api.service[110883]: DEBUG placement.requestlog [req-f7c78b39-7fba-43b6-a711-4a2d9ebb9ccd req-8edec1f9-d3d5-4709-858c-b66dc973ca16 None None] Starting request: 10.222.0.24 "GET /placement/allocations/d155c5cc-216a-43f8-af0f-e22560871ef8" {{(pid=110883) __call__ /opt/stack/placement/placement/requestlog.py:55}}
Mar 20 10:02:14.345841 n-d-829248-5 devstack@placement-api.service[110883]: INFO placement.requestlog [req-f7c78b39-7fba-43b6-a711-4a2d9ebb9ccd req-8edec1f9-d3d5-4709-858c-b66dc973ca16 service placement] 10.222.0.24 "GET /placement/allocations/d155c5cc-216a-43f8-af0f-e22560871ef8" status: 200 len: 19 microversion: 1.28
Mar 20 10:02:14.347839 n-d-829248-5 devstack@placement-api.service[110883]: [pid: 110883|app: 0|req: 241/483] 10.222.0.24 () {60 vars in 1380 bytes} [Sun Mar 20 10:02:14 2022] GET /placement/allocations/d155c5cc-216a-43f8-af0f-e22560871ef8 => generated 19 bytes in 36 msecs (HTTP/1.1 200) 8 headers in 295 bytes (1 switches on core 0)
Mar 20 10:02:14.353729 n-d-829248-5 devstack@placement-api.service[110884]: DEBUG placement.requestlog [req-f7c78b39-7fba-43b6-a711-4a2d9ebb9ccd req-3f205ea9-14cd-417f-b591-1b88a15a2d07 None None] Starting request: 10.222.0.24 "PUT /placement/allocations/d155c5cc-216a-43f8-af0f-e22560871ef8" {{(pid=110884) __call__ /opt/stack/placement/placement/requestlog.py:55}}
Mar 20 10:02:14.468463 n-d-829248-5 devstack@placement-api.service[110884]: DEBUG placement.handlers.allocation [req-f7c78b39-7fba-43b6-a711-4a2d9ebb9ccd req-3f205ea9-14cd-417f-b591-1b88a15a2d07 service placement] Successfully wrote allocations [, , ] {{(pid=110884) _update_consumers_and_create_allocations /opt/stack/placement/placement/handlers/allocation.py:462}}
Mar 20 10:02:14.480104 n-d-829248-5 devstack@placement-api.service[110884]: INFO placement.requestlog [req-f7c78b39-7fba-43b6-a711-4a2d9ebb9ccd req-3f205ea9-14cd-417f-b591-1b88a15a2d07 service placement] 10.222.0.24 "PUT /placement/allocations/d155c5cc-216a-43f8-af0f-e22560871ef8" status: 204 len: 0 microversion: 1.36
Mar 20 10:02:14.481284 n-d-829248-5 devstack@placement-api.service[110884]: [pid: 110884|app: 0|req: 243/484] 10.222.0.24 () {64 vars in 1433 bytes} [Sun Mar 20 10:02:14 2022] PUT /placement/allocations/d155c5cc-216a-43f8-af0f-e22560871ef8 => generated 0 bytes in 128 msecs (HTTP/1.1 204) 5 headers in 199 bytes (1 switches on core 0)
