Mar 20 09:53:45.732907 n-d-829248-5 devstack@placement-api.service[110884]: DEBUG placement.objects.resource_provider [req-65b2a4e5-d51b-4d2f-9f47-b2b3083759a1 req-42bc215c-151b-4c8d-a98a-4eaf983299b7 service placement] Setting aggregates for provider 7e3a8441-6a9a-4076-9618-85754a55d45f. Successfully associated aggregate ec0730c2-9324-4dc4-a352-7b94ff6f9114. {{(pid=110884) _set_aggregates /opt/stack/placement/placement/objects/resource_provider.py:388}}
Mar 20 09:53:45.742013 n-d-829248-5 devstack@placement-api.service[110884]: INFO placement.requestlog [req-65b2a4e5-d51b-4d2f-9f47-b2b3083759a1 req-42bc215c-151b-4c8d-a98a-4eaf983299b7 service placement] 10.222.0.24 "PUT /placement/resource_providers/7e3a8441-6a9a-4076-9618-85754a55d45f/aggregates" status: 200 len: 91 microversion: 1.19
Mar 20 09:53:45.750244 n-d-829248-5 devstack@placement-api.service[110884]: [pid: 110884|app: 0|req: 17/33] 10.222.0.24 () {64 vars in 1477 bytes} [Sun Mar 20 09:53:45 2022] PUT /placement/resource_providers/7e3a8441-6a9a-4076-9618-85754a55d45f/aggregates => generated 91 bytes in 58 msecs (HTTP/1.1 200) 8 headers in 295 bytes (2 switches on core 0)
Mar 20 09:53:45.963416 n-d-829248-5 devstack@placement-api.service[110883]: DEBUG placement.requestlog [req-8418c18f-b40e-40f6-b08f-195251f1676c req-ae33bbba-6ff7-4013-8d2f-13546491166c None None] Starting request: 10.222.0.24 "GET /placement/resource_providers?name=n-h1-829248-5" {{(pid=110883) __call__ /opt/stack/placement/placement/requestlog.py:55}}
Mar 20 09:53:45.979867 n-d-829248-5 devstack@placement-api.service[110883]: INFO placement.requestlog [req-8418c18f-b40e-40f6-b08f-195251f1676c req-ae33bbba-6ff7-4013-8d2f-13546491166c service placement] 10.222.0.24 "GET /placement/resource_providers?name=n-h1-829248-5" status: 200 len: 440 microversion: 1.0
Mar 20 09:53:45.982378 n-d-829248-5 devstack@placement-api.service[110883]: [pid: 110883|app: 0|req: 17/34] 10.222.0.24 () {58 vars in 1274 bytes} [Sun Mar 20 09:53:45 2022] GET /placement/resource_providers?name=n-h1-829248-5 => generated 440 bytes in 19 msecs (HTTP/1.1 200) 6 headers in 224 bytes (1 switches on core 0)
Mar 20 09:53:45.996715 n-d-829248-5 devstack@placement-api.service[110884]: DEBUG placement.requestlog [req-8418c18f-b40e-40f6-b08f-195251f1676c req-a8e0fd90-c1c5-40a4-85aa-a647c239d207 None None] Starting request: 10.222.0.24 "GET /placement/resource_providers/7e3a8441-6a9a-4076-9618-85754a55d45f/aggregates" {{(pid=110884) __call__ /opt/stack/placement/placement/requestlog.py:55}}
Mar 20 09:53:46.021485 n-d-829248-5 devstack@placement-api.service[110884]: INFO placement.requestlog [req-8418c18f-b40e-40f6-b08f-195251f1676c req-a8e0fd90-c1c5-40a4-85aa-a647c239d207 service placement] 10.222.0.24 "GET /placement/resource_providers/7e3a8441-6a9a-4076-9618-85754a55d45f/aggregates" status: 200 len: 91 microversion: 1.19
Mar 20 09:53:46.022712 n-d-829248-5 devstack@placement-api.service[110884]: [pid: 110884|app: 0|req: 18/35] 10.222.0.24 () {60 vars in 1425 bytes} [Sun Mar 20 09:53:45 2022] GET /placement/resource_providers/7e3a8441-6a9a-4076-9618-85754a55d45f/aggregates => generated 91 bytes in 26 msecs (HTTP/1.1 200) 8 headers in 295 bytes (1 switches on core 0)
Mar 20 09:53:46.035760 n-d-829248-5 devstack@placement-api.service[110883]: DEBUG placement.requestlog [req-8418c18f-b40e-40f6-b08f-195251f1676c req-3cd00767-75be-41cd-ba32-3777aff09210 None None] Starting request: 10.222.0.24 "PUT /placement/resource_providers/7e3a8441-6a9a-4076-9618-85754a55d45f/aggregates" {{(pid=110883) __call__ /opt/stack/placement/placement/requestlog.py:55}}
Mar 20 09:53:46.062620 n-d-829248-5 devstack@placement-api.service[110883]: DEBUG placement.objects.resource_provider [req-8418c18f-b40e-40f6-b08f-195251f1676c req-3cd00767-75be-41cd-ba32-3777aff09210 service placement] Setting aggregates for provider 7e3a8441-6a9a-4076-9618-85754a55d45f. Successfully disassociated aggregate ec0730c2-9324-4dc4-a352-7b94ff6f9114. {{(pid=110883) _set_aggregates /opt/stack/placement/placement/objects/resource_provider.py:403}}
Mar 20 09:53:46.072609 n-d-829248-5 devstack@placement-api.service[110883]: INFO placement.requestlog [req-8418c18f-b40e-40f6-b08f-195251f1676c req-3cd00767-75be-41cd-ba32-3777aff09210 service placement] 10.222.0.24 "PUT /placement/resource_providers/7e3a8441-6a9a-4076-9618-85754a55d45f/aggregates" status: 200 len: 53 microversion: 1.19
Mar 20 09:53:46.073720 n-d-829248-5 devstack@placement-api.service[110883]: [pid: 110883|app: 0|req: 18/36] 10.222.0.24 () {64 vars in 1477 bytes} [Sun Mar 20 09:53:46 2022] PUT /placement/resource_providers/7e3a8441-6a9a-4076-9618-85754a55d45f/aggregates => generated 53 bytes in 38 msecs (HTTP/1.1 200) 8 headers in 295 bytes (1 switches on core 0)
Mar 20 09:53:46.880044 n-d-829248-5 devstack@placement-api.service[110884]: DEBUG placement.requestlog [req-4f50a2a1-e337-48bc-b6fb-279df2b6f211 req-f84508f7-e49e-42a5-90c8-952a432997a1 None None] Starting request: 10.222.0.24 "GET /placement/resource_providers?name=n-h1-829248-5" {{(pid=110884) __call__ /opt/stack/placement/placement/requestlog.py:55}}
Mar 20 09:53:46.904651 n-d-829248-5 devstack@placement-api.service[110884]: INFO placement.requestlog [req-4f50a2a1-e337-48bc-b6fb-279df2b6f211 req-f84508f7-e49e-42a5-90c8-952a432997a1 service placement] 10.222.0.24 "GET /placement/resource_providers?name=n-h1-829248-5" status: 200 len: 440 microversion: 1.0
Mar 20 09:53:46.907140 n-d-829248-5 devstack@placement-api.service[110884]: [pid: 110884|app: 0|req: 19/37] 10.222.0.24 () {58 vars in 1274 bytes} [Sun Mar 20 09:53:46 2022] GET /placement/resource_providers?name=n-h1-829248-5 => generated 440 bytes in 27 msecs (HTTP/1.1 200) 6 headers in 224 bytes (1 switches on core 0)
Mar 20 09:53:46.915289 n-d-829248-5 devstack@placement-api.service[110883]: DEBUG placement.requestlog [req-4f50a2a1-e337-48bc-b6fb-279df2b6f211 req-cabaef35-9c5f-4e02-8435-7978702e46c8 None None] Starting request: 10.222.0.24 "GET /placement/resource_providers/7e3a8441-6a9a-4076-9618-85754a55d45f/aggregates" {{(pid=110883) __call__ /opt/stack/placement/placement/requestlog.py:55}}
Mar 20 09:53:46.942480 n-d-829248-5 devstack@placement-api.service[110883]: INFO placement.requestlog [req-4f50a2a1-e337-48bc-b6fb-279df2b6f211 req-cabaef35-9c5f-4e02-8435-7978702e46c8 service placement] 10.222.0.24 "GET /placement/resource_providers/7e3a8441-6a9a-4076-9618-85754a55d45f/aggregates" status: 200 len: 53 microversion: 1.19
Mar 20 09:53:46.951368 n-d-829248-5 devstack@placement-api.service[110883]: [pid: 110883|app: 0|req: 19/38] 10.222.0.24 () {60 vars in 1425 bytes} [Sun Mar 20 09:53:46 2022] GET /placement/resource_providers/7e3a8441-6a9a-4076-9618-85754a55d45f/aggregates => generated 53 bytes in 36 msecs (HTTP/1.1 200) 8 headers in 295 bytes (1 switches on core 0)
Mar 20 09:53:46.952306 n-d-829248-5 devstack@placement-api.service[110884]: DEBUG placement.requestlog [req-4f50a2a1-e337-48bc-b6fb-279df2b6f211 req-8d02b505-3933-4c8a-9249-70ac19e7c7fa None None] Starting request: 10.222.0.24 "PUT /placement/resource_providers/7e3a8441-6a9a-4076-9618-85754a55d45f/aggregates" {{(pid=110884) __call__ /opt/stack/placement/placement/requestlog.py:55}}
Mar 20 09:53:46.979174 n-d-829248-5 devstack@placement-api.service[110884]: DEBUG placement.objects.resource_provider [req-4f50a2a1-e337-48bc-b6fb-279df2b6f211 req-8d02b505-3933-4c8a-9249-70ac19e7c7fa service placement] _ensure_aggregate() did not find aggregate b45c0122-6701-4afe-ad53-5e7803126826. Attempting to create it. {{(pid=110884) _ensure_aggregate /opt/stack/placement/placement/objects/resource_provider.py:320}}
Mar 20 09:53:46.981153 n-d-829248-5 devstack@placement-api.service[110884]: DEBUG placement.objects.resource_provider [req-4f50a2a1-e337-48bc-b6fb-279df2b6f211 req-8d02b505-3933-4c8a-9249-70ac19e7c7fa service placement] _ensure_aggregate() created new aggregate b45c0122-6701-4afe-ad53-5e7803126826 (id=3). {{(pid=110884) _ensure_aggregate /opt/stack/placement/placement/objects/resource_provider.py:326}}
Mar 20 09:53:46.984647 n-d-829248-5 devstack@placement-api.service[110884]: DEBUG placement.objects.resource_provider [req-4f50a2a1-e337-48bc-b6fb-279df2b6f211 req-8d02b505-3933-4c8a-9249-70ac19e7c7fa service placement] Setting aggregates for provider 7e3a8441-6a9a-4076-9618-85754a55d45f. Successfully associated aggregate b45c0122-6701-4afe-ad53-5e7803126826. {{(pid=110884) _set_aggregates /opt/stack/placement/placement/objects/resource_provider.py:388}}
Mar 20 09:53:46.994372 n-d-829248-5 devstack@placement-api.service[110884]: INFO placement.requestlog [req-4f50a2a1-e337-48bc-b6fb-279df2b6f211 req-8d02b505-3933-4c8a-9249-70ac19e7c7fa service placement] 10.222.0.24 "PUT /placement/resource_providers/7e3a8441-6a9a-4076-9618-85754a55d45f/aggregates" status: 200 len: 91 microversion: 1.19
Mar 20 09:53:46.994955 n-d-829248-5 devstack@placement-api.service[110884]: [pid: 110884|app: 0|req: 20/39] 10.222.0.24 () {64 vars in 1477 bytes} [Sun Mar 20 09:53:46 2022] PUT /placement/resource_providers/7e3a8441-6a9a-4076-9618-85754a55d45f/aggregates => generated 91 bytes in 43 msecs (HTTP/1.1 200) 8 headers in 295 bytes (2 switches on core 0)
Mar 20 09:53:50.851332 n-d-829248-5 devstack@placement-api.service[110883]: DEBUG placement.requestlog [req-e22c10e0-35bb-4b35-87c8-314212dd3f36 req-c2f6a675-37ae-4e7d-95bf-ee107464a747 None None] Starting request: 10.222.0.24 "GET /placement/allocation_candidates?limit=1000&member_of=in%3Ab45c0122-6701-4afe-ad53-5e7803126826&resources=DISK_GB%3A1%2CMEMORY_MB%3A1024%2CVCPU%3A1&root_required=%21COMPUTE_STATUS_DISABLED" {{(pid=110883) __call__ /opt/stack/placement/placement/requestlog.py:55}}
Mar 20 09:53:51.523030 n-d-829248-5 devstack@placement-api.service[110883]: DEBUG placement.objects.research_context [req-e22c10e0-35bb-4b35-87c8-314212dd3f36 req-c2f6a675-37ae-4e7d-95bf-ee107464a747 service placement] getting providers with 1 DISK_GB {{(pid=110883) __init__ /opt/stack/placement/placement/objects/research_context.py:136}}
Mar 20 09:53:51.546410 n-d-829248-5 devstack@placement-api.service[110883]: DEBUG placement.objects.research_context [req-e22c10e0-35bb-4b35-87c8-314212dd3f36 req-c2f6a675-37ae-4e7d-95bf-ee107464a747 service placement] getting providers with 1024 MEMORY_MB {{(pid=110883) __init__ /opt/stack/placement/placement/objects/research_context.py:136}}
Mar 20 09:53:51.558113 n-d-829248-5 devstack@placement-api.service[110883]: DEBUG placement.objects.research_context [req-e22c10e0-35bb-4b35-87c8-314212dd3f36 req-c2f6a675-37ae-4e7d-95bf-ee107464a747 service placement] getting providers with 1 VCPU {{(pid=110883) __init__ /opt/stack/placement/placement/objects/research_context.py:136}}
Mar 20 09:53:51.569441 n-d-829248-5 devstack@placement-api.service[110883]: DEBUG placement.objects.research_context [req-e22c10e0-35bb-4b35-87c8-314212dd3f36 req-c2f6a675-37ae-4e7d-95bf-ee107464a747 service placement] found 1 providers after applying required aggregates filter ([{'b45c0122-6701-4afe-ad53-5e7803126826'}]) {{(pid=110883) get_provider_ids_for_traits_and_aggs /opt/stack/placement/placement/objects/research_context.py:1155}}
Mar 20 09:53:51.574369 n-d-829248-5 devstack@placement-api.service[110883]: DEBUG placement.objects.research_context [req-e22c10e0-35bb-4b35-87c8-314212dd3f36 req-c2f6a675-37ae-4e7d-95bf-ee107464a747 service placement] found 2 providers with available 1 DISK_GB {{(pid=110883) get_provider_ids_matching /opt/stack/placement/placement/objects/research_context.py:559}}
Mar 20 09:53:51.575156 n-d-829248-5 devstack@placement-api.service[110883]: DEBUG placement.objects.research_context [req-e22c10e0-35bb-4b35-87c8-314212dd3f36 req-c2f6a675-37ae-4e7d-95bf-ee107464a747 service placement] found 1 providers after applying initial aggregate and trait filters {{(pid=110883) get_provider_ids_matching /opt/stack/placement/placement/objects/research_context.py:571}}
Mar 20 09:53:51.575610 n-d-829248-5 devstack@placement-api.service[110883]: DEBUG placement.objects.research_context [req-e22c10e0-35bb-4b35-87c8-314212dd3f36 req-c2f6a675-37ae-4e7d-95bf-ee107464a747 service placement] found 2 providers with available 1024 MEMORY_MB {{(pid=110883) get_provider_ids_matching /opt/stack/placement/placement/objects/research_context.py:559}}
Mar 20 09:53:51.576204 n-d-829248-5 devstack@placement-api.service[110883]: DEBUG placement.objects.research_context [req-e22c10e0-35bb-4b35-87c8-314212dd3f36 req-c2f6a675-37ae-4e7d-95bf-ee107464a747 service placement] found 1 providers after filtering by previous result {{(pid=110883) get_provider_ids_matching /opt/stack/placement/placement/objects/research_context.py:590}}
Mar 20 09:53:51.576695 n-d-829248-5 devstack@placement-api.service[110883]: DEBUG placement.objects.research_context [req-e22c10e0-35bb-4b35-87c8-314212dd3f36 req-c2f6a675-37ae-4e7d-95bf-ee107464a747 service placement] found 2 providers with available 1 VCPU {{(pid=110883) get_provider_ids_matching /opt/stack/placement/placement/objects/research_context.py:559}}
Mar 20 09:53:51.578843 n-d-829248-5 devstack@placement-api.service[110883]: DEBUG placement.objects.research_context [req-e22c10e0-35bb-4b35-87c8-314212dd3f36 req-c2f6a675-37ae-4e7d-95bf-ee107464a747 service placement] found 1 providers after filtering by previous result {{(pid=110883) get_provider_ids_matching /opt/stack/placement/placement/objects/research_context.py:590}}
Mar 20 09:53:51.602721 n-d-829248-5 devstack@placement-api.service[110883]: DEBUG placement.objects.allocation_candidate [req-e22c10e0-35bb-4b35-87c8-314212dd3f36 req-c2f6a675-37ae-4e7d-95bf-ee107464a747 service placement] RequestGroup(use_same_provider=False, resources={DISK_GB:1, MEMORY_MB:1024, VCPU:1}, traits=(), aggregates=[[b45c0122-6701-4afe-ad53-5e7803126826]]) (suffix '') returned 1 matches {{(pid=110883) _get_by_requests /opt/stack/placement/placement/objects/allocation_candidate.py:156}}
Mar 20 09:53:51.603321 n-d-829248-5 devstack@placement-api.service[110883]: DEBUG placement.objects.allocation_candidate [req-e22c10e0-35bb-4b35-87c8-314212dd3f36 req-c2f6a675-37ae-4e7d-95bf-ee107464a747 service placement] Merging candidates yields 1 allocation requests and 1 provider summaries {{(pid=110883) _merge_candidates /opt/stack/placement/placement/objects/allocation_candidate.py:809}}
Mar 20 09:53:51.605340 n-d-829248-5 devstack@placement-api.service[110883]: INFO placement.requestlog [req-e22c10e0-35bb-4b35-87c8-314212dd3f36 req-c2f6a675-37ae-4e7d-95bf-ee107464a747 service placement] 10.222.0.24 "GET /placement/allocation_candidates?limit=1000&member_of=in%3Ab45c0122-6701-4afe-ad53-5e7803126826&resources=DISK_GB%3A1%2CMEMORY_MB%3A1024%2CVCPU%3A1&root_required=%21COMPUTE_STATUS_DISABLED" status: 200 len: 676 microversion: 1.36
Mar 20 09:53:51.606151 n-d-829248-5 devstack@placement-api.service[110883]: [pid: 110883|app: 0|req: 20/40] 10.222.0.24 () {60 vars in 1610 bytes} [Sun Mar 20 09:53:50 2022] GET /placement/allocation_candidates?limit=1000&member_of=in%3Ab45c0122-6701-4afe-ad53-5e7803126826&resources=DISK_GB%3A1%2CMEMORY_MB%3A1024%2CVCPU%3A1&root_required=%21COMPUTE_STATUS_DISABLED => generated 676 bytes in 755 msecs (HTTP/1.1 200) 8 headers in 296 bytes (1 switches on core 0)
Mar 20 09:53:51.731803 n-d-829248-5 devstack@placement-api.service[110884]: DEBUG placement.requestlog [req-e22c10e0-35bb-4b35-87c8-314212dd3f36 req-d39b6f77-af01-4b42-a55a-cd93d5a54159 None None] Starting request: 10.222.0.24 "GET /placement/allocations/2f8e42ae-7678-4ff2-b418-f4c717747701" {{(pid=110884) __call__ /opt/stack/placement/placement/requestlog.py:55}}
Mar 20 09:53:51.745346 n-d-829248-5 devstack@placement-api.service[110884]: INFO placement.requestlog [req-e22c10e0-35bb-4b35-87c8-314212dd3f36 req-d39b6f77-af01-4b42-a55a-cd93d5a54159 service placement] 10.222.0.24 "GET /placement/allocations/2f8e42ae-7678-4ff2-b418-f4c717747701" status: 200 len: 19 microversion: 1.28
Mar 20 09:53:51.745701 n-d-829248-5 devstack@placement-api.service[110884]: [pid: 110884|app: 0|req: 21/41] 10.222.0.24 () {60 vars in 1380 bytes} [Sun Mar 20 09:53:51 2022] GET /placement/allocations/2f8e42ae-7678-4ff2-b418-f4c717747701 => generated 19 bytes in 14 msecs (HTTP/1.1 200) 8 headers in 295 bytes (1 switches on core 0)
Mar 20 09:53:51.751985 n-d-829248-5 devstack@placement-api.service[110883]: DEBUG placement.requestlog [req-e22c10e0-35bb-4b35-87c8-314212dd3f36 req-a19ce7f9-448f-4519-bb8c-96b63f305126 None None] Starting request: 10.222.0.24 "PUT /placement/allocations/2f8e42ae-7678-4ff2-b418-f4c717747701" {{(pid=110883) __call__ /opt/stack/placement/placement/requestlog.py:55}}
Mar 20 09:53:51.846592 n-d-829248-5 devstack@placement-api.service[110883]: DEBUG placement.handlers.allocation [req-e22c10e0-35bb-4b35-87c8-314212dd3f36 req-a19ce7f9-448f-4519-bb8c-96b63f305126 service placement] Successfully wrote allocations [, , ] {{(pid=110883) _update_consumers_and_create_allocations /opt/stack/placement/placement/handlers/allocation.py:462}}
Mar 20 09:53:51.852726 n-d-829248-5 devstack@placement-api.service[110883]: INFO placement.requestlog [req-e22c10e0-35bb-4b35-87c8-314212dd3f36 req-a19ce7f9-448f-4519-bb8c-96b63f305126 service placement] 10.222.0.24 "PUT /placement/allocations/2f8e42ae-7678-4ff2-b418-f4c717747701" status: 204 len: 0 microversion: 1.36
Mar 20 09:53:51.853814 n-d-829248-5 devstack@placement-api.service[110883]: [pid: 110883|app: 0|req: 21/42] 10.222.0.24 () {64 vars in 1433 bytes} [Sun Mar 20 09:53:51 2022] PUT /placement/allocations/2f8e42ae-7678-4ff2-b418-f4c717747701 => generated 0 bytes in 102 msecs (HTTP/1.1 204) 5 headers in 199 bytes (1 switches on core 0)
Mar 20 09:53:52.595854 n-d-829248-5 devstack@placement-api.service[110884]: DEBUG placement.requestlog [req-e22c10e0-35bb-4b35-87c8-314212dd3f36 req-b0b9dbf1-5d3a-4f7c-acca-b39634bcc6ee None None] Starting request: 10.222.0.10 "GET /placement/allocations/2f8e42ae-7678-4ff2-b418-f4c717747701" {{(pid=110884) __call__ /opt/stack/placement/placement/requestlog.py:55}}
Mar 20 09:53:52.614335 n-d-829248-5 devstack@placement-api.service[110884]: INFO placement.requestlog [req-e22c10e0-35bb-4b35-87c8-314212dd3f36 req-b0b9dbf1-5d3a-4f7c-acca-b39634bcc6ee service placement] 10.222.0.10 "GET /placement/allocations/2f8e42ae-7678-4ff2-b418-f4c717747701" status: 200 len: 258 microversion: 1.28
Mar 20 09:53:52.615363 n-d-829248-5 devstack@placement-api.service[110884]: [pid: 110884|app: 0|req: 22/43] 10.222.0.10 () {60 vars in 1377 bytes} [Sun Mar 20 09:53:52 2022] GET /placement/allocations/2f8e42ae-7678-4ff2-b418-f4c717747701 => generated 258 bytes in 20 msecs (HTTP/1.1 200) 8 headers in 296 bytes (1 switches on core 0)
Mar 20 09:53:58.623656 n-d-829248-5 devstack@placement-api.service[110883]: DEBUG placement.requestlog [req-72e550d6-dc82-485e-a25c-3a7c97484797 req-1ce2526e-15c2-4145-bfdd-4e6f646ed70e None None] Starting request: 10.222.0.24 "GET /placement/allocation_candidates?limit=1000&resources=DISK_GB%3A1%2CMEMORY_MB%3A1024%2CVCPU%3A1&root_required=%21COMPUTE_STATUS_DISABLED" {{(pid=110883) __call__ /opt/stack/placement/placement/requestlog.py:55}}
Mar 20 09:53:58.726554 n-d-829248-5 devstack@placement-api.service[110883]: DEBUG placement.objects.research_context [req-72e550d6-dc82-485e-a25c-3a7c97484797 req-1ce2526e-15c2-4145-bfdd-4e6f646ed70e service placement] getting providers with 1 DISK_GB {{(pid=110883) __init__ /opt/stack/placement/placement/objects/research_context.py:136}}
Mar 20 09:53:58.749209 n-d-829248-5 devstack@placement-api.service[110883]: DEBUG placement.objects.research_context [req-72e550d6-dc82-485e-a25c-3a7c97484797 req-1ce2526e-15c2-4145-bfdd-4e6f646ed70e service placement] getting providers with 1024 MEMORY_MB {{(pid=110883) __init__ /opt/stack/placement/placement/objects/research_context.py:136}}
Mar 20 09:53:58.766241 n-d-829248-5 devstack@placement-api.service[110883]: DEBUG placement.objects.research_context [req-72e550d6-dc82-485e-a25c-3a7c97484797 req-1ce2526e-15c2-4145-bfdd-4e6f646ed70e service placement] getting providers with 1 VCPU {{(pid=110883) __init__ /opt/stack/placement/placement/objects/research_context.py:136}}
Mar 20 09:53:58.794987 n-d-829248-5 devstack@placement-api.service[110883]: DEBUG placement.objects.research_context [req-72e550d6-dc82-485e-a25c-3a7c97484797 req-1ce2526e-15c2-4145-bfdd-4e6f646ed70e service placement] found 2 providers with available 1 DISK_GB {{(pid=110883) get_provider_ids_matching /opt/stack/placement/placement/objects/research_context.py:559}}
Mar 20 09:53:58.802788 n-d-829248-5 devstack@placement-api.service[110883]: DEBUG placement.objects.research_context [req-72e550d6-dc82-485e-a25c-3a7c97484797 req-1ce2526e-15c2-4145-bfdd-4e6f646ed70e service placement] found 2 providers with available 1024 MEMORY_MB {{(pid=110883) get_provider_ids_matching /opt/stack/placement/placement/objects/research_context.py:559}}
Mar 20 09:53:58.803354 n-d-829248-5 devstack@placement-api.service[110883]: DEBUG placement.objects.research_context [req-72e550d6-dc82-485e-a25c-3a7c97484797 req-1ce2526e-15c2-4145-bfdd-4e6f646ed70e service placement] found 2 providers after filtering by previous result {{(pid=110883) get_provider_ids_matching /opt/stack/placement/placement/objects/research_context.py:590}}
Mar 20 09:53:58.803729 n-d-829248-5 devstack@placement-api.service[110883]: DEBUG placement.objects.research_context [req-72e550d6-dc82-485e-a25c-3a7c97484797 req-1ce2526e-15c2-4145-bfdd-4e6f646ed70e service placement] found 2 providers with available 1 VCPU {{(pid=110883) get_provider_ids_matching /opt/stack/placement/placement/objects/research_context.py:559}}
Mar 20 09:53:58.805163 n-d-829248-5 devstack@placement-api.service[110883]: DEBUG placement.objects.research_context [req-72e550d6-dc82-485e-a25c-3a7c97484797 req-1ce2526e-15c2-4145-bfdd-4e6f646ed70e service placement] found 2 providers after filtering by previous result {{(pid=110883) get_provider_ids_matching /opt/stack/placement/placement/objects/research_context.py:590}}
Mar 20 09:53:58.834163 n-d-829248-5 devstack@placement-api.service[110883]: DEBUG placement.objects.allocation_candidate [req-72e550d6-dc82-485e-a25c-3a7c97484797 req-1ce2526e-15c2-4145-bfdd-4e6f646ed70e service placement] RequestGroup(use_same_provider=False, resources={DISK_GB:1, MEMORY_MB:1024, VCPU:1}, traits=(), aggregates=[]) (suffix '') returned 2 matches {{(pid=110883) _get_by_requests /opt/stack/placement/placement/objects/allocation_candidate.py:156}}
Mar 20 09:53:58.834163 n-d-829248-5 devstack@placement-api.service[110883]: DEBUG placement.objects.allocation_candidate [req-72e550d6-dc82-485e-a25c-3a7c97484797 req-1ce2526e-15c2-4145-bfdd-4e6f646ed70e service placement] Merging candidates yields 2 allocation requests and 2 provider summaries {{(pid=110883) _merge_candidates /opt/stack/placement/placement/objects/allocation_candidate.py:809}}
Mar 20 09:53:58.845145 n-d-829248-5 devstack@placement-api.service[110883]: INFO placement.requestlog [req-72e550d6-dc82-485e-a25c-3a7c97484797 req-1ce2526e-15c2-4145-bfdd-4e6f646ed70e service placement] 10.222.0.24 "GET /placement/allocation_candidates?limit=1000&resources=DISK_GB%3A1%2CMEMORY_MB%3A1024%2CVCPU%3A1&root_required=%21COMPUTE_STATUS_DISABLED" status: 200 len: 1306 microversion: 1.36
Mar 20 09:53:58.847109 n-d-829248-5 devstack@placement-api.service[110883]: [pid: 110883|app: 0|req: 22/44] 10.222.0.24 () {60 vars in 1506 bytes} [Sun Mar 20 09:53:58 2022] GET /placement/allocation_candidates?limit=1000&resources=DISK_GB%3A1%2CMEMORY_MB%3A1024%2CVCPU%3A1&root_required=%21COMPUTE_STATUS_DISABLED => generated 1306 bytes in 224 msecs (HTTP/1.1 200) 8 headers in 297 bytes (1 switches on core 0)
Mar 20 09:53:59.351726 n-d-829248-5 devstack@placement-api.service[110884]: DEBUG placement.requestlog [req-72e550d6-dc82-485e-a25c-3a7c97484797 req-11843cc7-5f45-49a0-a84d-7b48ee2f6a89 None None] Starting request: 10.222.0.24 "GET /placement/allocations/6518fd3d-302c-4057-9f8f-0fc718eaeac8" {{(pid=110884) __call__ /opt/stack/placement/placement/requestlog.py:55}}
Mar 20 09:53:59.372502 n-d-829248-5 devstack@placement-api.service[110884]: INFO placement.requestlog [req-72e550d6-dc82-485e-a25c-3a7c97484797 req-11843cc7-5f45-49a0-a84d-7b48ee2f6a89 service placement] 10.222.0.24 "GET /placement/allocations/6518fd3d-302c-4057-9f8f-0fc718eaeac8" status: 200 len: 19 microversion: 1.28
Mar 20 09:53:59.373072 n-d-829248-5 devstack@placement-api.service[110884]: [pid: 110884|app: 0|req: 23/45] 10.222.0.24 () {60 vars in 1380 bytes} [Sun Mar 20 09:53:59 2022] GET /placement/allocations/6518fd3d-302c-4057-9f8f-0fc718eaeac8 => generated 19 bytes in 22 msecs (HTTP/1.1 200) 8 headers in 295 bytes (1 switches on core 0)
Mar 20 09:53:59.383352 n-d-829248-5 devstack@placement-api.service[110883]: DEBUG placement.requestlog [req-72e550d6-dc82-485e-a25c-3a7c97484797 req-27702ff7-8171-455d-984c-0a2e5989741a None None] Starting request: 10.222.0.24 "PUT /placement/allocations/6518fd3d-302c-4057-9f8f-0fc718eaeac8" {{(pid=110883) __call__ /opt/stack/placement/placement/requestlog.py:55}}
Mar 20 09:53:59.503198 n-d-829248-5 devstack@placement-api.service[110883]: DEBUG placement.handlers.allocation [req-72e550d6-dc82-485e-a25c-3a7c97484797 req-27702ff7-8171-455d-984c-0a2e5989741a service placement] Successfully wrote allocations [, , ] {{(pid=110883) _update_consumers_and_create_allocations /opt/stack/placement/placement/handlers/allocation.py:462}}
Mar 20 09:53:59.513613 n-d-829248-5 devstack@placement-api.service[110883]: INFO placement.requestlog [req-72e550d6-dc82-485e-a25c-3a7c97484797 req-27702ff7-8171-455d-984c-0a2e5989741a service placement] 10.222.0.24 "PUT /placement/allocations/6518fd3d-302c-4057-9f8f-0fc718eaeac8" status: 204 len: 0 microversion: 1.36
Mar 20 09:53:59.516767 n-d-829248-5 devstack@placement-api.service[110883]: [pid: 110883|app: 0|req: 23/46] 10.222.0.24 () {64 vars in 1433 bytes} [Sun Mar 20 09:53:59 2022] PUT /placement/allocations/6518fd3d-302c-4057-9f8f-0fc718eaeac8 => generated 0 bytes in 133 msecs (HTTP/1.1 204) 5 headers in 199 bytes (1 switches on core 0)
Mar 20 09:54:01.183327 n-d-829248-5 devstack@placement-api.service[110884]: DEBUG placement.requestlog [req-72e550d6-dc82-485e-a25c-3a7c97484797 req-b5b6395a-a18d-4684-9898-c591e857fd05 None None] Starting request: 10.222.0.31 "GET /placement/allocations/6518fd3d-302c-4057-9f8f-0fc718eaeac8" {{(pid=110884) __call__ /opt/stack/placement/placement/requestlog.py:55}}
Mar 20 09:54:01.212476 n-d-829248-5 devstack@placement-api.service[110884]: INFO placement.requestlog [req-72e550d6-dc82-485e-a25c-3a7c97484797 req-b5b6395a-a18d-4684-9898-c591e857fd05 service placement] 10.222.0.31 "GET /placement/allocations/6518fd3d-302c-4057-9f8f-0fc718eaeac8" status: 200 len: 258 microversion: 1.28
Mar 20 09:54:01.218778 n-d-829248-5 devstack@placement-api.service[110884]: [pid: 110884|app: 0|req: 24/47] 10.222.0.31 () {60 vars in 1377 bytes} [Sun Mar 20 09:54:01 2022] GET /placement/allocations/6518fd3d-302c-4057-9f8f-0fc718eaeac8 => generated 258 bytes in 35 msecs (HTTP/1.1 200) 8 headers in 296 bytes (1 switches on core 0)
Mar 20 09:54:12.394753 n-d-829248-5 devstack@placement-api.service[110883]: DEBUG placement.requestlog [req-e6246cb1-1fb5-40fe-953f-72a1654f188d req-c5aff721-9b11-4ca1-aafe-52d8a7c524ea None None] Starting request: 10.222.0.24 "GET /placement/allocation_candidates?limit=1000&resources=DISK_GB%3A1%2CMEMORY_MB%3A1024%2CVCPU%3A1&root_required=%21COMPUTE_STATUS_DISABLED" {{(pid=110883) __call__ /opt/stack/placement/placement/requestlog.py:55}}
Mar 20 09:54:12.469278 n-d-829248-5 devstack@placement-api.service[110883]: DEBUG placement.objects.research_context [req-e6246cb1-1fb5-40fe-953f-72a1654f188d req-c5aff721-9b11-4ca1-aafe-52d8a7c524ea service placement] getting providers with 1 DISK_GB {{(pid=110883) __init__ /opt/stack/placement/placement/objects/research_context.py:136}}
Mar 20 09:54:12.481648 n-d-829248-5 devstack@placement-api.service[110883]: DEBUG placement.objects.research_context [req-e6246cb1-1fb5-40fe-953f-72a1654f188d req-c5aff721-9b11-4ca1-aafe-52d8a7c524ea service placement] getting providers with 1024 MEMORY_MB {{(pid=110883) __init__ /opt/stack/placement/placement/objects/research_context.py:136}}
Mar 20 09:54:12.501813 n-d-829248-5 devstack@placement-api.service[110883]: DEBUG placement.objects.research_context [req-e6246cb1-1fb5-40fe-953f-72a1654f188d req-c5aff721-9b11-4ca1-aafe-52d8a7c524ea service placement] getting providers with 1 VCPU {{(pid=110883) __init__ /opt/stack/placement/placement/objects/research_context.py:136}}
Mar 20 09:54:12.512029 n-d-829248-5 devstack@placement-api.service[110883]: DEBUG placement.objects.research_context [req-e6246cb1-1fb5-40fe-953f-72a1654f188d req-c5aff721-9b11-4ca1-aafe-52d8a7c524ea service placement] found 2 providers with available 1 DISK_GB {{(pid=110883) get_provider_ids_matching /opt/stack/placement/placement/objects/research_context.py:559}}
Mar 20 09:54:12.512861 n-d-829248-5 devstack@placement-api.service[110883]: DEBUG placement.objects.research_context [req-e6246cb1-1fb5-40fe-953f-72a1654f188d req-c5aff721-9b11-4ca1-aafe-52d8a7c524ea service placement] found 2 providers with available 1024 MEMORY_MB {{(pid=110883) get_provider_ids_matching /opt/stack/placement/placement/objects/research_context.py:559}}
Mar 20 09:54:12.513279 n-d-829248-5 devstack@placement-api.service[110883]: DEBUG placement.objects.research_context [req-e6246cb1-1fb5-40fe-953f-72a1654f188d req-c5aff721-9b11-4ca1-aafe-52d8a7c524ea service placement] found 2 providers after filtering by previous result {{(pid=110883) get_provider_ids_matching /opt/stack/placement/placement/objects/research_context.py:590}}
Mar 20 09:54:12.514391 n-d-829248-5 devstack@placement-api.service[110883]: DEBUG placement.objects.research_context [req-e6246cb1-1fb5-40fe-953f-72a1654f188d req-c5aff721-9b11-4ca1-aafe-52d8a7c524ea service placement] found 2 providers with available 1 VCPU {{(pid=110883) get_provider_ids_matching /opt/stack/placement/placement/objects/research_context.py:559}}
Mar 20 09:54:12.514837 n-d-829248-5 devstack@placement-api.service[110883]: DEBUG placement.objects.research_context [req-e6246cb1-1fb5-40fe-953f-72a1654f188d req-c5aff721-9b11-4ca1-aafe-52d8a7c524ea service placement] found 2 providers after filtering by previous result {{(pid=110883) get_provider_ids_matching /opt/stack/placement/placement/objects/research_context.py:590}}
Mar 20 09:54:12.542997 n-d-829248-5 devstack@placement-api.service[110883]: DEBUG placement.objects.allocation_candidate [req-e6246cb1-1fb5-40fe-953f-72a1654f188d req-c5aff721-9b11-4ca1-aafe-52d8a7c524ea service placement] RequestGroup(use_same_provider=False, resources={DISK_GB:1, MEMORY_MB:1024, VCPU:1}, traits=(), aggregates=[]) (suffix '') returned 2 matches {{(pid=110883) _get_by_requests /opt/stack/placement/placement/objects/allocation_candidate.py:156}}
Mar 20 09:54:12.544919 n-d-829248-5 devstack@placement-api.service[110883]: DEBUG placement.objects.allocation_candidate [req-e6246cb1-1fb5-40fe-953f-72a1654f188d req-c5aff721-9b11-4ca1-aafe-52d8a7c524ea service placement] Merging candidates yields 2 allocation requests and 2 provider summaries {{(pid=110883) _merge_candidates /opt/stack/placement/placement/objects/allocation_candidate.py:809}}
Mar 20 09:54:12.551341 n-d-829248-5 devstack@placement-api.service[110883]: INFO placement.requestlog [req-e6246cb1-1fb5-40fe-953f-72a1654f188d req-c5aff721-9b11-4ca1-aafe-52d8a7c524ea service placement] 10.222.0.24 "GET /placement/allocation_candidates?limit=1000&resources=DISK_GB%3A1%2CMEMORY_MB%3A1024%2CVCPU%3A1&root_required=%21COMPUTE_STATUS_DISABLED" status: 200 len: 1309 microversion: 1.36
Mar 20 09:54:12.553999 n-d-829248-5 devstack@placement-api.service[110883]: [pid: 110883|app: 0|req: 24/48] 10.222.0.24 () {60 vars in 1506 bytes} [Sun Mar 20 09:54:12 2022] GET /placement/allocation_candidates?limit=1000&resources=DISK_GB%3A1%2CMEMORY_MB%3A1024%2CVCPU%3A1&root_required=%21COMPUTE_STATUS_DISABLED => generated 1309 bytes in 160 msecs (HTTP/1.1 200) 8 headers in 297 bytes (1 switches on core 0)
Mar 20 09:54:12.741192 n-d-829248-5 devstack@placement-api.service[110884]: DEBUG placement.requestlog [req-e6246cb1-1fb5-40fe-953f-72a1654f188d req-82659d70-dde2-4d22-a4f9-28acadc0c060 None None] Starting request: 10.222.0.24 "GET /placement/allocations/337d4dc7-561b-4a1c-8085-648252200512" {{(pid=110884) __call__ /opt/stack/placement/placement/requestlog.py:55}}
Mar 20 09:54:12.800687 n-d-829248-5 devstack@placement-api.service[110884]: INFO placement.requestlog [req-e6246cb1-1fb5-40fe-953f-72a1654f188d req-82659d70-dde2-4d22-a4f9-28acadc0c060 service placement] 10.222.0.24 "GET /placement/allocations/337d4dc7-561b-4a1c-8085-648252200512" status: 200 len: 19 microversion: 1.28
Mar 20 09:54:12.801076 n-d-829248-5 devstack@placement-api.service[110884]: [pid: 110884|app: 0|req: 25/49] 10.222.0.24 () {60 vars in 1380 bytes} [Sun Mar 20 09:54:12 2022] GET /placement/allocations/337d4dc7-561b-4a1c-8085-648252200512 => generated 19 bytes in 60 msecs (HTTP/1.1 200) 8 headers in 295 bytes (1 switches on core 0)
Mar 20 09:54:12.807727 n-d-829248-5 devstack@placement-api.service[110883]: DEBUG placement.requestlog [req-e6246cb1-1fb5-40fe-953f-72a1654f188d req-e8619971-f5f7-487e-89c3-2f9101b98d95 None None] Starting request: 10.222.0.24 "PUT /placement/allocations/337d4dc7-561b-4a1c-8085-648252200512" {{(pid=110883) __call__ /opt/stack/placement/placement/requestlog.py:55}}
Mar 20 09:54:12.981990 n-d-829248-5 devstack@placement-api.service[110883]: DEBUG placement.handlers.allocation [req-e6246cb1-1fb5-40fe-953f-72a1654f188d req-e8619971-f5f7-487e-89c3-2f9101b98d95 service placement] Successfully wrote allocations [, , ] {{(pid=110883) _update_consumers_and_create_allocations /opt/stack/placement/placement/handlers/allocation.py:462}}
Mar 20 09:54:12.992258 n-d-829248-5 devstack@placement-api.service[110883]: INFO placement.requestlog [req-e6246cb1-1fb5-40fe-953f-72a1654f188d req-e8619971-f5f7-487e-89c3-2f9101b98d95 service placement] 10.222.0.24 "PUT /placement/allocations/337d4dc7-561b-4a1c-8085-648252200512" status: 204 len: 0 microversion: 1.36
Mar 20 09:54:12.992926 n-d-829248-5 devstack@placement-api.service[110883]: [pid: 110883|app: 0|req: 25/50] 10.222.0.24 () {64 vars in 1433 bytes} [Sun Mar 20 09:54:12 2022] PUT /placement/allocations/337d4dc7-561b-4a1c-8085-648252200512 => generated 0 bytes in 186 msecs (HTTP/1.1 204) 5 headers in 199 bytes (1 switches on core 0)
Mar 20 09:54:13.559113 n-d-829248-5 devstack@placement-api.service[110884]: DEBUG placement.requestlog [req-e6246cb1-1fb5-40fe-953f-72a1654f188d req-29a162ce-c7e8-4a56-a1e8-9984bb3c1342 None None] Starting request: 10.222.0.10 "GET /placement/allocations/337d4dc7-561b-4a1c-8085-648252200512" {{(pid=110884) __call__ /opt/stack/placement/placement/requestlog.py:55}}
Mar 20 09:54:13.599080 n-d-829248-5 devstack@placement-api.service[110884]: INFO placement.requestlog [req-e6246cb1-1fb5-40fe-953f-72a1654f188d req-29a162ce-c7e8-4a56-a1e8-9984bb3c1342 service placement] 10.222.0.10 "GET /placement/allocations/337d4dc7-561b-4a1c-8085-648252200512" status: 200 len: 258 microversion: 1.28
Mar 20 09:54:13.607147 n-d-829248-5 devstack@placement-api.service[110884]: [pid: 110884|app: 0|req: 26/51] 10.222.0.10 () {60 vars in 1377 bytes} [Sun Mar 20 09:54:13 2022] GET /placement/allocations/337d4dc7-561b-4a1c-8085-648252200512 => generated 258 bytes in 49 msecs (HTTP/1.1 200) 8 headers in 296 bytes (1 switches on core 0)
Mar 20 09:54:18.718329 n-d-829248-5 devstack@placement-api.service[110883]: DEBUG placement.requestlog [req-f9224f99-4a85-4cbf-9208-e48727b8faf5 req-d5b2e650-2768-4121-ab70-fae58c9e226d None None] Starting request: 10.222.0.24 "GET /placement/allocation_candidates?limit=1000&resources=DISK_GB%3A1%2CMEMORY_MB%3A1024%2CVCPU%3A1&root_required=%21COMPUTE_STATUS_DISABLED" {{(pid=110883) __call__ /opt/stack/placement/placement/requestlog.py:55}}
Mar 20 09:54:18.823390 n-d-829248-5 devstack@placement-api.service[110883]: DEBUG placement.objects.research_context [req-f9224f99-4a85-4cbf-9208-e48727b8faf5 req-d5b2e650-2768-4121-ab70-fae58c9e226d service placement] getting providers with 1 DISK_GB {{(pid=110883) __init__ /opt/stack/placement/placement/objects/research_context.py:136}}
Mar 20 09:54:18.840328 n-d-829248-5 devstack@placement-api.service[110883]: DEBUG placement.objects.research_context [req-f9224f99-4a85-4cbf-9208-e48727b8faf5 req-d5b2e650-2768-4121-ab70-fae58c9e226d service placement] getting providers with 1024 MEMORY_MB {{(pid=110883) __init__ /opt/stack/placement/placement/objects/research_context.py:136}}
Mar 20 09:54:18.849888 n-d-829248-5 devstack@placement-api.service[110883]: DEBUG placement.objects.research_context [req-f9224f99-4a85-4cbf-9208-e48727b8faf5 req-d5b2e650-2768-4121-ab70-fae58c9e226d service placement] getting providers with 1 VCPU {{(pid=110883) __init__ /opt/stack/placement/placement/objects/research_context.py:136}}
Mar 20 09:54:18.863135 n-d-829248-5 devstack@placement-api.service[110883]: DEBUG placement.objects.research_context [req-f9224f99-4a85-4cbf-9208-e48727b8faf5 req-d5b2e650-2768-4121-ab70-fae58c9e226d service placement] found 2 providers with available 1 DISK_GB {{(pid=110883) get_provider_ids_matching /opt/stack/placement/placement/objects/research_context.py:559}}
Mar 20 09:54:18.863407 n-d-829248-5 devstack@placement-api.service[110883]: DEBUG placement.objects.research_context [req-f9224f99-4a85-4cbf-9208-e48727b8faf5 req-d5b2e650-2768-4121-ab70-fae58c9e226d service placement] found 2 providers with available 1024 MEMORY_MB {{(pid=110883) get_provider_ids_matching /opt/stack/placement/placement/objects/research_context.py:559}}
Mar 20 09:54:18.864367 n-d-829248-5 devstack@placement-api.service[110883]: DEBUG placement.objects.research_context [req-f9224f99-4a85-4cbf-9208-e48727b8faf5 req-d5b2e650-2768-4121-ab70-fae58c9e226d service placement] found 2 providers after filtering by previous result {{(pid=110883) get_provider_ids_matching /opt/stack/placement/placement/objects/research_context.py:590}}
Mar 20 09:54:18.864867 n-d-829248-5 devstack@placement-api.service[110883]: DEBUG placement.objects.research_context [req-f9224f99-4a85-4cbf-9208-e48727b8faf5 req-d5b2e650-2768-4121-ab70-fae58c9e226d service placement] found 2 providers with available 1 VCPU {{(pid=110883) get_provider_ids_matching /opt/stack/placement/placement/objects/research_context.py:559}}
Mar 20 09:54:18.867336 n-d-829248-5 devstack@placement-api.service[110883]: DEBUG placement.objects.research_context [req-f9224f99-4a85-4cbf-9208-e48727b8faf5 req-d5b2e650-2768-4121-ab70-fae58c9e226d service placement] found 2 providers after filtering by previous result {{(pid=110883) get_provider_ids_matching /opt/stack/placement/placement/objects/research_context.py:590}}
Mar 20 09:54:18.897108 n-d-829248-5 devstack@placement-api.service[110883]: DEBUG placement.objects.allocation_candidate [req-f9224f99-4a85-4cbf-9208-e48727b8faf5 req-d5b2e650-2768-4121-ab70-fae58c9e226d service placement] RequestGroup(use_same_provider=False, resources={DISK_GB:1, MEMORY_MB:1024, VCPU:1}, traits=(), aggregates=[]) (suffix '') returned 2 matches {{(pid=110883) _get_by_requests /opt/stack/placement/placement/objects/allocation_candidate.py:156}}
Mar 20 09:54:18.898864 n-d-829248-5 devstack@placement-api.service[110883]: DEBUG placement.objects.allocation_candidate [req-f9224f99-4a85-4cbf-9208-e48727b8faf5 req-d5b2e650-2768-4121-ab70-fae58c9e226d service placement] Merging candidates yields 2 allocation requests and 2 provider summaries {{(pid=110883) _merge_candidates /opt/stack/placement/placement/objects/allocation_candidate.py:809}}
Mar 20 09:54:18.902353 n-d-829248-5 devstack@placement-api.service[110883]: INFO placement.requestlog [req-f9224f99-4a85-4cbf-9208-e48727b8faf5 req-d5b2e650-2768-4121-ab70-fae58c9e226d service placement] 10.222.0.24 "GET /placement/allocation_candidates?limit=1000&resources=DISK_GB%3A1%2CMEMORY_MB%3A1024%2CVCPU%3A1&root_required=%21COMPUTE_STATUS_DISABLED" status: 200 len: 1309 microversion: 1.36
Mar 20 09:54:18.905155 n-d-829248-5 devstack@placement-api.service[110883]: [pid: 110883|app: 0|req: 26/52] 10.222.0.24 () {60 vars in 1506 bytes} [Sun Mar 20 09:54:18 2022] GET /placement/allocation_candidates?limit=1000&resources=DISK_GB%3A1%2CMEMORY_MB%3A1024%2CVCPU%3A1&root_required=%21COMPUTE_STATUS_DISABLED => generated 1309 bytes in 188 msecs (HTTP/1.1 200) 8 headers in 297 bytes (1 switches on core 0)
Mar 20 09:54:19.041573 n-d-829248-5 devstack@placement-api.service[110884]: DEBUG placement.requestlog [req-f9224f99-4a85-4cbf-9208-e48727b8faf5 req-7ed98bbe-3077-47a1-98b4-0bd8cf01768d None None] Starting request: 10.222.0.24 "GET /placement/allocations/9220e35d-2310-4530-b3c4-4334d7d76573" {{(pid=110884) __call__ /opt/stack/placement/placement/requestlog.py:55}}
Mar 20 09:54:19.055884 n-d-829248-5 devstack@placement-api.service[110884]: INFO placement.requestlog [req-f9224f99-4a85-4cbf-9208-e48727b8faf5 req-7ed98bbe-3077-47a1-98b4-0bd8cf01768d service placement] 10.222.0.24 "GET /placement/allocations/9220e35d-2310-4530-b3c4-4334d7d76573" status: 200 len: 19 microversion: 1.28
Mar 20 09:54:19.056261 n-d-829248-5 devstack@placement-api.service[110884]: [pid: 110884|app: 0|req: 27/53] 10.222.0.24 () {60 vars in 1380 bytes} [Sun Mar 20 09:54:19 2022] GET /placement/allocations/9220e35d-2310-4530-b3c4-4334d7d76573 => generated 19 bytes in 15 msecs (HTTP/1.1 200) 8 headers in 295 bytes (1 switches on core 0)
Mar 20 09:54:19.064803 n-d-829248-5 devstack@placement-api.service[110883]: DEBUG placement.requestlog [req-f9224f99-4a85-4cbf-9208-e48727b8faf5 req-267af4b5-da44-4c61-b643-c5b44da9b24d None None] Starting request: 10.222.0.24 "PUT /placement/allocations/9220e35d-2310-4530-b3c4-4334d7d76573" {{(pid=110883) __call__ /opt/stack/placement/placement/requestlog.py:55}}
Mar 20 09:54:19.201593 n-d-829248-5 devstack@placement-api.service[110883]: DEBUG placement.handlers.allocation [req-f9224f99-4a85-4cbf-9208-e48727b8faf5 req-267af4b5-da44-4c61-b643-c5b44da9b24d service placement] Successfully wrote allocations [, , ] {{(pid=110883) _update_consumers_and_create_allocations /opt/stack/placement/placement/handlers/allocation.py:462}}
Mar 20 09:54:19.213337 n-d-829248-5 devstack@placement-api.service[110883]: INFO placement.requestlog [req-f9224f99-4a85-4cbf-9208-e48727b8faf5 req-267af4b5-da44-4c61-b643-c5b44da9b24d service placement] 10.222.0.24 "PUT /placement/allocations/9220e35d-2310-4530-b3c4-4334d7d76573" status: 204 len: 0 microversion: 1.36
Mar 20 09:54:19.213730 n-d-829248-5 devstack@placement-api.service[110883]: [pid: 110883|app: 0|req: 27/54] 10.222.0.24 () {64 vars in 1433 bytes} [Sun Mar 20 09:54:19 2022] PUT /placement/allocations/9220e35d-2310-4530-b3c4-4334d7d76573 => generated 0 bytes in 150 msecs (HTTP/1.1 204) 5 headers in 199 bytes (1 switches on core 0)
Mar 20 09:54:19.838040 n-d-829248-5 devstack@placement-api.service[110884]: DEBUG placement.requestlog [req-f9224f99-4a85-4cbf-9208-e48727b8faf5 req-7d0bc942-1c7a-4213-b8dd-73881d6f98ab None None] Starting request: 10.222.0.31 "GET /placement/allocations/9220e35d-2310-4530-b3c4-4334d7d76573" {{(pid=110884) __call__ /opt/stack/placement/placement/requestlog.py:55}}
Mar 20 09:54:19.874539 n-d-829248-5 devstack@placement-api.service[110884]: INFO placement.requestlog [req-f9224f99-4a85-4cbf-9208-e48727b8faf5 req-7d0bc942-1c7a-4213-b8dd-73881d6f98ab service placement] 10.222.0.31 "GET /placement/allocations/9220e35d-2310-4530-b3c4-4334d7d76573" status: 200 len: 258 microversion: 1.28
Mar 20 09:54:19.874926 n-d-829248-5 devstack@placement-api.service[110884]: [pid: 110884|app: 0|req: 28/55] 10.222.0.31 () {60 vars in 1377 bytes} [Sun Mar 20 09:54:19 2022] GET /placement/allocations/9220e35d-2310-4530-b3c4-4334d7d76573 => generated 258 bytes in 37 msecs (HTTP/1.1 200) 8 headers in 296 bytes (1 switches on core 0)
Mar 20 09:54:21.229481 n-d-829248-5 devstack@placement-api.service[110883]: DEBUG placement.requestlog [req-fdde4300-8916-4085-b944-45baebb89312 req-17110c20-ecef-4c10-897c-3cd5a69c30b1 None None] Starting request: 10.222.0.24 "GET /placement/allocation_candidates?limit=1000&resources=DISK_GB%3A1%2CMEMORY_MB%3A1024%2CVCPU%3A1&root_required=%21COMPUTE_STATUS_DISABLED" {{(pid=110883) __call__ /opt/stack/placement/placement/requestlog.py:55}}
Mar 20 09:54:21.261996 n-d-829248-5 devstack@placement-api.service[110883]: DEBUG placement.objects.research_context [req-fdde4300-8916-4085-b944-45baebb89312 req-17110c20-ecef-4c10-897c-3cd5a69c30b1 service placement] getting providers with 1 DISK_GB {{(pid=110883) __init__ /opt/stack/placement/placement/objects/research_context.py:136}}
Mar 20 09:54:21.268605 n-d-829248-5 devstack@placement-api.service[110883]: DEBUG placement.objects.research_context [req-fdde4300-8916-4085-b944-45baebb89312 req-17110c20-ecef-4c10-897c-3cd5a69c30b1 service placement] getting providers with 1024 MEMORY_MB {{(pid=110883) __init__ /opt/stack/placement/placement/objects/research_context.py:136}}
Mar 20 09:54:21.275276 n-d-829248-5 devstack@placement-api.service[110883]: DEBUG placement.objects.research_context [req-fdde4300-8916-4085-b944-45baebb89312 req-17110c20-ecef-4c10-897c-3cd5a69c30b1 service placement] getting providers with 1 VCPU {{(pid=110883) __init__ /opt/stack/placement/placement/objects/research_context.py:136}}
Mar 20 09:54:21.281121 n-d-829248-5 devstack@placement-api.service[110883]: DEBUG placement.objects.research_context [req-fdde4300-8916-4085-b944-45baebb89312 req-17110c20-ecef-4c10-897c-3cd5a69c30b1 service placement] found 2 providers with available 1 DISK_GB {{(pid=110883) get_provider_ids_matching /opt/stack/placement/placement/objects/research_context.py:559}}
Mar 20 09:54:21.281504 n-d-829248-5 devstack@placement-api.service[110883]: DEBUG placement.objects.research_context [req-fdde4300-8916-4085-b944-45baebb89312 req-17110c20-ecef-4c10-897c-3cd5a69c30b1 service placement] found 2 providers with available 1024 MEMORY_MB {{(pid=110883) get_provider_ids_matching /opt/stack/placement/placement/objects/research_context.py:559}}
Mar 20 09:54:21.281839 n-d-829248-5 devstack@placement-api.service[110883]: DEBUG placement.objects.research_context [req-fdde4300-8916-4085-b944-45baebb89312 req-17110c20-ecef-4c10-897c-3cd5a69c30b1 service placement] found 2 providers after filtering by previous result {{(pid=110883) get_provider_ids_matching /opt/stack/placement/placement/objects/research_context.py:590}}
Mar 20 09:54:21.282374 n-d-829248-5 devstack@placement-api.service[110883]: DEBUG placement.objects.research_context [req-fdde4300-8916-4085-b944-45baebb89312 req-17110c20-ecef-4c10-897c-3cd5a69c30b1 service placement] found 2 providers with available 1 VCPU {{(pid=110883) get_provider_ids_matching /opt/stack/placement/placement/objects/research_context.py:559}}
Mar 20 09:54:21.282734 n-d-829248-5 devstack@placement-api.service[110883]: DEBUG placement.objects.research_context [req-fdde4300-8916-4085-b944-45baebb89312 req-17110c20-ecef-4c10-897c-3cd5a69c30b1 service placement] found 2 providers after filtering by previous result {{(pid=110883) get_provider_ids_matching /opt/stack/placement/placement/objects/research_context.py:590}}
Mar 20 09:54:21.294958 n-d-829248-5 devstack@placement-api.service[110883]: DEBUG placement.objects.allocation_candidate [req-fdde4300-8916-4085-b944-45baebb89312 req-17110c20-ecef-4c10-897c-3cd5a69c30b1 service placement] RequestGroup(use_same_provider=False, resources={DISK_GB:1, MEMORY_MB:1024, VCPU:1}, traits=(), aggregates=[]) (suffix '') returned 2 matches {{(pid=110883) _get_by_requests /opt/stack/placement/placement/objects/allocation_candidate.py:156}}
Mar 20 09:54:21.295327 n-d-829248-5 devstack@placement-api.service[110883]: DEBUG placement.objects.allocation_candidate [req-fdde4300-8916-4085-b944-45baebb89312 req-17110c20-ecef-4c10-897c-3cd5a69c30b1 service placement] Merging candidates yields 2 allocation requests and 2 provider summaries {{(pid=110883) _merge_candidates /opt/stack/placement/placement/objects/allocation_candidate.py:809}}
Mar 20 09:54:21.297252 n-d-829248-5 devstack@placement-api.service[110883]: INFO placement.requestlog [req-fdde4300-8916-4085-b944-45baebb89312 req-17110c20-ecef-4c10-897c-3cd5a69c30b1 service placement] 10.222.0.24 "GET /placement/allocation_candidates?limit=1000&resources=DISK_GB%3A1%2CMEMORY_MB%3A1024%2CVCPU%3A1&root_required=%21COMPUTE_STATUS_DISABLED" status: 200 len: 1309 microversion: 1.36
Mar 20 09:54:21.297645 n-d-829248-5 devstack@placement-api.service[110883]: [pid: 110883|app: 0|req: 28/56] 10.222.0.24 () {60 vars in 1506 bytes} [Sun Mar 20 09:54:21 2022] GET /placement/allocation_candidates?limit=1000&resources=DISK_GB%3A1%2CMEMORY_MB%3A1024%2CVCPU%3A1&root_required=%21COMPUTE_STATUS_DISABLED => generated 1309 bytes in 68 msecs (HTTP/1.1 200) 8 headers in 297 bytes (1 switches on core 0)
Mar 20 09:54:21.395558 n-d-829248-5 devstack@placement-api.service[110884]: DEBUG placement.requestlog [req-fdde4300-8916-4085-b944-45baebb89312 req-68962940-ba60-4fcd-8e6f-6a4ff51178bb None None] Starting request: 10.222.0.24 "GET /placement/allocations/e775fd3e-e97e-4f45-a018-ff752572d8e0" {{(pid=110884) __call__ /opt/stack/placement/placement/requestlog.py:55}}
Mar 20 09:54:21.416324 n-d-829248-5 devstack@placement-api.service[110884]: INFO placement.requestlog [req-fdde4300-8916-4085-b944-45baebb89312 req-68962940-ba60-4fcd-8e6f-6a4ff51178bb service placement] 10.222.0.24 "GET /placement/allocations/e775fd3e-e97e-4f45-a018-ff752572d8e0" status: 200 len: 19 microversion: 1.28
Mar 20 09:54:21.423240 n-d-829248-5 devstack@placement-api.service[110884]: [pid: 110884|app: 0|req: 29/57] 10.222.0.24 () {60 vars in 1380 bytes} [Sun Mar 20 09:54:21 2022] GET /placement/allocations/e775fd3e-e97e-4f45-a018-ff752572d8e0 => generated 19 bytes in 23 msecs (HTTP/1.1 200) 8 headers in 295 bytes (1 switches on core 0)
