Feb 15 14:58:17.331786 n-d-829248-1 neutron-server[103315]: DEBUG neutron_lib.callbacks.manager [req-d41c463c-69c6-4d0c-9963-70bfc2a029ab req-62efa388-ac1f-49a7-b07c-060b0c79afb6 service neutron] Publish callbacks ['neutron.plugins.ml2.plugin.SecurityGroupDbMixin._ensure_default_security_group_handler-3507591'] for port (15e64719-620e-4cd3-a95c-2cade5cec8d0), before_update {{(pid=103315) _notify_loop /usr/local/lib/python3.8/dist-packages/neutron_lib/callbacks/manager.py:176}}
Feb 15 14:58:17.391275 n-d-829248-1 neutron-server[103316]: DEBUG neutron_lib.callbacks.manager [None req-6df9be16-5ffd-4cee-9752-232af929f6be admin admin] Publish callbacks [] for security_group (3f754c55-6966-4fb0-8493-9bf7010d9f23), precommit_create {{(pid=103316) _notify_loop /usr/local/lib/python3.8/dist-packages/neutron_lib/callbacks/manager.py:176}}
Feb 15 14:58:17.411073 n-d-829248-1 neutron-server[103316]: DEBUG neutron_lib.callbacks.manager [None req-6df9be16-5ffd-4cee-9752-232af929f6be admin admin] Publish callbacks ['neutron.plugins.ml2.ovo_rpc._ObjectChangeHandler.handle_event-3690003'] for security_group (3f754c55-6966-4fb0-8493-9bf7010d9f23), after_create {{(pid=103316) _notify_loop /usr/local/lib/python3.8/dist-packages/neutron_lib/callbacks/manager.py:176}}
Feb 15 14:58:17.490557 n-d-829248-1 neutron-server[103316]: INFO neutron.wsgi [req-d10085c1-9011-47ab-b4c5-e9b35e538af4 req-54ae80a8-f6ae-422d-8c2b-741e340b9d60 tempest-LiveMigrationNegativeTest-1320550091 tempest-LiveMigrationNegativeTest-1320550091-project] 10.222.0.52 "GET /v2.0/security-groups?id=b934b9f7-74b4-4853-ac1b-b2864da94273&fields=id&fields=name HTTP/1.1" status: 200 len: 286 time: 0.4176042
Feb 15 14:58:17.499094 n-d-829248-1 neutron-server[103316]: DEBUG neutron_lib.callbacks.manager [None req-8b603b78-108b-4b8a-a004-1ad3eafae0ce admin admin] Publish callbacks [] for security_group (a6e6c839-8492-42f8-945e-c028ad0fe067), precommit_delete {{(pid=103316) _notify_loop /usr/local/lib/python3.8/dist-packages/neutron_lib/callbacks/manager.py:176}}
Feb 15 14:58:17.547611 n-d-829248-1 neutron-server[103316]: DEBUG neutron.api.rpc.handlers.resources_rpc [None req-6df9be16-5ffd-4cee-9752-232af929f6be admin admin] Pushing event updated for resources: {'SecurityGroup': ['ID=3f754c55-6966-4fb0-8493-9bf7010d9f23,revision_number=1']} {{(pid=103316) push /opt/stack/neutron/neutron/api/rpc/handlers/resources_rpc.py:237}}
Feb 15 14:58:17.576336 n-d-829248-1 neutron-server[103316]: INFO neutron.wsgi [None req-6df9be16-5ffd-4cee-9752-232af929f6be admin admin] 10.222.0.52 "GET /v2.0/security-groups?tenant_id=c810f59648b74602817cad90dfedaec6&name=default HTTP/1.1" status: 200 len: 2996 time: 1.2612350
Feb 15 14:58:17.584869 n-d-829248-1 neutron-server[103316]: DEBUG neutron.wsgi [-] (103316) accepted ('10.222.0.52', 35716) {{(pid=103316) server /usr/local/lib/python3.8/dist-packages/eventlet/wsgi.py:1004}}
Feb 15 14:58:17.607685 n-d-829248-1 neutron-server[103316]: DEBUG neutron.api.rpc.agentnotifiers.l3_rpc_agent_api [None req-c525f5bc-904f-4c67-b7a1-14d1c410ae32 admin admin] Notify agent at l3_agent.n-d-829248-1 the message routers_updated {{(pid=103316) _agent_notification /opt/stack/neutron/neutron/api/rpc/agentnotifiers/l3_rpc_agent_api.py:65}}
Feb 15 14:58:17.625530 n-d-829248-1 neutron-server[103317]: DEBUG neutron.db.provisioning_blocks [None req-269d0570-0f8a-4c72-8774-cd5bae486510 None None] Provisioning complete for port 15e64719-620e-4cd3-a95c-2cade5cec8d0 triggered by entity DHCP. {{(pid=103317) provisioning_complete /opt/stack/neutron/neutron/db/provisioning_blocks.py:139}}
Feb 15 14:58:17.625530 n-d-829248-1 neutron-server[103317]: DEBUG neutron_lib.callbacks.manager [None req-269d0570-0f8a-4c72-8774-cd5bae486510 None None] Publish callbacks ['neutron.plugins.ml2.plugin.Ml2Plugin._port_provisioned-668982'] for port (15e64719-620e-4cd3-a95c-2cade5cec8d0), provisioning_complete {{(pid=103317) _notify_loop /usr/local/lib/python3.8/dist-packages/neutron_lib/callbacks/manager.py:176}}
Feb 15 14:58:17.627097 n-d-829248-1 neutron-server[103316]: DEBUG neutron.pecan_wsgi.hooks.policy_enforcement [req-ab9c63c8-2c97-4443-acad-cb0358c70446 req-9e336003-7220-442e-b68b-984e25ab2b71 tempest-DeleteServersAdminTestJSON-1551857191 tempest-DeleteServersAdminTestJSON-1551857191-project] Attributes excluded by policy engine: ['standard_attr_id', 'binding:profile', 'binding:host_id', 'binding:vif_type', 'binding:vif_details'] {{(pid=103316) _exclude_attributes_by_policy /opt/stack/neutron/neutron/pecan_wsgi/hooks/policy_enforcement.py:255}}
Feb 15 14:58:17.629126 n-d-829248-1 neutron-server[103316]: INFO neutron.wsgi [req-ab9c63c8-2c97-4443-acad-cb0358c70446 req-9e336003-7220-442e-b68b-984e25ab2b71 tempest-DeleteServersAdminTestJSON-1551857191 tempest-DeleteServersAdminTestJSON-1551857191-project] 10.222.0.52 "GET /v2.0/ports?device_id=af2211c1-f542-462f-b0d1-94d16d30e075 HTTP/1.1" status: 200 len: 936 time: 0.3527570
Feb 15 14:58:17.638348 n-d-829248-1 neutron-server[103316]: INFO neutron.wsgi [None req-c525f5bc-904f-4c67-b7a1-14d1c410ae32 admin admin] 10.222.0.52 "PUT /v2.0/routers/99c2578c-9183-44f5-8ad1-58246f130e2c/add_router_interface HTTP/1.1" status: 200 len: 503 time: 5.4793832
Feb 15 14:58:17.715074 n-d-829248-1 neutron-server[103316]: DEBUG neutron_lib.callbacks.manager [None req-8b603b78-108b-4b8a-a004-1ad3eafae0ce admin admin] Publish callbacks ['neutron.plugins.ml2.ovo_rpc._ObjectChangeHandler.handle_event-3690003'] for security_group (a6e6c839-8492-42f8-945e-c028ad0fe067), after_delete {{(pid=103316) _notify_loop /usr/local/lib/python3.8/dist-packages/neutron_lib/callbacks/manager.py:176}}
Feb 15 14:58:17.725559 n-d-829248-1 neutron-server[103316]: DEBUG neutron_lib.callbacks.manager [None req-8b603b78-108b-4b8a-a004-1ad3eafae0ce admin admin] Publish callbacks [] for security_group (None), before_response {{(pid=103316) _notify_loop /usr/local/lib/python3.8/dist-packages/neutron_lib/callbacks/manager.py:176}}
Feb 15 14:58:17.726992 n-d-829248-1 neutron-server[103316]: INFO neutron.wsgi [None req-8b603b78-108b-4b8a-a004-1ad3eafae0ce admin admin] 10.222.0.52 "DELETE /v2.0/security-groups/a6e6c839-8492-42f8-945e-c028ad0fe067 HTTP/1.1" status: 204 len: 168 time: 0.7876396
Feb 15 14:58:17.736602 n-d-829248-1 neutron-server[103315]: DEBUG neutron.notifiers.nova [req-d41c463c-69c6-4d0c-9963-70bfc2a029ab req-62efa388-ac1f-49a7-b07c-060b0c79afb6 service neutron] Ignoring state change previous_port_status: DOWN current_port_status: DOWN port_id 15e64719-620e-4cd3-a95c-2cade5cec8d0 {{(pid=103315) record_port_status_changed /opt/stack/neutron/neutron/notifiers/nova.py:233}}
Feb 15 14:58:17.743843 n-d-829248-1 neutron-server[103317]: DEBUG neutron.plugins.ml2.plugin [None req-269d0570-0f8a-4c72-8774-cd5bae486510 None None] Port 15e64719-620e-4cd3-a95c-2cade5cec8d0 cannot update to ACTIVE because it is not bound. {{(pid=103317) _port_provisioned /opt/stack/neutron/neutron/plugins/ml2/plugin.py:343}}
Feb 15 14:58:17.746073 n-d-829248-1 neutron-server[103316]: DEBUG neutron.api.rpc.handlers.resources_rpc [None req-8b603b78-108b-4b8a-a004-1ad3eafae0ce admin admin] Pushing event deleted for resources: {'SecurityGroup': ['ID=a6e6c839-8492-42f8-945e-c028ad0fe067,revision_number=None']} {{(pid=103316) push /opt/stack/neutron/neutron/api/rpc/handlers/resources_rpc.py:237}}
Feb 15 14:58:17.763231 n-d-829248-1 neutron-server[103315]: DEBUG neutron_lib.callbacks.manager [req-d41c463c-69c6-4d0c-9963-70bfc2a029ab req-62efa388-ac1f-49a7-b07c-060b0c79afb6 service neutron] Publish callbacks [] for port (15e64719-620e-4cd3-a95c-2cade5cec8d0), precommit_update {{(pid=103315) _notify_loop /usr/local/lib/python3.8/dist-packages/neutron_lib/callbacks/manager.py:176}}
Feb 15 14:58:17.774414 n-d-829248-1 neutron-server[103316]: DEBUG neutron_lib.callbacks.manager [None req-e6ca8ab1-fe7a-4882-a351-dc12a0a566f3 admin admin] Publish callbacks [] for security_group (3f754c55-6966-4fb0-8493-9bf7010d9f23), before_delete {{(pid=103316) _notify_loop /usr/local/lib/python3.8/dist-packages/neutron_lib/callbacks/manager.py:176}}
Feb 15 14:58:17.791773 n-d-829248-1 neutron-server[103315]: DEBUG neutron.db.provisioning_blocks [req-d41c463c-69c6-4d0c-9963-70bfc2a029ab req-62efa388-ac1f-49a7-b07c-060b0c79afb6 service neutron] Transition to ACTIVE for port object 15e64719-620e-4cd3-a95c-2cade5cec8d0 will not be triggered until provisioned by entity L2. {{(pid=103315) add_provisioning_component /opt/stack/neutron/neutron/db/provisioning_blocks.py:73}}
Feb 15 14:58:17.795065 n-d-829248-1 neutron-server[103315]: DEBUG neutron_lib.callbacks.manager [req-d41c463c-69c6-4d0c-9963-70bfc2a029ab req-62efa388-ac1f-49a7-b07c-060b0c79afb6 service neutron] Publish callbacks ['neutron.plugins.ml2.plugin.SecurityGroupServerNotifierRpcMixin._notify_sg_on_port_change-3507544', 'neutron.plugins.ml2.ovo_rpc._ObjectChangeHandler.handle_event-4090677', 'neutron.api.rpc.agentnotifiers.dhcp_rpc_agent_api.DhcpAgentNotifyAPI._native_event_send_dhcp_notification-3923272', 'neutron.db.l3_db.L3RpcNotifierMixin._notify_gateway_port_ip_changed-8784061627935', 'neutron.db.l3_dvrscheduler_db._notify_l3_agent_port_update-8784061187018', 'neutron.db.l3_hascheduler_db._notify_l3_agent_ha_port_update-8784061187036'] for port (15e64719-620e-4cd3-a95c-2cade5cec8d0), after_update {{(pid=103315) _notify_loop /usr/local/lib/python3.8/dist-packages/neutron_lib/callbacks/manager.py:176}}
Feb 15 14:58:17.802576 n-d-829248-1 neutron-server[103316]: INFO neutron.wsgi [req-ab9c63c8-2c97-4443-acad-cb0358c70446 req-a5ae5975-13df-403a-82f6-25183fc6967d tempest-DeleteServersAdminTestJSON-1551857191 tempest-DeleteServersAdminTestJSON-1551857191-project] 10.222.0.52 "GET /v2.0/security-groups?id=20b0d8eb-e7cc-4317-9cd7-b4173c75eca5&fields=id&fields=name HTTP/1.1" status: 200 len: 286 time: 0.1571338
Feb 15 14:58:17.820296 n-d-829248-1 neutron-server[103316]: DEBUG neutron_lib.callbacks.manager [None req-e6ca8ab1-fe7a-4882-a351-dc12a0a566f3 admin admin] Publish callbacks [] for security_group (3f754c55-6966-4fb0-8493-9bf7010d9f23), precommit_delete {{(pid=103316) _notify_loop /usr/local/lib/python3.8/dist-packages/neutron_lib/callbacks/manager.py:176}}
Feb 15 14:58:17.905006 n-d-829248-1 neutron-server[103315]: DEBUG neutron.api.rpc.handlers.resources_rpc [None req-62efa388-ac1f-49a7-b07c-060b0c79afb6 service neutron] Pushing event updated for resources: {'Port': ['ID=15e64719-620e-4cd3-a95c-2cade5cec8d0,revision_number=2']} {{(pid=103315) push /opt/stack/neutron/neutron/api/rpc/handlers/resources_rpc.py:237}}
Feb 15 14:58:17.962765 n-d-829248-1 neutron-server[103317]: DEBUG neutron.plugins.ml2.rpc [None req-19f7e6b0-f449-4211-ac7e-784703e81235 None None] Device 3b1d6659-2338-4f7b-a4b6-7bea570b6d19 no longer exists at agent hyperv_n-h1-829248-1 {{(pid=103317) update_device_down /opt/stack/neutron/neutron/plugins/ml2/rpc.py:259}}
Feb 15 14:58:17.982781 n-d-829248-1 neutron-server[103315]: DEBUG neutron.plugins.ml2.managers [req-d41c463c-69c6-4d0c-9963-70bfc2a029ab req-62efa388-ac1f-49a7-b07c-060b0c79afb6 service neutron] Attempting to bind port 15e64719-620e-4cd3-a95c-2cade5cec8d0 on host n-h2-829248-1 for vnic_type normal with profile {{(pid=103315) bind_port /opt/stack/neutron/neutron/plugins/ml2/managers.py:795}}
Feb 15 14:58:17.983128 n-d-829248-1 neutron-server[103315]: DEBUG neutron.plugins.ml2.managers [req-d41c463c-69c6-4d0c-9963-70bfc2a029ab req-62efa388-ac1f-49a7-b07c-060b0c79afb6 service neutron] Attempting to bind port 15e64719-620e-4cd3-a95c-2cade5cec8d0 by drivers openvswitch,hyperv on host n-h2-829248-1 at level 0 using segments [{'id': 'f323d8a8-5fad-4dbf-8a87-9e953614b3a4', 'network_type': 'vlan', 'physical_network': 'physnet1', 'segmentation_id': 163, 'network_id': 'ff81b587-5de0-41f8-b7aa-97d712eddf49'}] {{(pid=103315) _bind_port_level /opt/stack/neutron/neutron/plugins/ml2/managers.py:820}}
Feb 15 14:58:17.983462 n-d-829248-1 neutron-server[103315]: DEBUG neutron.plugins.ml2.drivers.mech_agent [req-d41c463c-69c6-4d0c-9963-70bfc2a029ab req-62efa388-ac1f-49a7-b07c-060b0c79afb6 service neutron] Attempting to bind port 15e64719-620e-4cd3-a95c-2cade5cec8d0 on network ff81b587-5de0-41f8-b7aa-97d712eddf49 {{(pid=103315) bind_port /opt/stack/neutron/neutron/plugins/ml2/drivers/mech_agent.py:91}}
Feb 15 14:58:17.989290 n-d-829248-1 neutron-server[103316]: DEBUG neutron_lib.callbacks.manager [None req-e6ca8ab1-fe7a-4882-a351-dc12a0a566f3 admin admin] Publish callbacks ['neutron.plugins.ml2.ovo_rpc._ObjectChangeHandler.handle_event-3690003'] for security_group (3f754c55-6966-4fb0-8493-9bf7010d9f23), after_delete {{(pid=103316) _notify_loop /usr/local/lib/python3.8/dist-packages/neutron_lib/callbacks/manager.py:176}}
Feb 15 14:58:17.989973 n-d-829248-1 neutron-server[103315]: DEBUG neutron.plugins.ml2.drivers.mech_agent [req-d41c463c-69c6-4d0c-9963-70bfc2a029ab req-62efa388-ac1f-49a7-b07c-060b0c79afb6 service neutron] Port 15e64719-620e-4cd3-a95c-2cade5cec8d0 on network ff81b587-5de0-41f8-b7aa-97d712eddf49 not bound, no agent of type Open vSwitch agent registered on host n-h2-829248-1 {{(pid=103315) bind_port /opt/stack/neutron/neutron/plugins/ml2/drivers/mech_agent.py:103}}
Feb 15 14:58:17.990442 n-d-829248-1 neutron-server[103315]: DEBUG neutron.plugins.ml2.drivers.mech_agent [req-d41c463c-69c6-4d0c-9963-70bfc2a029ab req-62efa388-ac1f-49a7-b07c-060b0c79afb6 service neutron] Attempting to bind port 15e64719-620e-4cd3-a95c-2cade5cec8d0 on network ff81b587-5de0-41f8-b7aa-97d712eddf49 {{(pid=103315) bind_port /opt/stack/neutron/neutron/plugins/ml2/drivers/mech_agent.py:91}}
Feb 15 14:58:17.997133 n-d-829248-1 neutron-server[103317]: DEBUG neutron.plugins.ml2.plugin [None req-19f7e6b0-f449-4211-ac7e-784703e81235 None None] No Port match for: 3b1d6659-2338-4f7b-a4b6-7bea570b6d19 {{(pid=103317) port_bound_to_host /opt/stack/neutron/neutron/plugins/ml2/plugin.py:2316}}
Feb 15 14:58:17.997765 n-d-829248-1 neutron-server[103317]: DEBUG neutron.plugins.ml2.rpc [None req-19f7e6b0-f449-4211-ac7e-784703e81235 None None] Device 3b1d6659-2338-4f7b-a4b6-7bea570b6d19 not bound to the agent host n-h1-829248-1 {{(pid=103317) update_device_down /opt/stack/neutron/neutron/plugins/ml2/rpc.py:269}}
Feb 15 14:58:17.998260 n-d-829248-1 neutron-server[103315]: DEBUG neutron.plugins.ml2.drivers.mech_agent [req-d41c463c-69c6-4d0c-9963-70bfc2a029ab req-62efa388-ac1f-49a7-b07c-060b0c79afb6 service neutron] Checking agent: {'id': '326f8246-5b01-4d3d-82c6-ff82b7a0dda2', 'agent_type': 'HyperV agent', 'binary': 'neutron-hyperv-agent', 'topic': 'N/A', 'host': 'n-h2-829248-1', 'admin_state_up': True, 'created_at': datetime.datetime(2022, 2, 15, 14, 55, 7), 'started_at': datetime.datetime(2022, 2, 15, 14, 55, 7), 'heartbeat_timestamp': datetime.datetime(2022, 2, 15, 14, 58, 7), 'description': None, 'resources_synced': None, 'availability_zone': None, 'alive': True, 'configurations': {'vswitch_mappings': {'physnet1$': 'br-data'}}, 'resource_versions': {}} {{(pid=103315) bind_port /opt/stack/neutron/neutron/plugins/ml2/drivers/mech_agent.py:110}}
Feb 15 14:58:17.998627 n-d-829248-1 neutron-server[103315]: DEBUG neutron.plugins.ml2.drivers.mech_agent [req-d41c463c-69c6-4d0c-9963-70bfc2a029ab req-62efa388-ac1f-49a7-b07c-060b0c79afb6 service neutron] Checking segment: {'id': 'f323d8a8-5fad-4dbf-8a87-9e953614b3a4', 'network_type': 'vlan', 'physical_network': 'physnet1', 'segmentation_id': 163, 'network_id': 'ff81b587-5de0-41f8-b7aa-97d712eddf49'} for mappings: {'physnet1$': 'br-data'} with network types: ['local', 'flat', 'vlan'] {{(pid=103315) check_segment_for_agent /opt/stack/neutron/neutron/plugins/ml2/drivers/mech_agent.py:373}}
Feb 15 14:58:17.999009 n-d-829248-1 neutron-server[103315]: DEBUG neutron.plugins.ml2.drivers.mech_agent [req-d41c463c-69c6-4d0c-9963-70bfc2a029ab req-62efa388-ac1f-49a7-b07c-060b0c79afb6 service neutron] Bound using segment: {'id': 'f323d8a8-5fad-4dbf-8a87-9e953614b3a4', 'network_type': 'vlan', 'physical_network': 'physnet1', 'segmentation_id': 163, 'network_id': 'ff81b587-5de0-41f8-b7aa-97d712eddf49'} {{(pid=103315) bind_port /opt/stack/neutron/neutron/plugins/ml2/drivers/mech_agent.py:120}}
Feb 15 14:58:17.999472 n-d-829248-1 neutron-server[103315]: DEBUG neutron.plugins.ml2.managers [req-d41c463c-69c6-4d0c-9963-70bfc2a029ab req-62efa388-ac1f-49a7-b07c-060b0c79afb6 service neutron] Bound port: 15e64719-620e-4cd3-a95c-2cade5cec8d0, host: n-h2-829248-1, vif_type: hyperv, vif_details: {"connectivity": "legacy", "port_filter": false}, binding_levels: [{'bound_driver': 'hyperv', 'bound_segment': {'id': 'f323d8a8-5fad-4dbf-8a87-9e953614b3a4', 'network_type': 'vlan', 'physical_network': 'physnet1', 'segmentation_id': 163, 'network_id': 'ff81b587-5de0-41f8-b7aa-97d712eddf49'}}] {{(pid=103315) _bind_port_level /opt/stack/neutron/neutron/plugins/ml2/managers.py:932}}
Feb 15 14:58:17.999959 n-d-829248-1 neutron-server[103316]: DEBUG neutron_lib.callbacks.manager [None req-e6ca8ab1-fe7a-4882-a351-dc12a0a566f3 admin admin] Publish callbacks [] for security_group (None), before_response {{(pid=103316) _notify_loop /usr/local/lib/python3.8/dist-packages/neutron_lib/callbacks/manager.py:176}}
Feb 15 14:58:18.001703 n-d-829248-1 neutron-server[103315]: DEBUG neutron_lib.callbacks.manager [req-d41c463c-69c6-4d0c-9963-70bfc2a029ab req-62efa388-ac1f-49a7-b07c-060b0c79afb6 service neutron] Publish callbacks ['neutron.plugins.ml2.plugin.SecurityGroupDbMixin._ensure_default_security_group_handler-3507591'] for port (15e64719-620e-4cd3-a95c-2cade5cec8d0), before_update {{(pid=103315) _notify_loop /usr/local/lib/python3.8/dist-packages/neutron_lib/callbacks/manager.py:176}}
Feb 15 14:58:18.003831 n-d-829248-1 neutron-server[103316]: INFO neutron.wsgi [None req-e6ca8ab1-fe7a-4882-a351-dc12a0a566f3 admin admin] 10.222.0.52 "DELETE /v2.0/security-groups/3f754c55-6966-4fb0-8493-9bf7010d9f23 HTTP/1.1" status: 204 len: 168 time: 0.4141777
Feb 15 14:58:18.026936 n-d-829248-1 neutron-server[103316]: DEBUG neutron.pecan_wsgi.hooks.policy_enforcement [req-4ebf9880-f5f9-4cbb-acfb-7f6e6c8de401 req-1485a147-0f86-4ba6-93d4-c2f6c534c23e tempest-TenantUsagesTestJSON-1277183355 tempest-TenantUsagesTestJSON-1277183355-project] Attributes excluded by policy engine: ['standard_attr_id', 'binding:profile', 'binding:host_id', 'binding:vif_type', 'binding:vif_details'] {{(pid=103316) _exclude_attributes_by_policy /opt/stack/neutron/neutron/pecan_wsgi/hooks/policy_enforcement.py:255}}
Feb 15 14:58:18.038045 n-d-829248-1 neutron-server[103316]: INFO neutron.wsgi [req-4ebf9880-f5f9-4cbb-acfb-7f6e6c8de401 req-1485a147-0f86-4ba6-93d4-c2f6c534c23e tempest-TenantUsagesTestJSON-1277183355 tempest-TenantUsagesTestJSON-1277183355-project] 10.222.0.52 "GET /v2.0/ports?device_id=c1f994f9-4e72-4992-b325-d21862ca155b HTTP/1.1" status: 200 len: 948 time: 0.1506133
Feb 15 14:58:18.055091 n-d-829248-1 neutron-server[103316]: DEBUG neutron.api.rpc.handlers.resources_rpc [None req-e6ca8ab1-fe7a-4882-a351-dc12a0a566f3 admin admin] Pushing event deleted for resources: {'SecurityGroup': ['ID=3f754c55-6966-4fb0-8493-9bf7010d9f23,revision_number=None']} {{(pid=103316) push /opt/stack/neutron/neutron/api/rpc/handlers/resources_rpc.py:237}}
Feb 15 14:58:18.178658 n-d-829248-1 neutron-server[103315]: DEBUG neutron.plugins.ml2.db [req-d41c463c-69c6-4d0c-9963-70bfc2a029ab req-62efa388-ac1f-49a7-b07c-060b0c79afb6 service neutron] For port 15e64719-620e-4cd3-a95c-2cade5cec8d0, host n-h2-829248-1, cleared binding levels {{(pid=103315) clear_binding_levels /opt/stack/neutron/neutron/plugins/ml2/db.py:87}}
Feb 15 14:58:18.181817 n-d-829248-1 neutron-server[103316]: INFO neutron.wsgi [req-4ebf9880-f5f9-4cbb-acfb-7f6e6c8de401 req-2f4c8187-104f-407b-857c-4c0b606d3285 tempest-TenantUsagesTestJSON-1277183355 tempest-TenantUsagesTestJSON-1277183355-project] 10.222.0.52 "GET /v2.0/security-groups?id=5b42bc89-8349-4210-8015-2cece45a384f&fields=id&fields=name HTTP/1.1" status: 200 len: 286 time: 0.1360006
Feb 15 14:58:18.192751 n-d-829248-1 neutron-server[103315]: DEBUG neutron.plugins.ml2.db [req-d41c463c-69c6-4d0c-9963-70bfc2a029ab req-62efa388-ac1f-49a7-b07c-060b0c79afb6 service neutron] For port 15e64719-620e-4cd3-a95c-2cade5cec8d0, host n-h2-829248-1, set binding levels [PortBindingLevel(driver='hyperv',host='n-h2-829248-1',level=0,port_id=15e64719-620e-4cd3-a95c-2cade5cec8d0,segment=NetworkSegment(f323d8a8-5fad-4dbf-8a87-9e953614b3a4),segment_id=f323d8a8-5fad-4dbf-8a87-9e953614b3a4)] {{(pid=103315) set_binding_levels /opt/stack/neutron/neutron/plugins/ml2/db.py:59}}
Feb 15 14:58:18.203855 n-d-829248-1 neutron-server[103315]: DEBUG neutron_lib.callbacks.manager [req-d41c463c-69c6-4d0c-9963-70bfc2a029ab req-62efa388-ac1f-49a7-b07c-060b0c79afb6 service neutron] Publish callbacks ['neutron.plugins.ml2.plugin.SecurityGroupServerNotifierRpcMixin._notify_sg_on_port_change-3507544', 'neutron.plugins.ml2.ovo_rpc._ObjectChangeHandler.handle_event-4090677', 'neutron.api.rpc.agentnotifiers.dhcp_rpc_agent_api.DhcpAgentNotifyAPI._native_event_send_dhcp_notification-3923272', 'neutron.db.l3_db.L3RpcNotifierMixin._notify_gateway_port_ip_changed-8784061627935', 'neutron.db.l3_dvrscheduler_db._notify_l3_agent_port_update-8784061187018', 'neutron.db.l3_hascheduler_db._notify_l3_agent_ha_port_update-8784061187036'] for port (15e64719-620e-4cd3-a95c-2cade5cec8d0), after_update {{(pid=103315) _notify_loop /usr/local/lib/python3.8/dist-packages/neutron_lib/callbacks/manager.py:176}}
Feb 15 14:58:18.213812 n-d-829248-1 neutron-server[103316]: INFO neutron.wsgi [req-7d72ef6c-4f86-466b-8277-7c391a436786 req-3de26b3c-7c4a-4d3e-9ebf-b439ac784da6 tempest-LiveMigrationNegativeTest-1320550091 tempest-LiveMigrationNegativeTest-1320550091-project] 10.222.0.52 "GET /v2.0/networks?tenant_id=efbb7557ebec4eb6a65698452a7cceab&shared=False HTTP/1.1" status: 200 len: 213 time: 0.0753620
Feb 15 14:58:18.254881 n-d-829248-1 neutron-server[103315]: DEBUG neutron.pecan_wsgi.hooks.policy_enforcement [req-d41c463c-69c6-4d0c-9963-70bfc2a029ab req-62efa388-ac1f-49a7-b07c-060b0c79afb6 service neutron] Attributes excluded by policy engine: ['standard_attr_id'] {{(pid=103315) _exclude_attributes_by_policy /opt/stack/neutron/neutron/pecan_wsgi/hooks/policy_enforcement.py:255}}
Feb 15 14:58:18.255796 n-d-829248-1 neutron-server[103315]: DEBUG neutron_lib.callbacks.manager [req-d41c463c-69c6-4d0c-9963-70bfc2a029ab req-62efa388-ac1f-49a7-b07c-060b0c79afb6 service neutron] Publish callbacks ['neutron.notifiers.nova.Notifier._send_nova_notification-4136826'] for port (None), before_response {{(pid=103315) _notify_loop /usr/local/lib/python3.8/dist-packages/neutron_lib/callbacks/manager.py:176}}
Feb 15 14:58:18.257519 n-d-829248-1 neutron-server[103315]: INFO neutron.wsgi [req-d41c463c-69c6-4d0c-9963-70bfc2a029ab req-62efa388-ac1f-49a7-b07c-060b0c79afb6 service neutron] 10.222.0.26 "PUT /v2.0/ports/15e64719-620e-4cd3-a95c-2cade5cec8d0 HTTP/1.1" status: 200 len: 1096 time: 1.0511117
Feb 15 14:58:18.260358 n-d-829248-1 neutron-server[103315]: DEBUG neutron.notifiers.nova [-] Sending events: [{'name': 'network-changed', 'server_uuid': 'af2211c1-f542-462f-b0d1-94d16d30e075', 'tag': '15e64719-620e-4cd3-a95c-2cade5cec8d0'}] {{(pid=103315) send_events /opt/stack/neutron/neutron/notifiers/nova.py:271}}
Feb 15 14:58:18.304392 n-d-829248-1 neutron-server[103315]: DEBUG novaclient.v2.client [-] REQ: curl -g -i --cacert "/opt/stack/data/ca-bundle.pem" -X POST http://10.222.0.52/compute/v2.1/os-server-external-events -H "Accept: application/json" -H "Content-Type: application/json" -H "User-Agent: python-novaclient" -H "X-Auth-Token: {SHA256}d48ba93199cb5da70ea4d3dfdccd215ac1791bff6d048e2c2fbdcca8b91ab4ef" -H "X-OpenStack-Nova-API-Version: 2.1" -H "X-OpenStack-Request-ID: req-3f1e9b80-da9d-4632-9c7b-07d9e47150e0" -d '{"events": [{"name": "network-changed", "server_uuid": "af2211c1-f542-462f-b0d1-94d16d30e075", "tag": "15e64719-620e-4cd3-a95c-2cade5cec8d0"}]}' {{(pid=103315) _http_log_request /usr/local/lib/python3.8/dist-packages/keystoneauth1/session.py:519}}
Feb 15 14:58:18.390102 n-d-829248-1 neutron-server[103316]: DEBUG neutron.pecan_wsgi.hooks.policy_enforcement [req-7d72ef6c-4f86-466b-8277-7c391a436786 req-e5b5f764-6e3c-4a2c-b6ec-6d46689fe8c5 tempest-LiveMigrationNegativeTest-1320550091 tempest-LiveMigrationNegativeTest-1320550091-project] Attributes excluded by policy engine: ['standard_attr_id', 'vlan_transparent', 'provider:network_type', 'provider:physical_network', 'provider:segmentation_id'] {{(pid=103316) _exclude_attributes_by_policy /opt/stack/neutron/neutron/pecan_wsgi/hooks/policy_enforcement.py:255}}
Feb 15 14:58:18.391114 n-d-829248-1 neutron-server[103315]: DEBUG neutron.api.rpc.handlers.resources_rpc [None req-62efa388-ac1f-49a7-b07c-060b0c79afb6 service neutron] Pushing event updated for resources: {'Port': ['ID=15e64719-620e-4cd3-a95c-2cade5cec8d0,revision_number=3']} {{(pid=103315) push /opt/stack/neutron/neutron/api/rpc/handlers/resources_rpc.py:237}}
Feb 15 14:58:18.398717 n-d-829248-1 neutron-server[103316]: INFO neutron.wsgi [req-7d72ef6c-4f86-466b-8277-7c391a436786 req-e5b5f764-6e3c-4a2c-b6ec-6d46689fe8c5 tempest-LiveMigrationNegativeTest-1320550091 tempest-LiveMigrationNegativeTest-1320550091-project] 10.222.0.52 "GET /v2.0/networks?shared=True HTTP/1.1" status: 200 len: 769 time: 0.1787159
Feb 15 14:58:18.407632 n-d-829248-1 neutron-server[103317]: DEBUG neutron.plugins.ml2.rpc [None req-715446b7-c9e0-4009-b751-c8c122237ded None None] Device ac936838-6c11-430c-a9df-42c94cf18506 details requested by agent hyperv_n-h2-829248-1 with host n-h2-829248-1 {{(pid=103317) get_device_details /opt/stack/neutron/neutron/plugins/ml2/rpc.py:102}}
Feb 15 14:58:18.417507 n-d-829248-1 neutron-server[103316]: INFO neutron.wsgi [req-7d72ef6c-4f86-466b-8277-7c391a436786 req-6a83111d-8f99-4623-8cf5-ca8469bf65c6 tempest-LiveMigrationNegativeTest-1320550091 tempest-LiveMigrationNegativeTest-1320550091-project] 10.222.0.52 "GET /v2.0/quotas/efbb7557ebec4eb6a65698452a7cceab HTTP/1.1" status: 200 len: 375 time: 0.0178521
Feb 15 14:58:18.443018 n-d-829248-1 neutron-server[103315]: DEBUG neutron.pecan_wsgi.hooks.policy_enforcement [req-d41c463c-69c6-4d0c-9963-70bfc2a029ab req-95954b1a-56e5-4fa3-a541-a06ebecba50d service neutron] Attributes excluded by policy engine: ['standard_attr_id'] {{(pid=103315) _exclude_attributes_by_policy /opt/stack/neutron/neutron/pecan_wsgi/hooks/policy_enforcement.py:255}}
Feb 15 14:58:18.443950 n-d-829248-1 neutron-server[103315]: INFO neutron.wsgi [req-d41c463c-69c6-4d0c-9963-70bfc2a029ab req-95954b1a-56e5-4fa3-a541-a06ebecba50d service neutron] 10.222.0.26 "GET /v2.0/ports?tenant_id=2a4c6da52d594c75afc8defb8f1b6695&device_id=af2211c1-f542-462f-b0d1-94d16d30e075 HTTP/1.1" status: 200 len: 1130 time: 0.1162598
Feb 15 14:58:18.528633 n-d-829248-1 neutron-server[103316]: INFO neutron.wsgi [req-7d72ef6c-4f86-466b-8277-7c391a436786 req-bcba5142-ebc6-424a-a812-d636d40fb742 tempest-LiveMigrationNegativeTest-1320550091 tempest-LiveMigrationNegativeTest-1320550091-project] 10.222.0.52 "GET /v2.0/ports?tenant_id=efbb7557ebec4eb6a65698452a7cceab&fields=id HTTP/1.1" status: 200 len: 255 time: 0.1098409
Feb 15 14:58:18.529480 n-d-829248-1 neutron-server[103315]: INFO neutron.wsgi [req-d41c463c-69c6-4d0c-9963-70bfc2a029ab req-574445ac-2a44-43b6-85f6-4ce6166fbeb4 service neutron] 10.222.0.26 "GET /v2.0/floatingips?fixed_ip_address=192.168.233.125&port_id=15e64719-620e-4cd3-a95c-2cade5cec8d0 HTTP/1.1" status: 200 len: 217 time: 0.0786219
Feb 15 14:58:18.622346 n-d-829248-1 neutron-server[103315]: DEBUG neutron.pecan_wsgi.hooks.policy_enforcement [req-d41c463c-69c6-4d0c-9963-70bfc2a029ab req-7ac44ab0-95f7-4de9-a5cf-87a2eafb203c service neutron] Attributes excluded by policy engine: ['standard_attr_id', 'shared'] {{(pid=103315) _exclude_attributes_by_policy /opt/stack/neutron/neutron/pecan_wsgi/hooks/policy_enforcement.py:255}}
Feb 15 14:58:18.625336 n-d-829248-1 neutron-server[103315]: INFO neutron.wsgi [req-d41c463c-69c6-4d0c-9963-70bfc2a029ab req-7ac44ab0-95f7-4de9-a5cf-87a2eafb203c service neutron] 10.222.0.26 "GET /v2.0/subnets?id=aca50470-61c3-4aa8-abb7-ed83171fa465 HTTP/1.1" status: 200 len: 843 time: 0.0906603
Feb 15 14:58:18.644879 n-d-829248-1 neutron-server[103317]: DEBUG neutron.plugins.ml2.db [None req-715446b7-c9e0-4009-b751-c8c122237ded None None] For port ac936838-6c11-430c-a9df-42c94cf18506, host n-h2-829248-1, got binding levels [PortBindingLevel(driver='hyperv',host='n-h2-829248-1',level=0,port_id=ac936838-6c11-430c-a9df-42c94cf18506,segment=NetworkSegment(f323d8a8-5fad-4dbf-8a87-9e953614b3a4),segment_id=f323d8a8-5fad-4dbf-8a87-9e953614b3a4)] {{(pid=103317) get_binding_level_objs /opt/stack/neutron/neutron/plugins/ml2/db.py:74}}
Feb 15 14:58:18.685913 n-d-829248-1 neutron-server[103317]: DEBUG neutron.plugins.ml2.rpc [None req-715446b7-c9e0-4009-b751-c8c122237ded None None] Returning: {'device': 'ac936838-6c11-430c-a9df-42c94cf18506', 'network_id': 'ff81b587-5de0-41f8-b7aa-97d712eddf49', 'port_id': 'ac936838-6c11-430c-a9df-42c94cf18506', 'mac_address': 'fa:16:3e:72:34:30', 'admin_state_up': True, 'network_type': 'vlan', 'segmentation_id': 163, 'physical_network': 'physnet1', 'mtu': 1500, 'fixed_ips': [{'subnet_id': 'aca50470-61c3-4aa8-abb7-ed83171fa465', 'ip_address': '192.168.233.213'}], 'device_owner': 'compute:nova', 'allowed_address_pairs': [], 'port_security_enabled': True, 'qos_policy_id': None, 'network_qos_policy_id': None, 'profile': {}, 'propagate_uplink_status': False} {{(pid=103317) _get_device_details /opt/stack/neutron/neutron/plugins/ml2/rpc.py:184}}
Feb 15 14:58:18.722051 n-d-829248-1 neutron-server[103315]: DEBUG neutron.pecan_wsgi.hooks.policy_enforcement [req-d41c463c-69c6-4d0c-9963-70bfc2a029ab req-d2a8f8e3-9d3c-442c-ac1f-95762cce3f95 service neutron] Attributes excluded by policy engine: ['standard_attr_id'] {{(pid=103315) _exclude_attributes_by_policy /opt/stack/neutron/neutron/pecan_wsgi/hooks/policy_enforcement.py:255}}
Feb 15 14:58:18.726532 n-d-829248-1 neutron-server[103315]: INFO neutron.wsgi [req-d41c463c-69c6-4d0c-9963-70bfc2a029ab req-d2a8f8e3-9d3c-442c-ac1f-95762cce3f95 service neutron] 10.222.0.26 "GET /v2.0/ports?network_id=ff81b587-5de0-41f8-b7aa-97d712eddf49&device_owner=network%3Adhcp HTTP/1.1" status: 200 len: 1203 time: 0.0955467
Feb 15 14:58:18.728208 n-d-829248-1 neutron-server[103317]: DEBUG neutron.plugins.ml2.plugin [None req-715446b7-c9e0-4009-b751-c8c122237ded None None] Current status of the port ac936838-6c11-430c-a9df-42c94cf18506 is: DOWN; New status is: BUILD {{(pid=103317) _update_individual_port_db_status /opt/stack/neutron/neutron/plugins/ml2/plugin.py:2232}}
Feb 15 14:58:18.728821 n-d-829248-1 neutron-server[103317]: DEBUG neutron_lib.callbacks.manager [None req-715446b7-c9e0-4009-b751-c8c122237ded None None] Publish callbacks ['neutron.plugins.ml2.plugin.SecurityGroupDbMixin._ensure_default_security_group_handler-3507591'] for port (ac936838-6c11-430c-a9df-42c94cf18506), before_update {{(pid=103317) _notify_loop /usr/local/lib/python3.8/dist-packages/neutron_lib/callbacks/manager.py:176}}
Feb 15 14:58:18.773704 n-d-829248-1 neutron-server[103317]: DEBUG neutron.notifiers.nova [None req-715446b7-c9e0-4009-b751-c8c122237ded None None] Ignoring state change previous_port_status: DOWN current_port_status: BUILD port_id ac936838-6c11-430c-a9df-42c94cf18506 {{(pid=103317) record_port_status_changed /opt/stack/neutron/neutron/notifiers/nova.py:233}}
Feb 15 14:58:18.824426 n-d-829248-1 neutron-server[103317]: DEBUG neutron.plugins.ml2.db [None req-715446b7-c9e0-4009-b751-c8c122237ded None None] For port ac936838-6c11-430c-a9df-42c94cf18506, host n-h2-829248-1, got binding levels [PortBindingLevel(driver='hyperv',host='n-h2-829248-1',level=0,port_id=ac936838-6c11-430c-a9df-42c94cf18506,segment=NetworkSegment(f323d8a8-5fad-4dbf-8a87-9e953614b3a4),segment_id=f323d8a8-5fad-4dbf-8a87-9e953614b3a4)] {{(pid=103317) get_binding_level_objs /opt/stack/neutron/neutron/plugins/ml2/db.py:74}}
Feb 15 14:58:18.829835 n-d-829248-1 neutron-server[103317]: DEBUG neutron_lib.callbacks.manager [None req-715446b7-c9e0-4009-b751-c8c122237ded None None] Publish callbacks ['neutron.plugins.ml2.plugin.SecurityGroupServerNotifierRpcMixin._notify_sg_on_port_change-3507544', 'neutron.plugins.ml2.ovo_rpc._ObjectChangeHandler.handle_event-4090677', 'neutron.api.rpc.agentnotifiers.dhcp_rpc_agent_api.DhcpAgentNotifyAPI._native_event_send_dhcp_notification-3923272', 'neutron.db.l3_db.L3RpcNotifierMixin._notify_gateway_port_ip_changed-8784061627935', 'neutron.db.l3_dvrscheduler_db._notify_l3_agent_port_update-8784061187018', 'neutron.db.l3_hascheduler_db._notify_l3_agent_ha_port_update-8784061187036'] for port (ac936838-6c11-430c-a9df-42c94cf18506), after_update {{(pid=103317) _notify_loop /usr/local/lib/python3.8/dist-packages/neutron_lib/callbacks/manager.py:176}}
Feb 15 14:58:18.866727 n-d-829248-1 neutron-server[103316]: INFO neutron.api.v2.resource [req-b7586860-b088-48c3-901f-0c3c5aced3e1 req-4eaaab3f-afe3-4c93-80b7-e9c5eb12ccd1 tempest-FloatingIPDetailsNegativeTestJSON-1157665596 tempest-FloatingIPDetailsNegativeTestJSON-1157665596-project] show failed (client error): The resource could not be found.
Feb 15 14:58:18.884300 n-d-829248-1 neutron-server[103316]: INFO neutron.wsgi [req-b7586860-b088-48c3-901f-0c3c5aced3e1 req-4eaaab3f-afe3-4c93-80b7-e9c5eb12ccd1 tempest-FloatingIPDetailsNegativeTestJSON-1157665596 tempest-FloatingIPDetailsNegativeTestJSON-1157665596-project] 10.222.0.52 "GET /v2.0/floatingips/ddcf5f87-d18f-4fda-aed4-faebdb42d234 HTTP/1.1" status: 404 len: 350 time: 0.2164714
Feb 15 14:58:18.888152 n-d-829248-1 neutron-server[103316]: DEBUG neutron.wsgi [-] (103316) accepted ('10.222.0.52', 35762) {{(pid=103316) server /usr/local/lib/python3.8/dist-packages/eventlet/wsgi.py:1004}}
Feb 15 14:58:18.932193 n-d-829248-1 neutron-server[103315]: DEBUG novaclient.v2.client [-] RESP: [200] Connection: close Content-Length: 179 Content-Type: application/json Date: Tue, 15 Feb 2022 14:58:18 GMT OpenStack-API-Version: compute 2.1 Server: Apache/2.4.41 (Ubuntu) Vary: OpenStack-API-Version,X-OpenStack-Nova-API-Version X-OpenStack-Nova-API-Version: 2.1 x-compute-request-id: req-ab36c2b0-4924-46c3-a677-20a36b010714 x-openstack-request-id: req-ab36c2b0-4924-46c3-a677-20a36b010714 {{(pid=103315) _http_log_response /usr/local/lib/python3.8/dist-packages/keystoneauth1/session.py:550}}
Feb 15 14:58:18.932765 n-d-829248-1 neutron-server[103315]: DEBUG novaclient.v2.client [-] RESP BODY: {"events": [{"name": "network-changed", "server_uuid": "af2211c1-f542-462f-b0d1-94d16d30e075", "tag": "15e64719-620e-4cd3-a95c-2cade5cec8d0", "status": "completed", "code": 200}]} {{(pid=103315) _http_log_response /usr/local/lib/python3.8/dist-packages/keystoneauth1/session.py:582}}
Feb 15 14:58:18.933212 n-d-829248-1 neutron-server[103315]: DEBUG novaclient.v2.client [-] POST call to compute for http://10.222.0.52/compute/v2.1/os-server-external-events used request id req-ab36c2b0-4924-46c3-a677-20a36b010714 {{(pid=103315) request /usr/local/lib/python3.8/dist-packages/keystoneauth1/session.py:954}}
Feb 15 14:58:18.933702 n-d-829248-1 neutron-server[103315]: INFO neutron.notifiers.nova [-] Nova event response: {'name': 'network-changed', 'server_uuid': 'af2211c1-f542-462f-b0d1-94d16d30e075', 'tag': '15e64719-620e-4cd3-a95c-2cade5cec8d0', 'status': 'completed', 'code': 200}
Feb 15 14:58:18.944379 n-d-829248-1 neutron-server[103317]: DEBUG neutron.plugins.ml2.rpc [None req-2a926df1-04ee-4e28-b62a-1854cf0664c1 None None] Device 2c171ff8-4c93-44e8-ad3e-24bf5bae2edf up at agent ovs-agent-n-d-829248-1 {{(pid=103317) update_device_up /opt/stack/neutron/neutron/plugins/ml2/rpc.py:296}}
Feb 15 14:58:19.015795 n-d-829248-1 neutron-server[103315]: INFO neutron.wsgi [req-d41c463c-69c6-4d0c-9963-70bfc2a029ab req-0d72cca7-9b18-4f25-a005-e066a8d5672c service neutron] 10.222.0.26 "GET /v2.0/networks/ff81b587-5de0-41f8-b7aa-97d712eddf49?fields=segments HTTP/1.1" status: 200 len: 212 time: 0.2821379
Feb 15 14:58:19.035978 n-d-829248-1 neutron-server[103315]: DEBUG neutron.wsgi [-] (103315) accepted ('10.222.0.52', 35766) {{(pid=103315) server /usr/local/lib/python3.8/dist-packages/eventlet/wsgi.py:1004}}
Feb 15 14:58:19.076499 n-d-829248-1 neutron-server[103316]: INFO neutron.wsgi [req-99114ae8-869c-4834-8678-5a6788ede5f3 req-15060fd2-73f5-4ffc-a9d4-38b6ec1c3d77 tempest-LiveMigrationNegativeTest-1320550091 tempest-LiveMigrationNegativeTest-1320550091-project] 10.222.0.52 "GET /v2.0/ports?device_id=2351e06b-99b8-41ea-8ad1-f0e3aa564988 HTTP/1.1" status: 200 len: 210 time: 0.1872776
Feb 15 14:58:19.108487 n-d-829248-1 neutron-server[103317]: DEBUG neutron.api.rpc.handlers.resources_rpc [None req-715446b7-c9e0-4009-b751-c8c122237ded None None] Pushing event updated for resources: {'Port': ['ID=ac936838-6c11-430c-a9df-42c94cf18506,revision_number=4']} {{(pid=103317) push /opt/stack/neutron/neutron/api/rpc/handlers/resources_rpc.py:237}}
Feb 15 14:58:19.125164 n-d-829248-1 neutron-server[103315]: DEBUG neutron.wsgi [-] (103315) accepted ('10.222.0.52', 35768) {{(pid=103315) server /usr/local/lib/python3.8/dist-packages/eventlet/wsgi.py:1004}}
Feb 15 14:58:19.136374 n-d-829248-1 neutron-server[103317]: DEBUG neutron.db.provisioning_blocks [None req-2a926df1-04ee-4e28-b62a-1854cf0664c1 None None] Provisioning complete for port 2c171ff8-4c93-44e8-ad3e-24bf5bae2edf triggered by entity L2. {{(pid=103317) provisioning_complete /opt/stack/neutron/neutron/db/provisioning_blocks.py:139}}
Feb 15 14:58:19.137621 n-d-829248-1 neutron-server[103317]: DEBUG neutron_lib.callbacks.manager [None req-2a926df1-04ee-4e28-b62a-1854cf0664c1 None None] Publish callbacks ['neutron.plugins.ml2.plugin.Ml2Plugin._port_provisioned-668982'] for port (2c171ff8-4c93-44e8-ad3e-24bf5bae2edf), provisioning_complete {{(pid=103317) _notify_loop /usr/local/lib/python3.8/dist-packages/neutron_lib/callbacks/manager.py:176}}
Feb 15 14:58:19.162864 n-d-829248-1 neutron-server[103315]: DEBUG neutron_lib.callbacks.manager [None req-18c2fc17-2480-4241-a0ff-37f8b51c9aca admin admin] Publish callbacks [] for security_group (None), before_create {{(pid=103315) _notify_loop /usr/local/lib/python3.8/dist-packages/neutron_lib/callbacks/manager.py:176}}
Feb 15 14:58:19.197586 n-d-829248-1 neutron-server[103317]: DEBUG neutron.plugins.ml2.db [None req-715446b7-c9e0-4009-b751-c8c122237ded None None] get_ports_and_sgs() called for port_ids ['ac936838-6c11-430c-a9df-42c94cf18506'] {{(pid=103317) get_ports_and_sgs /opt/stack/neutron/neutron/plugins/ml2/db.py:156}}
Feb 15 14:58:19.218118 n-d-829248-1 neutron-server[103315]: DEBUG neutron_lib.callbacks.manager [None req-112ee55b-181b-4731-bf74-bac2a5532177 admin admin] Publish callbacks [] for security_group (None), before_create {{(pid=103315) _notify_loop /usr/local/lib/python3.8/dist-packages/neutron_lib/callbacks/manager.py:176}}
Feb 15 14:58:19.282794 n-d-829248-1 neutron-server[103316]: DEBUG neutron.pecan_wsgi.hooks.policy_enforcement [req-45fd2784-857c-4ea0-b9cf-59aedb7b47e8 req-2e18420e-f403-4ee3-af1c-9defcd70d3c1 tempest-DeleteServersAdminTestJSON-1551857191 tempest-DeleteServersAdminTestJSON-1551857191-project] Attributes excluded by policy engine: ['standard_attr_id', 'binding:profile', 'binding:host_id', 'binding:vif_type', 'binding:vif_details'] {{(pid=103316) _exclude_attributes_by_policy /opt/stack/neutron/neutron/pecan_wsgi/hooks/policy_enforcement.py:255}}
Feb 15 14:58:19.286819 n-d-829248-1 neutron-server[103316]: INFO neutron.wsgi [req-45fd2784-857c-4ea0-b9cf-59aedb7b47e8 req-2e18420e-f403-4ee3-af1c-9defcd70d3c1 tempest-DeleteServersAdminTestJSON-1551857191 tempest-DeleteServersAdminTestJSON-1551857191-project] 10.222.0.52 "GET /v2.0/ports?device_id=af2211c1-f542-462f-b0d1-94d16d30e075 HTTP/1.1" status: 200 len: 948 time: 0.2069027
Feb 15 14:58:19.401603 n-d-829248-1 neutron-server[103315]: INFO neutron.wsgi [req-d41c463c-69c6-4d0c-9963-70bfc2a029ab req-acfc8730-6eaf-42f0-aa8f-80345a6894fb service neutron] 10.222.0.26 "GET /v2.0/networks/ff81b587-5de0-41f8-b7aa-97d712eddf49?fields=provider%3Aphysical_network&fields=provider%3Anetwork_type HTTP/1.1" status: 200 len: 281 time: 0.3798847
Feb 15 14:58:19.487996 n-d-829248-1 neutron-server[103317]: DEBUG neutron.api.rpc.handlers.l3_rpc [None req-0fe579cc-03dc-4a9b-9c10-8f96d5ddd61d None None] Sync routers for ids ['99c2578c-9183-44f5-8ad1-58246f130e2c'] in n-d-829248-1 {{(pid=103317) sync_routers /opt/stack/neutron/neutron/api/rpc/handlers/l3_rpc.py:125}}
Feb 15 14:58:19.537228 n-d-829248-1 neutron-server[103316]: DEBUG neutron.pecan_wsgi.hooks.policy_enforcement [req-b1a35e48-474e-4b56-aef0-49993de01a0f req-e5d7453d-dfd3-43e4-b14f-2928e1230e42 tempest-TenantUsagesTestJSON-1277183355 tempest-TenantUsagesTestJSON-1277183355-project] Attributes excluded by policy engine: ['standard_attr_id', 'binding:profile', 'binding:host_id', 'binding:vif_type', 'binding:vif_details'] {{(pid=103316) _exclude_attributes_by_policy /opt/stack/neutron/neutron/pecan_wsgi/hooks/policy_enforcement.py:255}}
Feb 15 14:58:19.545310 n-d-829248-1 neutron-server[103316]: INFO neutron.wsgi [req-b1a35e48-474e-4b56-aef0-49993de01a0f req-e5d7453d-dfd3-43e4-b14f-2928e1230e42 tempest-TenantUsagesTestJSON-1277183355 tempest-TenantUsagesTestJSON-1277183355-project] 10.222.0.52 "GET /v2.0/ports?device_id=c1f994f9-4e72-4992-b325-d21862ca155b HTTP/1.1" status: 200 len: 949 time: 0.1619139
Feb 15 14:58:19.558240 n-d-829248-1 neutron-server[103317]: DEBUG neutron.db.l3_dvrscheduler_db [None req-0fe579cc-03dc-4a9b-9c10-8f96d5ddd61d None None] Routers {'99c2578c-9183-44f5-8ad1-58246f130e2c'} bound to L3 agent in host n-d-829248-1 {{(pid=103317) _get_router_ids_for_agent /opt/stack/neutron/neutron/db/l3_dvrscheduler_db.py:421}}
Feb 15 14:58:19.567439 n-d-829248-1 neutron-server[103317]: DEBUG neutron.db.l3_hamode_db [None req-0fe579cc-03dc-4a9b-9c10-8f96d5ddd61d None None] neutron.services.l3_router.l3_router_plugin.L3RouterPlugin method get_ha_sync_data_for_host called with arguments (, 'n-d-829248-1', Agent(admin_state_up=True,agent_type='L3 agent',availability_zone='nova',binary='neutron-l3-agent',configurations={"agent_mode": "legacy", "ex_gw_ports": 1, "extensions": [], "floating_ips": 0, "handle_internal_only_routers": true, "interface_driver": "openvswitch", "interfaces": 1, "log_agent_heartbeats": false, "routers": 1},created_at=2022-02-15T14:47:08Z,description=,heartbeat_timestamp=2022-02-15T14:58:08Z,host='n-d-829248-1',id=da8012d4-7798-4535-98fd-d3ed83c5af70,load=0,resource_versions=,resources_synced=,started_at=2022-02-15T14:47:08Z,topic='l3_agent')) {'router_ids': ['99c2578c-9183-44f5-8ad1-58246f130e2c'], 'active': True} {{(pid=103317) wrapper /usr/local/lib/python3.8/dist-packages/oslo_log/helpers.py:65}}
Feb 15 14:58:19.575907 n-d-829248-1 neutron-server[103315]: DEBUG neutron_lib.callbacks.manager [None req-18c2fc17-2480-4241-a0ff-37f8b51c9aca admin admin] Publish callbacks [] for security_group (5a5e3e4f-7851-4bc6-a39e-d80fbde0434a), precommit_create {{(pid=103315) _notify_loop /usr/local/lib/python3.8/dist-packages/neutron_lib/callbacks/manager.py:176}}
Feb 15 14:58:19.593727 n-d-829248-1 neutron-server[103316]: INFO neutron.wsgi [req-45fd2784-857c-4ea0-b9cf-59aedb7b47e8 req-8fcaad41-5345-44e9-8457-e34f3f6f6c84 tempest-DeleteServersAdminTestJSON-1551857191 tempest-DeleteServersAdminTestJSON-1551857191-project] 10.222.0.52 "GET /v2.0/security-groups?id=20b0d8eb-e7cc-4317-9cd7-b4173c75eca5&fields=id&fields=name HTTP/1.1" status: 200 len: 286 time: 0.3021481
Feb 15 14:58:19.597082 n-d-829248-1 neutron-server[103315]: DEBUG neutron.pecan_wsgi.hooks.policy_enforcement [req-3f1e9b80-da9d-4632-9c7b-07d9e47150e0 req-cc0a20fd-ad1a-403e-9b8a-b5b96bee488b service neutron] Attributes excluded by policy engine: ['standard_attr_id'] {{(pid=103315) _exclude_attributes_by_policy /opt/stack/neutron/neutron/pecan_wsgi/hooks/policy_enforcement.py:255}}
Feb 15 14:58:19.598879 n-d-829248-1 neutron-server[103315]: INFO neutron.wsgi [req-3f1e9b80-da9d-4632-9c7b-07d9e47150e0 req-cc0a20fd-ad1a-403e-9b8a-b5b96bee488b service neutron] 10.222.0.26 "GET /v2.0/ports?tenant_id=2a4c6da52d594c75afc8defb8f1b6695&device_id=af2211c1-f542-462f-b0d1-94d16d30e075 HTTP/1.1" status: 200 len: 1130 time: 0.1264515
Feb 15 14:58:19.600300 n-d-829248-1 neutron-server[103315]: DEBUG neutron_lib.callbacks.manager [None req-18c2fc17-2480-4241-a0ff-37f8b51c9aca admin admin] Publish callbacks ['neutron.plugins.ml2.ovo_rpc._ObjectChangeHandler.handle_event-3690003'] for security_group (5a5e3e4f-7851-4bc6-a39e-d80fbde0434a), after_create {{(pid=103315) _notify_loop /usr/local/lib/python3.8/dist-packages/neutron_lib/callbacks/manager.py:176}}
Feb 15 14:58:19.631892 n-d-829248-1 neutron-server[103315]: DEBUG neutron_lib.callbacks.manager [None req-112ee55b-181b-4731-bf74-bac2a5532177 admin admin] Publish callbacks [] for security_group (125379f4-6aa5-4129-85a5-eed3dc30c966), precommit_create {{(pid=103315) _notify_loop /usr/local/lib/python3.8/dist-packages/neutron_lib/callbacks/manager.py:176}}
Feb 15 14:58:19.685883 n-d-829248-1 neutron-server[103315]: DEBUG neutron_lib.callbacks.manager [None req-112ee55b-181b-4731-bf74-bac2a5532177 admin admin] Publish callbacks ['neutron.plugins.ml2.ovo_rpc._ObjectChangeHandler.handle_event-3690003'] for security_group (125379f4-6aa5-4129-85a5-eed3dc30c966), after_create {{(pid=103315) _notify_loop /usr/local/lib/python3.8/dist-packages/neutron_lib/callbacks/manager.py:176}}
Feb 15 14:58:19.715118 n-d-829248-1 neutron-server[103315]: INFO neutron.wsgi [None req-112ee55b-181b-4731-bf74-bac2a5532177 admin admin] 10.222.0.52 "GET /v2.0/security-groups?tenant_id=a6df85f86e5b48dcbc1768a78c659e71&name=default HTTP/1.1" status: 200 len: 2996 time: 0.5794985
Feb 15 14:58:19.724325 n-d-829248-1 neutron-server[103315]: DEBUG neutron.wsgi [-] (103315) accepted ('10.222.0.52', 35794) {{(pid=103315) server /usr/local/lib/python3.8/dist-packages/eventlet/wsgi.py:1004}}
Feb 15 14:58:19.728703 n-d-829248-1 neutron-server[103317]: DEBUG neutron.db.l3_dvr_db [None req-0fe579cc-03dc-4a9b-9c10-8f96d5ddd61d None None] Set router 99c2578c-9183-44f5-8ad1-58246f130e2c gateway port host: n-d-829248-1 {{(pid=103317) _build_routers_list /opt/stack/neutron/neutron/db/l3_dvr_db.py:906}}
Feb 15 14:58:19.763859 n-d-829248-1 neutron-server[103315]: INFO neutron.wsgi [None req-18c2fc17-2480-4241-a0ff-37f8b51c9aca admin admin] 10.222.0.52 "GET /v2.0/security-groups?tenant_id=7dd9a23e46dc4958ad247c2e907301a1&name=default HTTP/1.1" status: 200 len: 2996 time: 0.7248030
Feb 15 14:58:19.766129 n-d-829248-1 neutron-server[103315]: DEBUG neutron.wsgi [-] (103315) accepted ('10.222.0.52', 35796) {{(pid=103315) server /usr/local/lib/python3.8/dist-packages/eventlet/wsgi.py:1004}}
Feb 15 14:58:19.776864 n-d-829248-1 neutron-server[103315]: DEBUG neutron.api.rpc.handlers.resources_rpc [None req-18c2fc17-2480-4241-a0ff-37f8b51c9aca admin admin] Pushing event updated for resources: {'SecurityGroup': ['ID=5a5e3e4f-7851-4bc6-a39e-d80fbde0434a,revision_number=1']} {{(pid=103315) push /opt/stack/neutron/neutron/api/rpc/handlers/resources_rpc.py:237}}
Feb 15 14:58:19.780993 n-d-829248-1 neutron-server[103316]: INFO neutron.wsgi [req-b1a35e48-474e-4b56-aef0-49993de01a0f req-b856f43f-df85-4511-b01b-5693ed47e81e tempest-TenantUsagesTestJSON-1277183355 tempest-TenantUsagesTestJSON-1277183355-project] 10.222.0.52 "GET /v2.0/security-groups?id=5b42bc89-8349-4210-8015-2cece45a384f&fields=id&fields=name HTTP/1.1" status: 200 len: 286 time: 0.2341764
Feb 15 14:58:19.833872 n-d-829248-1 neutron-server[103317]: DEBUG neutron.plugins.ml2.plugin [None req-2a926df1-04ee-4e28-b62a-1854cf0664c1 None None] Current status of the port 2c171ff8-4c93-44e8-ad3e-24bf5bae2edf is: ACTIVE; New status is: ACTIVE {{(pid=103317) _update_individual_port_db_status /opt/stack/neutron/neutron/plugins/ml2/plugin.py:2232}}
Feb 15 14:58:19.835557 n-d-829248-1 neutron-server[103315]: DEBUG neutron.api.rpc.handlers.resources_rpc [None req-112ee55b-181b-4731-bf74-bac2a5532177 admin admin] Pushing event updated for resources: {'SecurityGroup': ['ID=125379f4-6aa5-4129-85a5-eed3dc30c966,revision_number=1']} {{(pid=103315) push /opt/stack/neutron/neutron/api/rpc/handlers/resources_rpc.py:237}}
Feb 15 14:58:19.981578 n-d-829248-1 neutron-server[103315]: DEBUG neutron_lib.callbacks.manager [None req-7d995943-792e-4dd1-b0f6-ddfa2fefe489 admin admin] Publish callbacks [] for security_group (5a5e3e4f-7851-4bc6-a39e-d80fbde0434a), before_delete {{(pid=103315) _notify_loop /usr/local/lib/python3.8/dist-packages/neutron_lib/callbacks/manager.py:176}}
Feb 15 14:58:19.998148 n-d-829248-1 neutron-server[103315]: DEBUG neutron.pecan_wsgi.hooks.policy_enforcement [req-3f1e9b80-da9d-4632-9c7b-07d9e47150e0 req-a65f557f-ddc5-4c1e-9091-9a3ce8930986 service neutron] Attributes excluded by policy engine: ['standard_attr_id', 'vlan_transparent'] {{(pid=103315) _exclude_attributes_by_policy /opt/stack/neutron/neutron/pecan_wsgi/hooks/policy_enforcement.py:255}}
Feb 15 14:58:19.999754 n-d-829248-1 neutron-server[103315]: INFO neutron.wsgi [req-3f1e9b80-da9d-4632-9c7b-07d9e47150e0 req-a65f557f-ddc5-4c1e-9091-9a3ce8930986 service neutron] 10.222.0.26 "GET /v2.0/networks?id=ff81b587-5de0-41f8-b7aa-97d712eddf49 HTTP/1.1" status: 200 len: 870 time: 0.3904796
Feb 15 14:58:20.041588 n-d-829248-1 neutron-server[103315]: DEBUG neutron_lib.callbacks.manager [None req-9119eb43-8eef-472a-ba3a-168f991d543e admin admin] Publish callbacks [] for security_group (125379f4-6aa5-4129-85a5-eed3dc30c966), before_delete {{(pid=103315) _notify_loop /usr/local/lib/python3.8/dist-packages/neutron_lib/callbacks/manager.py:176}}
