Feb 15 15:22:38.964368 n-d-829248-1 devstack@placement-api.service[103797]: [pid: 103797|app: 0|req: 473/949] 10.222.0.26 () {58 vars in 1390 bytes} [Tue Feb 15 15:22:38 2022] GET /placement/resource_providers/bc2fef6d-1826-4adf-a237-91de9e0e6294/allocations => generated 241 bytes in 50 msecs (HTTP/1.1 200) 6 headers in 224 bytes (1 switches on core 0)
Feb 15 15:22:53.331663 n-d-829248-1 devstack@placement-api.service[103798]: DEBUG placement.requestlog [req-683ec5b8-a1c8-447e-b195-bd2e002446f8 req-405daa7d-3e74-4afc-a218-37d4d6622611 None None] Starting request: 10.222.0.52 "GET /placement/allocation_candidates?limit=1000&resources=DISK_GB%3A1%2CMEMORY_MB%3A1024%2CVCPU%3A1&root_required=%21COMPUTE_STATUS_DISABLED" {{(pid=103798) __call__ /opt/stack/placement/placement/requestlog.py:55}}
Feb 15 15:22:53.408180 n-d-829248-1 devstack@placement-api.service[103798]: DEBUG placement.objects.research_context [req-683ec5b8-a1c8-447e-b195-bd2e002446f8 req-405daa7d-3e74-4afc-a218-37d4d6622611 service placement] getting providers with 1 DISK_GB {{(pid=103798) __init__ /opt/stack/placement/placement/objects/research_context.py:126}}
Feb 15 15:22:53.428752 n-d-829248-1 devstack@placement-api.service[103798]: DEBUG placement.objects.research_context [req-683ec5b8-a1c8-447e-b195-bd2e002446f8 req-405daa7d-3e74-4afc-a218-37d4d6622611 service placement] getting providers with 1024 MEMORY_MB {{(pid=103798) __init__ /opt/stack/placement/placement/objects/research_context.py:126}}
Feb 15 15:22:53.446952 n-d-829248-1 devstack@placement-api.service[103798]: DEBUG placement.objects.research_context [req-683ec5b8-a1c8-447e-b195-bd2e002446f8 req-405daa7d-3e74-4afc-a218-37d4d6622611 service placement] getting providers with 1 VCPU {{(pid=103798) __init__ /opt/stack/placement/placement/objects/research_context.py:126}}
Feb 15 15:22:53.467194 n-d-829248-1 devstack@placement-api.service[103798]: DEBUG placement.objects.research_context [req-683ec5b8-a1c8-447e-b195-bd2e002446f8 req-405daa7d-3e74-4afc-a218-37d4d6622611 service placement] found 2 providers with available 1 DISK_GB {{(pid=103798) get_provider_ids_matching /opt/stack/placement/placement/objects/research_context.py:549}}
Feb 15 15:22:53.467889 n-d-829248-1 devstack@placement-api.service[103798]: DEBUG placement.objects.research_context [req-683ec5b8-a1c8-447e-b195-bd2e002446f8 req-405daa7d-3e74-4afc-a218-37d4d6622611 service placement] found 2 providers with available 1024 MEMORY_MB {{(pid=103798) get_provider_ids_matching /opt/stack/placement/placement/objects/research_context.py:549}}
Feb 15 15:22:53.468326 n-d-829248-1 devstack@placement-api.service[103798]: DEBUG placement.objects.research_context [req-683ec5b8-a1c8-447e-b195-bd2e002446f8 req-405daa7d-3e74-4afc-a218-37d4d6622611 service placement] found 2 providers after filtering by previous result {{(pid=103798) get_provider_ids_matching /opt/stack/placement/placement/objects/research_context.py:580}}
Feb 15 15:22:53.468726 n-d-829248-1 devstack@placement-api.service[103798]: DEBUG placement.objects.research_context [req-683ec5b8-a1c8-447e-b195-bd2e002446f8 req-405daa7d-3e74-4afc-a218-37d4d6622611 service placement] found 2 providers with available 1 VCPU {{(pid=103798) get_provider_ids_matching /opt/stack/placement/placement/objects/research_context.py:549}}
Feb 15 15:22:53.469138 n-d-829248-1 devstack@placement-api.service[103798]: DEBUG placement.objects.research_context [req-683ec5b8-a1c8-447e-b195-bd2e002446f8 req-405daa7d-3e74-4afc-a218-37d4d6622611 service placement] found 2 providers after filtering by previous result {{(pid=103798) get_provider_ids_matching /opt/stack/placement/placement/objects/research_context.py:580}}
Feb 15 15:22:53.502692 n-d-829248-1 devstack@placement-api.service[103798]: DEBUG placement.objects.allocation_candidate [req-683ec5b8-a1c8-447e-b195-bd2e002446f8 req-405daa7d-3e74-4afc-a218-37d4d6622611 service placement] RequestGroup(use_same_provider=False, resources={DISK_GB:1, MEMORY_MB:1024, VCPU:1}, traits=[], aggregates=[]) (suffix '') returned 2 matches {{(pid=103798) _get_by_requests /opt/stack/placement/placement/objects/allocation_candidate.py:145}}
Feb 15 15:22:53.503084 n-d-829248-1 devstack@placement-api.service[103798]: DEBUG placement.objects.allocation_candidate [req-683ec5b8-a1c8-447e-b195-bd2e002446f8 req-405daa7d-3e74-4afc-a218-37d4d6622611 service placement] Merging candidates yields 2 allocation requests and 2 provider summaries {{(pid=103798) _merge_candidates /opt/stack/placement/placement/objects/allocation_candidate.py:783}}
Feb 15 15:22:53.512734 n-d-829248-1 devstack@placement-api.service[103798]: INFO placement.requestlog [req-683ec5b8-a1c8-447e-b195-bd2e002446f8 req-405daa7d-3e74-4afc-a218-37d4d6622611 service placement] 10.222.0.52 "GET /placement/allocation_candidates?limit=1000&resources=DISK_GB%3A1%2CMEMORY_MB%3A1024%2CVCPU%3A1&root_required=%21COMPUTE_STATUS_DISABLED" status: 200 len: 1309 microversion: 1.36
Feb 15 15:22:53.513819 n-d-829248-1 devstack@placement-api.service[103798]: [pid: 103798|app: 0|req: 477/950] 10.222.0.52 () {60 vars in 1506 bytes} [Tue Feb 15 15:22:53 2022] GET /placement/allocation_candidates?limit=1000&resources=DISK_GB%3A1%2CMEMORY_MB%3A1024%2CVCPU%3A1&root_required=%21COMPUTE_STATUS_DISABLED => generated 1309 bytes in 182 msecs (HTTP/1.1 200) 8 headers in 297 bytes (1 switches on core 0)
Feb 15 15:22:53.615354 n-d-829248-1 devstack@placement-api.service[103797]: DEBUG placement.requestlog [req-683ec5b8-a1c8-447e-b195-bd2e002446f8 req-8fae1d9f-79d3-48b1-aa40-5998adbe648b None None] Starting request: 10.222.0.52 "GET /placement/allocations/e7237db8-5b9e-4b8b-86f5-fd6fab954d93" {{(pid=103797) __call__ /opt/stack/placement/placement/requestlog.py:55}}
Feb 15 15:22:53.638714 n-d-829248-1 devstack@placement-api.service[103797]: INFO placement.requestlog [req-683ec5b8-a1c8-447e-b195-bd2e002446f8 req-8fae1d9f-79d3-48b1-aa40-5998adbe648b service placement] 10.222.0.52 "GET /placement/allocations/e7237db8-5b9e-4b8b-86f5-fd6fab954d93" status: 200 len: 19 microversion: 1.28
Feb 15 15:22:53.644336 n-d-829248-1 devstack@placement-api.service[103797]: [pid: 103797|app: 0|req: 474/951] 10.222.0.52 () {60 vars in 1380 bytes} [Tue Feb 15 15:22:53 2022] GET /placement/allocations/e7237db8-5b9e-4b8b-86f5-fd6fab954d93 => generated 19 bytes in 28 msecs (HTTP/1.1 200) 8 headers in 295 bytes (1 switches on core 0)
Feb 15 15:22:53.648947 n-d-829248-1 devstack@placement-api.service[103798]: DEBUG placement.requestlog [req-683ec5b8-a1c8-447e-b195-bd2e002446f8 req-a157abae-03b8-468b-a87b-04b832740989 None None] Starting request: 10.222.0.52 "PUT /placement/allocations/e7237db8-5b9e-4b8b-86f5-fd6fab954d93" {{(pid=103798) __call__ /opt/stack/placement/placement/requestlog.py:55}}
Feb 15 15:22:53.810262 n-d-829248-1 devstack@placement-api.service[103798]: DEBUG placement.handlers.allocation [req-683ec5b8-a1c8-447e-b195-bd2e002446f8 req-a157abae-03b8-468b-a87b-04b832740989 service placement] Successfully wrote allocations [, , ] {{(pid=103798) _update_consumers_and_create_allocations /opt/stack/placement/placement/handlers/allocation.py:462}}
Feb 15 15:22:53.816574 n-d-829248-1 devstack@placement-api.service[103798]: INFO placement.requestlog [req-683ec5b8-a1c8-447e-b195-bd2e002446f8 req-a157abae-03b8-468b-a87b-04b832740989 service placement] 10.222.0.52 "PUT /placement/allocations/e7237db8-5b9e-4b8b-86f5-fd6fab954d93" status: 204 len: 0 microversion: 1.36
Feb 15 15:22:53.818329 n-d-829248-1 devstack@placement-api.service[103798]: [pid: 103798|app: 0|req: 478/952] 10.222.0.52 () {64 vars in 1433 bytes} [Tue Feb 15 15:22:53 2022] PUT /placement/allocations/e7237db8-5b9e-4b8b-86f5-fd6fab954d93 => generated 0 bytes in 170 msecs (HTTP/1.1 204) 5 headers in 199 bytes (1 switches on core 0)
Feb 15 15:22:54.492314 n-d-829248-1 devstack@placement-api.service[103797]: DEBUG placement.requestlog [req-683ec5b8-a1c8-447e-b195-bd2e002446f8 req-80d950bf-8e76-4b43-b32a-1f931e046ad1 None None] Starting request: 10.222.0.26 "GET /placement/allocations/e7237db8-5b9e-4b8b-86f5-fd6fab954d93" {{(pid=103797) __call__ /opt/stack/placement/placement/requestlog.py:55}}
Feb 15 15:22:54.538476 n-d-829248-1 devstack@placement-api.service[103797]: INFO placement.requestlog [req-683ec5b8-a1c8-447e-b195-bd2e002446f8 req-80d950bf-8e76-4b43-b32a-1f931e046ad1 service placement] 10.222.0.26 "GET /placement/allocations/e7237db8-5b9e-4b8b-86f5-fd6fab954d93" status: 200 len: 259 microversion: 1.28
Feb 15 15:22:54.538870 n-d-829248-1 devstack@placement-api.service[103797]: [pid: 103797|app: 0|req: 475/953] 10.222.0.26 () {60 vars in 1377 bytes} [Tue Feb 15 15:22:54 2022] GET /placement/allocations/e7237db8-5b9e-4b8b-86f5-fd6fab954d93 => generated 259 bytes in 48 msecs (HTTP/1.1 200) 8 headers in 296 bytes (1 switches on core 0)
Feb 15 15:23:32.498314 n-d-829248-1 devstack@placement-api.service[103798]: DEBUG placement.requestlog [req-bafb0f49-9ec5-4535-8740-903af8922665 req-6fce9484-34cd-4f1c-92a5-03b0d43b97f7 None None] Starting request: 10.222.0.94 "GET /placement/resource_providers/a5920261-8fd3-4da3-be47-3de5a8cebbc5/allocations" {{(pid=103798) __call__ /opt/stack/placement/placement/requestlog.py:55}}
Feb 15 15:23:32.528105 n-d-829248-1 devstack@placement-api.service[103798]: INFO placement.requestlog [req-bafb0f49-9ec5-4535-8740-903af8922665 req-6fce9484-34cd-4f1c-92a5-03b0d43b97f7 service placement] 10.222.0.94 "GET /placement/resource_providers/a5920261-8fd3-4da3-be47-3de5a8cebbc5/allocations" status: 200 len: 255 microversion: 1.0
Feb 15 15:23:32.529922 n-d-829248-1 devstack@placement-api.service[103798]: [pid: 103798|app: 0|req: 479/954] 10.222.0.94 () {58 vars in 1390 bytes} [Tue Feb 15 15:23:32 2022] GET /placement/resource_providers/a5920261-8fd3-4da3-be47-3de5a8cebbc5/allocations => generated 255 bytes in 32 msecs (HTTP/1.1 200) 6 headers in 224 bytes (1 switches on core 0)
Feb 15 15:23:34.214237 n-d-829248-1 devstack@placement-api.service[103797]: DEBUG placement.requestlog [req-990e8f42-9496-4671-ace7-103c843c942e req-040d9389-8a60-4e48-8137-3399c2071423 None None] Starting request: 10.222.0.26 "DELETE /placement/allocations/fa4dd263-cd5e-4ae9-8d2b-6e56cdb4348b" {{(pid=103797) __call__ /opt/stack/placement/placement/requestlog.py:55}}
Feb 15 15:23:34.269921 n-d-829248-1 devstack@placement-api.service[103797]: DEBUG placement.handlers.allocation [req-990e8f42-9496-4671-ace7-103c843c942e req-040d9389-8a60-4e48-8137-3399c2071423 service placement] Successfully deleted allocations [, , ] {{(pid=103797) delete_allocations /opt/stack/placement/placement/handlers/allocation.py:627}}
Feb 15 15:23:34.270705 n-d-829248-1 devstack@placement-api.service[103797]: INFO placement.requestlog [req-990e8f42-9496-4671-ace7-103c843c942e req-040d9389-8a60-4e48-8137-3399c2071423 service placement] 10.222.0.26 "DELETE /placement/allocations/fa4dd263-cd5e-4ae9-8d2b-6e56cdb4348b" status: 204 len: 0 microversion: 1.0
Feb 15 15:23:34.271570 n-d-829248-1 devstack@placement-api.service[103797]: [pid: 103797|app: 0|req: 476/955] 10.222.0.26 () {60 vars in 1355 bytes} [Tue Feb 15 15:23:34 2022] DELETE /placement/allocations/fa4dd263-cd5e-4ae9-8d2b-6e56cdb4348b => generated 0 bytes in 57 msecs (HTTP/1.1 204) 5 headers in 198 bytes (1 switches on core 0)
Feb 15 15:23:38.183977 n-d-829248-1 devstack@placement-api.service[103798]: DEBUG placement.requestlog [req-98015509-5167-49eb-9032-75a29b098e06 req-d5746e82-d9fb-4cca-8ac3-72fec1f57307 None None] Starting request: 10.222.0.94 "DELETE /placement/allocations/ed5d9a24-7b0d-4796-b9ca-4771c49dcea1" {{(pid=103798) __call__ /opt/stack/placement/placement/requestlog.py:55}}
Feb 15 15:23:38.220944 n-d-829248-1 devstack@placement-api.service[103798]: DEBUG placement.handlers.allocation [req-98015509-5167-49eb-9032-75a29b098e06 req-d5746e82-d9fb-4cca-8ac3-72fec1f57307 service placement] Successfully deleted allocations [, , ] {{(pid=103798) delete_allocations /opt/stack/placement/placement/handlers/allocation.py:627}}
Feb 15 15:23:38.221828 n-d-829248-1 devstack@placement-api.service[103798]: INFO placement.requestlog [req-98015509-5167-49eb-9032-75a29b098e06 req-d5746e82-d9fb-4cca-8ac3-72fec1f57307 service placement] 10.222.0.94 "DELETE /placement/allocations/ed5d9a24-7b0d-4796-b9ca-4771c49dcea1" status: 204 len: 0 microversion: 1.0
Feb 15 15:23:38.222774 n-d-829248-1 devstack@placement-api.service[103798]: [pid: 103798|app: 0|req: 480/956] 10.222.0.94 () {60 vars in 1355 bytes} [Tue Feb 15 15:23:38 2022] DELETE /placement/allocations/ed5d9a24-7b0d-4796-b9ca-4771c49dcea1 => generated 0 bytes in 39 msecs (HTTP/1.1 204) 5 headers in 198 bytes (1 switches on core 0)
Feb 15 15:23:39.829264 n-d-829248-1 devstack@placement-api.service[103797]: DEBUG placement.requestlog [req-4786c1fb-0119-4097-86cf-0f4203aee118 req-44968b81-f239-476c-9d86-9e3610eae0eb None None] Starting request: 10.222.0.26 "GET /placement/resource_providers/bc2fef6d-1826-4adf-a237-91de9e0e6294/allocations" {{(pid=103797) __call__ /opt/stack/placement/placement/requestlog.py:55}}
Feb 15 15:23:39.858985 n-d-829248-1 devstack@placement-api.service[103797]: INFO placement.requestlog [req-4786c1fb-0119-4097-86cf-0f4203aee118 req-44968b81-f239-476c-9d86-9e3610eae0eb service placement] 10.222.0.26 "GET /placement/resource_providers/bc2fef6d-1826-4adf-a237-91de9e0e6294/allocations" status: 200 len: 241 microversion: 1.0
Feb 15 15:23:39.860057 n-d-829248-1 devstack@placement-api.service[103797]: [pid: 103797|app: 0|req: 477/957] 10.222.0.26 () {58 vars in 1390 bytes} [Tue Feb 15 15:23:39 2022] GET /placement/resource_providers/bc2fef6d-1826-4adf-a237-91de9e0e6294/allocations => generated 241 bytes in 31 msecs (HTTP/1.1 200) 6 headers in 224 bytes (1 switches on core 0)
Feb 15 15:23:45.024192 n-d-829248-1 devstack@placement-api.service[103798]: DEBUG placement.requestlog [req-209d0d50-b58f-450b-80a0-12d64c60bda6 req-e25210f6-fab6-428f-808d-a64d05f2d532 None None] Starting request: 10.222.0.94 "DELETE /placement/allocations/b1239116-0668-45d1-94b2-c162e6a08752" {{(pid=103798) __call__ /opt/stack/placement/placement/requestlog.py:55}}
Feb 15 15:23:45.086340 n-d-829248-1 devstack@placement-api.service[103798]: DEBUG placement.handlers.allocation [req-209d0d50-b58f-450b-80a0-12d64c60bda6 req-e25210f6-fab6-428f-808d-a64d05f2d532 service placement] Successfully deleted allocations [, , ] {{(pid=103798) delete_allocations /opt/stack/placement/placement/handlers/allocation.py:627}}
Feb 15 15:23:45.086855 n-d-829248-1 devstack@placement-api.service[103798]: INFO placement.requestlog [req-209d0d50-b58f-450b-80a0-12d64c60bda6 req-e25210f6-fab6-428f-808d-a64d05f2d532 service placement] 10.222.0.94 "DELETE /placement/allocations/b1239116-0668-45d1-94b2-c162e6a08752" status: 204 len: 0 microversion: 1.0
Feb 15 15:23:45.087551 n-d-829248-1 devstack@placement-api.service[103798]: [pid: 103798|app: 0|req: 481/958] 10.222.0.94 () {60 vars in 1355 bytes} [Tue Feb 15 15:23:45 2022] DELETE /placement/allocations/b1239116-0668-45d1-94b2-c162e6a08752 => generated 0 bytes in 63 msecs (HTTP/1.1 204) 5 headers in 198 bytes (1 switches on core 0)
Feb 15 15:23:54.203998 n-d-829248-1 devstack@placement-api.service[103797]: DEBUG placement.requestlog [req-a284d573-5e93-45a3-b50b-efd01a56cfe0 req-63c35865-1a1d-4dd7-8e07-1763f6c393bf None None] Starting request: 10.222.0.52 "GET /placement/allocation_candidates?limit=1000&resources=DISK_GB%3A1%2CMEMORY_MB%3A1024%2CVCPU%3A1&root_required=%21COMPUTE_STATUS_DISABLED" {{(pid=103797) __call__ /opt/stack/placement/placement/requestlog.py:55}}
Feb 15 15:23:54.471980 n-d-829248-1 devstack@placement-api.service[103797]: DEBUG placement.objects.research_context [req-a284d573-5e93-45a3-b50b-efd01a56cfe0 req-63c35865-1a1d-4dd7-8e07-1763f6c393bf service placement] getting providers with 1 DISK_GB {{(pid=103797) __init__ /opt/stack/placement/placement/objects/research_context.py:126}}
Feb 15 15:23:54.480062 n-d-829248-1 devstack@placement-api.service[103797]: DEBUG placement.objects.research_context [req-a284d573-5e93-45a3-b50b-efd01a56cfe0 req-63c35865-1a1d-4dd7-8e07-1763f6c393bf service placement] getting providers with 1024 MEMORY_MB {{(pid=103797) __init__ /opt/stack/placement/placement/objects/research_context.py:126}}
Feb 15 15:23:54.487811 n-d-829248-1 devstack@placement-api.service[103797]: DEBUG placement.objects.research_context [req-a284d573-5e93-45a3-b50b-efd01a56cfe0 req-63c35865-1a1d-4dd7-8e07-1763f6c393bf service placement] getting providers with 1 VCPU {{(pid=103797) __init__ /opt/stack/placement/placement/objects/research_context.py:126}}
Feb 15 15:23:54.493863 n-d-829248-1 devstack@placement-api.service[103797]: DEBUG placement.objects.research_context [req-a284d573-5e93-45a3-b50b-efd01a56cfe0 req-63c35865-1a1d-4dd7-8e07-1763f6c393bf service placement] found 2 providers with available 1 DISK_GB {{(pid=103797) get_provider_ids_matching /opt/stack/placement/placement/objects/research_context.py:549}}
Feb 15 15:23:54.494416 n-d-829248-1 devstack@placement-api.service[103797]: DEBUG placement.objects.research_context [req-a284d573-5e93-45a3-b50b-efd01a56cfe0 req-63c35865-1a1d-4dd7-8e07-1763f6c393bf service placement] found 2 providers with available 1024 MEMORY_MB {{(pid=103797) get_provider_ids_matching /opt/stack/placement/placement/objects/research_context.py:549}}
Feb 15 15:23:54.494919 n-d-829248-1 devstack@placement-api.service[103797]: DEBUG placement.objects.research_context [req-a284d573-5e93-45a3-b50b-efd01a56cfe0 req-63c35865-1a1d-4dd7-8e07-1763f6c393bf service placement] found 2 providers after filtering by previous result {{(pid=103797) get_provider_ids_matching /opt/stack/placement/placement/objects/research_context.py:580}}
Feb 15 15:23:54.495404 n-d-829248-1 devstack@placement-api.service[103797]: DEBUG placement.objects.research_context [req-a284d573-5e93-45a3-b50b-efd01a56cfe0 req-63c35865-1a1d-4dd7-8e07-1763f6c393bf service placement] found 2 providers with available 1 VCPU {{(pid=103797) get_provider_ids_matching /opt/stack/placement/placement/objects/research_context.py:549}}
Feb 15 15:23:54.495893 n-d-829248-1 devstack@placement-api.service[103797]: DEBUG placement.objects.research_context [req-a284d573-5e93-45a3-b50b-efd01a56cfe0 req-63c35865-1a1d-4dd7-8e07-1763f6c393bf service placement] found 2 providers after filtering by previous result {{(pid=103797) get_provider_ids_matching /opt/stack/placement/placement/objects/research_context.py:580}}
Feb 15 15:23:54.513616 n-d-829248-1 devstack@placement-api.service[103797]: DEBUG placement.objects.allocation_candidate [req-a284d573-5e93-45a3-b50b-efd01a56cfe0 req-63c35865-1a1d-4dd7-8e07-1763f6c393bf service placement] RequestGroup(use_same_provider=False, resources={DISK_GB:1, MEMORY_MB:1024, VCPU:1}, traits=[], aggregates=[]) (suffix '') returned 2 matches {{(pid=103797) _get_by_requests /opt/stack/placement/placement/objects/allocation_candidate.py:145}}
Feb 15 15:23:54.513988 n-d-829248-1 devstack@placement-api.service[103797]: DEBUG placement.objects.allocation_candidate [req-a284d573-5e93-45a3-b50b-efd01a56cfe0 req-63c35865-1a1d-4dd7-8e07-1763f6c393bf service placement] Merging candidates yields 2 allocation requests and 2 provider summaries {{(pid=103797) _merge_candidates /opt/stack/placement/placement/objects/allocation_candidate.py:783}}
Feb 15 15:23:54.515688 n-d-829248-1 devstack@placement-api.service[103797]: INFO placement.requestlog [req-a284d573-5e93-45a3-b50b-efd01a56cfe0 req-63c35865-1a1d-4dd7-8e07-1763f6c393bf service placement] 10.222.0.52 "GET /placement/allocation_candidates?limit=1000&resources=DISK_GB%3A1%2CMEMORY_MB%3A1024%2CVCPU%3A1&root_required=%21COMPUTE_STATUS_DISABLED" status: 200 len: 1306 microversion: 1.36
Feb 15 15:23:54.516217 n-d-829248-1 devstack@placement-api.service[103797]: [pid: 103797|app: 0|req: 478/959] 10.222.0.52 () {60 vars in 1506 bytes} [Tue Feb 15 15:23:54 2022] GET /placement/allocation_candidates?limit=1000&resources=DISK_GB%3A1%2CMEMORY_MB%3A1024%2CVCPU%3A1&root_required=%21COMPUTE_STATUS_DISABLED => generated 1306 bytes in 313 msecs (HTTP/1.1 200) 8 headers in 297 bytes (1 switches on core 0)
Feb 15 15:23:54.576503 n-d-829248-1 devstack@placement-api.service[103798]: DEBUG placement.requestlog [req-a284d573-5e93-45a3-b50b-efd01a56cfe0 req-73984e7b-bbda-4ec7-8587-03f0b4f8312f None None] Starting request: 10.222.0.52 "GET /placement/allocations/6efe81d7-9740-407e-8bff-e190d4d02da5" {{(pid=103798) __call__ /opt/stack/placement/placement/requestlog.py:55}}
Feb 15 15:23:54.587050 n-d-829248-1 devstack@placement-api.service[103798]: INFO placement.requestlog [req-a284d573-5e93-45a3-b50b-efd01a56cfe0 req-73984e7b-bbda-4ec7-8587-03f0b4f8312f service placement] 10.222.0.52 "GET /placement/allocations/6efe81d7-9740-407e-8bff-e190d4d02da5" status: 200 len: 19 microversion: 1.28
Feb 15 15:23:54.587704 n-d-829248-1 devstack@placement-api.service[103798]: [pid: 103798|app: 0|req: 482/960] 10.222.0.52 () {60 vars in 1380 bytes} [Tue Feb 15 15:23:54 2022] GET /placement/allocations/6efe81d7-9740-407e-8bff-e190d4d02da5 => generated 19 bytes in 11 msecs (HTTP/1.1 200) 8 headers in 295 bytes (1 switches on core 0)
Feb 15 15:23:54.595317 n-d-829248-1 devstack@placement-api.service[103797]: DEBUG placement.requestlog [req-a284d573-5e93-45a3-b50b-efd01a56cfe0 req-1ddb0297-5efe-49df-9303-98e101de64df None None] Starting request: 10.222.0.52 "PUT /placement/allocations/6efe81d7-9740-407e-8bff-e190d4d02da5" {{(pid=103797) __call__ /opt/stack/placement/placement/requestlog.py:55}}
Feb 15 15:23:54.706745 n-d-829248-1 devstack@placement-api.service[103797]: DEBUG placement.handlers.allocation [req-a284d573-5e93-45a3-b50b-efd01a56cfe0 req-1ddb0297-5efe-49df-9303-98e101de64df service placement] Successfully wrote allocations [, , ] {{(pid=103797) _update_consumers_and_create_allocations /opt/stack/placement/placement/handlers/allocation.py:462}}
Feb 15 15:23:54.711228 n-d-829248-1 devstack@placement-api.service[103797]: INFO placement.requestlog [req-a284d573-5e93-45a3-b50b-efd01a56cfe0 req-1ddb0297-5efe-49df-9303-98e101de64df service placement] 10.222.0.52 "PUT /placement/allocations/6efe81d7-9740-407e-8bff-e190d4d02da5" status: 204 len: 0 microversion: 1.36
Feb 15 15:23:54.712303 n-d-829248-1 devstack@placement-api.service[103797]: [pid: 103797|app: 0|req: 479/961] 10.222.0.52 () {64 vars in 1433 bytes} [Tue Feb 15 15:23:54 2022] PUT /placement/allocations/6efe81d7-9740-407e-8bff-e190d4d02da5 => generated 0 bytes in 117 msecs (HTTP/1.1 204) 5 headers in 199 bytes (1 switches on core 0)
Feb 15 15:23:55.132023 n-d-829248-1 devstack@placement-api.service[103798]: DEBUG placement.requestlog [req-a284d573-5e93-45a3-b50b-efd01a56cfe0 req-800f8eb5-93d1-427b-bea8-c0a073f6d023 None None] Starting request: 10.222.0.94 "GET /placement/allocations/6efe81d7-9740-407e-8bff-e190d4d02da5" {{(pid=103798) __call__ /opt/stack/placement/placement/requestlog.py:55}}
Feb 15 15:23:55.157636 n-d-829248-1 devstack@placement-api.service[103798]: INFO placement.requestlog [req-a284d573-5e93-45a3-b50b-efd01a56cfe0 req-800f8eb5-93d1-427b-bea8-c0a073f6d023 service placement] 10.222.0.94 "GET /placement/allocations/6efe81d7-9740-407e-8bff-e190d4d02da5" status: 200 len: 259 microversion: 1.28
Feb 15 15:23:55.159613 n-d-829248-1 devstack@placement-api.service[103798]: [pid: 103798|app: 0|req: 483/962] 10.222.0.94 () {60 vars in 1377 bytes} [Tue Feb 15 15:23:55 2022] GET /placement/allocations/6efe81d7-9740-407e-8bff-e190d4d02da5 => generated 259 bytes in 28 msecs (HTTP/1.1 200) 8 headers in 296 bytes (1 switches on core 0)
Feb 15 15:23:59.732642 n-d-829248-1 devstack@placement-api.service[103797]: DEBUG placement.requestlog [req-be3e9818-833b-45a3-9ba3-d89b2cb71013 req-15b5ad5f-19d5-4313-889d-625e9d4694eb None None] Starting request: 10.222.0.94 "GET /placement/allocations/6efe81d7-9740-407e-8bff-e190d4d02da5" {{(pid=103797) __call__ /opt/stack/placement/placement/requestlog.py:55}}
Feb 15 15:23:59.760226 n-d-829248-1 devstack@placement-api.service[103797]: INFO placement.requestlog [req-be3e9818-833b-45a3-9ba3-d89b2cb71013 req-15b5ad5f-19d5-4313-889d-625e9d4694eb service placement] 10.222.0.94 "GET /placement/allocations/6efe81d7-9740-407e-8bff-e190d4d02da5" status: 200 len: 259 microversion: 1.28
Feb 15 15:23:59.761215 n-d-829248-1 devstack@placement-api.service[103797]: [pid: 103797|app: 0|req: 480/963] 10.222.0.94 () {60 vars in 1377 bytes} [Tue Feb 15 15:23:59 2022] GET /placement/allocations/6efe81d7-9740-407e-8bff-e190d4d02da5 => generated 259 bytes in 28 msecs (HTTP/1.1 200) 8 headers in 296 bytes (1 switches on core 0)
Feb 15 15:24:24.234257 n-d-829248-1 devstack@placement-api.service[103798]: DEBUG placement.requestlog [None req-b794c02a-3000-465c-bef2-7830ad4968d6 None None] Starting request: 10.222.0.52 "GET /placement/" {{(pid=103798) __call__ /opt/stack/placement/placement/requestlog.py:55}}
Feb 15 15:24:24.235367 n-d-829248-1 devstack@placement-api.service[103798]: INFO placement.requestlog [None req-b794c02a-3000-465c-bef2-7830ad4968d6 None None] 10.222.0.52 "GET /placement/" status: 200 len: 136 microversion: 1.0
Feb 15 15:24:24.236158 n-d-829248-1 devstack@placement-api.service[103798]: [pid: 103798|app: 0|req: 484/964] 10.222.0.52 () {54 vars in 916 bytes} [Tue Feb 15 15:24:24 2022] GET /placement => generated 136 bytes in 2 msecs (HTTP/1.1 200) 6 headers in 224 bytes (1 switches on core 0)
Feb 15 15:24:24.247593 n-d-829248-1 devstack@placement-api.service[103797]: DEBUG placement.requestlog [req-9b04e245-3c5e-43c4-9121-65bd74030e66 req-5c154186-6b19-4ffd-bac1-0013e2aaa9a3 None None] Starting request: 10.222.0.52 "GET /placement/allocations/e7237db8-5b9e-4b8b-86f5-fd6fab954d93" {{(pid=103797) __call__ /opt/stack/placement/placement/requestlog.py:55}}
Feb 15 15:24:24.333501 n-d-829248-1 devstack@placement-api.service[103797]: INFO placement.requestlog [req-9b04e245-3c5e-43c4-9121-65bd74030e66 req-5c154186-6b19-4ffd-bac1-0013e2aaa9a3 service placement] 10.222.0.52 "GET /placement/allocations/e7237db8-5b9e-4b8b-86f5-fd6fab954d93" status: 200 len: 259 microversion: 1.28
Feb 15 15:24:24.334344 n-d-829248-1 devstack@placement-api.service[103797]: [pid: 103797|app: 0|req: 481/965] 10.222.0.52 () {60 vars in 1380 bytes} [Tue Feb 15 15:24:24 2022] GET /placement/allocations/e7237db8-5b9e-4b8b-86f5-fd6fab954d93 => generated 259 bytes in 88 msecs (HTTP/1.1 200) 8 headers in 296 bytes (1 switches on core 0)
Feb 15 15:24:24.340826 n-d-829248-1 devstack@placement-api.service[103798]: DEBUG placement.requestlog [req-9b04e245-3c5e-43c4-9121-65bd74030e66 req-9885729a-f098-45c4-be87-9cb7aa519f97 None None] Starting request: 10.222.0.52 "GET /placement/allocations/e7237db8-5b9e-4b8b-86f5-fd6fab954d93" {{(pid=103798) __call__ /opt/stack/placement/placement/requestlog.py:55}}
Feb 15 15:24:24.360593 n-d-829248-1 devstack@placement-api.service[103798]: INFO placement.requestlog [req-9b04e245-3c5e-43c4-9121-65bd74030e66 req-9885729a-f098-45c4-be87-9cb7aa519f97 service placement] 10.222.0.52 "GET /placement/allocations/e7237db8-5b9e-4b8b-86f5-fd6fab954d93" status: 200 len: 259 microversion: 1.28
Feb 15 15:24:24.361297 n-d-829248-1 devstack@placement-api.service[103798]: [pid: 103798|app: 0|req: 485/966] 10.222.0.52 () {60 vars in 1380 bytes} [Tue Feb 15 15:24:24 2022] GET /placement/allocations/e7237db8-5b9e-4b8b-86f5-fd6fab954d93 => generated 259 bytes in 21 msecs (HTTP/1.1 200) 8 headers in 296 bytes (1 switches on core 0)
Feb 15 15:24:24.373467 n-d-829248-1 devstack@placement-api.service[103797]: DEBUG placement.requestlog [req-9b04e245-3c5e-43c4-9121-65bd74030e66 req-f6c04c92-ef86-41ae-96bc-4ab48bcc1b92 None None] Starting request: 10.222.0.52 "GET /placement/allocations/1c9c3f95-95e7-49b6-8126-5d9c5db583f4" {{(pid=103797) __call__ /opt/stack/placement/placement/requestlog.py:55}}
Feb 15 15:24:24.390809 n-d-829248-1 devstack@placement-api.service[103797]: INFO placement.requestlog [req-9b04e245-3c5e-43c4-9121-65bd74030e66 req-f6c04c92-ef86-41ae-96bc-4ab48bcc1b92 service placement] 10.222.0.52 "GET /placement/allocations/1c9c3f95-95e7-49b6-8126-5d9c5db583f4" status: 200 len: 19 microversion: 1.28
Feb 15 15:24:24.401583 n-d-829248-1 devstack@placement-api.service[103798]: DEBUG placement.requestlog [req-9b04e245-3c5e-43c4-9121-65bd74030e66 req-f1061046-c8d6-4594-97c9-39fb02c0f52b None None] Starting request: 10.222.0.52 "POST /placement/allocations" {{(pid=103798) __call__ /opt/stack/placement/placement/requestlog.py:55}}
Feb 15 15:24:24.406554 n-d-829248-1 devstack@placement-api.service[103797]: [pid: 103797|app: 0|req: 482/967] 10.222.0.52 () {60 vars in 1380 bytes} [Tue Feb 15 15:24:24 2022] GET /placement/allocations/1c9c3f95-95e7-49b6-8126-5d9c5db583f4 => generated 19 bytes in 33 msecs (HTTP/1.1 200) 8 headers in 295 bytes (1 switches on core 0)
Feb 15 15:24:24.506565 n-d-829248-1 devstack@placement-api.service[103798]: DEBUG placement.handlers.allocation [req-9b04e245-3c5e-43c4-9121-65bd74030e66 req-f1061046-c8d6-4594-97c9-39fb02c0f52b service placement] Successfully wrote allocations [, , , , , ] {{(pid=103798) _update_consumers_and_create_allocations /opt/stack/placement/placement/handlers/allocation.py:572}}
Feb 15 15:24:24.512389 n-d-829248-1 devstack@placement-api.service[103798]: INFO placement.requestlog [req-9b04e245-3c5e-43c4-9121-65bd74030e66 req-f1061046-c8d6-4594-97c9-39fb02c0f52b service placement] 10.222.0.52 "POST /placement/allocations" status: 204 len: 0 microversion: 1.28
Feb 15 15:24:24.522776 n-d-829248-1 devstack@placement-api.service[103798]: [pid: 103798|app: 0|req: 486/968] 10.222.0.52 () {64 vars in 1323 bytes} [Tue Feb 15 15:24:24 2022] POST /placement/allocations => generated 0 bytes in 113 msecs (HTTP/1.1 204) 5 headers in 199 bytes (1 switches on core 0)
Feb 15 15:24:24.856253 n-d-829248-1 devstack@placement-api.service[103797]: DEBUG placement.requestlog [req-9b04e245-3c5e-43c4-9121-65bd74030e66 req-8b607e77-872c-42a7-aca0-a014c5e3360c None None] Starting request: 10.222.0.52 "GET /placement/allocation_candidates?limit=1000&resources=DISK_GB%3A1%2CMEMORY_MB%3A1024%2CVCPU%3A1&root_required=%21COMPUTE_STATUS_DISABLED" {{(pid=103797) __call__ /opt/stack/placement/placement/requestlog.py:55}}
Feb 15 15:24:24.905977 n-d-829248-1 devstack@placement-api.service[103797]: DEBUG placement.objects.research_context [req-9b04e245-3c5e-43c4-9121-65bd74030e66 req-8b607e77-872c-42a7-aca0-a014c5e3360c service placement] getting providers with 1 DISK_GB {{(pid=103797) __init__ /opt/stack/placement/placement/objects/research_context.py:126}}
Feb 15 15:24:24.912283 n-d-829248-1 devstack@placement-api.service[103797]: DEBUG placement.objects.research_context [req-9b04e245-3c5e-43c4-9121-65bd74030e66 req-8b607e77-872c-42a7-aca0-a014c5e3360c service placement] getting providers with 1024 MEMORY_MB {{(pid=103797) __init__ /opt/stack/placement/placement/objects/research_context.py:126}}
Feb 15 15:24:24.921407 n-d-829248-1 devstack@placement-api.service[103797]: DEBUG placement.objects.research_context [req-9b04e245-3c5e-43c4-9121-65bd74030e66 req-8b607e77-872c-42a7-aca0-a014c5e3360c service placement] getting providers with 1 VCPU {{(pid=103797) __init__ /opt/stack/placement/placement/objects/research_context.py:126}}
Feb 15 15:24:24.931881 n-d-829248-1 devstack@placement-api.service[103797]: DEBUG placement.objects.research_context [req-9b04e245-3c5e-43c4-9121-65bd74030e66 req-8b607e77-872c-42a7-aca0-a014c5e3360c service placement] found 2 providers with available 1 DISK_GB {{(pid=103797) get_provider_ids_matching /opt/stack/placement/placement/objects/research_context.py:549}}
Feb 15 15:24:24.932604 n-d-829248-1 devstack@placement-api.service[103797]: DEBUG placement.objects.research_context [req-9b04e245-3c5e-43c4-9121-65bd74030e66 req-8b607e77-872c-42a7-aca0-a014c5e3360c service placement] found 2 providers with available 1024 MEMORY_MB {{(pid=103797) get_provider_ids_matching /opt/stack/placement/placement/objects/research_context.py:549}}
Feb 15 15:24:24.934142 n-d-829248-1 devstack@placement-api.service[103797]: DEBUG placement.objects.research_context [req-9b04e245-3c5e-43c4-9121-65bd74030e66 req-8b607e77-872c-42a7-aca0-a014c5e3360c service placement] found 2 providers after filtering by previous result {{(pid=103797) get_provider_ids_matching /opt/stack/placement/placement/objects/research_context.py:580}}
Feb 15 15:24:24.935068 n-d-829248-1 devstack@placement-api.service[103797]: DEBUG placement.objects.research_context [req-9b04e245-3c5e-43c4-9121-65bd74030e66 req-8b607e77-872c-42a7-aca0-a014c5e3360c service placement] found 2 providers with available 1 VCPU {{(pid=103797) get_provider_ids_matching /opt/stack/placement/placement/objects/research_context.py:549}}
Feb 15 15:24:24.935613 n-d-829248-1 devstack@placement-api.service[103797]: DEBUG placement.objects.research_context [req-9b04e245-3c5e-43c4-9121-65bd74030e66 req-8b607e77-872c-42a7-aca0-a014c5e3360c service placement] found 2 providers after filtering by previous result {{(pid=103797) get_provider_ids_matching /opt/stack/placement/placement/objects/research_context.py:580}}
Feb 15 15:24:24.971610 n-d-829248-1 devstack@placement-api.service[103797]: DEBUG placement.objects.allocation_candidate [req-9b04e245-3c5e-43c4-9121-65bd74030e66 req-8b607e77-872c-42a7-aca0-a014c5e3360c service placement] RequestGroup(use_same_provider=False, resources={DISK_GB:1, MEMORY_MB:1024, VCPU:1}, traits=[], aggregates=[]) (suffix '') returned 2 matches {{(pid=103797) _get_by_requests /opt/stack/placement/placement/objects/allocation_candidate.py:145}}
Feb 15 15:24:24.972846 n-d-829248-1 devstack@placement-api.service[103797]: DEBUG placement.objects.allocation_candidate [req-9b04e245-3c5e-43c4-9121-65bd74030e66 req-8b607e77-872c-42a7-aca0-a014c5e3360c service placement] Merging candidates yields 2 allocation requests and 2 provider summaries {{(pid=103797) _merge_candidates /opt/stack/placement/placement/objects/allocation_candidate.py:783}}
Feb 15 15:24:24.977494 n-d-829248-1 devstack@placement-api.service[103797]: INFO placement.requestlog [req-9b04e245-3c5e-43c4-9121-65bd74030e66 req-8b607e77-872c-42a7-aca0-a014c5e3360c service placement] 10.222.0.52 "GET /placement/allocation_candidates?limit=1000&resources=DISK_GB%3A1%2CMEMORY_MB%3A1024%2CVCPU%3A1&root_required=%21COMPUTE_STATUS_DISABLED" status: 200 len: 1309 microversion: 1.36
Feb 15 15:24:24.978075 n-d-829248-1 devstack@placement-api.service[103797]: [pid: 103797|app: 0|req: 483/969] 10.222.0.52 () {60 vars in 1506 bytes} [Tue Feb 15 15:24:24 2022] GET /placement/allocation_candidates?limit=1000&resources=DISK_GB%3A1%2CMEMORY_MB%3A1024%2CVCPU%3A1&root_required=%21COMPUTE_STATUS_DISABLED => generated 1309 bytes in 122 msecs (HTTP/1.1 200) 8 headers in 297 bytes (1 switches on core 0)
Feb 15 15:24:25.070610 n-d-829248-1 devstack@placement-api.service[103798]: DEBUG placement.requestlog [req-9b04e245-3c5e-43c4-9121-65bd74030e66 req-41b39452-3d7b-40e8-8191-3f6a65705245 None None] Starting request: 10.222.0.52 "GET /placement/allocations/e7237db8-5b9e-4b8b-86f5-fd6fab954d93" {{(pid=103798) __call__ /opt/stack/placement/placement/requestlog.py:55}}
Feb 15 15:24:25.089299 n-d-829248-1 devstack@placement-api.service[103798]: INFO placement.requestlog [req-9b04e245-3c5e-43c4-9121-65bd74030e66 req-41b39452-3d7b-40e8-8191-3f6a65705245 service placement] 10.222.0.52 "GET /placement/allocations/e7237db8-5b9e-4b8b-86f5-fd6fab954d93" status: 200 len: 19 microversion: 1.28
Feb 15 15:24:25.090101 n-d-829248-1 devstack@placement-api.service[103798]: [pid: 103798|app: 0|req: 487/970] 10.222.0.52 () {60 vars in 1380 bytes} [Tue Feb 15 15:24:25 2022] GET /placement/allocations/e7237db8-5b9e-4b8b-86f5-fd6fab954d93 => generated 19 bytes in 20 msecs (HTTP/1.1 200) 8 headers in 295 bytes (1 switches on core 0)
Feb 15 15:24:25.100162 n-d-829248-1 devstack@placement-api.service[103797]: DEBUG placement.requestlog [req-9b04e245-3c5e-43c4-9121-65bd74030e66 req-95e828fd-b89e-43e3-a62e-c15e20c8c891 None None] Starting request: 10.222.0.52 "PUT /placement/allocations/e7237db8-5b9e-4b8b-86f5-fd6fab954d93" {{(pid=103797) __call__ /opt/stack/placement/placement/requestlog.py:55}}
Feb 15 15:24:25.213328 n-d-829248-1 devstack@placement-api.service[103797]: DEBUG placement.handlers.allocation [req-9b04e245-3c5e-43c4-9121-65bd74030e66 req-95e828fd-b89e-43e3-a62e-c15e20c8c891 service placement] Successfully wrote allocations [, , ] {{(pid=103797) _update_consumers_and_create_allocations /opt/stack/placement/placement/handlers/allocation.py:462}}
Feb 15 15:24:25.217413 n-d-829248-1 devstack@placement-api.service[103797]: INFO placement.requestlog [req-9b04e245-3c5e-43c4-9121-65bd74030e66 req-95e828fd-b89e-43e3-a62e-c15e20c8c891 service placement] 10.222.0.52 "PUT /placement/allocations/e7237db8-5b9e-4b8b-86f5-fd6fab954d93" status: 204 len: 0 microversion: 1.36
Feb 15 15:24:25.217841 n-d-829248-1 devstack@placement-api.service[103797]: [pid: 103797|app: 0|req: 484/971] 10.222.0.52 () {64 vars in 1433 bytes} [Tue Feb 15 15:24:25 2022] PUT /placement/allocations/e7237db8-5b9e-4b8b-86f5-fd6fab954d93 => generated 0 bytes in 118 msecs (HTTP/1.1 204) 5 headers in 199 bytes (1 switches on core 0)
Feb 15 15:24:25.408180 n-d-829248-1 devstack@placement-api.service[103798]: DEBUG placement.requestlog [req-9b04e245-3c5e-43c4-9121-65bd74030e66 req-3a557129-6057-4255-ac80-35d81bbe5f5c None None] Starting request: 10.222.0.94 "GET /placement/allocations/e7237db8-5b9e-4b8b-86f5-fd6fab954d93" {{(pid=103798) __call__ /opt/stack/placement/placement/requestlog.py:55}}
Feb 15 15:24:25.434249 n-d-829248-1 devstack@placement-api.service[103798]: INFO placement.requestlog [req-9b04e245-3c5e-43c4-9121-65bd74030e66 req-3a557129-6057-4255-ac80-35d81bbe5f5c service placement] 10.222.0.94 "GET /placement/allocations/e7237db8-5b9e-4b8b-86f5-fd6fab954d93" status: 200 len: 259 microversion: 1.28
Feb 15 15:24:25.435504 n-d-829248-1 devstack@placement-api.service[103798]: [pid: 103798|app: 0|req: 488/972] 10.222.0.94 () {60 vars in 1377 bytes} [Tue Feb 15 15:24:25 2022] GET /placement/allocations/e7237db8-5b9e-4b8b-86f5-fd6fab954d93 => generated 259 bytes in 29 msecs (HTTP/1.1 200) 8 headers in 296 bytes (2 switches on core 0)
Feb 15 15:24:32.034753 n-d-829248-1 devstack@placement-api.service[103797]: DEBUG placement.requestlog [req-6fe6bef0-0ab7-4393-ad3b-83889ea723c4 req-e7759ddd-e219-493e-9fc9-23f57579baf3 None None] Starting request: 10.222.0.94 "DELETE /placement/allocations/6efe81d7-9740-407e-8bff-e190d4d02da5" {{(pid=103797) __call__ /opt/stack/placement/placement/requestlog.py:55}}
Feb 15 15:24:32.072613 n-d-829248-1 devstack@placement-api.service[103797]: DEBUG placement.handlers.allocation [req-6fe6bef0-0ab7-4393-ad3b-83889ea723c4 req-e7759ddd-e219-493e-9fc9-23f57579baf3 service placement] Successfully deleted allocations [, , ] {{(pid=103797) delete_allocations /opt/stack/placement/placement/handlers/allocation.py:627}}
Feb 15 15:24:32.073251 n-d-829248-1 devstack@placement-api.service[103797]: INFO placement.requestlog [req-6fe6bef0-0ab7-4393-ad3b-83889ea723c4 req-e7759ddd-e219-493e-9fc9-23f57579baf3 service placement] 10.222.0.94 "DELETE /placement/allocations/6efe81d7-9740-407e-8bff-e190d4d02da5" status: 204 len: 0 microversion: 1.0
Feb 15 15:24:32.074232 n-d-829248-1 devstack@placement-api.service[103797]: [pid: 103797|app: 0|req: 485/973] 10.222.0.94 () {60 vars in 1355 bytes} [Tue Feb 15 15:24:32 2022] DELETE /placement/allocations/6efe81d7-9740-407e-8bff-e190d4d02da5 => generated 0 bytes in 40 msecs (HTTP/1.1 204) 5 headers in 198 bytes (2 switches on core 0)
Feb 15 15:24:33.575020 n-d-829248-1 devstack@placement-api.service[103798]: DEBUG placement.requestlog [req-d788dacb-f8ff-400c-a3a8-2df9c9e5dc4f req-c7bab59a-1e9e-4c00-841d-7c01947abe43 None None] Starting request: 10.222.0.94 "GET /placement/resource_providers/a5920261-8fd3-4da3-be47-3de5a8cebbc5/allocations" {{(pid=103798) __call__ /opt/stack/placement/placement/requestlog.py:55}}
Feb 15 15:24:33.618097 n-d-829248-1 devstack@placement-api.service[103798]: INFO placement.requestlog [req-d788dacb-f8ff-400c-a3a8-2df9c9e5dc4f req-c7bab59a-1e9e-4c00-841d-7c01947abe43 service placement] 10.222.0.94 "GET /placement/resource_providers/a5920261-8fd3-4da3-be47-3de5a8cebbc5/allocations" status: 200 len: 154 microversion: 1.0
Feb 15 15:24:33.618992 n-d-829248-1 devstack@placement-api.service[103798]: [pid: 103798|app: 0|req: 489/974] 10.222.0.94 () {58 vars in 1390 bytes} [Tue Feb 15 15:24:33 2022] GET /placement/resource_providers/a5920261-8fd3-4da3-be47-3de5a8cebbc5/allocations => generated 154 bytes in 44 msecs (HTTP/1.1 200) 6 headers in 224 bytes (2 switches on core 0)
Feb 15 15:24:42.473719 n-d-829248-1 devstack@placement-api.service[103797]: DEBUG placement.requestlog [req-9b04e245-3c5e-43c4-9121-65bd74030e66 req-5d6b2a48-a8d3-4668-a24c-0ed55a40cbdb None None] Starting request: 10.222.0.26 "GET /placement/resource_providers/bc2fef6d-1826-4adf-a237-91de9e0e6294/allocations" {{(pid=103797) __call__ /opt/stack/placement/placement/requestlog.py:55}}
Feb 15 15:24:42.525623 n-d-829248-1 devstack@placement-api.service[103797]: INFO placement.requestlog [req-9b04e245-3c5e-43c4-9121-65bd74030e66 req-5d6b2a48-a8d3-4668-a24c-0ed55a40cbdb service placement] 10.222.0.26 "GET /placement/resource_providers/bc2fef6d-1826-4adf-a237-91de9e0e6294/allocations" status: 200 len: 241 microversion: 1.0
Feb 15 15:24:42.530597 n-d-829248-1 devstack@placement-api.service[103797]: [pid: 103797|app: 0|req: 486/975] 10.222.0.26 () {58 vars in 1390 bytes} [Tue Feb 15 15:24:42 2022] GET /placement/resource_providers/bc2fef6d-1826-4adf-a237-91de9e0e6294/allocations => generated 241 bytes in 57 msecs (HTTP/1.1 200) 6 headers in 224 bytes (1 switches on core 0)
Feb 15 15:24:42.862355 n-d-829248-1 devstack@placement-api.service[103798]: DEBUG placement.requestlog [req-9b04e245-3c5e-43c4-9121-65bd74030e66 req-92152398-810e-4e32-81c3-83e8e53fe3a2 None None] Starting request: 10.222.0.26 "GET /placement/allocations/1c9c3f95-95e7-49b6-8126-5d9c5db583f4" {{(pid=103798) __call__ /opt/stack/placement/placement/requestlog.py:55}}
Feb 15 15:24:42.891375 n-d-829248-1 devstack@placement-api.service[103798]: INFO placement.requestlog [req-9b04e245-3c5e-43c4-9121-65bd74030e66 req-92152398-810e-4e32-81c3-83e8e53fe3a2 service placement] 10.222.0.26 "GET /placement/allocations/1c9c3f95-95e7-49b6-8126-5d9c5db583f4" status: 200 len: 259 microversion: 1.28
Feb 15 15:24:42.892675 n-d-829248-1 devstack@placement-api.service[103798]: [pid: 103798|app: 0|req: 490/976] 10.222.0.26 () {60 vars in 1377 bytes} [Tue Feb 15 15:24:42 2022] GET /placement/allocations/1c9c3f95-95e7-49b6-8126-5d9c5db583f4 => generated 259 bytes in 31 msecs (HTTP/1.1 200) 8 headers in 296 bytes (2 switches on core 0)
Feb 15 15:24:42.901245 n-d-829248-1 devstack@placement-api.service[103797]: DEBUG placement.requestlog [req-9b04e245-3c5e-43c4-9121-65bd74030e66 req-f04e32d2-0a29-47ec-adbb-0dba5347089e None None] Starting request: 10.222.0.26 "PUT /placement/allocations/1c9c3f95-95e7-49b6-8126-5d9c5db583f4" {{(pid=103797) __call__ /opt/stack/placement/placement/requestlog.py:55}}
Feb 15 15:24:42.992214 n-d-829248-1 devstack@placement-api.service[103797]: DEBUG placement.handlers.allocation [req-9b04e245-3c5e-43c4-9121-65bd74030e66 req-f04e32d2-0a29-47ec-adbb-0dba5347089e service placement] Successfully wrote allocations [, , ] {{(pid=103797) _update_consumers_and_create_allocations /opt/stack/placement/placement/handlers/allocation.py:462}}
Feb 15 15:24:43.000616 n-d-829248-1 devstack@placement-api.service[103797]: INFO placement.requestlog [req-9b04e245-3c5e-43c4-9121-65bd74030e66 req-f04e32d2-0a29-47ec-adbb-0dba5347089e service placement] 10.222.0.26 "PUT /placement/allocations/1c9c3f95-95e7-49b6-8126-5d9c5db583f4" status: 204 len: 0 microversion: 1.28
Feb 15 15:24:43.001460 n-d-829248-1 devstack@placement-api.service[103797]: [pid: 103797|app: 0|req: 487/977] 10.222.0.26 () {64 vars in 1430 bytes} [Tue Feb 15 15:24:42 2022] PUT /placement/allocations/1c9c3f95-95e7-49b6-8126-5d9c5db583f4 => generated 0 bytes in 101 msecs (HTTP/1.1 204) 5 headers in 199 bytes (2 switches on core 0)
Feb 15 15:24:43.606544 n-d-829248-1 devstack@placement-api.service[103798]: DEBUG placement.requestlog [req-448e84ec-8eb4-43f6-96a2-57873cce66c9 req-1274f700-7d6a-4703-9419-1850d6d69ae3 None None] Starting request: 10.222.0.26 "GET /placement/resource_providers/bc2fef6d-1826-4adf-a237-91de9e0e6294/allocations" {{(pid=103798) __call__ /opt/stack/placement/placement/requestlog.py:55}}
Feb 15 15:24:43.649696 n-d-829248-1 devstack@placement-api.service[103798]: INFO placement.requestlog [req-448e84ec-8eb4-43f6-96a2-57873cce66c9 req-1274f700-7d6a-4703-9419-1850d6d69ae3 service placement] 10.222.0.26 "GET /placement/resource_providers/bc2fef6d-1826-4adf-a237-91de9e0e6294/allocations" status: 200 len: 140 microversion: 1.0
Feb 15 15:24:43.650729 n-d-829248-1 devstack@placement-api.service[103798]: [pid: 103798|app: 0|req: 491/978] 10.222.0.26 () {58 vars in 1390 bytes} [Tue Feb 15 15:24:43 2022] GET /placement/resource_providers/bc2fef6d-1826-4adf-a237-91de9e0e6294/allocations => generated 140 bytes in 44 msecs (HTTP/1.1 200) 6 headers in 224 bytes (1 switches on core 0)
Feb 15 15:24:49.017856 n-d-829248-1 devstack@placement-api.service[103797]: DEBUG placement.requestlog [req-1559cef8-d1b5-4714-ba00-aab9bec6b6c1 req-b04769d5-a2cc-4f7f-9050-56de5e026ec6 None None] Starting request: 10.222.0.94 "DELETE /placement/allocations/e7237db8-5b9e-4b8b-86f5-fd6fab954d93" {{(pid=103797) __call__ /opt/stack/placement/placement/requestlog.py:55}}
Feb 15 15:24:49.068785 n-d-829248-1 devstack@placement-api.service[103797]: DEBUG placement.handlers.allocation [req-1559cef8-d1b5-4714-ba00-aab9bec6b6c1 req-b04769d5-a2cc-4f7f-9050-56de5e026ec6 service placement] Successfully deleted allocations [, , ] {{(pid=103797) delete_allocations /opt/stack/placement/placement/handlers/allocation.py:627}}
Feb 15 15:24:49.069550 n-d-829248-1 devstack@placement-api.service[103797]: INFO placement.requestlog [req-1559cef8-d1b5-4714-ba00-aab9bec6b6c1 req-b04769d5-a2cc-4f7f-9050-56de5e026ec6 service placement] 10.222.0.94 "DELETE /placement/allocations/e7237db8-5b9e-4b8b-86f5-fd6fab954d93" status: 204 len: 0 microversion: 1.0
Feb 15 15:24:49.070813 n-d-829248-1 devstack@placement-api.service[103797]: [pid: 103797|app: 0|req: 488/979] 10.222.0.94 () {60 vars in 1355 bytes} [Tue Feb 15 15:24:49 2022] DELETE /placement/allocations/e7237db8-5b9e-4b8b-86f5-fd6fab954d93 => generated 0 bytes in 53 msecs (HTTP/1.1 204) 5 headers in 198 bytes (1 switches on core 0)
Feb 15 15:24:53.725263 n-d-829248-1 devstack@placement-api.service[103798]: DEBUG placement.requestlog [req-0e455315-1b6f-43c9-9ae9-ad980717d621 req-c7a6e59a-0a7f-4c48-bd8b-9d57ec0859f5 None None] Starting request: 10.222.0.52 "GET /placement/allocation_candidates?limit=1000&resources=DISK_GB%3A1%2CMEMORY_MB%3A1024%2CVCPU%3A1&root_required=%21COMPUTE_STATUS_DISABLED" {{(pid=103798) __call__ /opt/stack/placement/placement/requestlog.py:55}}
Feb 15 15:24:53.764418 n-d-829248-1 devstack@placement-api.service[103798]: DEBUG placement.objects.research_context [req-0e455315-1b6f-43c9-9ae9-ad980717d621 req-c7a6e59a-0a7f-4c48-bd8b-9d57ec0859f5 service placement] getting providers with 1 DISK_GB {{(pid=103798) __init__ /opt/stack/placement/placement/objects/research_context.py:126}}
Feb 15 15:24:53.770727 n-d-829248-1 devstack@placement-api.service[103798]: DEBUG placement.objects.research_context [req-0e455315-1b6f-43c9-9ae9-ad980717d621 req-c7a6e59a-0a7f-4c48-bd8b-9d57ec0859f5 service placement] getting providers with 1024 MEMORY_MB {{(pid=103798) __init__ /opt/stack/placement/placement/objects/research_context.py:126}}
Feb 15 15:24:53.779511 n-d-829248-1 devstack@placement-api.service[103798]: DEBUG placement.objects.research_context [req-0e455315-1b6f-43c9-9ae9-ad980717d621 req-c7a6e59a-0a7f-4c48-bd8b-9d57ec0859f5 service placement] getting providers with 1 VCPU {{(pid=103798) __init__ /opt/stack/placement/placement/objects/research_context.py:126}}
Feb 15 15:24:53.794073 n-d-829248-1 devstack@placement-api.service[103798]: DEBUG placement.objects.research_context [req-0e455315-1b6f-43c9-9ae9-ad980717d621 req-c7a6e59a-0a7f-4c48-bd8b-9d57ec0859f5 service placement] found 2 providers with available 1 DISK_GB {{(pid=103798) get_provider_ids_matching /opt/stack/placement/placement/objects/research_context.py:549}}
Feb 15 15:24:53.794651 n-d-829248-1 devstack@placement-api.service[103798]: DEBUG placement.objects.research_context [req-0e455315-1b6f-43c9-9ae9-ad980717d621 req-c7a6e59a-0a7f-4c48-bd8b-9d57ec0859f5 service placement] found 2 providers with available 1024 MEMORY_MB {{(pid=103798) get_provider_ids_matching /opt/stack/placement/placement/objects/research_context.py:549}}
Feb 15 15:24:53.795142 n-d-829248-1 devstack@placement-api.service[103798]: DEBUG placement.objects.research_context [req-0e455315-1b6f-43c9-9ae9-ad980717d621 req-c7a6e59a-0a7f-4c48-bd8b-9d57ec0859f5 service placement] found 2 providers after filtering by previous result {{(pid=103798) get_provider_ids_matching /opt/stack/placement/placement/objects/research_context.py:580}}
Feb 15 15:24:53.795614 n-d-829248-1 devstack@placement-api.service[103798]: DEBUG placement.objects.research_context [req-0e455315-1b6f-43c9-9ae9-ad980717d621 req-c7a6e59a-0a7f-4c48-bd8b-9d57ec0859f5 service placement] found 2 providers with available 1 VCPU {{(pid=103798) get_provider_ids_matching /opt/stack/placement/placement/objects/research_context.py:549}}
Feb 15 15:24:53.796322 n-d-829248-1 devstack@placement-api.service[103798]: DEBUG placement.objects.research_context [req-0e455315-1b6f-43c9-9ae9-ad980717d621 req-c7a6e59a-0a7f-4c48-bd8b-9d57ec0859f5 service placement] found 2 providers after filtering by previous result {{(pid=103798) get_provider_ids_matching /opt/stack/placement/placement/objects/research_context.py:580}}
