Feb 14 05:57:00.021485 n-d-828994-1 neutron-server[103277]: DEBUG neutron.db.provisioning_blocks [None req-de6dcecf-999c-420d-962f-fc0f4edc39ca None None] Provisioning complete for port 183b8960-1fd4-44b5-9f13-027a3071f20c triggered by entity L2. {{(pid=103277) provisioning_complete /opt/stack/neutron/neutron/db/provisioning_blocks.py:139}}
Feb 14 05:57:00.021485 n-d-828994-1 neutron-server[103277]: DEBUG neutron_lib.callbacks.manager [None req-de6dcecf-999c-420d-962f-fc0f4edc39ca None None] Publish callbacks ['neutron.plugins.ml2.plugin.Ml2Plugin._port_provisioned-719960'] for port (183b8960-1fd4-44b5-9f13-027a3071f20c), provisioning_complete {{(pid=103277) _notify_loop /usr/local/lib/python3.8/dist-packages/neutron_lib/callbacks/manager.py:176}}
Feb 14 05:57:00.044889 n-d-828994-1 neutron-server[103275]: DEBUG neutron_lib.callbacks.manager [None req-aefad4cd-3567-467d-a705-f5697d13d543 admin admin] Publish callbacks ['neutron.plugins.ml2.ovo_rpc._ObjectChangeHandler.handle_event-3716543'] for security_group (26be587e-0b5c-4ff2-a9c3-7c6804602c20), after_delete {{(pid=103275) _notify_loop /usr/local/lib/python3.8/dist-packages/neutron_lib/callbacks/manager.py:176}}
Feb 14 05:57:00.051828 n-d-828994-1 neutron-server[103275]: DEBUG neutron_lib.callbacks.manager [None req-aefad4cd-3567-467d-a705-f5697d13d543 admin admin] Publish callbacks [] for security_group (None), before_response {{(pid=103275) _notify_loop /usr/local/lib/python3.8/dist-packages/neutron_lib/callbacks/manager.py:176}}
Feb 14 05:57:00.053092 n-d-828994-1 neutron-server[103275]: INFO neutron.wsgi [None req-aefad4cd-3567-467d-a705-f5697d13d543 admin admin] 10.222.0.30 "DELETE /v2.0/security-groups/26be587e-0b5c-4ff2-a9c3-7c6804602c20 HTTP/1.1" status: 204 len: 168 time: 0.4288847
Feb 14 05:57:00.067538 n-d-828994-1 neutron-server[103278]: DEBUG neutron.db.l3_hamode_db [None req-da114e47-a6ab-4af7-ae3d-0cf83ab4db32 None None] neutron.services.l3_router.l3_router_plugin.L3RouterPlugin method _process_sync_ha_data called with arguments (, [{'id': '825d2a34-baa1-4368-896c-af16d7f75505', 'name': 'tempest-FloatingIPsTestJSON-1133160506-router', 'tenant_id': 'b7c827697b184c6cb1a49812f12a8db2', 'admin_state_up': True, 'status': 'ACTIVE', 'external_gateway_info': {'network_id': '390df7f1-a56b-4c71-bd3a-64f3594799bf', 'external_fixed_ips': [{'subnet_id': '9cd548f6-1816-42e4-90c4-3be0ded12590', 'ip_address': '172.25.4.248'}], 'enable_snat': True}, 'gw_port_id': '9011b6cd-e0bd-4caa-bc00-73e4340199ec', 'description': '', 'availability_zones': ['nova'], 'distributed': False, 'ha': False, 'ha_vr_id': 0, 'availability_zone_hints': [], 'routes': [], 'flavor_id': None, 'tags': [], 'created_at': '2022-02-14T05:56:54Z', 'updated_at': '2022-02-14T05:56:56Z', 'revision_number': 3, 'project_id': 'b7c827697b184c6cb1a49812f12a8db2', 'gw_port': {'id': '9011b6cd-e0bd-4caa-bc00-73e4340199ec', 'name': '', 'network_id': '390df7f1-a56b-4c71-bd3a-64f3594799bf', 'tenant_id': '', 'mac_address': 'fa:16:3e:14:bb:91', 'admin_state_up': True, 'status': 'DOWN', 'device_id': '825d2a34-baa1-4368-896c-af16d7f75505', 'device_owner': 'network:router_gateway', 'standard_attr_id': 259, 'fixed_ips': [{'subnet_id': '9cd548f6-1816-42e4-90c4-3be0ded12590', 'ip_address': '172.25.4.248', 'prefixlen': 24}], 'allowed_address_pairs': [], 'extra_dhcp_opts': [], 'security_groups': [], 'description': '', 'binding:vnic_type': 'normal', 'binding:profile': {}, 'binding:host_id': 'n-d-828994-1', 'binding:vif_type': 'ovs', 'binding:vif_details': {'connectivity': 'l2', 'port_filter': True, 'ovs_hybrid_plug': False, 'datapath_type': 'system', 'bridge_name': 'br-int', 'bound_drivers': {'0': 'openvswitch'}}, 'port_security_enabled': False, 'tags': [], 'created_at': '2022-02-14T05:56:55Z', 'updated_at': '2022-02-14T05:56:59Z', 'revision_number': 3, 'project_id': '', 'subnets': [{'id': '9cd548f6-1816-42e4-90c4-3be0ded12590', 'cidr': '172.25.4.0/24', 'gateway_ip': '172.25.4.1', 'dns_nameservers': [], 'ipv6_ra_mode': None, 'subnetpool_id': None}], 'extra_subnets': [], 'address_scopes': {4: None, 6: None}, 'mtu': 1500}, 'enable_snat': True, 'gw_port_host': 'n-d-828994-1'}], 'n-d-828994-1', False) {} {{(pid=103278) wrapper /usr/local/lib/python3.8/dist-packages/oslo_log/helpers.py:65}}
Feb 14 05:57:00.119531 n-d-828994-1 neutron-server[103278]: DEBUG neutron.api.rpc.handlers.l3_rpc [None req-da114e47-a6ab-4af7-ae3d-0cf83ab4db32 None None] The sync data for ids ['825d2a34-baa1-4368-896c-af16d7f75505'] in n-d-828994-1 is: [{'id': '825d2a34-baa1-4368-896c-af16d7f75505', 'name': 'tempest-FloatingIPsTestJSON-1133160506-router', 'tenant_id': 'b7c827697b184c6cb1a49812f12a8db2', 'admin_state_up': True, 'status': 'ACTIVE', 'external_gateway_info': {'network_id': '390df7f1-a56b-4c71-bd3a-64f3594799bf', 'external_fixed_ips': [{'subnet_id': '9cd548f6-1816-42e4-90c4-3be0ded12590', 'ip_address': '172.25.4.248'}], 'enable_snat': True}, 'gw_port_id': '9011b6cd-e0bd-4caa-bc00-73e4340199ec', 'description': '', 'availability_zones': ['nova'], 'distributed': False, 'ha': False, 'ha_vr_id': 0, 'availability_zone_hints': [], 'routes': [], 'flavor_id': None, 'tags': [], 'created_at': '2022-02-14T05:56:54Z', 'updated_at': '2022-02-14T05:56:56Z', 'revision_number': 3, 'project_id': 'b7c827697b184c6cb1a49812f12a8db2', 'gw_port': {'id': '9011b6cd-e0bd-4caa-bc00-73e4340199ec', 'name': '', 'network_id': '390df7f1-a56b-4c71-bd3a-64f3594799bf', 'tenant_id': '', 'mac_address': 'fa:16:3e:14:bb:91', 'admin_state_up': True, 'status': 'DOWN', 'device_id': '825d2a34-baa1-4368-896c-af16d7f75505', 'device_owner': 'network:router_gateway', 'standard_attr_id': 259, 'fixed_ips': [{'subnet_id': '9cd548f6-1816-42e4-90c4-3be0ded12590', 'ip_address': '172.25.4.248', 'prefixlen': 24}], 'allowed_address_pairs': [], 'extra_dhcp_opts': [], 'security_groups': [], 'description': '', 'binding:vnic_type': 'normal', 'binding:profile': {}, 'binding:host_id': 'n-d-828994-1', 'binding:vif_type': 'ovs', 'binding:vif_details': {'connectivity': 'l2', 'port_filter': True, 'ovs_hybrid_plug': False, 'datapath_type': 'system', 'bridge_name': 'br-int', 'bound_drivers': {'0': 'openvswitch'}}, 'port_security_enabled': False, 'tags': [], 'created_at': '2022-02-14T05:56:55Z', 'updated_at': '2022-02-14T05:56:59Z', 'revision_number': 3, 'project_id': '', 'subnets': [{'id': '9cd548f6-1816-42e4-90c4-3be0ded12590', 'cidr': '172.25.4.0/24', 'gateway_ip': '172.25.4.1', 'dns_nameservers': [], 'ipv6_ra_mode': None, 'subnetpool_id': None}], 'extra_subnets': [], 'address_scopes': {4: None, 6: None}, 'mtu': 1500}, 'enable_snat': True, 'gw_port_host': 'n-d-828994-1'}] {{(pid=103278) sync_routers /opt/stack/neutron/neutron/api/rpc/handlers/l3_rpc.py:137}}
Feb 14 05:57:00.220333 n-d-828994-1 neutron-server[103275]: DEBUG neutron.api.rpc.handlers.resources_rpc [None req-aefad4cd-3567-467d-a705-f5697d13d543 admin admin] Pushing event deleted for resources: {'SecurityGroup': ['ID=26be587e-0b5c-4ff2-a9c3-7c6804602c20,revision_number=None']} {{(pid=103275) push /opt/stack/neutron/neutron/api/rpc/handlers/resources_rpc.py:237}}
Feb 14 05:57:00.223517 n-d-828994-1 neutron-server[103277]: DEBUG neutron.plugins.ml2.plugin [None req-de6dcecf-999c-420d-962f-fc0f4edc39ca None None] Current status of the port 183b8960-1fd4-44b5-9f13-027a3071f20c is: ACTIVE; New status is: ACTIVE {{(pid=103277) _update_individual_port_db_status /opt/stack/neutron/neutron/plugins/ml2/plugin.py:2232}}
Feb 14 05:57:00.278696 n-d-828994-1 neutron-server[103275]: DEBUG neutron.api.rpc.handlers.resources_rpc [None req-84af5892-4c68-4e52-96c6-5eeaeabb0ebd admin admin] Pushing event updated for resources: {'Port': ['ID=012c6f37-7165-46c2-81e7-fdd7f13f563c,revision_number=2']} {{(pid=103275) push /opt/stack/neutron/neutron/api/rpc/handlers/resources_rpc.py:237}}
Feb 14 05:57:00.316021 n-d-828994-1 neutron-server[103275]: DEBUG neutron.scheduler.dhcp_agent_scheduler [None req-84af5892-4c68-4e52-96c6-5eeaeabb0ebd admin admin] Network 0e0d3c47-a0bf-4799-a63c-a5ca5e5befb4 is already hosted by enough agents. {{(pid=103275) _get_dhcp_agents_hosting_network /opt/stack/neutron/neutron/scheduler/dhcp_agent_scheduler.py:275}}
Feb 14 05:57:00.317580 n-d-828994-1 neutron-server[103275]: DEBUG neutron.scheduler.base_scheduler [None req-84af5892-4c68-4e52-96c6-5eeaeabb0ebd admin admin] Resources bound (agent type, host, resource id): {{(pid=103275) schedule /opt/stack/neutron/neutron/scheduler/base_scheduler.py:57}}
Feb 14 05:57:00.356249 n-d-828994-1 neutron-server[103276]: DEBUG neutron_lib.callbacks.manager [None req-92bc2782-e455-4b94-92d8-f5007db1b4b6 admin admin] Publish callbacks ['neutron.services.auto_allocate.db._ensure_external_network_default_value_callback-8738171659183'] for network (c1d8701a-1d8b-46e6-8b3d-509404775634), precommit_create {{(pid=103276) _notify_loop /usr/local/lib/python3.8/dist-packages/neutron_lib/callbacks/manager.py:176}}
Feb 14 05:57:00.418464 n-d-828994-1 neutron-server[103276]: DEBUG neutron_lib.db.resource_extend [None req-65e0508f-5d11-46ab-93b8-aa30574ed6aa tempest-ServersWithSpecificFlavorTestJSON-989961082 tempest-ServersWithSpecificFlavorTestJSON-989961082-project] It took 0.55 seconds to run function 'neutron_lib.db.resource_extend.apply_funcs' {{(pid=103276) wrapper /usr/local/lib/python3.8/dist-packages/oslo_utils/timeutils.py:386}}
Feb 14 05:57:00.475126 n-d-828994-1 neutron-server[103275]: DEBUG neutron.scheduler.l3_agent_scheduler [None req-84af5892-4c68-4e52-96c6-5eeaeabb0ebd admin admin] Router 825d2a34-baa1-4368-896c-af16d7f75505 has already been hosted by L3 agent 51ab606b-a8b5-4c77-a93b-e187abbe6302 {{(pid=103275) _get_candidates /opt/stack/neutron/neutron/scheduler/l3_agent_scheduler.py:126}}
Feb 14 05:57:00.513408 n-d-828994-1 neutron-server[103276]: DEBUG neutron_lib.callbacks.manager [None req-92bc2782-e455-4b94-92d8-f5007db1b4b6 admin admin] Publish callbacks ['neutron.plugins.ml2.ovo_rpc._ObjectChangeHandler.handle_event-3686417', 'neutron.api.rpc.agentnotifiers.dhcp_rpc_agent_api.DhcpAgentNotifyAPI._native_event_send_dhcp_notification-3795288'] for network (c1d8701a-1d8b-46e6-8b3d-509404775634), after_create {{(pid=103276) _notify_loop /usr/local/lib/python3.8/dist-packages/neutron_lib/callbacks/manager.py:176}}
Feb 14 05:57:00.516447 n-d-828994-1 neutron-server[103276]: DEBUG neutron.pecan_wsgi.hooks.policy_enforcement [None req-92bc2782-e455-4b94-92d8-f5007db1b4b6 admin admin] Attributes excluded by policy engine: ['standard_attr_id', 'vlan_transparent'] {{(pid=103276) _exclude_attributes_by_policy /opt/stack/neutron/neutron/pecan_wsgi/hooks/policy_enforcement.py:255}}
Feb 14 05:57:00.516447 n-d-828994-1 neutron-server[103276]: DEBUG neutron_lib.callbacks.manager [None req-92bc2782-e455-4b94-92d8-f5007db1b4b6 admin admin] Publish callbacks ['neutron.api.rpc.agentnotifiers.dhcp_rpc_agent_api.DhcpAgentNotifyAPI._send_dhcp_notification-3795370'] for network (None), before_response {{(pid=103276) _notify_loop /usr/local/lib/python3.8/dist-packages/neutron_lib/callbacks/manager.py:176}}
Feb 14 05:57:00.583968 n-d-828994-1 neutron-server[103276]: DEBUG neutron_lib.callbacks.manager [None req-65e0508f-5d11-46ab-93b8-aa30574ed6aa tempest-ServersWithSpecificFlavorTestJSON-989961082 tempest-ServersWithSpecificFlavorTestJSON-989961082-project] Publish callbacks [] for floatingip (None), precommit_update {{(pid=103276) _notify_loop /usr/local/lib/python3.8/dist-packages/neutron_lib/callbacks/manager.py:176}}
Feb 14 05:57:00.590885 n-d-828994-1 neutron-server[103276]: DEBUG neutron.pecan_wsgi.hooks.policy_enforcement [req-ebad06d1-9d71-4a11-a74a-c08f59fc8c25 req-f7219b12-af21-4147-a27a-f4f02da6b7d1 tempest-MigrationsAdminTest-330110295 tempest-MigrationsAdminTest-330110295-project-admin] Attributes excluded by policy engine: ['standard_attr_id'] {{(pid=103276) _exclude_attributes_by_policy /opt/stack/neutron/neutron/pecan_wsgi/hooks/policy_enforcement.py:255}}
Feb 14 05:57:00.597808 n-d-828994-1 neutron-server[103276]: INFO neutron.wsgi [req-ebad06d1-9d71-4a11-a74a-c08f59fc8c25 req-f7219b12-af21-4147-a27a-f4f02da6b7d1 tempest-MigrationsAdminTest-330110295 tempest-MigrationsAdminTest-330110295-project-admin] 10.222.0.30 "GET /v2.0/ports?device_id=eed6e03f-ab78-4383-b5d7-2b0c8791e2e7 HTTP/1.1" status: 200 len: 1131 time: 0.6676712
Feb 14 05:57:00.611404 n-d-828994-1 neutron-server[103276]: DEBUG neutron_lib.callbacks.manager [None req-65e0508f-5d11-46ab-93b8-aa30574ed6aa tempest-ServersWithSpecificFlavorTestJSON-989961082 tempest-ServersWithSpecificFlavorTestJSON-989961082-project] Publish callbacks ['neutron.services.l3_router.l3_router_plugin.DVRResourceOperationHandler._create_dvr_floating_gw_port-3851553'] for floatingip (dac26ee6-6300-42c2-bd36-3bbb4b7769e9), after_update {{(pid=103276) _notify_loop /usr/local/lib/python3.8/dist-packages/neutron_lib/callbacks/manager.py:176}}
Feb 14 05:57:00.619746 n-d-828994-1 neutron-server[103276]: INFO neutron.wsgi [None req-92bc2782-e455-4b94-92d8-f5007db1b4b6 admin admin] 10.222.0.30 "POST /v2.0/networks HTTP/1.1" status: 201 len: 893 time: 1.8744409
Feb 14 05:57:00.650317 n-d-828994-1 neutron-server[103275]: DEBUG neutron.wsgi [-] (103275) accepted ('10.222.0.30', 35108) {{(pid=103275) server /usr/local/lib/python3.8/dist-packages/eventlet/wsgi.py:1004}}
Feb 14 05:57:00.661605 n-d-828994-1 neutron-server[103276]: DEBUG neutron.pecan_wsgi.hooks.policy_enforcement [req-e933e3da-c5f6-4511-9a00-18661199e71c req-81ef3339-336a-4cd0-bfa8-9d586d1420b2 tempest-DeleteServersAdminTestJSON-853187777 tempest-DeleteServersAdminTestJSON-853187777-project] Attributes excluded by policy engine: ['standard_attr_id', 'binding:profile', 'binding:host_id', 'binding:vif_type', 'binding:vif_details'] {{(pid=103276) _exclude_attributes_by_policy /opt/stack/neutron/neutron/pecan_wsgi/hooks/policy_enforcement.py:255}}
Feb 14 05:57:00.666270 n-d-828994-1 neutron-server[103276]: INFO neutron.wsgi [req-e933e3da-c5f6-4511-9a00-18661199e71c req-81ef3339-336a-4cd0-bfa8-9d586d1420b2 tempest-DeleteServersAdminTestJSON-853187777 tempest-DeleteServersAdminTestJSON-853187777-project] 10.222.0.30 "GET /v2.0/ports?device_id=76b98266-dec0-47de-95b3-c2149aa418c8 HTTP/1.1" status: 200 len: 969 time: 0.3143795
Feb 14 05:57:00.714701 n-d-828994-1 neutron-server[103276]: DEBUG neutron_lib.callbacks.manager [req-ebad06d1-9d71-4a11-a74a-c08f59fc8c25 req-13466c52-b716-4ec7-8eec-c09b5a67cc09 tempest-MigrationsAdminTest-330110295 tempest-MigrationsAdminTest-330110295-project-admin] Publish callbacks [] for security_group (None), before_create {{(pid=103276) _notify_loop /usr/local/lib/python3.8/dist-packages/neutron_lib/callbacks/manager.py:176}}
Feb 14 05:57:00.759056 n-d-828994-1 neutron-server[103276]: DEBUG neutron.api.rpc.handlers.resources_rpc [None req-92bc2782-e455-4b94-92d8-f5007db1b4b6 admin admin] Pushing event updated for resources: {'Network': ['ID=c1d8701a-1d8b-46e6-8b3d-509404775634,revision_number=1']} {{(pid=103276) push /opt/stack/neutron/neutron/api/rpc/handlers/resources_rpc.py:237}}
Feb 14 05:57:00.773467 n-d-828994-1 neutron-server[103277]: DEBUG neutron.plugins.ml2.rpc [None req-de6dcecf-999c-420d-962f-fc0f4edc39ca None None] Network c1d8701a-1d8b-46e6-8b3d-509404775634 details requested by agent ovs-agent-n-d-828994-1 with host n-d-828994-1 {{(pid=103277) get_network_details /opt/stack/neutron/neutron/plugins/ml2/rpc.py:248}}
Feb 14 05:57:00.848039 n-d-828994-1 neutron-server[103275]: DEBUG neutron.wsgi [-] (103275) accepted ('10.222.0.30', 35110) {{(pid=103275) server /usr/local/lib/python3.8/dist-packages/eventlet/wsgi.py:1004}}
Feb 14 05:57:00.852739 n-d-828994-1 neutron-server[103277]: DEBUG neutron.db.provisioning_blocks [None req-6cf89c32-04df-4f61-9ed4-6370bb916c7f None None] Provisioning complete for port 012c6f37-7165-46c2-81e7-fdd7f13f563c triggered by entity DHCP. {{(pid=103277) provisioning_complete /opt/stack/neutron/neutron/db/provisioning_blocks.py:139}}
Feb 14 05:57:00.853781 n-d-828994-1 neutron-server[103277]: DEBUG neutron_lib.callbacks.manager [None req-6cf89c32-04df-4f61-9ed4-6370bb916c7f None None] Publish callbacks ['neutron.plugins.ml2.plugin.Ml2Plugin._port_provisioned-719960'] for port (012c6f37-7165-46c2-81e7-fdd7f13f563c), provisioning_complete {{(pid=103277) _notify_loop /usr/local/lib/python3.8/dist-packages/neutron_lib/callbacks/manager.py:176}}
Feb 14 05:57:00.859902 n-d-828994-1 neutron-server[103275]: DEBUG neutron.api.v2.base [None req-0d086dcf-af54-4156-b3bc-1b1f50edd4a3 admin admin] Request body: {'subnet': {'network_id': 'c1d8701a-1d8b-46e6-8b3d-509404775634', 'cidr': '172.20.0.0/28', 'name': 'tempest-LiveAutoBlockMigrationV225Test-1570821066-subnet', 'tenant_id': '212f527dc4744686a0c2ebff1ecc021f', 'enable_dhcp': False, 'ip_version': 4}} {{(pid=103275) prepare_request_body /opt/stack/neutron/neutron/api/v2/base.py:729}}
Feb 14 05:57:00.870430 n-d-828994-1 neutron-server[103276]: DEBUG neutron_lib.callbacks.manager [req-ebad06d1-9d71-4a11-a74a-c08f59fc8c25 req-13466c52-b716-4ec7-8eec-c09b5a67cc09 tempest-MigrationsAdminTest-330110295 tempest-MigrationsAdminTest-330110295-project-admin] Publish callbacks [] for security_group (fc9f978a-b79a-42d7-beec-fad7a33dcb6a), precommit_create {{(pid=103276) _notify_loop /usr/local/lib/python3.8/dist-packages/neutron_lib/callbacks/manager.py:176}}
Feb 14 05:57:00.896635 n-d-828994-1 neutron-server[103277]: DEBUG neutron.plugins.ml2.plugin [None req-6cf89c32-04df-4f61-9ed4-6370bb916c7f None None] Port 012c6f37-7165-46c2-81e7-fdd7f13f563c cannot update to ACTIVE because it is not bound. {{(pid=103277) _port_provisioned /opt/stack/neutron/neutron/plugins/ml2/plugin.py:343}}
Feb 14 05:57:00.915654 n-d-828994-1 neutron-server[103275]: DEBUG neutron.api.rpc.agentnotifiers.l3_rpc_agent_api [None req-84af5892-4c68-4e52-96c6-5eeaeabb0ebd admin admin] Notify agent at l3_agent.n-d-828994-1 the message routers_updated {{(pid=103275) _agent_notification /opt/stack/neutron/neutron/api/rpc/agentnotifiers/l3_rpc_agent_api.py:65}}
Feb 14 05:57:00.922281 n-d-828994-1 neutron-server[103275]: DEBUG neutron_lib.callbacks.manager [None req-8b47ecd7-47d1-4544-9f0e-6c3f38fb22a0 admin admin] Publish callbacks [] for security_group (None), before_create {{(pid=103275) _notify_loop /usr/local/lib/python3.8/dist-packages/neutron_lib/callbacks/manager.py:176}}
Feb 14 05:57:00.925994 n-d-828994-1 neutron-server[103276]: DEBUG neutron_lib.callbacks.manager [req-ebad06d1-9d71-4a11-a74a-c08f59fc8c25 req-13466c52-b716-4ec7-8eec-c09b5a67cc09 tempest-MigrationsAdminTest-330110295 tempest-MigrationsAdminTest-330110295-project-admin] Publish callbacks ['neutron.plugins.ml2.ovo_rpc._ObjectChangeHandler.handle_event-3716543'] for security_group (fc9f978a-b79a-42d7-beec-fad7a33dcb6a), after_create {{(pid=103276) _notify_loop /usr/local/lib/python3.8/dist-packages/neutron_lib/callbacks/manager.py:176}}
Feb 14 05:57:00.935768 n-d-828994-1 neutron-server[103275]: INFO neutron.wsgi [None req-84af5892-4c68-4e52-96c6-5eeaeabb0ebd admin admin] 10.222.0.30 "PUT /v2.0/routers/825d2a34-baa1-4368-896c-af16d7f75505/add_router_interface HTTP/1.1" status: 200 len: 503 time: 3.2122042
Feb 14 05:57:00.935991 n-d-828994-1 neutron-server[103276]: INFO neutron.wsgi [req-e933e3da-c5f6-4511-9a00-18661199e71c req-7640426f-ddda-43f0-81a5-fdef7b1e0e5b tempest-DeleteServersAdminTestJSON-853187777 tempest-DeleteServersAdminTestJSON-853187777-project] 10.222.0.30 "GET /v2.0/security-groups?id=0533dd6a-a986-4ad6-a67c-532f627ff400&fields=id&fields=name HTTP/1.1" status: 200 len: 286 time: 0.2097318
Feb 14 05:57:00.973706 n-d-828994-1 neutron-server[103275]: DEBUG neutron.pecan_wsgi.hooks.quota_enforcement [None req-0d086dcf-af54-4156-b3bc-1b1f50edd4a3 admin admin] Made reservation on behalf of 212f527dc4744686a0c2ebff1ecc021f for: {'subnet': 1} {{(pid=103275) before /opt/stack/neutron/neutron/pecan_wsgi/hooks/quota_enforcement.py:53}}
Feb 14 05:57:00.975990 n-d-828994-1 neutron-server[103275]: DEBUG neutron_lib.callbacks.manager [None req-0d086dcf-af54-4156-b3bc-1b1f50edd4a3 admin admin] Publish callbacks [] for subnet (None), before_create {{(pid=103275) _notify_loop /usr/local/lib/python3.8/dist-packages/neutron_lib/callbacks/manager.py:176}}
Feb 14 05:57:01.026266 n-d-828994-1 neutron-server[103276]: INFO neutron.db.l3_db [None req-65e0508f-5d11-46ab-93b8-aa30574ed6aa tempest-ServersWithSpecificFlavorTestJSON-989961082 tempest-ServersWithSpecificFlavorTestJSON-989961082-project] Floating IP dac26ee6-6300-42c2-bd36-3bbb4b7769e9 associated. External IP: 172.25.4.68, port: 85484bc1-d14d-4294-b072-492e5d7e1025.
Feb 14 05:57:01.031992 n-d-828994-1 neutron-server[103276]: INFO neutron.wsgi [req-ebad06d1-9d71-4a11-a74a-c08f59fc8c25 req-13466c52-b716-4ec7-8eec-c09b5a67cc09 tempest-MigrationsAdminTest-330110295 tempest-MigrationsAdminTest-330110295-project-admin] 10.222.0.30 "GET /v2.0/security-groups?id=deefaeb4-1c2e-41a7-8d5f-44257ad65a6a&fields=id&fields=name HTTP/1.1" status: 200 len: 286 time: 0.4332147
Feb 14 05:57:01.070767 n-d-828994-1 neutron-server[103277]: DEBUG neutron.plugins.ml2.rpc [None req-4aac7bc6-10c3-47c5-91b6-c96ac56037a1 None None] Device 0e8d23fe-37e3-4686-8b22-54acade8b293 details requested by agent hyperv_n-h1-828994-1 with host n-h1-828994-1 {{(pid=103277) get_device_details /opt/stack/neutron/neutron/plugins/ml2/rpc.py:102}}
Feb 14 05:57:01.110106 n-d-828994-1 neutron-server[103276]: DEBUG neutron.api.rpc.handlers.resources_rpc [None req-13466c52-b716-4ec7-8eec-c09b5a67cc09 tempest-MigrationsAdminTest-330110295 tempest-MigrationsAdminTest-330110295-project-admin] Pushing event updated for resources: {'SecurityGroup': ['ID=fc9f978a-b79a-42d7-beec-fad7a33dcb6a,revision_number=1']} {{(pid=103276) push /opt/stack/neutron/neutron/api/rpc/handlers/resources_rpc.py:237}}
Feb 14 05:57:01.201834 n-d-828994-1 neutron-server[103275]: DEBUG neutron_lib.callbacks.manager [None req-8b47ecd7-47d1-4544-9f0e-6c3f38fb22a0 admin admin] Publish callbacks [] for security_group (ec5718d2-dca3-4863-bae5-aa243cd29ba9), precommit_create {{(pid=103275) _notify_loop /usr/local/lib/python3.8/dist-packages/neutron_lib/callbacks/manager.py:176}}
Feb 14 05:57:01.247670 n-d-828994-1 neutron-server[103275]: DEBUG neutron_lib.callbacks.manager [None req-8b47ecd7-47d1-4544-9f0e-6c3f38fb22a0 admin admin] Publish callbacks ['neutron.plugins.ml2.ovo_rpc._ObjectChangeHandler.handle_event-3716543'] for security_group (ec5718d2-dca3-4863-bae5-aa243cd29ba9), after_create {{(pid=103275) _notify_loop /usr/local/lib/python3.8/dist-packages/neutron_lib/callbacks/manager.py:176}}
Feb 14 05:57:01.276810 n-d-828994-1 neutron-server[103275]: DEBUG neutron.api.rpc.handlers.resources_rpc [None req-8b47ecd7-47d1-4544-9f0e-6c3f38fb22a0 admin admin] Pushing event updated for resources: {'SecurityGroup': ['ID=ec5718d2-dca3-4863-bae5-aa243cd29ba9,revision_number=1']} {{(pid=103275) push /opt/stack/neutron/neutron/api/rpc/handlers/resources_rpc.py:237}}
Feb 14 05:57:01.317495 n-d-828994-1 neutron-server[103275]: INFO neutron.wsgi [None req-8b47ecd7-47d1-4544-9f0e-6c3f38fb22a0 admin admin] 10.222.0.30 "GET /v2.0/security-groups?tenant_id=554a3cee310244fb9ee19a21f5eb6cfa&name=default HTTP/1.1" status: 200 len: 2996 time: 0.4668357
Feb 14 05:57:01.321267 n-d-828994-1 neutron-server[103275]: DEBUG neutron.wsgi [-] (103275) accepted ('10.222.0.30', 35128) {{(pid=103275) server /usr/local/lib/python3.8/dist-packages/eventlet/wsgi.py:1004}}
Feb 14 05:57:01.321858 n-d-828994-1 neutron-server[103277]: DEBUG neutron.plugins.ml2.db [None req-4aac7bc6-10c3-47c5-91b6-c96ac56037a1 None None] For port 0e8d23fe-37e3-4686-8b22-54acade8b293, host n-h1-828994-1, got binding levels [PortBindingLevel(driver='hyperv',host='n-h1-828994-1',level=0,port_id=0e8d23fe-37e3-4686-8b22-54acade8b293,segment=NetworkSegment(690bca1d-49dc-4749-851e-8100f278f8ea),segment_id=690bca1d-49dc-4749-851e-8100f278f8ea)] {{(pid=103277) get_binding_level_objs /opt/stack/neutron/neutron/plugins/ml2/db.py:74}}
Feb 14 05:57:01.340372 n-d-828994-1 neutron-server[103277]: DEBUG neutron.plugins.ml2.rpc [None req-4aac7bc6-10c3-47c5-91b6-c96ac56037a1 None None] Returning: {'device': '0e8d23fe-37e3-4686-8b22-54acade8b293', 'network_id': '7293c0bf-d82b-425e-8794-b20117bab118', 'port_id': '0e8d23fe-37e3-4686-8b22-54acade8b293', 'mac_address': 'fa:16:3e:31:41:81', 'admin_state_up': True, 'network_type': 'vlan', 'segmentation_id': 50, 'physical_network': 'physnet1', 'mtu': 1500, 'fixed_ips': [{'subnet_id': '52c31391-60ec-4731-b88a-f602d7ba8749', 'ip_address': '192.168.233.90'}], 'device_owner': 'compute:tempest-test_az-1330627219', 'allowed_address_pairs': [], 'port_security_enabled': True, 'qos_policy_id': None, 'network_qos_policy_id': None, 'profile': {}, 'propagate_uplink_status': False} {{(pid=103277) _get_device_details /opt/stack/neutron/neutron/plugins/ml2/rpc.py:184}}
Feb 14 05:57:01.415465 n-d-828994-1 neutron-server[103277]: DEBUG neutron.plugins.ml2.plugin [None req-4aac7bc6-10c3-47c5-91b6-c96ac56037a1 None None] Current status of the port 0e8d23fe-37e3-4686-8b22-54acade8b293 is: DOWN; New status is: BUILD {{(pid=103277) _update_individual_port_db_status /opt/stack/neutron/neutron/plugins/ml2/plugin.py:2232}}
Feb 14 05:57:01.417959 n-d-828994-1 neutron-server[103277]: DEBUG neutron_lib.callbacks.manager [None req-4aac7bc6-10c3-47c5-91b6-c96ac56037a1 None None] Publish callbacks ['neutron.plugins.ml2.plugin.SecurityGroupDbMixin._ensure_default_security_group_handler-593118'] for port (0e8d23fe-37e3-4686-8b22-54acade8b293), before_update {{(pid=103277) _notify_loop /usr/local/lib/python3.8/dist-packages/neutron_lib/callbacks/manager.py:176}}
Feb 14 05:57:01.431302 n-d-828994-1 neutron-server[103275]: DEBUG neutron_lib.callbacks.manager [None req-1c6241fc-90c7-4760-895d-2a3b38c4d139 admin admin] Publish callbacks [] for security_group (ec5718d2-dca3-4863-bae5-aa243cd29ba9), before_delete {{(pid=103275) _notify_loop /usr/local/lib/python3.8/dist-packages/neutron_lib/callbacks/manager.py:176}}
Feb 14 05:57:01.442555 n-d-828994-1 neutron-server[103277]: DEBUG neutron.notifiers.nova [None req-4aac7bc6-10c3-47c5-91b6-c96ac56037a1 None None] Ignoring state change previous_port_status: DOWN current_port_status: BUILD port_id 0e8d23fe-37e3-4686-8b22-54acade8b293 {{(pid=103277) record_port_status_changed /opt/stack/neutron/neutron/notifiers/nova.py:233}}
Feb 14 05:57:01.454264 n-d-828994-1 neutron-server[103275]: DEBUG neutron_lib.callbacks.manager [None req-0d086dcf-af54-4156-b3bc-1b1f50edd4a3 admin admin] Publish callbacks ['neutron.plugins.ml2.ovo_rpc._ObjectChangeHandler.handle_event-147686', 'neutron.api.rpc.agentnotifiers.dhcp_rpc_agent_api.DhcpAgentNotifyAPI._native_event_send_dhcp_notification-3795288'] for subnet (c1f87868-a6c1-4cec-968a-2df72cd3ccff), after_create {{(pid=103275) _notify_loop /usr/local/lib/python3.8/dist-packages/neutron_lib/callbacks/manager.py:176}}
Feb 14 05:57:01.455684 n-d-828994-1 neutron-server[103276]: DEBUG neutron.scheduler.l3_agent_scheduler [None req-65e0508f-5d11-46ab-93b8-aa30574ed6aa tempest-ServersWithSpecificFlavorTestJSON-989961082 tempest-ServersWithSpecificFlavorTestJSON-989961082-project] Router f135fd20-6d26-4d2f-9ff8-f932308eb16c has already been hosted by L3 agent 51ab606b-a8b5-4c77-a93b-e187abbe6302 {{(pid=103276) _get_candidates /opt/stack/neutron/neutron/scheduler/l3_agent_scheduler.py:126}}
Feb 14 05:57:01.463366 n-d-828994-1 neutron-server[103275]: DEBUG neutron_lib.callbacks.manager [None req-1c6241fc-90c7-4760-895d-2a3b38c4d139 admin admin] Publish callbacks [] for security_group (ec5718d2-dca3-4863-bae5-aa243cd29ba9), precommit_delete {{(pid=103275) _notify_loop /usr/local/lib/python3.8/dist-packages/neutron_lib/callbacks/manager.py:176}}
Feb 14 05:57:01.469581 n-d-828994-1 neutron-server[103277]: DEBUG neutron.plugins.ml2.db [None req-4aac7bc6-10c3-47c5-91b6-c96ac56037a1 None None] For port 0e8d23fe-37e3-4686-8b22-54acade8b293, host n-h1-828994-1, got binding levels [PortBindingLevel(driver='hyperv',host='n-h1-828994-1',level=0,port_id=0e8d23fe-37e3-4686-8b22-54acade8b293,segment=NetworkSegment(690bca1d-49dc-4749-851e-8100f278f8ea),segment_id=690bca1d-49dc-4749-851e-8100f278f8ea)] {{(pid=103277) get_binding_level_objs /opt/stack/neutron/neutron/plugins/ml2/db.py:74}}
Feb 14 05:57:01.475432 n-d-828994-1 neutron-server[103277]: DEBUG neutron_lib.callbacks.manager [None req-4aac7bc6-10c3-47c5-91b6-c96ac56037a1 None None] Publish callbacks ['neutron.plugins.ml2.plugin.SecurityGroupServerNotifierRpcMixin._notify_sg_on_port_change-592970', 'neutron.plugins.ml2.ovo_rpc._ObjectChangeHandler.handle_event-231919', 'neutron.api.rpc.agentnotifiers.dhcp_rpc_agent_api.DhcpAgentNotifyAPI._native_event_send_dhcp_notification-3795288', 'neutron.db.l3_db.L3RpcNotifierMixin._notify_gateway_port_ip_changed-8738172064449', 'neutron.db.l3_dvrscheduler_db._notify_l3_agent_port_update-8738171672423', 'neutron.db.l3_hascheduler_db._notify_l3_agent_ha_port_update-8738171672441'] for port (0e8d23fe-37e3-4686-8b22-54acade8b293), after_update {{(pid=103277) _notify_loop /usr/local/lib/python3.8/dist-packages/neutron_lib/callbacks/manager.py:176}}
Feb 14 05:57:01.549148 n-d-828994-1 neutron-server[103277]: DEBUG neutron.api.rpc.handlers.resources_rpc [None req-4aac7bc6-10c3-47c5-91b6-c96ac56037a1 None None] Pushing event updated for resources: {'Port': ['ID=0e8d23fe-37e3-4686-8b22-54acade8b293,revision_number=4']} {{(pid=103277) push /opt/stack/neutron/neutron/api/rpc/handlers/resources_rpc.py:237}}
Feb 14 05:57:01.565051 n-d-828994-1 neutron-server[103275]: DEBUG neutron.api.rpc.handlers.resources_rpc [None req-0d086dcf-af54-4156-b3bc-1b1f50edd4a3 admin admin] Pushing event updated for resources: {'Subnet': ['ID=c1f87868-a6c1-4cec-968a-2df72cd3ccff,revision_number=0']} {{(pid=103275) push /opt/stack/neutron/neutron/api/rpc/handlers/resources_rpc.py:237}}
Feb 14 05:57:01.583352 n-d-828994-1 neutron-server[103276]: DEBUG neutron.wsgi [req-d8f6e978-b10d-41fb-b919-e9cf6fc50ee9 req-ebaba1cd-f4f5-4d74-b471-777ce7024a94 service neutron] http://10.222.0.30:9696/v2.0/extensions returned with HTTP 200 {{(pid=103276) __call__ /opt/stack/neutron/neutron/wsgi.py:730}}
Feb 14 05:57:01.584458 n-d-828994-1 neutron-server[103276]: INFO neutron.wsgi [req-d8f6e978-b10d-41fb-b919-e9cf6fc50ee9 req-ebaba1cd-f4f5-4d74-b471-777ce7024a94 service neutron] 10.222.0.30 "GET /v2.0/extensions HTTP/1.1" status: 200 len: 14082 time: 0.1262407
Feb 14 05:57:01.591648 n-d-828994-1 neutron-server[103275]: DEBUG neutron.plugins.ml2.drivers.mech_agent [None req-0d086dcf-af54-4156-b3bc-1b1f50edd4a3 admin admin] Checking segment: {'id': '79f18a25-11de-474a-851f-006bba98dd2a', 'network_type': 'vlan', 'physical_network': 'physnet1', 'segmentation_id': 59, 'network_id': 'c1d8701a-1d8b-46e6-8b3d-509404775634'} for mappings: {'physnet1': 'br-data'} with network types: ['local', 'flat', 'vlan'] {{(pid=103275) check_segment_for_agent /opt/stack/neutron/neutron/plugins/ml2/drivers/mech_agent.py:373}}
Feb 14 05:57:01.592017 n-d-828994-1 neutron-server[103275]: DEBUG neutron.scheduler.dhcp_agent_scheduler [None req-0d086dcf-af54-4156-b3bc-1b1f50edd4a3 admin admin] Network hostable DHCP agents. Network: c1d8701a-1d8b-46e6-8b3d-509404775634, hostable agents: ['14ae1a13-648f-4c49-841b-e4b5d411b402'], hosted agents: [] {{(pid=103275) _get_network_hostable_dhcp_agents /opt/stack/neutron/neutron/scheduler/dhcp_agent_scheduler.py:329}}
Feb 14 05:57:01.616464 n-d-828994-1 neutron-server[103275]: DEBUG neutron_lib.callbacks.manager [None req-1c6241fc-90c7-4760-895d-2a3b38c4d139 admin admin] Publish callbacks ['neutron.plugins.ml2.ovo_rpc._ObjectChangeHandler.handle_event-3716543'] for security_group (ec5718d2-dca3-4863-bae5-aa243cd29ba9), after_delete {{(pid=103275) _notify_loop /usr/local/lib/python3.8/dist-packages/neutron_lib/callbacks/manager.py:176}}
Feb 14 05:57:01.619383 n-d-828994-1 neutron-server[103275]: DEBUG neutron_lib.callbacks.manager [None req-1c6241fc-90c7-4760-895d-2a3b38c4d139 admin admin] Publish callbacks [] for security_group (None), before_response {{(pid=103275) _notify_loop /usr/local/lib/python3.8/dist-packages/neutron_lib/callbacks/manager.py:176}}
Feb 14 05:57:01.623538 n-d-828994-1 neutron-server[103275]: INFO neutron.wsgi [None req-1c6241fc-90c7-4760-895d-2a3b38c4d139 admin admin] 10.222.0.30 "DELETE /v2.0/security-groups/ec5718d2-dca3-4863-bae5-aa243cd29ba9 HTTP/1.1" status: 204 len: 168 time: 0.2985144
Feb 14 05:57:01.625835 n-d-828994-1 neutron-server[103275]: DEBUG neutron.scheduler.dhcp_agent_scheduler [None req-0d086dcf-af54-4156-b3bc-1b1f50edd4a3 admin admin] Network c1d8701a-1d8b-46e6-8b3d-509404775634 is scheduled to be hosted by DHCP agent 14ae1a13-648f-4c49-841b-e4b5d411b402 with binding_index 1 {{(pid=103275) bind /opt/stack/neutron/neutron/scheduler/dhcp_agent_scheduler.py:227}}
Feb 14 05:57:01.636567 n-d-828994-1 neutron-server[103275]: DEBUG neutron.api.rpc.handlers.resources_rpc [None req-1c6241fc-90c7-4760-895d-2a3b38c4d139 admin admin] Pushing event deleted for resources: {'SecurityGroup': ['ID=ec5718d2-dca3-4863-bae5-aa243cd29ba9,revision_number=None']} {{(pid=103275) push /opt/stack/neutron/neutron/api/rpc/handlers/resources_rpc.py:237}}
Feb 14 05:57:01.649657 n-d-828994-1 neutron-server[103275]: DEBUG neutron.scheduler.base_scheduler [None req-0d086dcf-af54-4156-b3bc-1b1f50edd4a3 admin admin] Resources bound (agent type, host, resource id): (DHCP agent, n-d-828994-1, c1d8701a-1d8b-46e6-8b3d-509404775634) {{(pid=103275) schedule /opt/stack/neutron/neutron/scheduler/base_scheduler.py:57}}
Feb 14 05:57:01.658058 n-d-828994-1 neutron-server[103275]: DEBUG neutron.pecan_wsgi.hooks.policy_enforcement [None req-0d086dcf-af54-4156-b3bc-1b1f50edd4a3 admin admin] Attributes excluded by policy engine: ['standard_attr_id', 'shared', 'network'] {{(pid=103275) _exclude_attributes_by_policy /opt/stack/neutron/neutron/pecan_wsgi/hooks/policy_enforcement.py:255}}
Feb 14 05:57:01.658710 n-d-828994-1 neutron-server[103275]: DEBUG neutron_lib.callbacks.manager [None req-0d086dcf-af54-4156-b3bc-1b1f50edd4a3 admin admin] Publish callbacks ['neutron.api.rpc.agentnotifiers.dhcp_rpc_agent_api.DhcpAgentNotifyAPI._send_dhcp_notification-3795370'] for subnet (None), before_response {{(pid=103275) _notify_loop /usr/local/lib/python3.8/dist-packages/neutron_lib/callbacks/manager.py:176}}
Feb 14 05:57:01.667233 n-d-828994-1 neutron-server[103277]: DEBUG neutron.api.rpc.handlers.dhcp_rpc [None req-f138bed8-bbbc-4419-8ac2-0d4ae0eaa6f0 None None] Network c1d8701a-1d8b-46e6-8b3d-509404775634 requested from n-d-828994-1 {{(pid=103277) get_network_info /opt/stack/neutron/neutron/api/rpc/handlers/dhcp_rpc.py:191}}
Feb 14 05:57:01.674279 n-d-828994-1 neutron-server[103277]: DEBUG neutron.plugins.ml2.db [None req-4aac7bc6-10c3-47c5-91b6-c96ac56037a1 None None] get_ports_and_sgs() called for port_ids ['0e8d23fe-37e3-4686-8b22-54acade8b293'] {{(pid=103277) get_ports_and_sgs /opt/stack/neutron/neutron/plugins/ml2/db.py:156}}
Feb 14 05:57:01.684085 n-d-828994-1 neutron-server[103275]: INFO neutron.wsgi [None req-0d086dcf-af54-4156-b3bc-1b1f50edd4a3 admin admin] 10.222.0.30 "POST /v2.0/subnets HTTP/1.1" status: 201 len: 858 time: 0.8324399
Feb 14 05:57:01.872135 n-d-828994-1 neutron-server[103276]: DEBUG neutron.api.rpc.agentnotifiers.l3_rpc_agent_api [None req-65e0508f-5d11-46ab-93b8-aa30574ed6aa tempest-ServersWithSpecificFlavorTestJSON-989961082 tempest-ServersWithSpecificFlavorTestJSON-989961082-project] Notify agent at l3_agent.n-d-828994-1 the message routers_updated {{(pid=103276) _agent_notification /opt/stack/neutron/neutron/api/rpc/agentnotifiers/l3_rpc_agent_api.py:65}}
Feb 14 05:57:01.880999 n-d-828994-1 neutron-server[103276]: DEBUG neutron_lib.callbacks.manager [None req-65e0508f-5d11-46ab-93b8-aa30574ed6aa tempest-ServersWithSpecificFlavorTestJSON-989961082 tempest-ServersWithSpecificFlavorTestJSON-989961082-project] Publish callbacks ['neutron.notifiers.nova.Notifier._send_nova_notification-229193'] for floatingip (None), before_response {{(pid=103276) _notify_loop /usr/local/lib/python3.8/dist-packages/neutron_lib/callbacks/manager.py:176}}
Feb 14 05:57:01.937320 n-d-828994-1 neutron-server[103277]: DEBUG neutron.api.rpc.handlers.l3_rpc [None req-1735494c-5cf8-4a6e-bbb8-e5a8c409e9cd None None] Sync routers for ids ['f135fd20-6d26-4d2f-9ff8-f932308eb16c'] in n-d-828994-1 {{(pid=103277) sync_routers /opt/stack/neutron/neutron/api/rpc/handlers/l3_rpc.py:125}}
Feb 14 05:57:01.950767 n-d-828994-1 neutron-server[103276]: INFO neutron.wsgi [req-4aa3cc46-2b52-42ec-b834-d7a5eca0c29a req-196a9aba-bd58-472b-a458-55e6287a415d tempest-FloatingIPsTestJSON-6585588 tempest-FloatingIPsTestJSON-6585588-project] 10.222.0.30 "GET /v2.0/networks?router%3Aexternal=True&fields=id&name=public HTTP/1.1" status: 200 len: 258 time: 0.3743212
Feb 14 05:57:01.977411 n-d-828994-1 neutron-server[103276]: DEBUG neutron.api.v2.base [req-4aa3cc46-2b52-42ec-b834-d7a5eca0c29a req-09bebfe1-4b77-49d0-842c-5dbf5e82dce7 tempest-FloatingIPsTestJSON-6585588 tempest-FloatingIPsTestJSON-6585588-project] Request body: {'floatingip': {'floating_network_id': '390df7f1-a56b-4c71-bd3a-64f3594799bf'}} {{(pid=103276) prepare_request_body /opt/stack/neutron/neutron/api/v2/base.py:729}}
Feb 14 05:57:01.978592 n-d-828994-1 neutron-server[103277]: DEBUG neutron.plugins.ml2.rpc [None req-de6dcecf-999c-420d-962f-fc0f4edc39ca None None] Device 9011b6cd-e0bd-4caa-bc00-73e4340199ec up at agent ovs-agent-n-d-828994-1 {{(pid=103277) update_device_up /opt/stack/neutron/neutron/plugins/ml2/rpc.py:296}}
Feb 14 05:57:02.020370 n-d-828994-1 neutron-server[103276]: INFO neutron.wsgi [None req-65e0508f-5d11-46ab-93b8-aa30574ed6aa tempest-ServersWithSpecificFlavorTestJSON-989961082 tempest-ServersWithSpecificFlavorTestJSON-989961082-project] 10.222.0.30 "PUT /v2.0/floatingips/dac26ee6-6300-42c2-bd36-3bbb4b7769e9 HTTP/1.1" status: 200 len: 990 time: 3.9496937
Feb 14 05:57:02.020945 n-d-828994-1 neutron-server[103276]: DEBUG neutron.notifiers.nova [-] Sending events: [{'name': 'network-changed', 'server_uuid': '9cb0a729-1453-4256-b745-efbbc6fe3810', 'tag': '85484bc1-d14d-4294-b072-492e5d7e1025'}] {{(pid=103276) send_events /opt/stack/neutron/neutron/notifiers/nova.py:271}}
Feb 14 05:57:02.023491 n-d-828994-1 neutron-server[103276]: DEBUG novaclient.v2.client [-] REQ: curl -g -i --cacert "/opt/stack/data/ca-bundle.pem" -X POST http://10.222.0.30/compute/v2.1/os-server-external-events -H "Accept: application/json" -H "Content-Type: application/json" -H "User-Agent: python-novaclient" -H "X-Auth-Token: {SHA256}c035ac7e6fb39c06cf6b0388bd824470fd1a452c17d0166bff9683c4e240a44f" -H "X-OpenStack-Nova-API-Version: 2.1" -H "X-OpenStack-Request-ID: req-12b905bc-5e6f-4b8a-959a-4a40009f7ded" -d '{"events": [{"name": "network-changed", "server_uuid": "9cb0a729-1453-4256-b745-efbbc6fe3810", "tag": "85484bc1-d14d-4294-b072-492e5d7e1025"}]}' {{(pid=103276) _http_log_request /usr/local/lib/python3.8/dist-packages/keystoneauth1/session.py:519}}
Feb 14 05:57:02.027551 n-d-828994-1 neutron-server[103277]: DEBUG neutron.db.l3_dvrscheduler_db [None req-1735494c-5cf8-4a6e-bbb8-e5a8c409e9cd None None] Routers {'f135fd20-6d26-4d2f-9ff8-f932308eb16c'} bound to L3 agent in host n-d-828994-1 {{(pid=103277) _get_router_ids_for_agent /opt/stack/neutron/neutron/db/l3_dvrscheduler_db.py:421}}
Feb 14 05:57:02.028396 n-d-828994-1 neutron-server[103276]: DEBUG neutron_lib.callbacks.manager [req-4aa3cc46-2b52-42ec-b834-d7a5eca0c29a req-09bebfe1-4b77-49d0-842c-5dbf5e82dce7 tempest-FloatingIPsTestJSON-6585588 tempest-FloatingIPsTestJSON-6585588-project] Publish callbacks [] for floatingip (None), before_create {{(pid=103276) _notify_loop /usr/local/lib/python3.8/dist-packages/neutron_lib/callbacks/manager.py:176}}
Feb 14 05:57:02.028594 n-d-828994-1 neutron-server[103277]: DEBUG neutron.db.l3_hamode_db [None req-1735494c-5cf8-4a6e-bbb8-e5a8c409e9cd None None] neutron.services.l3_router.l3_router_plugin.L3RouterPlugin method get_ha_sync_data_for_host called with arguments (, 'n-d-828994-1', Agent(admin_state_up=True,agent_type='L3 agent',availability_zone='nova',binary='neutron-l3-agent',configurations={"agent_mode": "legacy", "ex_gw_ports": 3, "extensions": [], "floating_ips": 0, "handle_internal_only_routers": true, "interface_driver": "openvswitch", "interfaces": 3, "log_agent_heartbeats": false, "routers": 3},created_at=2022-02-14T05:46:23Z,description=,heartbeat_timestamp=2022-02-14T05:56:53Z,host='n-d-828994-1',id=51ab606b-a8b5-4c77-a93b-e187abbe6302,load=0,resource_versions=,resources_synced=,started_at=2022-02-14T05:46:23Z,topic='l3_agent')) {'router_ids': ['f135fd20-6d26-4d2f-9ff8-f932308eb16c'], 'active': True} {{(pid=103277) wrapper /usr/local/lib/python3.8/dist-packages/oslo_log/helpers.py:65}}
Feb 14 05:57:02.134268 n-d-828994-1 neutron-server[103277]: DEBUG neutron.api.rpc.handlers.dhcp_rpc [None req-fb336191-b09b-4e4b-b053-b16ed4451f65 None None] Network c1d8701a-1d8b-46e6-8b3d-509404775634 requested from n-d-828994-1 {{(pid=103277) get_network_info /opt/stack/neutron/neutron/api/rpc/handlers/dhcp_rpc.py:191}}
Feb 14 05:57:02.185398 n-d-828994-1 neutron-server[103276]: DEBUG neutron_lib.callbacks.manager [req-4aa3cc46-2b52-42ec-b834-d7a5eca0c29a req-09bebfe1-4b77-49d0-842c-5dbf5e82dce7 tempest-FloatingIPsTestJSON-6585588 tempest-FloatingIPsTestJSON-6585588-project] Publish callbacks ['neutron.plugins.ml2.plugin.SecurityGroupDbMixin._ensure_default_security_group_handler-593118'] for port (None), before_create {{(pid=103276) _notify_loop /usr/local/lib/python3.8/dist-packages/neutron_lib/callbacks/manager.py:176}}
Feb 14 05:57:02.338975 n-d-828994-1 neutron-server[103276]: DEBUG neutron.db.db_base_plugin_common [req-4aa3cc46-2b52-42ec-b834-d7a5eca0c29a req-09bebfe1-4b77-49d0-842c-5dbf5e82dce7 tempest-FloatingIPsTestJSON-6585588 tempest-FloatingIPsTestJSON-6585588-project] Allocated IP 172.25.4.39 (390df7f1-a56b-4c71-bd3a-64f3594799bf/9cd548f6-1816-42e4-90c4-3be0ded12590/8889b13f-6a94-4bc3-8cb4-5ce5267d4e40) {{(pid=103276) _store_ip_allocation /opt/stack/neutron/neutron/db/db_base_plugin_common.py:131}}
Feb 14 05:57:02.359616 n-d-828994-1 neutron-server[103277]: DEBUG neutron.db.provisioning_blocks [None req-de6dcecf-999c-420d-962f-fc0f4edc39ca None None] Provisioning complete for port 9011b6cd-e0bd-4caa-bc00-73e4340199ec triggered by entity L2. {{(pid=103277) provisioning_complete /opt/stack/neutron/neutron/db/provisioning_blocks.py:139}}
Feb 14 05:57:02.360102 n-d-828994-1 neutron-server[103277]: DEBUG neutron_lib.callbacks.manager [None req-de6dcecf-999c-420d-962f-fc0f4edc39ca None None] Publish callbacks ['neutron.plugins.ml2.plugin.Ml2Plugin._port_provisioned-719960'] for port (9011b6cd-e0bd-4caa-bc00-73e4340199ec), provisioning_complete {{(pid=103277) _notify_loop /usr/local/lib/python3.8/dist-packages/neutron_lib/callbacks/manager.py:176}}
Feb 14 05:57:02.491741 n-d-828994-1 neutron-server[103276]: DEBUG neutron_lib.callbacks.manager [req-4aa3cc46-2b52-42ec-b834-d7a5eca0c29a req-09bebfe1-4b77-49d0-842c-5dbf5e82dce7 tempest-FloatingIPsTestJSON-6585588 tempest-FloatingIPsTestJSON-6585588-project] Publish callbacks [] for port (8889b13f-6a94-4bc3-8cb4-5ce5267d4e40), precommit_create {{(pid=103276) _notify_loop /usr/local/lib/python3.8/dist-packages/neutron_lib/callbacks/manager.py:176}}
Feb 14 05:57:02.524772 n-d-828994-1 neutron-server[103277]: DEBUG neutron.db.l3_dvr_db [None req-1735494c-5cf8-4a6e-bbb8-e5a8c409e9cd None None] Set router f135fd20-6d26-4d2f-9ff8-f932308eb16c gateway port host: n-d-828994-1 {{(pid=103277) _build_routers_list /opt/stack/neutron/neutron/db/l3_dvr_db.py:906}}
Feb 14 05:57:02.611400 n-d-828994-1 neutron-server[103278]: DEBUG neutron.api.rpc.handlers.l3_rpc [None req-278cd9d3-736c-4365-b297-a6efca0c05ee None None] Sync routers for ids ['825d2a34-baa1-4368-896c-af16d7f75505'] in n-d-828994-1 {{(pid=103278) sync_routers /opt/stack/neutron/neutron/api/rpc/handlers/l3_rpc.py:125}}
Feb 14 05:57:02.615450 n-d-828994-1 neutron-server[103275]: DEBUG neutron.wsgi [-] (103275) accepted ('10.222.0.30', 35178) {{(pid=103275) server /usr/local/lib/python3.8/dist-packages/eventlet/wsgi.py:1004}}
Feb 14 05:57:02.628253 n-d-828994-1 neutron-server[103278]: DEBUG neutron.db.l3_dvrscheduler_db [None req-278cd9d3-736c-4365-b297-a6efca0c05ee None None] Routers {'825d2a34-baa1-4368-896c-af16d7f75505'} bound to L3 agent in host n-d-828994-1 {{(pid=103278) _get_router_ids_for_agent /opt/stack/neutron/neutron/db/l3_dvrscheduler_db.py:421}}
Feb 14 05:57:02.631418 n-d-828994-1 neutron-server[103278]: DEBUG neutron.db.l3_hamode_db [None req-278cd9d3-736c-4365-b297-a6efca0c05ee None None] neutron.services.l3_router.l3_router_plugin.L3RouterPlugin method get_ha_sync_data_for_host called with arguments (, 'n-d-828994-1', Agent(admin_state_up=True,agent_type='L3 agent',availability_zone='nova',binary='neutron-l3-agent',configurations={"agent_mode": "legacy", "ex_gw_ports": 3, "extensions": [], "floating_ips": 0, "handle_internal_only_routers": true, "interface_driver": "openvswitch", "interfaces": 3, "log_agent_heartbeats": false, "routers": 3},created_at=2022-02-14T05:46:23Z,description=,heartbeat_timestamp=2022-02-14T05:56:53Z,host='n-d-828994-1',id=51ab606b-a8b5-4c77-a93b-e187abbe6302,load=0,resource_versions=,resources_synced=,started_at=2022-02-14T05:46:23Z,topic='l3_agent')) {'router_ids': ['825d2a34-baa1-4368-896c-af16d7f75505'], 'active': True} {{(pid=103278) wrapper /usr/local/lib/python3.8/dist-packages/oslo_log/helpers.py:65}}
Feb 14 05:57:02.632397 n-d-828994-1 neutron-server[103276]: DEBUG neutron_lib.callbacks.manager [req-4aa3cc46-2b52-42ec-b834-d7a5eca0c29a req-09bebfe1-4b77-49d0-842c-5dbf5e82dce7 tempest-FloatingIPsTestJSON-6585588 tempest-FloatingIPsTestJSON-6585588-project] Publish callbacks ['neutron.plugins.ml2.plugin.SecurityGroupServerNotifierRpcMixin._notify_sg_on_port_change-592970', 'neutron.plugins.ml2.ovo_rpc._ObjectChangeHandler.handle_event-231919', 'neutron.api.rpc.agentnotifiers.dhcp_rpc_agent_api.DhcpAgentNotifyAPI._native_event_send_dhcp_notification-3795288', 'neutron.db.l3_dvrscheduler_db._notify_l3_agent_new_port-8738171672405'] for port (8889b13f-6a94-4bc3-8cb4-5ce5267d4e40), after_create {{(pid=103276) _notify_loop /usr/local/lib/python3.8/dist-packages/neutron_lib/callbacks/manager.py:176}}
Feb 14 05:57:02.730525 n-d-828994-1 neutron-server[103277]: DEBUG neutron.plugins.ml2.plugin [None req-de6dcecf-999c-420d-962f-fc0f4edc39ca None None] Current status of the port 9011b6cd-e0bd-4caa-bc00-73e4340199ec is: DOWN; New status is: ACTIVE {{(pid=103277) _update_individual_port_db_status /opt/stack/neutron/neutron/plugins/ml2/plugin.py:2232}}
Feb 14 05:57:02.730920 n-d-828994-1 neutron-server[103277]: DEBUG neutron_lib.callbacks.manager [None req-de6dcecf-999c-420d-962f-fc0f4edc39ca None None] Publish callbacks ['neutron.plugins.ml2.plugin.SecurityGroupDbMixin._ensure_default_security_group_handler-593118'] for port (9011b6cd-e0bd-4caa-bc00-73e4340199ec), before_update {{(pid=103277) _notify_loop /usr/local/lib/python3.8/dist-packages/neutron_lib/callbacks/manager.py:176}}
Feb 14 05:57:02.747530 n-d-828994-1 neutron-server[103276]: DEBUG neutron.scheduler.dhcp_agent_scheduler [req-4aa3cc46-2b52-42ec-b834-d7a5eca0c29a req-09bebfe1-4b77-49d0-842c-5dbf5e82dce7 tempest-FloatingIPsTestJSON-6585588 tempest-FloatingIPsTestJSON-6585588-project] Network 390df7f1-a56b-4c71-bd3a-64f3594799bf is already hosted by enough agents. {{(pid=103276) _get_dhcp_agents_hosting_network /opt/stack/neutron/neutron/scheduler/dhcp_agent_scheduler.py:275}}
Feb 14 05:57:02.770979 n-d-828994-1 neutron-server[103276]: DEBUG neutron.scheduler.base_scheduler [req-4aa3cc46-2b52-42ec-b834-d7a5eca0c29a req-09bebfe1-4b77-49d0-842c-5dbf5e82dce7 tempest-FloatingIPsTestJSON-6585588 tempest-FloatingIPsTestJSON-6585588-project] Resources bound (agent type, host, resource id): {{(pid=103276) schedule /opt/stack/neutron/neutron/scheduler/base_scheduler.py:57}}
Feb 14 05:57:02.783866 n-d-828994-1 neutron-server[103277]: DEBUG neutron.plugins.ml2.db [None req-de6dcecf-999c-420d-962f-fc0f4edc39ca None None] For port 9011b6cd-e0bd-4caa-bc00-73e4340199ec, host n-d-828994-1, got binding levels [PortBindingLevel(driver='openvswitch',host='n-d-828994-1',level=0,port_id=9011b6cd-e0bd-4caa-bc00-73e4340199ec,segment=NetworkSegment(1f9085d6-b3f9-4e6c-9161-964b5a34ca45),segment_id=1f9085d6-b3f9-4e6c-9161-964b5a34ca45)] {{(pid=103277) get_binding_level_objs /opt/stack/neutron/neutron/plugins/ml2/db.py:74}}
Feb 14 05:57:02.804326 n-d-828994-1 neutron-server[103278]: DEBUG neutron.db.l3_dvr_db [None req-278cd9d3-736c-4365-b297-a6efca0c05ee None None] Set router 825d2a34-baa1-4368-896c-af16d7f75505 gateway port host: n-d-828994-1 {{(pid=103278) _build_routers_list /opt/stack/neutron/neutron/db/l3_dvr_db.py:906}}
Feb 14 05:57:02.808016 n-d-828994-1 neutron-server[103276]: DEBUG neutron.db.l3_dvrscheduler_db [req-4aa3cc46-2b52-42ec-b834-d7a5eca0c29a req-09bebfe1-4b77-49d0-842c-5dbf5e82dce7 tempest-FloatingIPsTestJSON-6585588 tempest-FloatingIPsTestJSON-6585588-project] Received port after_create {{(pid=103276) _notify_l3_agent_new_port /opt/stack/neutron/neutron/db/l3_dvrscheduler_db.py:536}}
Feb 14 05:57:02.810620 n-d-828994-1 neutron-server[103275]: INFO neutron.wsgi [req-0e4b49f9-c126-4ae6-9ed0-6fc6caffa262 req-098f41aa-a896-4cc5-ba2d-dcd4f0dfec65 service neutron] 10.222.0.30 "GET /v2.0/ports?device_id=eed6e03f-ab78-4383-b5d7-2b0c8791e2e7&fields=id&fields=resource_request HTTP/1.1" status: 200 len: 255 time: 0.1940191
