Feb 14 05:56:57.249493 n-d-828994-1 neutron-server[103276]: DEBUG neutron_lib.callbacks.manager [None req-2841e5cf-7307-4418-ba72-ea25ae6f4e08 admin admin] Publish callbacks ['neutron.api.rpc.agentnotifiers.dhcp_rpc_agent_api.DhcpAgentNotifyAPI._send_dhcp_notification-3795370'] for subnet (None), before_response {{(pid=103276) _notify_loop /usr/local/lib/python3.8/dist-packages/neutron_lib/callbacks/manager.py:176}}
Feb 14 05:56:57.249907 n-d-828994-1 neutron-server[103277]: DEBUG neutron.api.rpc.handlers.dhcp_rpc [None req-5bed1d50-8e69-407b-95ce-a35626eae152 None None] Network d3f0b059-00bf-45f8-a217-58eb0affc721 requested from n-d-828994-1 {{(pid=103277) get_network_info /opt/stack/neutron/neutron/api/rpc/handlers/dhcp_rpc.py:191}}
Feb 14 05:56:57.298608 n-d-828994-1 neutron-server[103276]: DEBUG neutron.pecan_wsgi.hooks.policy_enforcement [req-99854967-91a9-45ab-abeb-1c8a3a9840f0 req-85ab930d-8cce-4596-9954-2b0529664231 tempest-ServersWithSpecificFlavorTestJSON-989961082 tempest-ServersWithSpecificFlavorTestJSON-989961082-project] Attributes excluded by policy engine: ['standard_attr_id', 'binding:profile', 'binding:host_id', 'binding:vif_type', 'binding:vif_details'] {{(pid=103276) _exclude_attributes_by_policy /opt/stack/neutron/neutron/pecan_wsgi/hooks/policy_enforcement.py:255}}
Feb 14 05:56:57.300171 n-d-828994-1 neutron-server[103276]: INFO neutron.wsgi [req-99854967-91a9-45ab-abeb-1c8a3a9840f0 req-85ab930d-8cce-4596-9954-2b0529664231 tempest-ServersWithSpecificFlavorTestJSON-989961082 tempest-ServersWithSpecificFlavorTestJSON-989961082-project] 10.222.0.30 "GET /v2.0/ports?device_id=9cb0a729-1453-4256-b745-efbbc6fe3810 HTTP/1.1" status: 200 len: 945 time: 0.1684051
Feb 14 05:56:57.372828 n-d-828994-1 neutron-server[103276]: INFO neutron.wsgi [None req-2841e5cf-7307-4418-ba72-ea25ae6f4e08 admin admin] 10.222.0.30 "POST /v2.0/subnets HTTP/1.1" status: 201 len: 858 time: 1.5069079
Feb 14 05:56:57.372828 n-d-828994-1 neutron-server[103276]: DEBUG neutron.pecan_wsgi.hooks.policy_enforcement [req-a54a920e-8298-4504-bfb8-404f06b89054 req-39e5dc14-6089-4504-80b4-a584efc0dc66 service neutron] Attributes excluded by policy engine: ['standard_attr_id', 'vlan_transparent'] {{(pid=103276) _exclude_attributes_by_policy /opt/stack/neutron/neutron/pecan_wsgi/hooks/policy_enforcement.py:255}}
Feb 14 05:56:57.374588 n-d-828994-1 neutron-server[103276]: INFO neutron.wsgi [req-a54a920e-8298-4504-bfb8-404f06b89054 req-39e5dc14-6089-4504-80b4-a584efc0dc66 service neutron] 10.222.0.37 "GET /v2.0/networks?id=7293c0bf-d82b-425e-8794-b20117bab118 HTTP/1.1" status: 200 len: 869 time: 0.2708614
Feb 14 05:56:57.423369 n-d-828994-1 neutron-server[103277]: DEBUG neutron.api.rpc.handlers.dhcp_rpc [None req-717d83f4-42d9-4351-89a3-040274aa7c83 None None] Network d3f0b059-00bf-45f8-a217-58eb0affc721 requested from n-d-828994-1 {{(pid=103277) get_network_info /opt/stack/neutron/neutron/api/rpc/handlers/dhcp_rpc.py:191}}
Feb 14 05:56:57.451910 n-d-828994-1 neutron-server[103276]: INFO neutron.wsgi [req-99854967-91a9-45ab-abeb-1c8a3a9840f0 req-45819737-7f5f-47ec-a77c-e426c0aed206 tempest-ServersWithSpecificFlavorTestJSON-989961082 tempest-ServersWithSpecificFlavorTestJSON-989961082-project] 10.222.0.30 "GET /v2.0/security-groups?id=a32c7c70-d00b-4903-87f5-aea24f725b6e&fields=id&fields=name HTTP/1.1" status: 200 len: 313 time: 0.1404150
Feb 14 05:56:57.453812 n-d-828994-1 neutron-server[103276]: INFO neutron.wsgi [req-a54a920e-8298-4504-bfb8-404f06b89054 req-c7d9b666-9020-4416-a3b1-d0e82d2b1581 service neutron] 10.222.0.37 "GET /v2.0/floatingips?fixed_ip_address=192.168.233.90&port_id=0e8d23fe-37e3-4686-8b22-54acade8b293 HTTP/1.1" status: 200 len: 217 time: 0.0706313
Feb 14 05:56:57.465985 n-d-828994-1 neutron-server[103276]: DEBUG neutron.pecan_wsgi.hooks.policy_enforcement [req-7189ec95-180e-49bc-bc53-0b0e5666de92 req-56a63b88-cf15-4153-aef8-c20b7c702419 tempest-MigrationsAdminTest-1449556274 tempest-MigrationsAdminTest-1449556274-project] Attributes excluded by policy engine: ['standard_attr_id', 'binding:profile', 'binding:host_id', 'binding:vif_type', 'binding:vif_details'] {{(pid=103276) _exclude_attributes_by_policy /opt/stack/neutron/neutron/pecan_wsgi/hooks/policy_enforcement.py:255}}
Feb 14 05:56:57.467572 n-d-828994-1 neutron-server[103276]: INFO neutron.wsgi [req-7189ec95-180e-49bc-bc53-0b0e5666de92 req-56a63b88-cf15-4153-aef8-c20b7c702419 tempest-MigrationsAdminTest-1449556274 tempest-MigrationsAdminTest-1449556274-project] 10.222.0.30 "GET /v2.0/ports?device_id=eed6e03f-ab78-4383-b5d7-2b0c8791e2e7 HTTP/1.1" status: 200 len: 949 time: 0.1631057
Feb 14 05:56:57.584187 n-d-828994-1 neutron-server[103276]: DEBUG neutron.pecan_wsgi.hooks.policy_enforcement [req-a54a920e-8298-4504-bfb8-404f06b89054 req-a3cd61f4-4f79-4f64-9b68-db42c1d4a148 service neutron] Attributes excluded by policy engine: ['standard_attr_id', 'shared'] {{(pid=103276) _exclude_attributes_by_policy /opt/stack/neutron/neutron/pecan_wsgi/hooks/policy_enforcement.py:255}}
Feb 14 05:56:57.586895 n-d-828994-1 neutron-server[103276]: INFO neutron.wsgi [req-a54a920e-8298-4504-bfb8-404f06b89054 req-a3cd61f4-4f79-4f64-9b68-db42c1d4a148 service neutron] 10.222.0.37 "GET /v2.0/subnets?id=52c31391-60ec-4731-b88a-f602d7ba8749 HTTP/1.1" status: 200 len: 843 time: 0.1175196
Feb 14 05:56:57.594864 n-d-828994-1 neutron-server[103277]: DEBUG neutron.api.rpc.handlers.dhcp_rpc [None req-ccb1dcd0-70ce-455a-b135-0971cf7e60c2 None None] Network 0e0d3c47-a0bf-4799-a63c-a5ca5e5befb4 requested from n-d-828994-1 {{(pid=103277) get_network_info /opt/stack/neutron/neutron/api/rpc/handlers/dhcp_rpc.py:191}}
Feb 14 05:56:57.598449 n-d-828994-1 neutron-server[103276]: INFO neutron.wsgi [req-7189ec95-180e-49bc-bc53-0b0e5666de92 req-72ca689d-1754-4a67-b50c-9264411fe635 tempest-MigrationsAdminTest-1449556274 tempest-MigrationsAdminTest-1449556274-project] 10.222.0.30 "GET /v2.0/security-groups?id=deefaeb4-1c2e-41a7-8d5f-44257ad65a6a&fields=id&fields=name HTTP/1.1" status: 200 len: 286 time: 0.1041183
Feb 14 05:56:57.644307 n-d-828994-1 neutron-server[103275]: DEBUG neutron.api.rpc.agentnotifiers.l3_rpc_agent_api [None req-1a3fc9df-dbdb-4fc3-a623-23a5d4afcca0 admin admin] Notify agent at l3_agent.n-d-828994-1 the message routers_updated {{(pid=103275) _agent_notification /opt/stack/neutron/neutron/api/rpc/agentnotifiers/l3_rpc_agent_api.py:65}}
Feb 14 05:56:57.663523 n-d-828994-1 neutron-server[103278]: DEBUG neutron.api.rpc.handlers.l3_rpc [None req-da114e47-a6ab-4af7-ae3d-0cf83ab4db32 None None] Sync routers for ids ['825d2a34-baa1-4368-896c-af16d7f75505'] in n-d-828994-1 {{(pid=103278) sync_routers /opt/stack/neutron/neutron/api/rpc/handlers/l3_rpc.py:125}}
Feb 14 05:56:57.673272 n-d-828994-1 neutron-server[103276]: DEBUG neutron.pecan_wsgi.hooks.policy_enforcement [req-a54a920e-8298-4504-bfb8-404f06b89054 req-5ea038a2-8f1b-466d-8f31-f12c3363b61d service neutron] Attributes excluded by policy engine: ['standard_attr_id'] {{(pid=103276) _exclude_attributes_by_policy /opt/stack/neutron/neutron/pecan_wsgi/hooks/policy_enforcement.py:255}}
Feb 14 05:56:57.675750 n-d-828994-1 neutron-server[103276]: INFO neutron.wsgi [req-a54a920e-8298-4504-bfb8-404f06b89054 req-5ea038a2-8f1b-466d-8f31-f12c3363b61d service neutron] 10.222.0.37 "GET /v2.0/ports?network_id=7293c0bf-d82b-425e-8794-b20117bab118&device_owner=network%3Adhcp HTTP/1.1" status: 200 len: 1203 time: 0.0763800
Feb 14 05:56:57.680198 n-d-828994-1 neutron-server[103278]: DEBUG neutron.db.l3_dvrscheduler_db [None req-da114e47-a6ab-4af7-ae3d-0cf83ab4db32 None None] Routers {'825d2a34-baa1-4368-896c-af16d7f75505'} bound to L3 agent in host n-d-828994-1 {{(pid=103278) _get_router_ids_for_agent /opt/stack/neutron/neutron/db/l3_dvrscheduler_db.py:421}}
Feb 14 05:56:57.680849 n-d-828994-1 neutron-server[103278]: DEBUG neutron.db.l3_hamode_db [None req-da114e47-a6ab-4af7-ae3d-0cf83ab4db32 None None] neutron.services.l3_router.l3_router_plugin.L3RouterPlugin method get_ha_sync_data_for_host called with arguments (, 'n-d-828994-1', Agent(admin_state_up=True,agent_type='L3 agent',availability_zone='nova',binary='neutron-l3-agent',configurations={"agent_mode": "legacy", "ex_gw_ports": 3, "extensions": [], "floating_ips": 0, "handle_internal_only_routers": true, "interface_driver": "openvswitch", "interfaces": 3, "log_agent_heartbeats": false, "routers": 3},created_at=2022-02-14T05:46:23Z,description=,heartbeat_timestamp=2022-02-14T05:56:53Z,host='n-d-828994-1',id=51ab606b-a8b5-4c77-a93b-e187abbe6302,load=0,resource_versions=,resources_synced=,started_at=2022-02-14T05:46:23Z,topic='l3_agent')) {'router_ids': ['825d2a34-baa1-4368-896c-af16d7f75505'], 'active': True} {{(pid=103278) wrapper /usr/local/lib/python3.8/dist-packages/oslo_log/helpers.py:65}}
Feb 14 05:56:57.710042 n-d-828994-1 neutron-server[103275]: DEBUG neutron_lib.callbacks.manager [None req-1a3fc9df-dbdb-4fc3-a623-23a5d4afcca0 admin admin] Publish callbacks [] for router (None), before_response {{(pid=103275) _notify_loop /usr/local/lib/python3.8/dist-packages/neutron_lib/callbacks/manager.py:176}}
Feb 14 05:56:57.711824 n-d-828994-1 neutron-server[103275]: INFO neutron.wsgi [None req-1a3fc9df-dbdb-4fc3-a623-23a5d4afcca0 admin admin] 10.222.0.30 "POST /v2.0/routers HTTP/1.1" status: 201 len: 922 time: 2.9909356
Feb 14 05:56:57.714595 n-d-828994-1 neutron-server[103275]: DEBUG neutron.wsgi [-] (103275) accepted ('10.222.0.30', 35002) {{(pid=103275) server /usr/local/lib/python3.8/dist-packages/eventlet/wsgi.py:1004}}
Feb 14 05:56:57.786591 n-d-828994-1 neutron-server[103277]: DEBUG neutron.db.provisioning_blocks [None req-a90f869b-d489-4073-93ae-5eabd3756cd2 None None] Provisioning complete for port 183b8960-1fd4-44b5-9f13-027a3071f20c triggered by entity DHCP. {{(pid=103277) provisioning_complete /opt/stack/neutron/neutron/db/provisioning_blocks.py:139}}
Feb 14 05:56:57.786877 n-d-828994-1 neutron-server[103277]: DEBUG neutron_lib.callbacks.manager [None req-a90f869b-d489-4073-93ae-5eabd3756cd2 None None] Publish callbacks ['neutron.plugins.ml2.plugin.Ml2Plugin._port_provisioned-719960'] for port (183b8960-1fd4-44b5-9f13-027a3071f20c), provisioning_complete {{(pid=103277) _notify_loop /usr/local/lib/python3.8/dist-packages/neutron_lib/callbacks/manager.py:176}}
Feb 14 05:56:57.982803 n-d-828994-1 neutron-server[103278]: DEBUG neutron.db.l3_dvr_db [None req-da114e47-a6ab-4af7-ae3d-0cf83ab4db32 None None] Set router 825d2a34-baa1-4368-896c-af16d7f75505 gateway port host: n-d-828994-1 {{(pid=103278) _build_routers_list /opt/stack/neutron/neutron/db/l3_dvr_db.py:906}}
Feb 14 05:56:58.027535 n-d-828994-1 neutron-server[103276]: DEBUG neutron.pecan_wsgi.hooks.policy_enforcement [req-92b17580-0409-47b8-9521-cf956c97d0b4 req-12f1afa7-a372-4d9d-a9ce-321bc1eca9b4 tempest-ServersWithSpecificFlavorTestJSON-989961082 tempest-ServersWithSpecificFlavorTestJSON-989961082-project] Attributes excluded by policy engine: ['standard_attr_id', 'binding:profile', 'binding:host_id', 'binding:vif_type', 'binding:vif_details'] {{(pid=103276) _exclude_attributes_by_policy /opt/stack/neutron/neutron/pecan_wsgi/hooks/policy_enforcement.py:255}}
Feb 14 05:56:58.043955 n-d-828994-1 neutron-server[103276]: INFO neutron.wsgi [req-92b17580-0409-47b8-9521-cf956c97d0b4 req-12f1afa7-a372-4d9d-a9ce-321bc1eca9b4 tempest-ServersWithSpecificFlavorTestJSON-989961082 tempest-ServersWithSpecificFlavorTestJSON-989961082-project] 10.222.0.30 "GET /v2.0/ports?device_id=9cb0a729-1453-4256-b745-efbbc6fe3810 HTTP/1.1" status: 200 len: 945 time: 0.3170187
Feb 14 05:56:58.065267 n-d-828994-1 neutron-server[103276]: DEBUG neutron.wsgi [-] (103276) accepted ('10.222.0.30', 35020) {{(pid=103276) server /usr/local/lib/python3.8/dist-packages/eventlet/wsgi.py:1004}}
Feb 14 05:56:58.083761 n-d-828994-1 neutron-server[103276]: DEBUG neutron.api.v2.base [None req-65e0508f-5d11-46ab-93b8-aa30574ed6aa tempest-ServersWithSpecificFlavorTestJSON-989961082 tempest-ServersWithSpecificFlavorTestJSON-989961082-project] Request body: {'floatingip': {'port_id': '85484bc1-d14d-4294-b072-492e5d7e1025'}} {{(pid=103276) prepare_request_body /opt/stack/neutron/neutron/api/v2/base.py:729}}
Feb 14 05:56:58.114907 n-d-828994-1 neutron-server[103277]: DEBUG neutron.plugins.ml2.rpc [None req-de6dcecf-999c-420d-962f-fc0f4edc39ca None None] Device 183b8960-1fd4-44b5-9f13-027a3071f20c up at agent ovs-agent-n-d-828994-1 {{(pid=103277) update_device_up /opt/stack/neutron/neutron/plugins/ml2/rpc.py:296}}
Feb 14 05:56:58.224384 n-d-828994-1 neutron-server[103276]: INFO neutron.wsgi [req-a54a920e-8298-4504-bfb8-404f06b89054 req-081a508d-ad2d-4195-ba92-3aaf91d39031 service neutron] 10.222.0.37 "GET /v2.0/networks/7293c0bf-d82b-425e-8794-b20117bab118?fields=segments HTTP/1.1" status: 200 len: 212 time: 0.5416741
Feb 14 05:56:58.292172 n-d-828994-1 neutron-server[103277]: DEBUG neutron.plugins.ml2.plugin [None req-a90f869b-d489-4073-93ae-5eabd3756cd2 None None] Current status of the port 183b8960-1fd4-44b5-9f13-027a3071f20c is: DOWN; New status is: ACTIVE {{(pid=103277) _update_individual_port_db_status /opt/stack/neutron/neutron/plugins/ml2/plugin.py:2232}}
Feb 14 05:56:58.292694 n-d-828994-1 neutron-server[103277]: DEBUG neutron_lib.callbacks.manager [None req-a90f869b-d489-4073-93ae-5eabd3756cd2 None None] Publish callbacks ['neutron.plugins.ml2.plugin.SecurityGroupDbMixin._ensure_default_security_group_handler-593118'] for port (183b8960-1fd4-44b5-9f13-027a3071f20c), before_update {{(pid=103277) _notify_loop /usr/local/lib/python3.8/dist-packages/neutron_lib/callbacks/manager.py:176}}
Feb 14 05:56:58.355127 n-d-828994-1 neutron-server[103277]: DEBUG neutron.plugins.ml2.db [None req-a90f869b-d489-4073-93ae-5eabd3756cd2 None None] For port 183b8960-1fd4-44b5-9f13-027a3071f20c, host n-d-828994-1, got binding levels [PortBindingLevel(driver='openvswitch',host='n-d-828994-1',level=0,port_id=183b8960-1fd4-44b5-9f13-027a3071f20c,segment=NetworkSegment(8e0a162e-8354-4d4c-a023-bd5678a11419),segment_id=8e0a162e-8354-4d4c-a023-bd5678a11419)] {{(pid=103277) get_binding_level_objs /opt/stack/neutron/neutron/plugins/ml2/db.py:74}}
Feb 14 05:56:58.367055 n-d-828994-1 neutron-server[103277]: DEBUG neutron.db.provisioning_blocks [None req-de6dcecf-999c-420d-962f-fc0f4edc39ca None None] Provisioning complete for port 183b8960-1fd4-44b5-9f13-027a3071f20c triggered by entity L2. {{(pid=103277) provisioning_complete /opt/stack/neutron/neutron/db/provisioning_blocks.py:139}}
Feb 14 05:56:58.367825 n-d-828994-1 neutron-server[103277]: DEBUG neutron_lib.callbacks.manager [None req-de6dcecf-999c-420d-962f-fc0f4edc39ca None None] Publish callbacks ['neutron.plugins.ml2.plugin.Ml2Plugin._port_provisioned-719960'] for port (183b8960-1fd4-44b5-9f13-027a3071f20c), provisioning_complete {{(pid=103277) _notify_loop /usr/local/lib/python3.8/dist-packages/neutron_lib/callbacks/manager.py:176}}
Feb 14 05:56:58.375537 n-d-828994-1 neutron-server[103277]: DEBUG neutron_lib.callbacks.manager [None req-a90f869b-d489-4073-93ae-5eabd3756cd2 None None] Publish callbacks ['neutron.plugins.ml2.plugin.SecurityGroupServerNotifierRpcMixin._notify_sg_on_port_change-592970', 'neutron.plugins.ml2.ovo_rpc._ObjectChangeHandler.handle_event-231919', 'neutron.api.rpc.agentnotifiers.dhcp_rpc_agent_api.DhcpAgentNotifyAPI._native_event_send_dhcp_notification-3795288', 'neutron.db.l3_db.L3RpcNotifierMixin._notify_gateway_port_ip_changed-8738172064449', 'neutron.db.l3_dvrscheduler_db._notify_l3_agent_port_update-8738171672423', 'neutron.db.l3_hascheduler_db._notify_l3_agent_ha_port_update-8738171672441'] for port (183b8960-1fd4-44b5-9f13-027a3071f20c), after_update {{(pid=103277) _notify_loop /usr/local/lib/python3.8/dist-packages/neutron_lib/callbacks/manager.py:176}}
Feb 14 05:56:58.393907 n-d-828994-1 neutron-server[103278]: DEBUG neutron.db.l3_hamode_db [None req-da114e47-a6ab-4af7-ae3d-0cf83ab4db32 None None] neutron.services.l3_router.l3_router_plugin.L3RouterPlugin method _process_sync_ha_data called with arguments (, [{'id': '825d2a34-baa1-4368-896c-af16d7f75505', 'name': 'tempest-FloatingIPsTestJSON-1133160506-router', 'tenant_id': 'b7c827697b184c6cb1a49812f12a8db2', 'admin_state_up': True, 'status': 'ACTIVE', 'external_gateway_info': {'network_id': '390df7f1-a56b-4c71-bd3a-64f3594799bf', 'external_fixed_ips': [{'subnet_id': '9cd548f6-1816-42e4-90c4-3be0ded12590', 'ip_address': '172.25.4.248'}], 'enable_snat': True}, 'gw_port_id': '9011b6cd-e0bd-4caa-bc00-73e4340199ec', 'description': '', 'availability_zones': ['nova'], 'distributed': False, 'ha': False, 'ha_vr_id': 0, 'availability_zone_hints': [], 'routes': [], 'flavor_id': None, 'tags': [], 'created_at': '2022-02-14T05:56:54Z', 'updated_at': '2022-02-14T05:56:56Z', 'revision_number': 3, 'project_id': 'b7c827697b184c6cb1a49812f12a8db2', 'gw_port': {'id': '9011b6cd-e0bd-4caa-bc00-73e4340199ec', 'name': '', 'network_id': '390df7f1-a56b-4c71-bd3a-64f3594799bf', 'tenant_id': '', 'mac_address': 'fa:16:3e:14:bb:91', 'admin_state_up': True, 'status': 'DOWN', 'device_id': '825d2a34-baa1-4368-896c-af16d7f75505', 'device_owner': 'network:router_gateway', 'standard_attr_id': 259, 'fixed_ips': [{'subnet_id': '9cd548f6-1816-42e4-90c4-3be0ded12590', 'ip_address': '172.25.4.248', 'prefixlen': 24}], 'allowed_address_pairs': [], 'extra_dhcp_opts': [], 'security_groups': [], 'description': '', 'binding:vnic_type': 'normal', 'binding:profile': {}, 'binding:host_id': '', 'binding:vif_type': 'unbound', 'binding:vif_details': {}, 'port_security_enabled': False, 'tags': [], 'created_at': '2022-02-14T05:56:55Z', 'updated_at': '2022-02-14T05:56:55Z', 'revision_number': 1, 'project_id': '', 'subnets': [{'id': '9cd548f6-1816-42e4-90c4-3be0ded12590', 'cidr': '172.25.4.0/24', 'gateway_ip': '172.25.4.1', 'dns_nameservers': [], 'ipv6_ra_mode': None, 'subnetpool_id': None}], 'extra_subnets': [], 'address_scopes': {4: None, 6: None}, 'mtu': 1500}, 'enable_snat': True, 'gw_port_host': 'n-d-828994-1'}], 'n-d-828994-1', False) {} {{(pid=103278) wrapper /usr/local/lib/python3.8/dist-packages/oslo_log/helpers.py:65}}
Feb 14 05:56:58.455677 n-d-828994-1 neutron-server[103278]: DEBUG neutron.api.rpc.handlers.l3_rpc [None req-da114e47-a6ab-4af7-ae3d-0cf83ab4db32 None None] Checking router: 825d2a34-baa1-4368-896c-af16d7f75505 for host: n-d-828994-1 {{(pid=103278) _ensure_host_set_on_ports /opt/stack/neutron/neutron/api/rpc/handlers/l3_rpc.py:155}}
Feb 14 05:56:58.457164 n-d-828994-1 neutron-server[103278]: DEBUG neutron.api.rpc.handlers.l3_rpc [None req-da114e47-a6ab-4af7-ae3d-0cf83ab4db32 None None] Updating router 825d2a34-baa1-4368-896c-af16d7f75505 port 9011b6cd-e0bd-4caa-bc00-73e4340199ec binding host n-d-828994-1 {{(pid=103278) _ensure_host_set_on_port /opt/stack/neutron/neutron/api/rpc/handlers/l3_rpc.py:205}}
Feb 14 05:56:58.515461 n-d-828994-1 neutron-server[103278]: DEBUG neutron_lib.callbacks.manager [None req-da114e47-a6ab-4af7-ae3d-0cf83ab4db32 None None] Publish callbacks ['neutron.plugins.ml2.plugin.SecurityGroupDbMixin._ensure_default_security_group_handler-593118'] for port (9011b6cd-e0bd-4caa-bc00-73e4340199ec), before_update {{(pid=103278) _notify_loop /usr/local/lib/python3.8/dist-packages/neutron_lib/callbacks/manager.py:176}}
Feb 14 05:56:58.518913 n-d-828994-1 neutron-server[103277]: DEBUG neutron.api.rpc.handlers.resources_rpc [None req-a90f869b-d489-4073-93ae-5eabd3756cd2 None None] Pushing event updated for resources: {'Port': ['ID=183b8960-1fd4-44b5-9f13-027a3071f20c,revision_number=3']} {{(pid=103277) push /opt/stack/neutron/neutron/api/rpc/handlers/resources_rpc.py:237}}
Feb 14 05:56:58.530417 n-d-828994-1 neutron-server[103276]: DEBUG neutron_lib.callbacks.manager [None req-65e0508f-5d11-46ab-93b8-aa30574ed6aa tempest-ServersWithSpecificFlavorTestJSON-989961082 tempest-ServersWithSpecificFlavorTestJSON-989961082-project] Publish callbacks [] for floatingip (dac26ee6-6300-42c2-bd36-3bbb4b7769e9), before_update {{(pid=103276) _notify_loop /usr/local/lib/python3.8/dist-packages/neutron_lib/callbacks/manager.py:176}}
Feb 14 05:56:58.608185 n-d-828994-1 neutron-server[103277]: DEBUG neutron.plugins.ml2.plugin [None req-de6dcecf-999c-420d-962f-fc0f4edc39ca None None] Current status of the port 183b8960-1fd4-44b5-9f13-027a3071f20c is: ACTIVE; New status is: ACTIVE {{(pid=103277) _update_individual_port_db_status /opt/stack/neutron/neutron/plugins/ml2/plugin.py:2232}}
Feb 14 05:56:58.611589 n-d-828994-1 neutron-server[103275]: DEBUG neutron_lib.callbacks.manager [None req-84af5892-4c68-4e52-96c6-5eeaeabb0ebd admin admin] Publish callbacks ['neutron.plugins.ml2.plugin.SecurityGroupDbMixin._ensure_default_security_group_handler-593118'] for port (None), before_create {{(pid=103275) _notify_loop /usr/local/lib/python3.8/dist-packages/neutron_lib/callbacks/manager.py:176}}
Feb 14 05:56:58.618943 n-d-828994-1 neutron-server[103277]: DEBUG neutron.db.provisioning_blocks [None req-68ebc747-d007-479c-bfb1-558549034942 None None] Provisioning complete for port 183b8960-1fd4-44b5-9f13-027a3071f20c triggered by entity DHCP. {{(pid=103277) provisioning_complete /opt/stack/neutron/neutron/db/provisioning_blocks.py:139}}
Feb 14 05:56:58.619365 n-d-828994-1 neutron-server[103277]: DEBUG neutron_lib.callbacks.manager [None req-68ebc747-d007-479c-bfb1-558549034942 None None] Publish callbacks ['neutron.plugins.ml2.plugin.Ml2Plugin._port_provisioned-719960'] for port (183b8960-1fd4-44b5-9f13-027a3071f20c), provisioning_complete {{(pid=103277) _notify_loop /usr/local/lib/python3.8/dist-packages/neutron_lib/callbacks/manager.py:176}}
Feb 14 05:56:58.726339 n-d-828994-1 neutron-server[103277]: DEBUG neutron.plugins.ml2.plugin [None req-68ebc747-d007-479c-bfb1-558549034942 None None] Current status of the port 183b8960-1fd4-44b5-9f13-027a3071f20c is: ACTIVE; New status is: ACTIVE {{(pid=103277) _update_individual_port_db_status /opt/stack/neutron/neutron/plugins/ml2/plugin.py:2232}}
Feb 14 05:56:58.743693 n-d-828994-1 neutron-server[103276]: DEBUG neutron.wsgi [-] (103276) accepted ('10.222.0.30', 35054) {{(pid=103276) server /usr/local/lib/python3.8/dist-packages/eventlet/wsgi.py:1004}}
Feb 14 05:56:58.750556 n-d-828994-1 neutron-server[103276]: DEBUG neutron.api.v2.base [None req-92bc2782-e455-4b94-92d8-f5007db1b4b6 admin admin] Request body: {'network': {'name': 'tempest-LiveAutoBlockMigrationV225Test-1570821066-network', 'tenant_id': '212f527dc4744686a0c2ebff1ecc021f'}} {{(pid=103276) prepare_request_body /opt/stack/neutron/neutron/api/v2/base.py:729}}
Feb 14 05:56:58.891803 n-d-828994-1 neutron-server[103276]: DEBUG neutron.pecan_wsgi.hooks.policy_enforcement [req-99b00409-dd3e-4e41-8bdf-6abd805bae1c req-72e03eae-7d09-4d3f-b9c8-09adc04439ee tempest-DeleteServersAdminTestJSON-853187777 tempest-DeleteServersAdminTestJSON-853187777-project] Attributes excluded by policy engine: ['standard_attr_id', 'binding:profile', 'binding:host_id', 'binding:vif_type', 'binding:vif_details'] {{(pid=103276) _exclude_attributes_by_policy /opt/stack/neutron/neutron/pecan_wsgi/hooks/policy_enforcement.py:255}}
Feb 14 05:56:58.898785 n-d-828994-1 neutron-server[103276]: INFO neutron.wsgi [req-99b00409-dd3e-4e41-8bdf-6abd805bae1c req-72e03eae-7d09-4d3f-b9c8-09adc04439ee tempest-DeleteServersAdminTestJSON-853187777 tempest-DeleteServersAdminTestJSON-853187777-project] 10.222.0.30 "GET /v2.0/ports?device_id=76b98266-dec0-47de-95b3-c2149aa418c8 HTTP/1.1" status: 200 len: 969 time: 0.6734192
Feb 14 05:56:58.908457 n-d-828994-1 neutron-server[103276]: DEBUG neutron.pecan_wsgi.hooks.quota_enforcement [None req-92bc2782-e455-4b94-92d8-f5007db1b4b6 admin admin] Made reservation on behalf of 212f527dc4744686a0c2ebff1ecc021f for: {'network': 1} {{(pid=103276) before /opt/stack/neutron/neutron/pecan_wsgi/hooks/quota_enforcement.py:53}}
Feb 14 05:56:58.910903 n-d-828994-1 neutron-server[103276]: DEBUG neutron_lib.callbacks.manager [None req-92bc2782-e455-4b94-92d8-f5007db1b4b6 admin admin] Publish callbacks ['neutron.plugins.ml2.plugin.SecurityGroupDbMixin._ensure_default_security_group_handler-593118'] for network (None), before_create {{(pid=103276) _notify_loop /usr/local/lib/python3.8/dist-packages/neutron_lib/callbacks/manager.py:176}}
Feb 14 05:56:58.920461 n-d-828994-1 neutron-server[103275]: DEBUG neutron.db.db_base_plugin_common [None req-84af5892-4c68-4e52-96c6-5eeaeabb0ebd admin admin] Allocated IP 172.20.0.1 (0e0d3c47-a0bf-4799-a63c-a5ca5e5befb4/d2d0a253-71d7-41ad-8653-1a2d9bb4fa39/012c6f37-7165-46c2-81e7-fdd7f13f563c) {{(pid=103275) _store_ip_allocation /opt/stack/neutron/neutron/db/db_base_plugin_common.py:131}}
Feb 14 05:56:58.956153 n-d-828994-1 neutron-server[103276]: DEBUG neutron_lib.callbacks.manager [None req-92bc2782-e455-4b94-92d8-f5007db1b4b6 admin admin] Publish callbacks [] for security_group (None), before_create {{(pid=103276) _notify_loop /usr/local/lib/python3.8/dist-packages/neutron_lib/callbacks/manager.py:176}}
Feb 14 05:56:58.971499 n-d-828994-1 neutron-server[103275]: DEBUG neutron.wsgi [-] (103275) accepted ('10.222.0.30', 35058) {{(pid=103275) server /usr/local/lib/python3.8/dist-packages/eventlet/wsgi.py:1004}}
Feb 14 05:56:58.973395 n-d-828994-1 neutron-server[103276]: INFO neutron.wsgi [req-a54a920e-8298-4504-bfb8-404f06b89054 req-f1acbffc-a88b-4797-9bf0-d9bebe9ec425 service neutron] 10.222.0.37 "GET /v2.0/networks/7293c0bf-d82b-425e-8794-b20117bab118?fields=provider%3Aphysical_network&fields=provider%3Anetwork_type HTTP/1.1" status: 200 len: 281 time: 0.6839023
Feb 14 05:56:59.031304 n-d-828994-1 neutron-server[103278]: DEBUG neutron_lib.callbacks.manager [None req-da114e47-a6ab-4af7-ae3d-0cf83ab4db32 None None] Publish callbacks [] for port (9011b6cd-e0bd-4caa-bc00-73e4340199ec), precommit_update {{(pid=103278) _notify_loop /usr/local/lib/python3.8/dist-packages/neutron_lib/callbacks/manager.py:176}}
Feb 14 05:56:59.038951 n-d-828994-1 neutron-server[103278]: DEBUG neutron_lib.callbacks.manager [None req-da114e47-a6ab-4af7-ae3d-0cf83ab4db32 None None] Publish callbacks ['neutron.plugins.ml2.plugin.SecurityGroupServerNotifierRpcMixin._notify_sg_on_port_change-592970', 'neutron.plugins.ml2.ovo_rpc._ObjectChangeHandler.handle_event-231919', 'neutron.api.rpc.agentnotifiers.dhcp_rpc_agent_api.DhcpAgentNotifyAPI._native_event_send_dhcp_notification-3795288', 'neutron.db.l3_db.L3RpcNotifierMixin._notify_gateway_port_ip_changed-8738172064449', 'neutron.db.l3_dvrscheduler_db._notify_l3_agent_port_update-8738171672423', 'neutron.db.l3_hascheduler_db._notify_l3_agent_ha_port_update-8738171672441'] for port (9011b6cd-e0bd-4caa-bc00-73e4340199ec), after_update {{(pid=103278) _notify_loop /usr/local/lib/python3.8/dist-packages/neutron_lib/callbacks/manager.py:176}}
Feb 14 05:56:59.067842 n-d-828994-1 neutron-server[103276]: DEBUG neutron.pecan_wsgi.hooks.policy_enforcement [req-b79c650f-cb01-44e4-8bc9-60a128f51e74 req-2564174d-fc1c-4a5e-a5c5-5c798c82016c tempest-MigrationsAdminTest-1449556274 tempest-MigrationsAdminTest-1449556274-project] Attributes excluded by policy engine: ['standard_attr_id', 'binding:profile', 'binding:host_id', 'binding:vif_type', 'binding:vif_details'] {{(pid=103276) _exclude_attributes_by_policy /opt/stack/neutron/neutron/pecan_wsgi/hooks/policy_enforcement.py:255}}
Feb 14 05:56:59.069435 n-d-828994-1 neutron-server[103276]: INFO neutron.wsgi [req-b79c650f-cb01-44e4-8bc9-60a128f51e74 req-2564174d-fc1c-4a5e-a5c5-5c798c82016c tempest-MigrationsAdminTest-1449556274 tempest-MigrationsAdminTest-1449556274-project] 10.222.0.30 "GET /v2.0/ports?device_id=eed6e03f-ab78-4383-b5d7-2b0c8791e2e7 HTTP/1.1" status: 200 len: 949 time: 0.2676020
Feb 14 05:56:59.100211 n-d-828994-1 neutron-server[103275]: DEBUG neutron_lib.callbacks.manager [None req-84af5892-4c68-4e52-96c6-5eeaeabb0ebd admin admin] Publish callbacks [] for port (012c6f37-7165-46c2-81e7-fdd7f13f563c), precommit_create {{(pid=103275) _notify_loop /usr/local/lib/python3.8/dist-packages/neutron_lib/callbacks/manager.py:176}}
Feb 14 05:56:59.122655 n-d-828994-1 neutron-server[103276]: INFO neutron.wsgi [req-99b00409-dd3e-4e41-8bdf-6abd805bae1c req-992300bd-2579-4485-a423-ef1df52ac1c0 tempest-DeleteServersAdminTestJSON-853187777 tempest-DeleteServersAdminTestJSON-853187777-project] 10.222.0.30 "GET /v2.0/security-groups?id=0533dd6a-a986-4ad6-a67c-532f627ff400&fields=id&fields=name HTTP/1.1" status: 200 len: 286 time: 0.2191169
Feb 14 05:56:59.179756 n-d-828994-1 neutron-server[103275]: DEBUG neutron_lib.callbacks.manager [None req-84af5892-4c68-4e52-96c6-5eeaeabb0ebd admin admin] Publish callbacks ['neutron.plugins.ml2.plugin.SecurityGroupServerNotifierRpcMixin._notify_sg_on_port_change-592970', 'neutron.plugins.ml2.ovo_rpc._ObjectChangeHandler.handle_event-231919', 'neutron.api.rpc.agentnotifiers.dhcp_rpc_agent_api.DhcpAgentNotifyAPI._native_event_send_dhcp_notification-3795288', 'neutron.db.l3_dvrscheduler_db._notify_l3_agent_new_port-8738171672405'] for port (012c6f37-7165-46c2-81e7-fdd7f13f563c), after_create {{(pid=103275) _notify_loop /usr/local/lib/python3.8/dist-packages/neutron_lib/callbacks/manager.py:176}}
Feb 14 05:56:59.186367 n-d-828994-1 neutron-server[103278]: DEBUG neutron.api.rpc.handlers.resources_rpc [None req-83dd88da-87ce-4223-886a-ac38658f92cd None None] Pushing event updated for resources: {'Port': ['ID=9011b6cd-e0bd-4caa-bc00-73e4340199ec,revision_number=2']} {{(pid=103278) push /opt/stack/neutron/neutron/api/rpc/handlers/resources_rpc.py:237}}
Feb 14 05:56:59.189218 n-d-828994-1 neutron-server[103278]: DEBUG neutron.plugins.ml2.managers [None req-da114e47-a6ab-4af7-ae3d-0cf83ab4db32 None None] Attempting to bind port 9011b6cd-e0bd-4caa-bc00-73e4340199ec on host n-d-828994-1 for vnic_type normal with profile {{(pid=103278) bind_port /opt/stack/neutron/neutron/plugins/ml2/managers.py:795}}
Feb 14 05:56:59.189811 n-d-828994-1 neutron-server[103278]: DEBUG neutron.plugins.ml2.managers [None req-da114e47-a6ab-4af7-ae3d-0cf83ab4db32 None None] Attempting to bind port 9011b6cd-e0bd-4caa-bc00-73e4340199ec by drivers openvswitch,hyperv on host n-d-828994-1 at level 0 using segments [{'id': '1f9085d6-b3f9-4e6c-9161-964b5a34ca45', 'network_type': 'flat', 'physical_network': 'physnet1', 'segmentation_id': None, 'network_id': '390df7f1-a56b-4c71-bd3a-64f3594799bf'}] {{(pid=103278) _bind_port_level /opt/stack/neutron/neutron/plugins/ml2/managers.py:820}}
Feb 14 05:56:59.190344 n-d-828994-1 neutron-server[103278]: DEBUG neutron.plugins.ml2.drivers.mech_agent [None req-da114e47-a6ab-4af7-ae3d-0cf83ab4db32 None None] Attempting to bind port 9011b6cd-e0bd-4caa-bc00-73e4340199ec on network 390df7f1-a56b-4c71-bd3a-64f3594799bf {{(pid=103278) bind_port /opt/stack/neutron/neutron/plugins/ml2/drivers/mech_agent.py:91}}
Feb 14 05:56:59.200804 n-d-828994-1 neutron-server[103278]: DEBUG neutron.plugins.ml2.drivers.mech_agent [None req-da114e47-a6ab-4af7-ae3d-0cf83ab4db32 None None] Checking agent: {'id': '9c18f759-8aab-405e-9eaa-59857b4ae91e', 'agent_type': 'Open vSwitch agent', 'binary': 'neutron-openvswitch-agent', 'topic': 'N/A', 'host': 'n-d-828994-1', 'admin_state_up': True, 'created_at': datetime.datetime(2022, 2, 14, 5, 46, 27), 'started_at': datetime.datetime(2022, 2, 14, 5, 46, 57), 'heartbeat_timestamp': datetime.datetime(2022, 2, 14, 5, 56, 57), 'description': None, 'resources_synced': None, 'availability_zone': None, 'alive': True, 'configurations': {'arp_responder_enabled': False, 'baremetal_smartnic': False, 'bridge_mappings': {'physnet1': 'br-data'}, 'datapath_type': 'system', 'devices': 0, 'enable_distributed_routing': False, 'extensions': [], 'in_distributed_mode': False, 'integration_bridge': 'br-int', 'l2_population': False, 'log_agent_heartbeats': False, 'ovs_capabilities': {'datapath_types': ['netdev', 'system'], 'iface_types': ['erspan', 'geneve', 'gre', 'internal', 'ip6erspan', 'ip6gre', 'lisp', 'patch', 'stt', 'system', 'tap', 'vxlan']}, 'ovs_hybrid_plug': False, 'resource_provider_bandwidths': {}, 'resource_provider_hypervisors': {'br-data': 'n-d-828994-1'}, 'resource_provider_inventory_defaults': {'allocation_ratio': 1.0, 'min_unit': 1, 'step_size': 1, 'reserved': 0}, 'resource_provider_packet_processing_inventory_defaults': {'allocation_ratio': 1.0, 'min_unit': 1, 'step_size': 1, 'reserved': 0}, 'resource_provider_packet_processing_with_direction': {}, 'resource_provider_packet_processing_without_direction': {}, 'tunnel_types': [], 'tunneling_ip': None, 'vhostuser_socket_dir': '/var/run/openvswitch'}, 'resource_versions': {'AddressGroup': '1.2', 'ConntrackHelper': '1.0', 'LocalIPAssociation': '1.0', 'Log': '1.0', 'Network': '1.1', 'Port': '1.7', 'PortForwarding': '1.2', 'QosPolicy': '1.10', 'SecurityGroup': '1.5', 'SecurityGroupRule': '1.2', 'SubPort': '1.0', 'Subnet': '1.1', 'Trunk': '1.1'}} {{(pid=103278) bind_port /opt/stack/neutron/neutron/plugins/ml2/drivers/mech_agent.py:110}}
Feb 14 05:56:59.201408 n-d-828994-1 neutron-server[103278]: DEBUG neutron.plugins.ml2.drivers.mech_agent [None req-da114e47-a6ab-4af7-ae3d-0cf83ab4db32 None None] Checking segment: {'id': '1f9085d6-b3f9-4e6c-9161-964b5a34ca45', 'network_type': 'flat', 'physical_network': 'physnet1', 'segmentation_id': None, 'network_id': '390df7f1-a56b-4c71-bd3a-64f3594799bf'} for mappings: {'physnet1': 'br-data'} with network types: ['local', 'flat', 'vlan'] {{(pid=103278) check_segment_for_agent /opt/stack/neutron/neutron/plugins/ml2/drivers/mech_agent.py:373}}
Feb 14 05:56:59.203499 n-d-828994-1 neutron-server[103278]: DEBUG neutron_lib.callbacks.manager [None req-da114e47-a6ab-4af7-ae3d-0cf83ab4db32 None None] Publish callbacks [] for ovs_bridge_name (None), before_read {{(pid=103278) _notify_loop /usr/local/lib/python3.8/dist-packages/neutron_lib/callbacks/manager.py:176}}
Feb 14 05:56:59.204183 n-d-828994-1 neutron-server[103278]: DEBUG neutron.plugins.ml2.drivers.mech_agent [None req-da114e47-a6ab-4af7-ae3d-0cf83ab4db32 None None] Bound using segment: {'id': '1f9085d6-b3f9-4e6c-9161-964b5a34ca45', 'network_type': 'flat', 'physical_network': 'physnet1', 'segmentation_id': None, 'network_id': '390df7f1-a56b-4c71-bd3a-64f3594799bf'} {{(pid=103278) bind_port /opt/stack/neutron/neutron/plugins/ml2/drivers/mech_agent.py:120}}
Feb 14 05:56:59.205188 n-d-828994-1 neutron-server[103278]: DEBUG neutron.plugins.ml2.managers [None req-da114e47-a6ab-4af7-ae3d-0cf83ab4db32 None None] Bound port: 9011b6cd-e0bd-4caa-bc00-73e4340199ec, host: n-d-828994-1, vif_type: ovs, vif_details: {"connectivity": "l2", "port_filter": true, "ovs_hybrid_plug": false, "datapath_type": "system", "bridge_name": "br-int"}, binding_levels: [{'bound_driver': 'openvswitch', 'bound_segment': {'id': '1f9085d6-b3f9-4e6c-9161-964b5a34ca45', 'network_type': 'flat', 'physical_network': 'physnet1', 'segmentation_id': None, 'network_id': '390df7f1-a56b-4c71-bd3a-64f3594799bf'}}] {{(pid=103278) _bind_port_level /opt/stack/neutron/neutron/plugins/ml2/managers.py:932}}
Feb 14 05:56:59.206083 n-d-828994-1 neutron-server[103275]: DEBUG neutron_lib.callbacks.manager [None req-51ad2e19-d285-4884-90db-360899e8a42c admin admin] Publish callbacks [] for security_group (None), before_create {{(pid=103275) _notify_loop /usr/local/lib/python3.8/dist-packages/neutron_lib/callbacks/manager.py:176}}
Feb 14 05:56:59.206663 n-d-828994-1 neutron-server[103278]: DEBUG neutron_lib.callbacks.manager [None req-da114e47-a6ab-4af7-ae3d-0cf83ab4db32 None None] Publish callbacks ['neutron.plugins.ml2.plugin.SecurityGroupDbMixin._ensure_default_security_group_handler-593118'] for port (9011b6cd-e0bd-4caa-bc00-73e4340199ec), before_update {{(pid=103278) _notify_loop /usr/local/lib/python3.8/dist-packages/neutron_lib/callbacks/manager.py:176}}
Feb 14 05:56:59.262997 n-d-828994-1 neutron-server[103275]: DEBUG neutron.scheduler.dhcp_agent_scheduler [None req-84af5892-4c68-4e52-96c6-5eeaeabb0ebd admin admin] Network 0e0d3c47-a0bf-4799-a63c-a5ca5e5befb4 is already hosted by enough agents. {{(pid=103275) _get_dhcp_agents_hosting_network /opt/stack/neutron/neutron/scheduler/dhcp_agent_scheduler.py:275}}
Feb 14 05:56:59.271468 n-d-828994-1 neutron-server[103275]: DEBUG neutron.scheduler.base_scheduler [None req-84af5892-4c68-4e52-96c6-5eeaeabb0ebd admin admin] Resources bound (agent type, host, resource id): {{(pid=103275) schedule /opt/stack/neutron/neutron/scheduler/base_scheduler.py:57}}
Feb 14 05:56:59.271926 n-d-828994-1 neutron-server[103278]: DEBUG neutron.plugins.ml2.db [None req-da114e47-a6ab-4af7-ae3d-0cf83ab4db32 None None] For port 9011b6cd-e0bd-4caa-bc00-73e4340199ec, host n-d-828994-1, cleared binding levels {{(pid=103278) clear_binding_levels /opt/stack/neutron/neutron/plugins/ml2/db.py:87}}
Feb 14 05:56:59.275396 n-d-828994-1 neutron-server[103275]: DEBUG neutron.db.l3_dvrscheduler_db [None req-84af5892-4c68-4e52-96c6-5eeaeabb0ebd admin admin] Received port after_create {{(pid=103275) _notify_l3_agent_new_port /opt/stack/neutron/neutron/db/l3_dvrscheduler_db.py:536}}
Feb 14 05:56:59.275536 n-d-828994-1 neutron-server[103278]: DEBUG neutron.plugins.ml2.db [None req-da114e47-a6ab-4af7-ae3d-0cf83ab4db32 None None] For port 9011b6cd-e0bd-4caa-bc00-73e4340199ec, host n-d-828994-1, set binding levels [PortBindingLevel(driver='openvswitch',host='n-d-828994-1',level=0,port_id=9011b6cd-e0bd-4caa-bc00-73e4340199ec,segment=NetworkSegment(1f9085d6-b3f9-4e6c-9161-964b5a34ca45),segment_id=1f9085d6-b3f9-4e6c-9161-964b5a34ca45)] {{(pid=103278) set_binding_levels /opt/stack/neutron/neutron/plugins/ml2/db.py:59}}
Feb 14 05:56:59.275983 n-d-828994-1 neutron-server[103275]: DEBUG neutron_lib.callbacks.manager [None req-84af5892-4c68-4e52-96c6-5eeaeabb0ebd admin admin] Publish callbacks ['neutron.services.l3_router.l3_router_plugin.DVRResourceOperationHandler._add_csnat_on_interface_create-3851708'] for router_interface (825d2a34-baa1-4368-896c-af16d7f75505), before_create {{(pid=103275) _notify_loop /usr/local/lib/python3.8/dist-packages/neutron_lib/callbacks/manager.py:176}}
Feb 14 05:56:59.283970 n-d-828994-1 neutron-server[103276]: INFO neutron.wsgi [req-b79c650f-cb01-44e4-8bc9-60a128f51e74 req-0e51ff08-e307-4221-9668-9925edc7d5b1 tempest-MigrationsAdminTest-1449556274 tempest-MigrationsAdminTest-1449556274-project] 10.222.0.30 "GET /v2.0/security-groups?id=deefaeb4-1c2e-41a7-8d5f-44257ad65a6a&fields=id&fields=name HTTP/1.1" status: 200 len: 286 time: 0.1984744
Feb 14 05:56:59.288291 n-d-828994-1 neutron-server[103278]: DEBUG neutron_lib.callbacks.manager [None req-da114e47-a6ab-4af7-ae3d-0cf83ab4db32 None None] Publish callbacks ['neutron.plugins.ml2.plugin.SecurityGroupServerNotifierRpcMixin._notify_sg_on_port_change-592970', 'neutron.plugins.ml2.ovo_rpc._ObjectChangeHandler.handle_event-231919', 'neutron.api.rpc.agentnotifiers.dhcp_rpc_agent_api.DhcpAgentNotifyAPI._native_event_send_dhcp_notification-3795288', 'neutron.db.l3_db.L3RpcNotifierMixin._notify_gateway_port_ip_changed-8738172064449', 'neutron.db.l3_dvrscheduler_db._notify_l3_agent_port_update-8738171672423', 'neutron.db.l3_hascheduler_db._notify_l3_agent_ha_port_update-8738171672441'] for port (9011b6cd-e0bd-4caa-bc00-73e4340199ec), after_update {{(pid=103278) _notify_loop /usr/local/lib/python3.8/dist-packages/neutron_lib/callbacks/manager.py:176}}
Feb 14 05:56:59.355303 n-d-828994-1 neutron-server[103275]: DEBUG neutron.api.rpc.handlers.resources_rpc [None req-84af5892-4c68-4e52-96c6-5eeaeabb0ebd admin admin] Pushing event updated for resources: {'Port': ['ID=012c6f37-7165-46c2-81e7-fdd7f13f563c,revision_number=1']} {{(pid=103275) push /opt/stack/neutron/neutron/api/rpc/handlers/resources_rpc.py:237}}
Feb 14 05:56:59.426352 n-d-828994-1 neutron-server[103276]: DEBUG neutron_lib.callbacks.manager [None req-92bc2782-e455-4b94-92d8-f5007db1b4b6 admin admin] Publish callbacks [] for security_group (69774ccb-530d-4283-b6de-4e9f564de4d1), precommit_create {{(pid=103276) _notify_loop /usr/local/lib/python3.8/dist-packages/neutron_lib/callbacks/manager.py:176}}
Feb 14 05:56:59.445521 n-d-828994-1 neutron-server[103278]: DEBUG neutron.db.l3_dvrscheduler_db [None req-da114e47-a6ab-4af7-ae3d-0cf83ab4db32 None None] Routers {'825d2a34-baa1-4368-896c-af16d7f75505'} bound to L3 agent in host n-d-828994-1 {{(pid=103278) _get_router_ids_for_agent /opt/stack/neutron/neutron/db/l3_dvrscheduler_db.py:421}}
Feb 14 05:56:59.446289 n-d-828994-1 neutron-server[103276]: DEBUG neutron_lib.callbacks.manager [None req-92bc2782-e455-4b94-92d8-f5007db1b4b6 admin admin] Publish callbacks ['neutron.plugins.ml2.ovo_rpc._ObjectChangeHandler.handle_event-3716543'] for security_group (69774ccb-530d-4283-b6de-4e9f564de4d1), after_create {{(pid=103276) _notify_loop /usr/local/lib/python3.8/dist-packages/neutron_lib/callbacks/manager.py:176}}
Feb 14 05:56:59.454484 n-d-828994-1 neutron-server[103278]: DEBUG neutron.db.l3_hamode_db [None req-da114e47-a6ab-4af7-ae3d-0cf83ab4db32 None None] neutron.services.l3_router.l3_router_plugin.L3RouterPlugin method get_ha_sync_data_for_host called with arguments (, 'n-d-828994-1', Agent(admin_state_up=True,agent_type='L3 agent',availability_zone='nova',binary='neutron-l3-agent',configurations={"agent_mode": "legacy", "ex_gw_ports": 3, "extensions": [], "floating_ips": 0, "handle_internal_only_routers": true, "interface_driver": "openvswitch", "interfaces": 3, "log_agent_heartbeats": false, "routers": 3},created_at=2022-02-14T05:46:23Z,description=,heartbeat_timestamp=2022-02-14T05:56:53Z,host='n-d-828994-1',id=51ab606b-a8b5-4c77-a93b-e187abbe6302,load=0,resource_versions=,resources_synced=,started_at=2022-02-14T05:46:23Z,topic='l3_agent')) {'router_ids': ['825d2a34-baa1-4368-896c-af16d7f75505'], 'active': True} {{(pid=103278) wrapper /usr/local/lib/python3.8/dist-packages/oslo_log/helpers.py:65}}
Feb 14 05:56:59.498461 n-d-828994-1 neutron-server[103275]: DEBUG neutron_lib.callbacks.manager [None req-51ad2e19-d285-4884-90db-360899e8a42c admin admin] Publish callbacks [] for security_group (26be587e-0b5c-4ff2-a9c3-7c6804602c20), precommit_create {{(pid=103275) _notify_loop /usr/local/lib/python3.8/dist-packages/neutron_lib/callbacks/manager.py:176}}
Feb 14 05:56:59.521492 n-d-828994-1 neutron-server[103276]: DEBUG neutron.plugins.ml2.drivers.helpers [None req-92bc2782-e455-4b94-92d8-f5007db1b4b6 admin admin] vlan segment allocate from pool success with {'physical_network': 'physnet1', 'vlan_id': 59} {{(pid=103276) allocate_partially_specified_segment /opt/stack/neutron/neutron/plugins/ml2/drivers/helpers.py:153}}
Feb 14 05:56:59.533015 n-d-828994-1 neutron-server[103275]: DEBUG neutron_lib.callbacks.manager [None req-51ad2e19-d285-4884-90db-360899e8a42c admin admin] Publish callbacks ['neutron.plugins.ml2.ovo_rpc._ObjectChangeHandler.handle_event-3716543'] for security_group (26be587e-0b5c-4ff2-a9c3-7c6804602c20), after_create {{(pid=103275) _notify_loop /usr/local/lib/python3.8/dist-packages/neutron_lib/callbacks/manager.py:176}}
Feb 14 05:56:59.554275 n-d-828994-1 neutron-server[103278]: DEBUG neutron.api.rpc.handlers.resources_rpc [None req-83dd88da-87ce-4223-886a-ac38658f92cd None None] Pushing event updated for resources: {'Port': ['ID=9011b6cd-e0bd-4caa-bc00-73e4340199ec,revision_number=3']} {{(pid=103278) push /opt/stack/neutron/neutron/api/rpc/handlers/resources_rpc.py:237}}
Feb 14 05:56:59.592823 n-d-828994-1 neutron-server[103275]: DEBUG neutron_lib.callbacks.manager [None req-84af5892-4c68-4e52-96c6-5eeaeabb0ebd admin admin] Publish callbacks ['neutron.plugins.ml2.plugin.SecurityGroupDbMixin._ensure_default_security_group_handler-593118'] for port (012c6f37-7165-46c2-81e7-fdd7f13f563c), before_update {{(pid=103275) _notify_loop /usr/local/lib/python3.8/dist-packages/neutron_lib/callbacks/manager.py:176}}
Feb 14 05:56:59.601430 n-d-828994-1 neutron-server[103275]: INFO neutron.wsgi [None req-51ad2e19-d285-4884-90db-360899e8a42c admin admin] 10.222.0.30 "GET /v2.0/security-groups?tenant_id=a7405aa93f6841c0b32038bd0135155c&name=default HTTP/1.1" status: 200 len: 2996 time: 0.6287844
Feb 14 05:56:59.609038 n-d-828994-1 neutron-server[103275]: DEBUG neutron.wsgi [-] (103275) accepted ('10.222.0.30', 35074) {{(pid=103275) server /usr/local/lib/python3.8/dist-packages/eventlet/wsgi.py:1004}}
Feb 14 05:56:59.609835 n-d-828994-1 neutron-server[103275]: DEBUG neutron.api.rpc.handlers.resources_rpc [None req-51ad2e19-d285-4884-90db-360899e8a42c admin admin] Pushing event updated for resources: {'SecurityGroup': ['ID=26be587e-0b5c-4ff2-a9c3-7c6804602c20,revision_number=1']} {{(pid=103275) push /opt/stack/neutron/neutron/api/rpc/handlers/resources_rpc.py:237}}
Feb 14 05:56:59.657105 n-d-828994-1 neutron-server[103276]: DEBUG neutron.api.rpc.handlers.resources_rpc [None req-92bc2782-e455-4b94-92d8-f5007db1b4b6 admin admin] Pushing event updated for resources: {'SecurityGroup': ['ID=69774ccb-530d-4283-b6de-4e9f564de4d1,revision_number=1']} {{(pid=103276) push /opt/stack/neutron/neutron/api/rpc/handlers/resources_rpc.py:237}}
Feb 14 05:56:59.697435 n-d-828994-1 neutron-server[103278]: DEBUG neutron.db.l3_dvr_db [None req-da114e47-a6ab-4af7-ae3d-0cf83ab4db32 None None] Set router 825d2a34-baa1-4368-896c-af16d7f75505 gateway port host: n-d-828994-1 {{(pid=103278) _build_routers_list /opt/stack/neutron/neutron/db/l3_dvr_db.py:906}}
Feb 14 05:56:59.700677 n-d-828994-1 neutron-server[103276]: DEBUG neutron_lib.callbacks.manager [None req-92bc2782-e455-4b94-92d8-f5007db1b4b6 admin admin] Publish callbacks ['neutron.plugins.ml2.plugin.Ml2Plugin._handle_segment_change-710088'] for segment (79f18a25-11de-474a-851f-006bba98dd2a), precommit_create {{(pid=103276) _notify_loop /usr/local/lib/python3.8/dist-packages/neutron_lib/callbacks/manager.py:176}}
Feb 14 05:56:59.701328 n-d-828994-1 neutron-server[103276]: INFO neutron.db.segments_db [None req-92bc2782-e455-4b94-92d8-f5007db1b4b6 admin admin] Added segment 79f18a25-11de-474a-851f-006bba98dd2a of type vlan for network c1d8701a-1d8b-46e6-8b3d-509404775634
Feb 14 05:56:59.774859 n-d-828994-1 neutron-server[103277]: DEBUG neutron.db.provisioning_blocks [None req-3d34ee82-7a6c-4131-9979-b87b6ea6b4ad None None] Provisioning complete for port 012c6f37-7165-46c2-81e7-fdd7f13f563c triggered by entity DHCP. {{(pid=103277) provisioning_complete /opt/stack/neutron/neutron/db/provisioning_blocks.py:139}}
Feb 14 05:56:59.775777 n-d-828994-1 neutron-server[103277]: DEBUG neutron_lib.callbacks.manager [None req-3d34ee82-7a6c-4131-9979-b87b6ea6b4ad None None] Publish callbacks ['neutron.plugins.ml2.plugin.Ml2Plugin._port_provisioned-719960'] for port (012c6f37-7165-46c2-81e7-fdd7f13f563c), provisioning_complete {{(pid=103277) _notify_loop /usr/local/lib/python3.8/dist-packages/neutron_lib/callbacks/manager.py:176}}
Feb 14 05:56:59.808284 n-d-828994-1 neutron-server[103275]: DEBUG neutron_lib.callbacks.manager [None req-aefad4cd-3567-467d-a705-f5697d13d543 admin admin] Publish callbacks [] for security_group (26be587e-0b5c-4ff2-a9c3-7c6804602c20), before_delete {{(pid=103275) _notify_loop /usr/local/lib/python3.8/dist-packages/neutron_lib/callbacks/manager.py:176}}
Feb 14 05:56:59.842483 n-d-828994-1 neutron-server[103277]: DEBUG neutron.plugins.ml2.plugin [None req-3d34ee82-7a6c-4131-9979-b87b6ea6b4ad None None] Port 012c6f37-7165-46c2-81e7-fdd7f13f563c cannot update to ACTIVE because it is not bound. {{(pid=103277) _port_provisioned /opt/stack/neutron/neutron/plugins/ml2/plugin.py:343}}
Feb 14 05:56:59.861888 n-d-828994-1 neutron-server[103275]: DEBUG neutron_lib.callbacks.manager [None req-aefad4cd-3567-467d-a705-f5697d13d543 admin admin] Publish callbacks [] for security_group (26be587e-0b5c-4ff2-a9c3-7c6804602c20), precommit_delete {{(pid=103275) _notify_loop /usr/local/lib/python3.8/dist-packages/neutron_lib/callbacks/manager.py:176}}
Feb 14 05:56:59.908289 n-d-828994-1 neutron-server[103277]: DEBUG neutron.plugins.ml2.rpc [None req-de6dcecf-999c-420d-962f-fc0f4edc39ca None None] Device 183b8960-1fd4-44b5-9f13-027a3071f20c up at agent ovs-agent-n-d-828994-1 {{(pid=103277) update_device_up /opt/stack/neutron/neutron/plugins/ml2/rpc.py:296}}
Feb 14 05:56:59.970921 n-d-828994-1 neutron-server[103275]: DEBUG neutron_lib.callbacks.manager [None req-84af5892-4c68-4e52-96c6-5eeaeabb0ebd admin admin] Publish callbacks [] for port (012c6f37-7165-46c2-81e7-fdd7f13f563c), precommit_update {{(pid=103275) _notify_loop /usr/local/lib/python3.8/dist-packages/neutron_lib/callbacks/manager.py:176}}
Feb 14 05:56:59.994183 n-d-828994-1 neutron-server[103275]: DEBUG neutron_lib.callbacks.manager [None req-84af5892-4c68-4e52-96c6-5eeaeabb0ebd admin admin] Publish callbacks ['neutron.plugins.ml2.plugin.SecurityGroupServerNotifierRpcMixin._notify_sg_on_port_change-592970', 'neutron.plugins.ml2.ovo_rpc._ObjectChangeHandler.handle_event-231919', 'neutron.api.rpc.agentnotifiers.dhcp_rpc_agent_api.DhcpAgentNotifyAPI._native_event_send_dhcp_notification-3795288', 'neutron.db.l3_db.L3RpcNotifierMixin._notify_gateway_port_ip_changed-8738172064449', 'neutron.db.l3_dvrscheduler_db._notify_l3_agent_port_update-8738171672423', 'neutron.db.l3_hascheduler_db._notify_l3_agent_ha_port_update-8738171672441'] for port (012c6f37-7165-46c2-81e7-fdd7f13f563c), after_update {{(pid=103275) _notify_loop /usr/local/lib/python3.8/dist-packages/neutron_lib/callbacks/manager.py:176}}
Feb 14 05:56:59.995867 n-d-828994-1 neutron-server[103275]: DEBUG neutron_lib.callbacks.manager [None req-84af5892-4c68-4e52-96c6-5eeaeabb0ebd admin admin] Publish callbacks ['neutron.api.rpc.agentnotifiers.dhcp_rpc_agent_api.DhcpAgentNotifyAPI._after_router_interface_created-3795318', 'neutron.services.l3_router.l3_router_plugin.DVRResourceOperationHandler._update_snat_v6_addrs_after_intf_update-3851712'] for router_interface (825d2a34-baa1-4368-896c-af16d7f75505), after_create {{(pid=103275) _notify_loop /usr/local/lib/python3.8/dist-packages/neutron_lib/callbacks/manager.py:176}}
