Mar 04 23:49:32.165920 n-d-828979-4 devstack@placement-api.service[84264]: DEBUG placement.requestlog [req-cf0b66c1-69bb-44df-aeba-06d56aee0761 req-d3d7f697-96f8-498b-9aad-064fdf9f8c59 None None] Starting request: 10.222.0.32 "PUT /placement/allocations/d416c59a-a4b8-4bda-b837-a9bc08bd55e7" {{(pid=84264) __call__ /opt/stack/placement/placement/requestlog.py:55}}
Mar 04 23:49:32.257613 n-d-828979-4 devstack@placement-api.service[84265]: DEBUG placement.requestlog [None req-8d8dcab7-5eb5-432a-9732-8da391e6bc83 None None] Starting request: 10.222.0.32 "GET /placement/" {{(pid=84265) __call__ /opt/stack/placement/placement/requestlog.py:55}}
Mar 04 23:49:32.258575 n-d-828979-4 devstack@placement-api.service[84265]: INFO placement.requestlog [None req-8d8dcab7-5eb5-432a-9732-8da391e6bc83 None None] 10.222.0.32 "GET /placement/" status: 200 len: 136 microversion: 1.0
Mar 04 23:49:32.258988 n-d-828979-4 devstack@placement-api.service[84265]: [pid: 84265|app: 0|req: 17/33] 10.222.0.32 () {54 vars in 907 bytes} [Fri Mar 4 23:49:32 2022] GET /placement => generated 136 bytes in 1 msecs (HTTP/1.1 200) 6 headers in 224 bytes (1 switches on core 0)
Mar 04 23:49:32.264383 n-d-828979-4 devstack@placement-api.service[84265]: DEBUG placement.requestlog [req-7953a838-170e-4a97-b491-3362b4072852 req-df81647c-6a74-4d39-a553-f40bc4d3c8c5 None None] Starting request: 10.222.0.32 "GET /placement/resource_providers?name=n-h2-828979-4" {{(pid=84265) __call__ /opt/stack/placement/placement/requestlog.py:55}}
Mar 04 23:49:32.307655 n-d-828979-4 devstack@placement-api.service[84264]: DEBUG placement.handlers.allocation [req-cf0b66c1-69bb-44df-aeba-06d56aee0761 req-d3d7f697-96f8-498b-9aad-064fdf9f8c59 service placement] Successfully wrote allocations [, , ] {{(pid=84264) _create_allocations /opt/stack/placement/placement/handlers/allocation.py:435}}
Mar 04 23:49:32.310292 n-d-828979-4 devstack@placement-api.service[84264]: INFO placement.requestlog [req-cf0b66c1-69bb-44df-aeba-06d56aee0761 req-d3d7f697-96f8-498b-9aad-064fdf9f8c59 service placement] 10.222.0.32 "PUT /placement/allocations/d416c59a-a4b8-4bda-b837-a9bc08bd55e7" status: 204 len: 0 microversion: 1.35
Mar 04 23:49:32.311155 n-d-828979-4 devstack@placement-api.service[84264]: [pid: 84264|app: 0|req: 17/34] 10.222.0.32 () {64 vars in 1433 bytes} [Fri Mar 4 23:49:32 2022] PUT /placement/allocations/d416c59a-a4b8-4bda-b837-a9bc08bd55e7 => generated 0 bytes in 145 msecs (HTTP/1.1 204) 5 headers in 199 bytes (2 switches on core 0)
Mar 04 23:49:32.812326 n-d-828979-4 devstack@placement-api.service[84265]: INFO placement.requestlog [req-7953a838-170e-4a97-b491-3362b4072852 req-df81647c-6a74-4d39-a553-f40bc4d3c8c5 service placement] 10.222.0.32 "GET /placement/resource_providers?name=n-h2-828979-4" status: 200 len: 440 microversion: 1.0
Mar 04 23:49:32.820964 n-d-828979-4 devstack@placement-api.service[84264]: DEBUG placement.requestlog [req-7953a838-170e-4a97-b491-3362b4072852 req-9593e6ea-caaa-40d2-ab6d-4eaad7c78c5c None None] Starting request: 10.222.0.32 "GET /placement/resource_providers/395a587b-3360-4100-9e25-49e0408bb087/aggregates" {{(pid=84264) __call__ /opt/stack/placement/placement/requestlog.py:55}}
Mar 04 23:49:32.822959 n-d-828979-4 devstack@placement-api.service[84265]: [pid: 84265|app: 0|req: 18/35] 10.222.0.32 () {58 vars in 1274 bytes} [Fri Mar 4 23:49:32 2022] GET /placement/resource_providers?name=n-h2-828979-4 => generated 440 bytes in 558 msecs (HTTP/1.1 200) 6 headers in 224 bytes (1 switches on core 0)
Mar 04 23:49:32.846284 n-d-828979-4 devstack@placement-api.service[84264]: INFO placement.requestlog [req-7953a838-170e-4a97-b491-3362b4072852 req-9593e6ea-caaa-40d2-ab6d-4eaad7c78c5c service placement] 10.222.0.32 "GET /placement/resource_providers/395a587b-3360-4100-9e25-49e0408bb087/aggregates" status: 200 len: 53 microversion: 1.19
Mar 04 23:49:32.846924 n-d-828979-4 devstack@placement-api.service[84264]: [pid: 84264|app: 0|req: 18/36] 10.222.0.32 () {60 vars in 1425 bytes} [Fri Mar 4 23:49:32 2022] GET /placement/resource_providers/395a587b-3360-4100-9e25-49e0408bb087/aggregates => generated 53 bytes in 26 msecs (HTTP/1.1 200) 8 headers in 295 bytes (2 switches on core 0)
Mar 04 23:49:32.854803 n-d-828979-4 devstack@placement-api.service[84265]: DEBUG placement.requestlog [req-7953a838-170e-4a97-b491-3362b4072852 req-b81125d8-c352-47a8-b943-b088be7660f8 None None] Starting request: 10.222.0.32 "PUT /placement/resource_providers/395a587b-3360-4100-9e25-49e0408bb087/aggregates" {{(pid=84265) __call__ /opt/stack/placement/placement/requestlog.py:55}}
Mar 04 23:49:32.871783 n-d-828979-4 devstack@placement-api.service[84265]: DEBUG placement.objects.resource_provider [req-7953a838-170e-4a97-b491-3362b4072852 req-b81125d8-c352-47a8-b943-b088be7660f8 service placement] _ensure_aggregate() did not find aggregate 38621097-3d7c-4a96-becf-4ba22cd06c42. Attempting to create it. {{(pid=84265) _ensure_aggregate /opt/stack/placement/placement/objects/resource_provider.py:319}}
Mar 04 23:49:32.873420 n-d-828979-4 devstack@placement-api.service[84265]: DEBUG placement.objects.resource_provider [req-7953a838-170e-4a97-b491-3362b4072852 req-b81125d8-c352-47a8-b943-b088be7660f8 service placement] _ensure_aggregate() created new aggregate 38621097-3d7c-4a96-becf-4ba22cd06c42 (id=2). {{(pid=84265) _ensure_aggregate /opt/stack/placement/placement/objects/resource_provider.py:325}}
Mar 04 23:49:32.875381 n-d-828979-4 devstack@placement-api.service[84265]: DEBUG placement.objects.resource_provider [req-7953a838-170e-4a97-b491-3362b4072852 req-b81125d8-c352-47a8-b943-b088be7660f8 service placement] Setting aggregates for provider 395a587b-3360-4100-9e25-49e0408bb087. Successfully associated aggregate 38621097-3d7c-4a96-becf-4ba22cd06c42. {{(pid=84265) _set_aggregates /opt/stack/placement/placement/objects/resource_provider.py:387}}
Mar 04 23:49:32.887456 n-d-828979-4 devstack@placement-api.service[84265]: INFO placement.requestlog [req-7953a838-170e-4a97-b491-3362b4072852 req-b81125d8-c352-47a8-b943-b088be7660f8 service placement] 10.222.0.32 "PUT /placement/resource_providers/395a587b-3360-4100-9e25-49e0408bb087/aggregates" status: 200 len: 91 microversion: 1.19
Mar 04 23:49:32.899731 n-d-828979-4 devstack@placement-api.service[84265]: [pid: 84265|app: 0|req: 19/37] 10.222.0.32 () {64 vars in 1477 bytes} [Fri Mar 4 23:49:32 2022] PUT /placement/resource_providers/395a587b-3360-4100-9e25-49e0408bb087/aggregates => generated 91 bytes in 45 msecs (HTTP/1.1 200) 8 headers in 295 bytes (1 switches on core 0)
Mar 04 23:49:33.298452 n-d-828979-4 devstack@placement-api.service[84264]: DEBUG placement.requestlog [req-cf0b66c1-69bb-44df-aeba-06d56aee0761 req-adaeac19-a738-4294-86c1-2c4e297f7856 None None] Starting request: 10.222.0.10 "GET /placement/allocations/d416c59a-a4b8-4bda-b837-a9bc08bd55e7" {{(pid=84264) __call__ /opt/stack/placement/placement/requestlog.py:55}}
Mar 04 23:49:33.329873 n-d-828979-4 devstack@placement-api.service[84264]: INFO placement.requestlog [req-cf0b66c1-69bb-44df-aeba-06d56aee0761 req-adaeac19-a738-4294-86c1-2c4e297f7856 service placement] 10.222.0.10 "GET /placement/allocations/d416c59a-a4b8-4bda-b837-a9bc08bd55e7" status: 200 len: 258 microversion: 1.28
Mar 04 23:49:33.330026 n-d-828979-4 devstack@placement-api.service[84264]: [pid: 84264|app: 0|req: 19/38] 10.222.0.10 () {60 vars in 1377 bytes} [Fri Mar 4 23:49:33 2022] GET /placement/allocations/d416c59a-a4b8-4bda-b837-a9bc08bd55e7 => generated 258 bytes in 32 msecs (HTTP/1.1 200) 8 headers in 296 bytes (2 switches on core 0)
Mar 04 23:49:33.400958 n-d-828979-4 devstack@placement-api.service[84265]: DEBUG placement.requestlog [req-e867485f-32c1-41c2-8fdb-db9881afeb12 req-e4049723-4212-4d24-95e8-e5b1377b4657 None None] Starting request: 10.222.0.32 "GET /placement/resource_providers?name=n-h2-828979-4" {{(pid=84265) __call__ /opt/stack/placement/placement/requestlog.py:55}}
Mar 04 23:49:33.413955 n-d-828979-4 devstack@placement-api.service[84265]: INFO placement.requestlog [req-e867485f-32c1-41c2-8fdb-db9881afeb12 req-e4049723-4212-4d24-95e8-e5b1377b4657 service placement] 10.222.0.32 "GET /placement/resource_providers?name=n-h2-828979-4" status: 200 len: 440 microversion: 1.0
Mar 04 23:49:33.417816 n-d-828979-4 devstack@placement-api.service[84265]: [pid: 84265|app: 0|req: 20/39] 10.222.0.32 () {58 vars in 1274 bytes} [Fri Mar 4 23:49:33 2022] GET /placement/resource_providers?name=n-h2-828979-4 => generated 440 bytes in 17 msecs (HTTP/1.1 200) 6 headers in 224 bytes (1 switches on core 0)
Mar 04 23:49:33.421162 n-d-828979-4 devstack@placement-api.service[84264]: DEBUG placement.requestlog [req-e867485f-32c1-41c2-8fdb-db9881afeb12 req-6077259d-2e70-4592-965a-ef772c4dadda None None] Starting request: 10.222.0.32 "GET /placement/resource_providers/395a587b-3360-4100-9e25-49e0408bb087/aggregates" {{(pid=84264) __call__ /opt/stack/placement/placement/requestlog.py:55}}
Mar 04 23:49:33.435802 n-d-828979-4 devstack@placement-api.service[84264]: INFO placement.requestlog [req-e867485f-32c1-41c2-8fdb-db9881afeb12 req-6077259d-2e70-4592-965a-ef772c4dadda service placement] 10.222.0.32 "GET /placement/resource_providers/395a587b-3360-4100-9e25-49e0408bb087/aggregates" status: 200 len: 91 microversion: 1.19
Mar 04 23:49:33.441377 n-d-828979-4 devstack@placement-api.service[84264]: [pid: 84264|app: 0|req: 20/40] 10.222.0.32 () {60 vars in 1425 bytes} [Fri Mar 4 23:49:33 2022] GET /placement/resource_providers/395a587b-3360-4100-9e25-49e0408bb087/aggregates => generated 91 bytes in 20 msecs (HTTP/1.1 200) 8 headers in 295 bytes (1 switches on core 0)
Mar 04 23:49:33.442835 n-d-828979-4 devstack@placement-api.service[84265]: DEBUG placement.requestlog [req-e867485f-32c1-41c2-8fdb-db9881afeb12 req-1adfcb05-5cc4-49f1-bddd-061c38860a80 None None] Starting request: 10.222.0.32 "PUT /placement/resource_providers/395a587b-3360-4100-9e25-49e0408bb087/aggregates" {{(pid=84265) __call__ /opt/stack/placement/placement/requestlog.py:55}}
Mar 04 23:49:33.471162 n-d-828979-4 devstack@placement-api.service[84265]: DEBUG placement.objects.resource_provider [req-e867485f-32c1-41c2-8fdb-db9881afeb12 req-1adfcb05-5cc4-49f1-bddd-061c38860a80 service placement] Setting aggregates for provider 395a587b-3360-4100-9e25-49e0408bb087. Successfully disassociated aggregate 38621097-3d7c-4a96-becf-4ba22cd06c42. {{(pid=84265) _set_aggregates /opt/stack/placement/placement/objects/resource_provider.py:402}}
Mar 04 23:49:33.480054 n-d-828979-4 devstack@placement-api.service[84265]: INFO placement.requestlog [req-e867485f-32c1-41c2-8fdb-db9881afeb12 req-1adfcb05-5cc4-49f1-bddd-061c38860a80 service placement] 10.222.0.32 "PUT /placement/resource_providers/395a587b-3360-4100-9e25-49e0408bb087/aggregates" status: 200 len: 53 microversion: 1.19
Mar 04 23:49:33.480353 n-d-828979-4 devstack@placement-api.service[84265]: [pid: 84265|app: 0|req: 21/41] 10.222.0.32 () {64 vars in 1477 bytes} [Fri Mar 4 23:49:33 2022] PUT /placement/resource_providers/395a587b-3360-4100-9e25-49e0408bb087/aggregates => generated 53 bytes in 38 msecs (HTTP/1.1 200) 8 headers in 295 bytes (2 switches on core 0)
Mar 04 23:49:34.270795 n-d-828979-4 devstack@placement-api.service[84264]: DEBUG placement.requestlog [req-369a84ce-aa2b-49b2-85bf-657e6a3fefeb req-5780e461-254a-4664-9d27-d7a78a64673a None None] Starting request: 10.222.0.32 "GET /placement/resource_providers?name=n-h1-828979-4" {{(pid=84264) __call__ /opt/stack/placement/placement/requestlog.py:55}}
Mar 04 23:49:34.286501 n-d-828979-4 devstack@placement-api.service[84264]: INFO placement.requestlog [req-369a84ce-aa2b-49b2-85bf-657e6a3fefeb req-5780e461-254a-4664-9d27-d7a78a64673a service placement] 10.222.0.32 "GET /placement/resource_providers?name=n-h1-828979-4" status: 200 len: 440 microversion: 1.0
Mar 04 23:49:34.290152 n-d-828979-4 devstack@placement-api.service[84264]: [pid: 84264|app: 0|req: 21/42] 10.222.0.32 () {58 vars in 1274 bytes} [Fri Mar 4 23:49:34 2022] GET /placement/resource_providers?name=n-h1-828979-4 => generated 440 bytes in 20 msecs (HTTP/1.1 200) 6 headers in 224 bytes (1 switches on core 0)
Mar 04 23:49:34.296671 n-d-828979-4 devstack@placement-api.service[84265]: DEBUG placement.requestlog [req-369a84ce-aa2b-49b2-85bf-657e6a3fefeb req-be17e35f-f415-4c83-a98a-841f571b151a None None] Starting request: 10.222.0.32 "GET /placement/resource_providers/e858842f-2d07-4213-87fd-08763797811c/aggregates" {{(pid=84265) __call__ /opt/stack/placement/placement/requestlog.py:55}}
Mar 04 23:49:34.324516 n-d-828979-4 devstack@placement-api.service[84265]: INFO placement.requestlog [req-369a84ce-aa2b-49b2-85bf-657e6a3fefeb req-be17e35f-f415-4c83-a98a-841f571b151a service placement] 10.222.0.32 "GET /placement/resource_providers/e858842f-2d07-4213-87fd-08763797811c/aggregates" status: 200 len: 53 microversion: 1.19
Mar 04 23:49:34.325034 n-d-828979-4 devstack@placement-api.service[84265]: [pid: 84265|app: 0|req: 22/43] 10.222.0.32 () {60 vars in 1425 bytes} [Fri Mar 4 23:49:34 2022] GET /placement/resource_providers/e858842f-2d07-4213-87fd-08763797811c/aggregates => generated 53 bytes in 29 msecs (HTTP/1.1 200) 8 headers in 295 bytes (1 switches on core 0)
Mar 04 23:49:34.331421 n-d-828979-4 devstack@placement-api.service[84264]: DEBUG placement.requestlog [req-369a84ce-aa2b-49b2-85bf-657e6a3fefeb req-c5a7a4df-855c-4917-8e6a-6cd12d6a425c None None] Starting request: 10.222.0.32 "PUT /placement/resource_providers/e858842f-2d07-4213-87fd-08763797811c/aggregates" {{(pid=84264) __call__ /opt/stack/placement/placement/requestlog.py:55}}
Mar 04 23:49:34.352418 n-d-828979-4 devstack@placement-api.service[84264]: DEBUG placement.objects.resource_provider [req-369a84ce-aa2b-49b2-85bf-657e6a3fefeb req-c5a7a4df-855c-4917-8e6a-6cd12d6a425c service placement] _ensure_aggregate() did not find aggregate eb558d46-f3bd-42a1-beda-6ab15bbb9128. Attempting to create it. {{(pid=84264) _ensure_aggregate /opt/stack/placement/placement/objects/resource_provider.py:319}}
Mar 04 23:49:34.357961 n-d-828979-4 devstack@placement-api.service[84264]: DEBUG placement.objects.resource_provider [req-369a84ce-aa2b-49b2-85bf-657e6a3fefeb req-c5a7a4df-855c-4917-8e6a-6cd12d6a425c service placement] _ensure_aggregate() created new aggregate eb558d46-f3bd-42a1-beda-6ab15bbb9128 (id=3). {{(pid=84264) _ensure_aggregate /opt/stack/placement/placement/objects/resource_provider.py:325}}
Mar 04 23:49:34.359804 n-d-828979-4 devstack@placement-api.service[84264]: DEBUG placement.objects.resource_provider [req-369a84ce-aa2b-49b2-85bf-657e6a3fefeb req-c5a7a4df-855c-4917-8e6a-6cd12d6a425c service placement] Setting aggregates for provider e858842f-2d07-4213-87fd-08763797811c. Successfully associated aggregate eb558d46-f3bd-42a1-beda-6ab15bbb9128. {{(pid=84264) _set_aggregates /opt/stack/placement/placement/objects/resource_provider.py:387}}
Mar 04 23:49:34.371572 n-d-828979-4 devstack@placement-api.service[84264]: INFO placement.requestlog [req-369a84ce-aa2b-49b2-85bf-657e6a3fefeb req-c5a7a4df-855c-4917-8e6a-6cd12d6a425c service placement] 10.222.0.32 "PUT /placement/resource_providers/e858842f-2d07-4213-87fd-08763797811c/aggregates" status: 200 len: 91 microversion: 1.19
Mar 04 23:49:34.371974 n-d-828979-4 devstack@placement-api.service[84264]: [pid: 84264|app: 0|req: 22/44] 10.222.0.32 () {64 vars in 1477 bytes} [Fri Mar 4 23:49:34 2022] PUT /placement/resource_providers/e858842f-2d07-4213-87fd-08763797811c/aggregates => generated 91 bytes in 41 msecs (HTTP/1.1 200) 8 headers in 295 bytes (1 switches on core 0)
Mar 04 23:49:37.500527 n-d-828979-4 devstack@placement-api.service[84265]: DEBUG placement.requestlog [req-b88110f3-09ad-468a-8a06-1e071290f632 req-7f48390f-d6ac-4607-ac5d-afb53ca7f934 None None] Starting request: 10.222.0.32 "GET /placement/allocation_candidates?limit=1000&resources=DISK_GB%3A1%2CMEMORY_MB%3A1024%2CVCPU%3A1&root_required=%21COMPUTE_STATUS_DISABLED" {{(pid=84265) __call__ /opt/stack/placement/placement/requestlog.py:55}}
Mar 04 23:49:37.589284 n-d-828979-4 devstack@placement-api.service[84265]: DEBUG placement.objects.research_context [req-b88110f3-09ad-468a-8a06-1e071290f632 req-7f48390f-d6ac-4607-ac5d-afb53ca7f934 service placement] getting providers with 1 DISK_GB {{(pid=84265) __init__ /opt/stack/placement/placement/objects/research_context.py:126}}
Mar 04 23:49:37.608886 n-d-828979-4 devstack@placement-api.service[84265]: DEBUG placement.objects.research_context [req-b88110f3-09ad-468a-8a06-1e071290f632 req-7f48390f-d6ac-4607-ac5d-afb53ca7f934 service placement] getting providers with 1024 MEMORY_MB {{(pid=84265) __init__ /opt/stack/placement/placement/objects/research_context.py:126}}
Mar 04 23:49:37.643966 n-d-828979-4 devstack@placement-api.service[84265]: DEBUG placement.objects.research_context [req-b88110f3-09ad-468a-8a06-1e071290f632 req-7f48390f-d6ac-4607-ac5d-afb53ca7f934 service placement] getting providers with 1 VCPU {{(pid=84265) __init__ /opt/stack/placement/placement/objects/research_context.py:126}}
Mar 04 23:49:37.655993 n-d-828979-4 devstack@placement-api.service[84265]: DEBUG placement.objects.research_context [req-b88110f3-09ad-468a-8a06-1e071290f632 req-7f48390f-d6ac-4607-ac5d-afb53ca7f934 service placement] found 2 providers with available 1 DISK_GB {{(pid=84265) get_provider_ids_matching /opt/stack/placement/placement/objects/research_context.py:549}}
Mar 04 23:49:37.658967 n-d-828979-4 devstack@placement-api.service[84265]: DEBUG placement.objects.research_context [req-b88110f3-09ad-468a-8a06-1e071290f632 req-7f48390f-d6ac-4607-ac5d-afb53ca7f934 service placement] found 2 providers with available 1024 MEMORY_MB {{(pid=84265) get_provider_ids_matching /opt/stack/placement/placement/objects/research_context.py:549}}
Mar 04 23:49:37.660952 n-d-828979-4 devstack@placement-api.service[84265]: DEBUG placement.objects.research_context [req-b88110f3-09ad-468a-8a06-1e071290f632 req-7f48390f-d6ac-4607-ac5d-afb53ca7f934 service placement] found 2 providers after filtering by previous result {{(pid=84265) get_provider_ids_matching /opt/stack/placement/placement/objects/research_context.py:580}}
Mar 04 23:49:37.662440 n-d-828979-4 devstack@placement-api.service[84265]: DEBUG placement.objects.research_context [req-b88110f3-09ad-468a-8a06-1e071290f632 req-7f48390f-d6ac-4607-ac5d-afb53ca7f934 service placement] found 2 providers with available 1 VCPU {{(pid=84265) get_provider_ids_matching /opt/stack/placement/placement/objects/research_context.py:549}}
Mar 04 23:49:37.665984 n-d-828979-4 devstack@placement-api.service[84265]: DEBUG placement.objects.research_context [req-b88110f3-09ad-468a-8a06-1e071290f632 req-7f48390f-d6ac-4607-ac5d-afb53ca7f934 service placement] found 2 providers after filtering by previous result {{(pid=84265) get_provider_ids_matching /opt/stack/placement/placement/objects/research_context.py:580}}
Mar 04 23:49:37.702049 n-d-828979-4 devstack@placement-api.service[84265]: DEBUG placement.objects.allocation_candidate [req-b88110f3-09ad-468a-8a06-1e071290f632 req-7f48390f-d6ac-4607-ac5d-afb53ca7f934 service placement] RequestGroup(use_same_provider=False, resources={DISK_GB:1, MEMORY_MB:1024, VCPU:1}, traits=[], aggregates=[]) (suffix '') returned 2 matches {{(pid=84265) _get_by_requests /opt/stack/placement/placement/objects/allocation_candidate.py:145}}
Mar 04 23:49:37.706056 n-d-828979-4 devstack@placement-api.service[84265]: DEBUG placement.objects.allocation_candidate [req-b88110f3-09ad-468a-8a06-1e071290f632 req-7f48390f-d6ac-4607-ac5d-afb53ca7f934 service placement] Merging candidates yields 2 allocation requests and 2 provider summaries {{(pid=84265) _merge_candidates /opt/stack/placement/placement/objects/allocation_candidate.py:783}}
Mar 04 23:49:37.710566 n-d-828979-4 devstack@placement-api.service[84265]: INFO placement.requestlog [req-b88110f3-09ad-468a-8a06-1e071290f632 req-7f48390f-d6ac-4607-ac5d-afb53ca7f934 service placement] 10.222.0.32 "GET /placement/allocation_candidates?limit=1000&resources=DISK_GB%3A1%2CMEMORY_MB%3A1024%2CVCPU%3A1&root_required=%21COMPUTE_STATUS_DISABLED" status: 200 len: 1232 microversion: 1.35
Mar 04 23:49:37.715622 n-d-828979-4 devstack@placement-api.service[84265]: [pid: 84265|app: 0|req: 23/45] 10.222.0.32 () {60 vars in 1506 bytes} [Fri Mar 4 23:49:37 2022] GET /placement/allocation_candidates?limit=1000&resources=DISK_GB%3A1%2CMEMORY_MB%3A1024%2CVCPU%3A1&root_required=%21COMPUTE_STATUS_DISABLED => generated 1232 bytes in 215 msecs (HTTP/1.1 200) 8 headers in 297 bytes (1 switches on core 0)
Mar 04 23:49:38.220874 n-d-828979-4 devstack@placement-api.service[84264]: DEBUG placement.requestlog [req-b88110f3-09ad-468a-8a06-1e071290f632 req-f19bf788-a589-4040-9cf7-7e3a2ec54ba4 None None] Starting request: 10.222.0.32 "GET /placement/allocations/3169ebe4-468e-4d26-9c35-645b39df22ac" {{(pid=84264) __call__ /opt/stack/placement/placement/requestlog.py:55}}
Mar 04 23:49:38.240894 n-d-828979-4 devstack@placement-api.service[84264]: INFO placement.requestlog [req-b88110f3-09ad-468a-8a06-1e071290f632 req-f19bf788-a589-4040-9cf7-7e3a2ec54ba4 service placement] 10.222.0.32 "GET /placement/allocations/3169ebe4-468e-4d26-9c35-645b39df22ac" status: 200 len: 19 microversion: 1.28
Mar 04 23:49:38.242760 n-d-828979-4 devstack@placement-api.service[84264]: [pid: 84264|app: 0|req: 23/46] 10.222.0.32 () {60 vars in 1380 bytes} [Fri Mar 4 23:49:38 2022] GET /placement/allocations/3169ebe4-468e-4d26-9c35-645b39df22ac => generated 19 bytes in 22 msecs (HTTP/1.1 200) 8 headers in 295 bytes (1 switches on core 0)
Mar 04 23:49:38.249696 n-d-828979-4 devstack@placement-api.service[84265]: DEBUG placement.requestlog [req-b88110f3-09ad-468a-8a06-1e071290f632 req-38c99035-7178-4903-bc0b-a871173fd4b6 None None] Starting request: 10.222.0.32 "PUT /placement/allocations/3169ebe4-468e-4d26-9c35-645b39df22ac" {{(pid=84265) __call__ /opt/stack/placement/placement/requestlog.py:55}}
Mar 04 23:49:38.416114 n-d-828979-4 devstack@placement-api.service[84265]: DEBUG placement.handlers.allocation [req-b88110f3-09ad-468a-8a06-1e071290f632 req-38c99035-7178-4903-bc0b-a871173fd4b6 service placement] Successfully wrote allocations [, , ] {{(pid=84265) _create_allocations /opt/stack/placement/placement/handlers/allocation.py:435}}
Mar 04 23:49:38.421683 n-d-828979-4 devstack@placement-api.service[84265]: INFO placement.requestlog [req-b88110f3-09ad-468a-8a06-1e071290f632 req-38c99035-7178-4903-bc0b-a871173fd4b6 service placement] 10.222.0.32 "PUT /placement/allocations/3169ebe4-468e-4d26-9c35-645b39df22ac" status: 204 len: 0 microversion: 1.35
Mar 04 23:49:38.426392 n-d-828979-4 devstack@placement-api.service[84265]: [pid: 84265|app: 0|req: 24/47] 10.222.0.32 () {64 vars in 1433 bytes} [Fri Mar 4 23:49:38 2022] PUT /placement/allocations/3169ebe4-468e-4d26-9c35-645b39df22ac => generated 0 bytes in 173 msecs (HTTP/1.1 204) 5 headers in 199 bytes (1 switches on core 0)
Mar 04 23:49:39.990115 n-d-828979-4 devstack@placement-api.service[84264]: DEBUG placement.requestlog [req-b88110f3-09ad-468a-8a06-1e071290f632 req-51542292-9a26-4b41-955f-81677798b6ba None None] Starting request: 10.222.0.36 "GET /placement/allocations/3169ebe4-468e-4d26-9c35-645b39df22ac" {{(pid=84264) __call__ /opt/stack/placement/placement/requestlog.py:55}}
Mar 04 23:49:40.016373 n-d-828979-4 devstack@placement-api.service[84264]: INFO placement.requestlog [req-b88110f3-09ad-468a-8a06-1e071290f632 req-51542292-9a26-4b41-955f-81677798b6ba service placement] 10.222.0.36 "GET /placement/allocations/3169ebe4-468e-4d26-9c35-645b39df22ac" status: 200 len: 258 microversion: 1.28
Mar 04 23:49:40.016995 n-d-828979-4 devstack@placement-api.service[84264]: [pid: 84264|app: 0|req: 24/48] 10.222.0.36 () {60 vars in 1377 bytes} [Fri Mar 4 23:49:39 2022] GET /placement/allocations/3169ebe4-468e-4d26-9c35-645b39df22ac => generated 258 bytes in 27 msecs (HTTP/1.1 200) 8 headers in 296 bytes (1 switches on core 0)
Mar 04 23:50:02.185743 n-d-828979-4 devstack@placement-api.service[84265]: DEBUG placement.requestlog [req-495bec0e-8d10-48a0-a54d-55aa74b6f6ab req-560f90ca-74c2-4254-b65d-aadadf3a6083 None None] Starting request: 10.222.0.36 "GET /placement/resource_providers/e858842f-2d07-4213-87fd-08763797811c/allocations" {{(pid=84265) __call__ /opt/stack/placement/placement/requestlog.py:55}}
Mar 04 23:50:02.204640 n-d-828979-4 devstack@placement-api.service[84265]: INFO placement.requestlog [req-495bec0e-8d10-48a0-a54d-55aa74b6f6ab req-560f90ca-74c2-4254-b65d-aadadf3a6083 service placement] 10.222.0.36 "GET /placement/resource_providers/e858842f-2d07-4213-87fd-08763797811c/allocations" status: 200 len: 153 microversion: 1.0
Mar 04 23:50:02.204971 n-d-828979-4 devstack@placement-api.service[84265]: [pid: 84265|app: 0|req: 25/49] 10.222.0.36 () {58 vars in 1390 bytes} [Fri Mar 4 23:50:02 2022] GET /placement/resource_providers/e858842f-2d07-4213-87fd-08763797811c/allocations => generated 153 bytes in 19 msecs (HTTP/1.1 200) 6 headers in 224 bytes (1 switches on core 0)
Mar 04 23:50:02.441627 n-d-828979-4 devstack@placement-api.service[84264]: DEBUG placement.requestlog [req-b8060aca-7458-425f-831c-c1ab9fed5818 req-0701a153-650a-4632-99ee-0f672aedb54c None None] Starting request: 10.222.0.10 "GET /placement/resource_providers/395a587b-3360-4100-9e25-49e0408bb087/allocations" {{(pid=84264) __call__ /opt/stack/placement/placement/requestlog.py:55}}
Mar 04 23:50:02.463572 n-d-828979-4 devstack@placement-api.service[84264]: INFO placement.requestlog [req-b8060aca-7458-425f-831c-c1ab9fed5818 req-0701a153-650a-4632-99ee-0f672aedb54c service placement] 10.222.0.10 "GET /placement/resource_providers/395a587b-3360-4100-9e25-49e0408bb087/allocations" status: 200 len: 153 microversion: 1.0
Mar 04 23:50:02.464284 n-d-828979-4 devstack@placement-api.service[84264]: [pid: 84264|app: 0|req: 25/50] 10.222.0.10 () {58 vars in 1390 bytes} [Fri Mar 4 23:50:02 2022] GET /placement/resource_providers/395a587b-3360-4100-9e25-49e0408bb087/allocations => generated 153 bytes in 23 msecs (HTTP/1.1 200) 6 headers in 224 bytes (1 switches on core 0)
Mar 04 23:50:09.984265 n-d-828979-4 devstack@placement-api.service[84265]: DEBUG placement.requestlog [req-c9c5baa5-998d-49e4-8b09-29c18318b7b2 req-7cd623c4-912b-4471-93da-ad2664c640ea None None] Starting request: 10.222.0.10 "GET /placement/allocations/d416c59a-a4b8-4bda-b837-a9bc08bd55e7" {{(pid=84265) __call__ /opt/stack/placement/placement/requestlog.py:55}}
Mar 04 23:50:10.006006 n-d-828979-4 devstack@placement-api.service[84265]: INFO placement.requestlog [req-c9c5baa5-998d-49e4-8b09-29c18318b7b2 req-7cd623c4-912b-4471-93da-ad2664c640ea service placement] 10.222.0.10 "GET /placement/allocations/d416c59a-a4b8-4bda-b837-a9bc08bd55e7" status: 200 len: 258 microversion: 1.28
Mar 04 23:50:10.007675 n-d-828979-4 devstack@placement-api.service[84265]: [pid: 84265|app: 0|req: 26/51] 10.222.0.10 () {60 vars in 1377 bytes} [Fri Mar 4 23:50:09 2022] GET /placement/allocations/d416c59a-a4b8-4bda-b837-a9bc08bd55e7 => generated 258 bytes in 23 msecs (HTTP/1.1 200) 8 headers in 296 bytes (1 switches on core 0)
Mar 04 23:50:10.014510 n-d-828979-4 devstack@placement-api.service[84264]: DEBUG placement.requestlog [req-c9c5baa5-998d-49e4-8b09-29c18318b7b2 req-a44d4fbd-048f-4d15-8910-65f61316247b None None] Starting request: 10.222.0.10 "PUT /placement/allocations/d416c59a-a4b8-4bda-b837-a9bc08bd55e7" {{(pid=84264) __call__ /opt/stack/placement/placement/requestlog.py:55}}
Mar 04 23:50:10.110296 n-d-828979-4 devstack@placement-api.service[84264]: DEBUG placement.handlers.allocation [req-c9c5baa5-998d-49e4-8b09-29c18318b7b2 req-a44d4fbd-048f-4d15-8910-65f61316247b service placement] Successfully wrote allocations [, , ] {{(pid=84264) _create_allocations /opt/stack/placement/placement/handlers/allocation.py:435}}
Mar 04 23:50:10.110955 n-d-828979-4 devstack@placement-api.service[84264]: INFO placement.requestlog [req-c9c5baa5-998d-49e4-8b09-29c18318b7b2 req-a44d4fbd-048f-4d15-8910-65f61316247b service placement] 10.222.0.10 "PUT /placement/allocations/d416c59a-a4b8-4bda-b837-a9bc08bd55e7" status: 204 len: 0 microversion: 1.28
Mar 04 23:50:10.111473 n-d-828979-4 devstack@placement-api.service[84264]: [pid: 84264|app: 0|req: 26/52] 10.222.0.10 () {64 vars in 1430 bytes} [Fri Mar 4 23:50:10 2022] PUT /placement/allocations/d416c59a-a4b8-4bda-b837-a9bc08bd55e7 => generated 0 bytes in 97 msecs (HTTP/1.1 204) 5 headers in 199 bytes (1 switches on core 0)
Mar 04 23:50:10.243394 n-d-828979-4 devstack@placement-api.service[84265]: DEBUG placement.requestlog [req-48a9478f-b416-4fe7-85f7-747338691f6a req-6ae75799-bfa9-48bf-89a3-8ea716352133 None None] Starting request: 10.222.0.32 "GET /placement/allocation_candidates?limit=1000&resources=DISK_GB%3A1%2CMEMORY_MB%3A1024%2CVCPU%3A1&root_required=%21COMPUTE_STATUS_DISABLED" {{(pid=84265) __call__ /opt/stack/placement/placement/requestlog.py:55}}
Mar 04 23:50:10.318963 n-d-828979-4 devstack@placement-api.service[84265]: DEBUG placement.objects.research_context [req-48a9478f-b416-4fe7-85f7-747338691f6a req-6ae75799-bfa9-48bf-89a3-8ea716352133 service placement] getting providers with 1 DISK_GB {{(pid=84265) __init__ /opt/stack/placement/placement/objects/research_context.py:126}}
Mar 04 23:50:10.339162 n-d-828979-4 devstack@placement-api.service[84265]: DEBUG placement.objects.research_context [req-48a9478f-b416-4fe7-85f7-747338691f6a req-6ae75799-bfa9-48bf-89a3-8ea716352133 service placement] getting providers with 1024 MEMORY_MB {{(pid=84265) __init__ /opt/stack/placement/placement/objects/research_context.py:126}}
Mar 04 23:50:10.358242 n-d-828979-4 devstack@placement-api.service[84265]: DEBUG placement.objects.research_context [req-48a9478f-b416-4fe7-85f7-747338691f6a req-6ae75799-bfa9-48bf-89a3-8ea716352133 service placement] getting providers with 1 VCPU {{(pid=84265) __init__ /opt/stack/placement/placement/objects/research_context.py:126}}
Mar 04 23:50:10.371162 n-d-828979-4 devstack@placement-api.service[84265]: DEBUG placement.objects.research_context [req-48a9478f-b416-4fe7-85f7-747338691f6a req-6ae75799-bfa9-48bf-89a3-8ea716352133 service placement] found 2 providers with available 1 DISK_GB {{(pid=84265) get_provider_ids_matching /opt/stack/placement/placement/objects/research_context.py:549}}
Mar 04 23:50:10.371745 n-d-828979-4 devstack@placement-api.service[84265]: DEBUG placement.objects.research_context [req-48a9478f-b416-4fe7-85f7-747338691f6a req-6ae75799-bfa9-48bf-89a3-8ea716352133 service placement] found 2 providers with available 1024 MEMORY_MB {{(pid=84265) get_provider_ids_matching /opt/stack/placement/placement/objects/research_context.py:549}}
Mar 04 23:50:10.372230 n-d-828979-4 devstack@placement-api.service[84265]: DEBUG placement.objects.research_context [req-48a9478f-b416-4fe7-85f7-747338691f6a req-6ae75799-bfa9-48bf-89a3-8ea716352133 service placement] found 2 providers after filtering by previous result {{(pid=84265) get_provider_ids_matching /opt/stack/placement/placement/objects/research_context.py:580}}
Mar 04 23:50:10.372716 n-d-828979-4 devstack@placement-api.service[84265]: DEBUG placement.objects.research_context [req-48a9478f-b416-4fe7-85f7-747338691f6a req-6ae75799-bfa9-48bf-89a3-8ea716352133 service placement] found 2 providers with available 1 VCPU {{(pid=84265) get_provider_ids_matching /opt/stack/placement/placement/objects/research_context.py:549}}
Mar 04 23:50:10.373500 n-d-828979-4 devstack@placement-api.service[84265]: DEBUG placement.objects.research_context [req-48a9478f-b416-4fe7-85f7-747338691f6a req-6ae75799-bfa9-48bf-89a3-8ea716352133 service placement] found 2 providers after filtering by previous result {{(pid=84265) get_provider_ids_matching /opt/stack/placement/placement/objects/research_context.py:580}}
Mar 04 23:50:10.397269 n-d-828979-4 devstack@placement-api.service[84265]: DEBUG placement.objects.allocation_candidate [req-48a9478f-b416-4fe7-85f7-747338691f6a req-6ae75799-bfa9-48bf-89a3-8ea716352133 service placement] RequestGroup(use_same_provider=False, resources={DISK_GB:1, MEMORY_MB:1024, VCPU:1}, traits=[], aggregates=[]) (suffix '') returned 2 matches {{(pid=84265) _get_by_requests /opt/stack/placement/placement/objects/allocation_candidate.py:145}}
Mar 04 23:50:10.398153 n-d-828979-4 devstack@placement-api.service[84265]: DEBUG placement.objects.allocation_candidate [req-48a9478f-b416-4fe7-85f7-747338691f6a req-6ae75799-bfa9-48bf-89a3-8ea716352133 service placement] Merging candidates yields 2 allocation requests and 2 provider summaries {{(pid=84265) _merge_candidates /opt/stack/placement/placement/objects/allocation_candidate.py:783}}
Mar 04 23:50:10.399918 n-d-828979-4 devstack@placement-api.service[84265]: INFO placement.requestlog [req-48a9478f-b416-4fe7-85f7-747338691f6a req-6ae75799-bfa9-48bf-89a3-8ea716352133 service placement] 10.222.0.32 "GET /placement/allocation_candidates?limit=1000&resources=DISK_GB%3A1%2CMEMORY_MB%3A1024%2CVCPU%3A1&root_required=%21COMPUTE_STATUS_DISABLED" status: 200 len: 1232 microversion: 1.35
Mar 04 23:50:10.400365 n-d-828979-4 devstack@placement-api.service[84265]: [pid: 84265|app: 0|req: 27/53] 10.222.0.32 () {60 vars in 1506 bytes} [Fri Mar 4 23:50:10 2022] GET /placement/allocation_candidates?limit=1000&resources=DISK_GB%3A1%2CMEMORY_MB%3A1024%2CVCPU%3A1&root_required=%21COMPUTE_STATUS_DISABLED => generated 1232 bytes in 157 msecs (HTTP/1.1 200) 8 headers in 297 bytes (1 switches on core 0)
Mar 04 23:50:10.501368 n-d-828979-4 devstack@placement-api.service[84264]: DEBUG placement.requestlog [req-48a9478f-b416-4fe7-85f7-747338691f6a req-20997ddb-5ffb-4d2a-bdf9-951b924674c2 None None] Starting request: 10.222.0.32 "GET /placement/allocations/f692552e-bb49-40fc-8062-18a5273102fa" {{(pid=84264) __call__ /opt/stack/placement/placement/requestlog.py:55}}
Mar 04 23:50:10.514166 n-d-828979-4 devstack@placement-api.service[84264]: INFO placement.requestlog [req-48a9478f-b416-4fe7-85f7-747338691f6a req-20997ddb-5ffb-4d2a-bdf9-951b924674c2 service placement] 10.222.0.32 "GET /placement/allocations/f692552e-bb49-40fc-8062-18a5273102fa" status: 200 len: 19 microversion: 1.28
Mar 04 23:50:10.514166 n-d-828979-4 devstack@placement-api.service[84264]: [pid: 84264|app: 0|req: 27/54] 10.222.0.32 () {60 vars in 1380 bytes} [Fri Mar 4 23:50:10 2022] GET /placement/allocations/f692552e-bb49-40fc-8062-18a5273102fa => generated 19 bytes in 12 msecs (HTTP/1.1 200) 8 headers in 295 bytes (1 switches on core 0)
Mar 04 23:50:10.536385 n-d-828979-4 devstack@placement-api.service[84265]: DEBUG placement.requestlog [req-48a9478f-b416-4fe7-85f7-747338691f6a req-41098651-996b-4c2d-aaa7-ac339ff3cbe6 None None] Starting request: 10.222.0.32 "PUT /placement/allocations/f692552e-bb49-40fc-8062-18a5273102fa" {{(pid=84265) __call__ /opt/stack/placement/placement/requestlog.py:55}}
Mar 04 23:50:10.653271 n-d-828979-4 devstack@placement-api.service[84265]: DEBUG placement.handlers.allocation [req-48a9478f-b416-4fe7-85f7-747338691f6a req-41098651-996b-4c2d-aaa7-ac339ff3cbe6 service placement] Successfully wrote allocations [, , ] {{(pid=84265) _create_allocations /opt/stack/placement/placement/handlers/allocation.py:435}}
Mar 04 23:50:10.654005 n-d-828979-4 devstack@placement-api.service[84265]: INFO placement.requestlog [req-48a9478f-b416-4fe7-85f7-747338691f6a req-41098651-996b-4c2d-aaa7-ac339ff3cbe6 service placement] 10.222.0.32 "PUT /placement/allocations/f692552e-bb49-40fc-8062-18a5273102fa" status: 204 len: 0 microversion: 1.35
Mar 04 23:50:10.654318 n-d-828979-4 devstack@placement-api.service[84265]: [pid: 84265|app: 0|req: 28/55] 10.222.0.32 () {64 vars in 1433 bytes} [Fri Mar 4 23:50:10 2022] PUT /placement/allocations/f692552e-bb49-40fc-8062-18a5273102fa => generated 0 bytes in 121 msecs (HTTP/1.1 204) 5 headers in 199 bytes (1 switches on core 0)
Mar 04 23:50:11.142874 n-d-828979-4 devstack@placement-api.service[84264]: DEBUG placement.requestlog [req-48a9478f-b416-4fe7-85f7-747338691f6a req-49c4dd44-5d16-43ad-98b8-6d9c5b6695b7 None None] Starting request: 10.222.0.10 "GET /placement/allocations/f692552e-bb49-40fc-8062-18a5273102fa" {{(pid=84264) __call__ /opt/stack/placement/placement/requestlog.py:55}}
Mar 04 23:50:11.160961 n-d-828979-4 devstack@placement-api.service[84264]: INFO placement.requestlog [req-48a9478f-b416-4fe7-85f7-747338691f6a req-49c4dd44-5d16-43ad-98b8-6d9c5b6695b7 service placement] 10.222.0.10 "GET /placement/allocations/f692552e-bb49-40fc-8062-18a5273102fa" status: 200 len: 258 microversion: 1.28
Mar 04 23:50:11.161593 n-d-828979-4 devstack@placement-api.service[84264]: [pid: 84264|app: 0|req: 28/56] 10.222.0.10 () {60 vars in 1377 bytes} [Fri Mar 4 23:50:11 2022] GET /placement/allocations/f692552e-bb49-40fc-8062-18a5273102fa => generated 258 bytes in 19 msecs (HTTP/1.1 200) 8 headers in 296 bytes (1 switches on core 0)
Mar 04 23:50:11.825015 n-d-828979-4 devstack@placement-api.service[84265]: DEBUG placement.requestlog [req-9daca01a-4fcc-4f36-9d40-16f025762cd1 req-476c09fe-d9fb-4a41-a25e-354f96f749db None None] Starting request: 10.222.0.32 "GET /placement/allocation_candidates?limit=1000&resources=DISK_GB%3A1%2CMEMORY_MB%3A1024%2CVCPU%3A1&root_required=%21COMPUTE_STATUS_DISABLED" {{(pid=84265) __call__ /opt/stack/placement/placement/requestlog.py:55}}
Mar 04 23:50:11.896488 n-d-828979-4 devstack@placement-api.service[84265]: DEBUG placement.objects.research_context [req-9daca01a-4fcc-4f36-9d40-16f025762cd1 req-476c09fe-d9fb-4a41-a25e-354f96f749db service placement] getting providers with 1 DISK_GB {{(pid=84265) __init__ /opt/stack/placement/placement/objects/research_context.py:126}}
Mar 04 23:50:11.907477 n-d-828979-4 devstack@placement-api.service[84265]: DEBUG placement.objects.research_context [req-9daca01a-4fcc-4f36-9d40-16f025762cd1 req-476c09fe-d9fb-4a41-a25e-354f96f749db service placement] getting providers with 1024 MEMORY_MB {{(pid=84265) __init__ /opt/stack/placement/placement/objects/research_context.py:126}}
Mar 04 23:50:11.917649 n-d-828979-4 devstack@placement-api.service[84265]: DEBUG placement.objects.research_context [req-9daca01a-4fcc-4f36-9d40-16f025762cd1 req-476c09fe-d9fb-4a41-a25e-354f96f749db service placement] getting providers with 1 VCPU {{(pid=84265) __init__ /opt/stack/placement/placement/objects/research_context.py:126}}
Mar 04 23:50:11.936208 n-d-828979-4 devstack@placement-api.service[84265]: DEBUG placement.objects.research_context [req-9daca01a-4fcc-4f36-9d40-16f025762cd1 req-476c09fe-d9fb-4a41-a25e-354f96f749db service placement] found 2 providers with available 1 DISK_GB {{(pid=84265) get_provider_ids_matching /opt/stack/placement/placement/objects/research_context.py:549}}
Mar 04 23:50:11.936747 n-d-828979-4 devstack@placement-api.service[84265]: DEBUG placement.objects.research_context [req-9daca01a-4fcc-4f36-9d40-16f025762cd1 req-476c09fe-d9fb-4a41-a25e-354f96f749db service placement] found 2 providers with available 1024 MEMORY_MB {{(pid=84265) get_provider_ids_matching /opt/stack/placement/placement/objects/research_context.py:549}}
Mar 04 23:50:11.937365 n-d-828979-4 devstack@placement-api.service[84265]: DEBUG placement.objects.research_context [req-9daca01a-4fcc-4f36-9d40-16f025762cd1 req-476c09fe-d9fb-4a41-a25e-354f96f749db service placement] found 2 providers after filtering by previous result {{(pid=84265) get_provider_ids_matching /opt/stack/placement/placement/objects/research_context.py:580}}
Mar 04 23:50:11.937804 n-d-828979-4 devstack@placement-api.service[84265]: DEBUG placement.objects.research_context [req-9daca01a-4fcc-4f36-9d40-16f025762cd1 req-476c09fe-d9fb-4a41-a25e-354f96f749db service placement] found 2 providers with available 1 VCPU {{(pid=84265) get_provider_ids_matching /opt/stack/placement/placement/objects/research_context.py:549}}
Mar 04 23:50:11.938236 n-d-828979-4 devstack@placement-api.service[84265]: DEBUG placement.objects.research_context [req-9daca01a-4fcc-4f36-9d40-16f025762cd1 req-476c09fe-d9fb-4a41-a25e-354f96f749db service placement] found 2 providers after filtering by previous result {{(pid=84265) get_provider_ids_matching /opt/stack/placement/placement/objects/research_context.py:580}}
Mar 04 23:50:11.961867 n-d-828979-4 devstack@placement-api.service[84265]: DEBUG placement.objects.allocation_candidate [req-9daca01a-4fcc-4f36-9d40-16f025762cd1 req-476c09fe-d9fb-4a41-a25e-354f96f749db service placement] RequestGroup(use_same_provider=False, resources={DISK_GB:1, MEMORY_MB:1024, VCPU:1}, traits=[], aggregates=[]) (suffix '') returned 2 matches {{(pid=84265) _get_by_requests /opt/stack/placement/placement/objects/allocation_candidate.py:145}}
Mar 04 23:50:11.962518 n-d-828979-4 devstack@placement-api.service[84265]: DEBUG placement.objects.allocation_candidate [req-9daca01a-4fcc-4f36-9d40-16f025762cd1 req-476c09fe-d9fb-4a41-a25e-354f96f749db service placement] Merging candidates yields 2 allocation requests and 2 provider summaries {{(pid=84265) _merge_candidates /opt/stack/placement/placement/objects/allocation_candidate.py:783}}
Mar 04 23:50:11.966381 n-d-828979-4 devstack@placement-api.service[84265]: INFO placement.requestlog [req-9daca01a-4fcc-4f36-9d40-16f025762cd1 req-476c09fe-d9fb-4a41-a25e-354f96f749db service placement] 10.222.0.32 "GET /placement/allocation_candidates?limit=1000&resources=DISK_GB%3A1%2CMEMORY_MB%3A1024%2CVCPU%3A1&root_required=%21COMPUTE_STATUS_DISABLED" status: 200 len: 1235 microversion: 1.35
Mar 04 23:50:11.967250 n-d-828979-4 devstack@placement-api.service[84265]: [pid: 84265|app: 0|req: 29/57] 10.222.0.32 () {60 vars in 1506 bytes} [Fri Mar 4 23:50:11 2022] GET /placement/allocation_candidates?limit=1000&resources=DISK_GB%3A1%2CMEMORY_MB%3A1024%2CVCPU%3A1&root_required=%21COMPUTE_STATUS_DISABLED => generated 1235 bytes in 142 msecs (HTTP/1.1 200) 8 headers in 297 bytes (1 switches on core 0)
Mar 04 23:50:12.100749 n-d-828979-4 devstack@placement-api.service[84264]: DEBUG placement.requestlog [req-9daca01a-4fcc-4f36-9d40-16f025762cd1 req-9d4516ff-b3d0-4fd7-b620-c38472e939e8 None None] Starting request: 10.222.0.32 "GET /placement/allocations/e446841f-3d08-44bc-a15a-d1a558e0998a" {{(pid=84264) __call__ /opt/stack/placement/placement/requestlog.py:55}}
Mar 04 23:50:12.114609 n-d-828979-4 devstack@placement-api.service[84264]: INFO placement.requestlog [req-9daca01a-4fcc-4f36-9d40-16f025762cd1 req-9d4516ff-b3d0-4fd7-b620-c38472e939e8 service placement] 10.222.0.32 "GET /placement/allocations/e446841f-3d08-44bc-a15a-d1a558e0998a" status: 200 len: 19 microversion: 1.28
Mar 04 23:50:12.116383 n-d-828979-4 devstack@placement-api.service[84264]: [pid: 84264|app: 0|req: 29/58] 10.222.0.32 () {60 vars in 1380 bytes} [Fri Mar 4 23:50:12 2022] GET /placement/allocations/e446841f-3d08-44bc-a15a-d1a558e0998a => generated 19 bytes in 16 msecs (HTTP/1.1 200) 8 headers in 295 bytes (1 switches on core 0)
Mar 04 23:50:12.121232 n-d-828979-4 devstack@placement-api.service[84265]: DEBUG placement.requestlog [req-9daca01a-4fcc-4f36-9d40-16f025762cd1 req-f569945c-4dbf-48e0-99b8-8bc1b10be989 None None] Starting request: 10.222.0.32 "PUT /placement/allocations/e446841f-3d08-44bc-a15a-d1a558e0998a" {{(pid=84265) __call__ /opt/stack/placement/placement/requestlog.py:55}}
Mar 04 23:50:12.220973 n-d-828979-4 devstack@placement-api.service[84265]: DEBUG placement.handlers.allocation [req-9daca01a-4fcc-4f36-9d40-16f025762cd1 req-f569945c-4dbf-48e0-99b8-8bc1b10be989 service placement] Successfully wrote allocations [, , ] {{(pid=84265) _create_allocations /opt/stack/placement/placement/handlers/allocation.py:435}}
Mar 04 23:50:12.222070 n-d-828979-4 devstack@placement-api.service[84265]: INFO placement.requestlog [req-9daca01a-4fcc-4f36-9d40-16f025762cd1 req-f569945c-4dbf-48e0-99b8-8bc1b10be989 service placement] 10.222.0.32 "PUT /placement/allocations/e446841f-3d08-44bc-a15a-d1a558e0998a" status: 204 len: 0 microversion: 1.35
Mar 04 23:50:12.222856 n-d-828979-4 devstack@placement-api.service[84265]: [pid: 84265|app: 0|req: 30/59] 10.222.0.32 () {64 vars in 1433 bytes} [Fri Mar 4 23:50:12 2022] PUT /placement/allocations/e446841f-3d08-44bc-a15a-d1a558e0998a => generated 0 bytes in 102 msecs (HTTP/1.1 204) 5 headers in 199 bytes (2 switches on core 0)
Mar 04 23:50:12.690497 n-d-828979-4 devstack@placement-api.service[84264]: DEBUG placement.requestlog [req-9daca01a-4fcc-4f36-9d40-16f025762cd1 req-f6e98fcb-b81d-49c0-b353-ee7fa947313c None None] Starting request: 10.222.0.10 "GET /placement/allocations/e446841f-3d08-44bc-a15a-d1a558e0998a" {{(pid=84264) __call__ /opt/stack/placement/placement/requestlog.py:55}}
Mar 04 23:50:12.715094 n-d-828979-4 devstack@placement-api.service[84264]: INFO placement.requestlog [req-9daca01a-4fcc-4f36-9d40-16f025762cd1 req-f6e98fcb-b81d-49c0-b353-ee7fa947313c service placement] 10.222.0.10 "GET /placement/allocations/e446841f-3d08-44bc-a15a-d1a558e0998a" status: 200 len: 258 microversion: 1.28
Mar 04 23:50:12.716147 n-d-828979-4 devstack@placement-api.service[84264]: [pid: 84264|app: 0|req: 30/60] 10.222.0.10 () {60 vars in 1377 bytes} [Fri Mar 4 23:50:12 2022] GET /placement/allocations/e446841f-3d08-44bc-a15a-d1a558e0998a => generated 258 bytes in 26 msecs (HTTP/1.1 200) 8 headers in 296 bytes (1 switches on core 0)
Mar 04 23:50:16.616044 n-d-828979-4 devstack@placement-api.service[84265]: DEBUG placement.requestlog [req-fe726af1-6b8e-4fff-a79b-d1f89c7b8fd4 req-82782dbb-5293-4316-8e74-358344aa2424 None None] Starting request: 10.222.0.36 "GET /placement/allocations/3169ebe4-468e-4d26-9c35-645b39df22ac" {{(pid=84265) __call__ /opt/stack/placement/placement/requestlog.py:55}}
Mar 04 23:50:16.663427 n-d-828979-4 devstack@placement-api.service[84265]: INFO placement.requestlog [req-fe726af1-6b8e-4fff-a79b-d1f89c7b8fd4 req-82782dbb-5293-4316-8e74-358344aa2424 service placement] 10.222.0.36 "GET /placement/allocations/3169ebe4-468e-4d26-9c35-645b39df22ac" status: 200 len: 258 microversion: 1.28
Mar 04 23:50:16.664675 n-d-828979-4 devstack@placement-api.service[84265]: [pid: 84265|app: 0|req: 31/61] 10.222.0.36 () {60 vars in 1377 bytes} [Fri Mar 4 23:50:16 2022] GET /placement/allocations/3169ebe4-468e-4d26-9c35-645b39df22ac => generated 258 bytes in 49 msecs (HTTP/1.1 200) 8 headers in 296 bytes (1 switches on core 0)
Mar 04 23:50:16.672344 n-d-828979-4 devstack@placement-api.service[84264]: DEBUG placement.requestlog [req-fe726af1-6b8e-4fff-a79b-d1f89c7b8fd4 req-8d6c4902-630c-4450-b81f-0b8d3115b3b5 None None] Starting request: 10.222.0.36 "PUT /placement/allocations/3169ebe4-468e-4d26-9c35-645b39df22ac" {{(pid=84264) __call__ /opt/stack/placement/placement/requestlog.py:55}}
Mar 04 23:50:16.768806 n-d-828979-4 devstack@placement-api.service[84264]: DEBUG placement.handlers.allocation [req-fe726af1-6b8e-4fff-a79b-d1f89c7b8fd4 req-8d6c4902-630c-4450-b81f-0b8d3115b3b5 service placement] Successfully wrote allocations [, , ] {{(pid=84264) _create_allocations /opt/stack/placement/placement/handlers/allocation.py:435}}
Mar 04 23:50:16.770631 n-d-828979-4 devstack@placement-api.service[84264]: INFO placement.requestlog [req-fe726af1-6b8e-4fff-a79b-d1f89c7b8fd4 req-8d6c4902-630c-4450-b81f-0b8d3115b3b5 service placement] 10.222.0.36 "PUT /placement/allocations/3169ebe4-468e-4d26-9c35-645b39df22ac" status: 204 len: 0 microversion: 1.28
Mar 04 23:50:16.771453 n-d-828979-4 devstack@placement-api.service[84264]: [pid: 84264|app: 0|req: 31/62] 10.222.0.36 () {64 vars in 1430 bytes} [Fri Mar 4 23:50:16 2022] PUT /placement/allocations/3169ebe4-468e-4d26-9c35-645b39df22ac => generated 0 bytes in 99 msecs (HTTP/1.1 204) 5 headers in 199 bytes (1 switches on core 0)
Mar 04 23:50:17.367030 n-d-828979-4 devstack@placement-api.service[84265]: DEBUG placement.requestlog [req-3151c211-4289-4c2e-aa1d-95e81eb5eef8 req-6f56cd72-b530-4c49-974e-1fb6be89ca0d None None] Starting request: 10.222.0.32 "GET /placement/resource_providers?name=n-h1-828979-4" {{(pid=84265) __call__ /opt/stack/placement/placement/requestlog.py:55}}
Mar 04 23:50:17.387998 n-d-828979-4 devstack@placement-api.service[84265]: INFO placement.requestlog [req-3151c211-4289-4c2e-aa1d-95e81eb5eef8 req-6f56cd72-b530-4c49-974e-1fb6be89ca0d service placement] 10.222.0.32 "GET /placement/resource_providers?name=n-h1-828979-4" status: 200 len: 440 microversion: 1.0
Mar 04 23:50:17.388555 n-d-828979-4 devstack@placement-api.service[84265]: [pid: 84265|app: 0|req: 32/63] 10.222.0.32 () {58 vars in 1274 bytes} [Fri Mar 4 23:50:17 2022] GET /placement/resource_providers?name=n-h1-828979-4 => generated 440 bytes in 22 msecs (HTTP/1.1 200) 6 headers in 224 bytes (1 switches on core 0)
Mar 04 23:50:17.397030 n-d-828979-4 devstack@placement-api.service[84264]: DEBUG placement.requestlog [req-3151c211-4289-4c2e-aa1d-95e81eb5eef8 req-d52308f8-1d53-4e7d-9a90-1e1b6ed293b6 None None] Starting request: 10.222.0.32 "GET /placement/resource_providers/e858842f-2d07-4213-87fd-08763797811c/aggregates" {{(pid=84264) __call__ /opt/stack/placement/placement/requestlog.py:55}}
Mar 04 23:50:17.413254 n-d-828979-4 devstack@placement-api.service[84264]: INFO placement.requestlog [req-3151c211-4289-4c2e-aa1d-95e81eb5eef8 req-d52308f8-1d53-4e7d-9a90-1e1b6ed293b6 service placement] 10.222.0.32 "GET /placement/resource_providers/e858842f-2d07-4213-87fd-08763797811c/aggregates" status: 200 len: 91 microversion: 1.19
Mar 04 23:50:17.421410 n-d-828979-4 devstack@placement-api.service[84264]: [pid: 84264|app: 0|req: 32/64] 10.222.0.32 () {60 vars in 1425 bytes} [Fri Mar 4 23:50:17 2022] GET /placement/resource_providers/e858842f-2d07-4213-87fd-08763797811c/aggregates => generated 91 bytes in 24 msecs (HTTP/1.1 200) 8 headers in 295 bytes (1 switches on core 0)
