Feb 13 23:18:02.224394 n-d-828979-1 neutron-server[83661]: INFO neutron.wsgi [req-932665e0-b80e-44e2-86ff-f2dcef554953 req-862b45af-4e4b-40cb-9315-28a31ef975f2 tempest-LiveMigrationTest-1043003330 tempest-LiveMigrationTest-1043003330-project-admin] 10.222.0.31 "GET /v2.0/ports?device_id=5c3b5ff9-4fc0-49bf-91f1-0952c38a4bff&tenant_id=b6ad504142f4440290934e9d0c7d413f&binding%3Ahost_id=n-h2-828979-1 HTTP/1.1" status: 200 len: 1095 time: 0.1320903
Feb 13 23:18:02.255480 n-d-828979-1 neutron-server[83662]: DEBUG neutron.scheduler.l3_agent_scheduler [None req-9958d44e-c52b-4c8a-89ea-cef9dd48402c admin admin] Router 7f2aaa49-0c91-4f23-87a7-972916124dd4 has already been hosted by L3 agent 86fb3fa6-3fe2-4bac-ae1b-54657d121b17 {{(pid=83662) _get_candidates /opt/stack/neutron/neutron/scheduler/l3_agent_scheduler.py:126}}
Feb 13 23:18:02.324192 n-d-828979-1 neutron-server[83663]: DEBUG neutron_lib.callbacks.manager [None req-6ed8187c-43bc-45df-9655-56447fe63892 None None] Notify callbacks ['neutron.services.segments.db._update_segment_host_mapping_for_agent-8755129129045', 'neutron.plugins.ml2.plugin.Ml2Plugin._retry_binding_revived_agents-3426213'] for agent, after_update {{(pid=83663) _notify_loop /usr/local/lib/python3.8/dist-packages/neutron_lib/callbacks/manager.py:192}}
Feb 13 23:18:02.336726 n-d-828979-1 neutron-server[83662]: DEBUG neutron.pecan_wsgi.hooks.policy_enforcement [req-728cd181-b30a-449d-b0e8-84017c6f9736 req-595f55c0-cf13-4613-88ab-bf459b6a03b8 tempest-LiveMigrationTest-985308181 tempest-LiveMigrationTest-985308181-project] Attributes excluded by policy engine: ['binding:profile', 'binding:host_id', 'binding:vif_type', 'binding:vif_details'] {{(pid=83662) _exclude_attributes_by_policy /opt/stack/neutron/neutron/pecan_wsgi/hooks/policy_enforcement.py:255}}
Feb 13 23:18:02.338527 n-d-828979-1 neutron-server[83662]: INFO neutron.wsgi [req-728cd181-b30a-449d-b0e8-84017c6f9736 req-595f55c0-cf13-4613-88ab-bf459b6a03b8 tempest-LiveMigrationTest-985308181 tempest-LiveMigrationTest-985308181-project] 10.222.0.36 "GET /v2.0/ports?device_id=5c3b5ff9-4fc0-49bf-91f1-0952c38a4bff HTTP/1.1" status: 200 len: 944 time: 0.2506573
Feb 13 23:18:02.415761 n-d-828979-1 neutron-server[83663]: DEBUG neutron.db.provisioning_blocks [None req-c0759f4a-b6fc-488e-a351-9a5cd11e14d2 None None] Provisioning complete for port 3587fbb4-b3b3-4044-b609-badd0deceb00 triggered by entity DHCP. {{(pid=83663) provisioning_complete /opt/stack/neutron/neutron/db/provisioning_blocks.py:139}}
Feb 13 23:18:02.416029 n-d-828979-1 neutron-server[83663]: DEBUG neutron_lib.callbacks.manager [None req-c0759f4a-b6fc-488e-a351-9a5cd11e14d2 None None] Notify callbacks ['neutron.plugins.ml2.plugin.Ml2Plugin._port_provisioned-3426292'] for port, provisioning_complete {{(pid=83663) _notify_loop /usr/local/lib/python3.8/dist-packages/neutron_lib/callbacks/manager.py:192}}
Feb 13 23:18:02.480713 n-d-828979-1 neutron-server[83662]: INFO neutron.wsgi [req-728cd181-b30a-449d-b0e8-84017c6f9736 req-9cf0e096-3680-4cf5-8736-072213877e0c tempest-LiveMigrationTest-985308181 tempest-LiveMigrationTest-985308181-project] 10.222.0.36 "GET /v2.0/security-groups?id=3fa15683-6faf-4cc6-8c7d-4d7aca9cb58a&fields=id&fields=name HTTP/1.1" status: 200 len: 286 time: 0.1328883
Feb 13 23:18:02.524452 n-d-828979-1 neutron-server[83663]: DEBUG neutron.plugins.ml2.rpc [None req-97af7ebd-4f97-439f-bc55-e0ce14e2d35e None None] Device 2e18ce68-d622-4f61-8089-d0e34aadc096 up at agent ovs-agent-n-d-828979-1 {{(pid=83663) update_device_up /opt/stack/neutron/neutron/plugins/ml2/rpc.py:278}}
Feb 13 23:18:02.584517 n-d-828979-1 neutron-server[83661]: DEBUG neutron_lib.callbacks.manager [None req-fd08f571-6bcf-4fe8-8bc6-f1d64864e431 admin admin] Notify callbacks [] for security_group, before_delete {{(pid=83661) _notify_loop /usr/local/lib/python3.8/dist-packages/neutron_lib/callbacks/manager.py:192}}
Feb 13 23:18:02.596525 n-d-828979-1 neutron-server[83663]: DEBUG neutron.plugins.ml2.plugin [None req-c0759f4a-b6fc-488e-a351-9a5cd11e14d2 None None] Port 3587fbb4-b3b3-4044-b609-badd0deceb00 cannot update to ACTIVE because it is not bound. {{(pid=83663) _port_provisioned /opt/stack/neutron/neutron/plugins/ml2/plugin.py:311}}
Feb 13 23:18:02.616546 n-d-828979-1 neutron-server[83662]: DEBUG neutron.api.rpc.agentnotifiers.l3_rpc_agent_api [None req-9958d44e-c52b-4c8a-89ea-cef9dd48402c admin admin] Notify agent at l3_agent.n-d-828979-1 the message routers_updated {{(pid=83662) _agent_notification /opt/stack/neutron/neutron/api/rpc/agentnotifiers/l3_rpc_agent_api.py:65}}
Feb 13 23:18:02.618600 n-d-828979-1 neutron-server[83663]: DEBUG neutron.db.provisioning_blocks [None req-97af7ebd-4f97-439f-bc55-e0ce14e2d35e None None] Provisioning complete for port 2e18ce68-d622-4f61-8089-d0e34aadc096 triggered by entity L2. {{(pid=83663) provisioning_complete /opt/stack/neutron/neutron/db/provisioning_blocks.py:139}}
Feb 13 23:18:02.619059 n-d-828979-1 neutron-server[83663]: DEBUG neutron_lib.callbacks.manager [None req-97af7ebd-4f97-439f-bc55-e0ce14e2d35e None None] Notify callbacks ['neutron.plugins.ml2.plugin.Ml2Plugin._port_provisioned-3426292'] for port, provisioning_complete {{(pid=83663) _notify_loop /usr/local/lib/python3.8/dist-packages/neutron_lib/callbacks/manager.py:192}}
Feb 13 23:18:02.620243 n-d-828979-1 neutron-server[83661]: INFO neutron.wsgi [req-932665e0-b80e-44e2-86ff-f2dcef554953 req-45a0a33a-2f39-414b-825b-f62f9f8601cb service neutron] 10.222.0.31 "GET /v2.0/ports?device_id=5c3b5ff9-4fc0-49bf-91f1-0952c38a4bff&tenant_id=b6ad504142f4440290934e9d0c7d413f HTTP/1.1" status: 200 len: 1095 time: 0.3879542
Feb 13 23:18:02.638981 n-d-828979-1 neutron-server[83661]: DEBUG neutron.pecan_wsgi.hooks.policy_enforcement [req-5ee8a1d9-9895-44f4-b615-4b28bc3e5b9a req-752a5441-cf56-4393-8cf9-485e118091e3 tempest-LiveAutoBlockMigrationV225Test-1290273653 tempest-LiveAutoBlockMigrationV225Test-1290273653-project] Attributes excluded by policy engine: ['vlan_transparent', 'provider:network_type', 'provider:physical_network', 'provider:segmentation_id'] {{(pid=83661) _exclude_attributes_by_policy /opt/stack/neutron/neutron/pecan_wsgi/hooks/policy_enforcement.py:255}}
Feb 13 23:18:02.639643 n-d-828979-1 neutron-server[83661]: DEBUG neutron.quota.resource [req-5ee8a1d9-9895-44f4-b615-4b28bc3e5b9a req-752a5441-cf56-4393-8cf9-485e118091e3 tempest-LiveAutoBlockMigrationV225Test-1290273653 tempest-LiveAutoBlockMigrationV225Test-1290273653-project] Synchronizing usage tracker for tenant:997caf35580a40679647c572a2b53650 on resource:network {{(pid=83661) resync /opt/stack/neutron/neutron/quota/resource.py:241}}
Feb 13 23:18:02.651641 n-d-828979-1 neutron-server[83661]: DEBUG neutron_lib.callbacks.manager [None req-fd08f571-6bcf-4fe8-8bc6-f1d64864e431 admin admin] Notify callbacks [] for security_group, precommit_delete {{(pid=83661) _notify_loop /usr/local/lib/python3.8/dist-packages/neutron_lib/callbacks/manager.py:192}}
Feb 13 23:18:02.677201 n-d-828979-1 neutron-server[83662]: INFO neutron.wsgi [None req-9958d44e-c52b-4c8a-89ea-cef9dd48402c admin admin] 10.222.0.36 "PUT /v2.0/routers/7f2aaa49-0c91-4f23-87a7-972916124dd4/add_router_interface HTTP/1.1" status: 200 len: 503 time: 6.1407354
Feb 13 23:18:02.754510 n-d-828979-1 neutron-server[83661]: DEBUG neutron.quota.resource [req-5ee8a1d9-9895-44f4-b615-4b28bc3e5b9a req-752a5441-cf56-4393-8cf9-485e118091e3 tempest-LiveAutoBlockMigrationV225Test-1290273653 tempest-LiveAutoBlockMigrationV225Test-1290273653-project] Unset dirty status for tenant:997caf35580a40679647c572a2b53650 on resource:network {{(pid=83661) _resync /opt/stack/neutron/neutron/quota/resource.py:233}}
Feb 13 23:18:02.755684 n-d-828979-1 neutron-server[83661]: INFO neutron.wsgi [req-5ee8a1d9-9895-44f4-b615-4b28bc3e5b9a req-752a5441-cf56-4393-8cf9-485e118091e3 tempest-LiveAutoBlockMigrationV225Test-1290273653 tempest-LiveAutoBlockMigrationV225Test-1290273653-project] 10.222.0.36 "GET /v2.0/networks?id=aef79f5b-cbde-4340-aeca-aa3944399408 HTTP/1.1" status: 200 len: 821 time: 0.4671192
Feb 13 23:18:02.809735 n-d-828979-1 neutron-server[83661]: INFO neutron.wsgi [req-5ee8a1d9-9895-44f4-b615-4b28bc3e5b9a req-3113225c-de94-4e96-b1f2-8ef4563526fa tempest-LiveAutoBlockMigrationV225Test-1290273653 tempest-LiveAutoBlockMigrationV225Test-1290273653-project] 10.222.0.36 "GET /v2.0/quotas/997caf35580a40679647c572a2b53650 HTTP/1.1" status: 200 len: 375 time: 0.0434093
Feb 13 23:18:02.857448 n-d-828979-1 neutron-server[83662]: DEBUG neutron.quota.resource [req-4910daa1-110f-4a20-9ea0-d4567f9d8ff0 req-01abb709-4046-417c-9250-9358e3e2ad48 tempest-SecurityGroupsTestAdminJSON-856607931 tempest-SecurityGroupsTestAdminJSON-856607931-project-admin] Synchronizing usage tracker for tenant:3b1ba648ca3346b2bdebfe8e406ec986 on resource:security_group {{(pid=83662) resync /opt/stack/neutron/neutron/quota/resource.py:241}}
Feb 13 23:18:02.876326 n-d-828979-1 neutron-server[83662]: DEBUG neutron.quota.resource [req-4910daa1-110f-4a20-9ea0-d4567f9d8ff0 req-01abb709-4046-417c-9250-9358e3e2ad48 tempest-SecurityGroupsTestAdminJSON-856607931 tempest-SecurityGroupsTestAdminJSON-856607931-project-admin] Unset dirty status for tenant:3b1ba648ca3346b2bdebfe8e406ec986 on resource:security_group {{(pid=83662) _resync /opt/stack/neutron/neutron/quota/resource.py:233}}
Feb 13 23:18:02.878320 n-d-828979-1 neutron-server[83661]: INFO neutron.wsgi [req-5ee8a1d9-9895-44f4-b615-4b28bc3e5b9a req-91b69103-e52d-482d-9c24-db568295896f tempest-LiveAutoBlockMigrationV225Test-1290273653 tempest-LiveAutoBlockMigrationV225Test-1290273653-project] 10.222.0.36 "GET /v2.0/ports?tenant_id=997caf35580a40679647c572a2b53650&fields=id HTTP/1.1" status: 200 len: 210 time: 0.0674787
Feb 13 23:18:02.887818 n-d-828979-1 neutron-server[83662]: INFO neutron.wsgi [req-4910daa1-110f-4a20-9ea0-d4567f9d8ff0 req-01abb709-4046-417c-9250-9358e3e2ad48 tempest-SecurityGroupsTestAdminJSON-856607931 tempest-SecurityGroupsTestAdminJSON-856607931-project-admin] 10.222.0.36 "GET /v2.0/security-groups HTTP/1.1" status: 200 len: 39830 time: 0.3609703
Feb 13 23:18:02.888274 n-d-828979-1 neutron-server[83661]: DEBUG neutron_lib.callbacks.manager [None req-fd08f571-6bcf-4fe8-8bc6-f1d64864e431 admin admin] Notify callbacks ['neutron.plugins.ml2.ovo_rpc._ObjectChangeHandler.handle_event-990132'] for security_group, after_delete {{(pid=83661) _notify_loop /usr/local/lib/python3.8/dist-packages/neutron_lib/callbacks/manager.py:192}}
Feb 13 23:18:02.906165 n-d-828979-1 neutron-server[83661]: DEBUG neutron.wsgi [req-5ee8a1d9-9895-44f4-b615-4b28bc3e5b9a req-db7d6277-c3ae-4b28-80dc-aac7a805c13f service neutron] http://10.222.0.36:9696/v2.0/extensions returned with HTTP 200 {{(pid=83661) __call__ /opt/stack/neutron/neutron/wsgi.py:727}}
Feb 13 23:18:02.907412 n-d-828979-1 neutron-server[83661]: INFO neutron.wsgi [req-5ee8a1d9-9895-44f4-b615-4b28bc3e5b9a req-db7d6277-c3ae-4b28-80dc-aac7a805c13f service neutron] 10.222.0.36 "GET /v2.0/extensions HTTP/1.1" status: 200 len: 12615 time: 0.0138581
Feb 13 23:18:02.912878 n-d-828979-1 neutron-server[83661]: INFO neutron.wsgi [req-932665e0-b80e-44e2-86ff-f2dcef554953 req-4f58678a-2d01-4b6c-973b-467cc0d11ff3 service neutron] 10.222.0.31 "GET /v2.0/ports?tenant_id=b6ad504142f4440290934e9d0c7d413f&device_id=5c3b5ff9-4fc0-49bf-91f1-0952c38a4bff HTTP/1.1" status: 200 len: 1095 time: 0.2665081
Feb 13 23:18:02.918146 n-d-828979-1 neutron-server[83661]: DEBUG neutron.api.rpc.handlers.resources_rpc [None req-fd08f571-6bcf-4fe8-8bc6-f1d64864e431 admin admin] Pushing event deleted for resources: {'SecurityGroup': ['ID=f379aac0-779f-4817-ab24-94ac4e75fb0b,revision_number=None']} {{(pid=83661) push /opt/stack/neutron/neutron/api/rpc/handlers/resources_rpc.py:237}}
Feb 13 23:18:02.939571 n-d-828979-1 neutron-server[83662]: INFO neutron.wsgi [req-4910daa1-110f-4a20-9ea0-d4567f9d8ff0 req-b3ed3ca8-7c46-4bcf-b266-0ff1ed691b49 tempest-SecurityGroupsTestAdminJSON-856607931 tempest-SecurityGroupsTestAdminJSON-856607931-project-admin] 10.222.0.36 "GET /v2.0/security-groups/01e6d4c9-070e-4d93-9821-4615e2f13d89 HTTP/1.1" status: 200 len: 2649 time: 0.0502386
Feb 13 23:18:03.006442 n-d-828979-1 neutron-server[83662]: INFO neutron.wsgi [req-4910daa1-110f-4a20-9ea0-d4567f9d8ff0 req-936a7b69-a2ff-4a2a-a954-8a32ac82042f tempest-SecurityGroupsTestAdminJSON-856607931 tempest-SecurityGroupsTestAdminJSON-856607931-project-admin] 10.222.0.36 "GET /v2.0/security-groups/01e6d4c9-070e-4d93-9821-4615e2f13d89 HTTP/1.1" status: 200 len: 2649 time: 0.0598829
Feb 13 23:18:03.057040 n-d-828979-1 neutron-server[83662]: INFO neutron.wsgi [req-4910daa1-110f-4a20-9ea0-d4567f9d8ff0 req-cd4e8e17-5b88-4abb-a3c6-532344bc4cff tempest-SecurityGroupsTestAdminJSON-856607931 tempest-SecurityGroupsTestAdminJSON-856607931-project-admin] 10.222.0.36 "GET /v2.0/security-groups/39218947-036c-402f-8700-73cfcf8f50ed HTTP/1.1" status: 200 len: 2649 time: 0.0492232
Feb 13 23:18:03.111256 n-d-828979-1 neutron-server[83662]: INFO neutron.wsgi [req-4910daa1-110f-4a20-9ea0-d4567f9d8ff0 req-feb4b3b4-861b-42cc-b33b-d2345a3d6904 tempest-SecurityGroupsTestAdminJSON-856607931 tempest-SecurityGroupsTestAdminJSON-856607931-project-admin] 10.222.0.36 "GET /v2.0/security-groups/39218947-036c-402f-8700-73cfcf8f50ed HTTP/1.1" status: 200 len: 2649 time: 0.0477655
Feb 13 23:18:03.115922 n-d-828979-1 neutron-server[83661]: DEBUG neutron.api.rpc.agentnotifiers.l3_rpc_agent_api [None req-478c0bd1-790a-4e0e-98dd-5c097973c22e admin admin] Notify agent at l3_agent.n-d-828979-1 the message routers_updated {{(pid=83661) _agent_notification /opt/stack/neutron/neutron/api/rpc/agentnotifiers/l3_rpc_agent_api.py:65}}
Feb 13 23:18:03.118818 n-d-828979-1 neutron-server[83661]: DEBUG neutron_lib.callbacks.manager [None req-fd08f571-6bcf-4fe8-8bc6-f1d64864e431 admin admin] Notify callbacks [] for security_group, before_response {{(pid=83661) _notify_loop /usr/local/lib/python3.8/dist-packages/neutron_lib/callbacks/manager.py:192}}
Feb 13 23:18:03.122281 n-d-828979-1 neutron-server[83661]: INFO neutron.wsgi [None req-fd08f571-6bcf-4fe8-8bc6-f1d64864e431 admin admin] 10.222.0.36 "DELETE /v2.0/security-groups/f379aac0-779f-4817-ab24-94ac4e75fb0b HTTP/1.1" status: 204 len: 168 time: 0.9158437
Feb 13 23:18:03.127008 n-d-828979-1 neutron-server[83663]: DEBUG neutron.api.rpc.handlers.l3_rpc [None req-a45204d3-d901-4493-9f00-5681d025ae26 None None] Sync routers for ids ['367aeef4-844a-4ec3-890c-890ed29cb0b9'] in n-d-828979-1 {{(pid=83663) sync_routers /opt/stack/neutron/neutron/api/rpc/handlers/l3_rpc.py:119}}
Feb 13 23:18:03.145533 n-d-828979-1 neutron-server[83663]: DEBUG neutron.db.l3_dvrscheduler_db [None req-a45204d3-d901-4493-9f00-5681d025ae26 None None] Routers {'367aeef4-844a-4ec3-890c-890ed29cb0b9'} bound to L3 agent in host n-d-828979-1 {{(pid=83663) _get_router_ids_for_agent /opt/stack/neutron/neutron/db/l3_dvrscheduler_db.py:420}}
Feb 13 23:18:03.146609 n-d-828979-1 neutron-server[83663]: DEBUG neutron.db.l3_hamode_db [None req-a45204d3-d901-4493-9f00-5681d025ae26 None None] neutron.services.l3_router.l3_router_plugin.L3RouterPlugin method get_ha_sync_data_for_host called with arguments (, 'n-d-828979-1', Agent(admin_state_up=True,agent_type='L3 agent',availability_zone='nova',binary='neutron-l3-agent',configurations={"agent_mode": "legacy", "ex_gw_ports": 3, "extensions": [], "floating_ips": 0, "handle_internal_only_routers": true, "interface_driver": "openvswitch", "interfaces": 2, "log_agent_heartbeats": false, "routers": 3},created_at=2022-02-13T23:06:32Z,description=,heartbeat_timestamp=2022-02-13T23:18:02Z,host='n-d-828979-1',id=86fb3fa6-3fe2-4bac-ae1b-54657d121b17,load=0,resource_versions=,resources_synced=,started_at=2022-02-13T23:06:32Z,topic='l3_agent')) {'router_ids': ['367aeef4-844a-4ec3-890c-890ed29cb0b9'], 'active': True} {{(pid=83663) wrapper /usr/local/lib/python3.8/dist-packages/oslo_log/helpers.py:65}}
Feb 13 23:18:03.219320 n-d-828979-1 neutron-server[83662]: INFO neutron.wsgi [req-4910daa1-110f-4a20-9ea0-d4567f9d8ff0 req-2dd0c078-81e8-4b31-8a6f-3970db35c434 tempest-SecurityGroupsTestAdminJSON-856607931 tempest-SecurityGroupsTestAdminJSON-856607931-project-admin] 10.222.0.36 "GET /v2.0/security-groups/3b0fe1f2-b9c5-48a7-9dda-0fe744162dd9 HTTP/1.1" status: 200 len: 2649 time: 0.0846486
Feb 13 23:18:03.272009 n-d-828979-1 neutron-server[83662]: INFO neutron.wsgi [req-4910daa1-110f-4a20-9ea0-d4567f9d8ff0 req-ffcea504-e0ca-4ca7-9701-74a84ec03b7d tempest-SecurityGroupsTestAdminJSON-856607931 tempest-SecurityGroupsTestAdminJSON-856607931-project-admin] 10.222.0.36 "GET /v2.0/security-groups/3b0fe1f2-b9c5-48a7-9dda-0fe744162dd9 HTTP/1.1" status: 200 len: 2649 time: 0.0456681
Feb 13 23:18:03.296645 n-d-828979-1 neutron-server[83661]: DEBUG neutron.pecan_wsgi.hooks.policy_enforcement [req-932665e0-b80e-44e2-86ff-f2dcef554953 req-b17bcb0a-e3f3-44ec-bd04-438acd4ca45a service neutron] Attributes excluded by policy engine: ['vlan_transparent'] {{(pid=83661) _exclude_attributes_by_policy /opt/stack/neutron/neutron/pecan_wsgi/hooks/policy_enforcement.py:255}}
Feb 13 23:18:03.298319 n-d-828979-1 neutron-server[83661]: INFO neutron.wsgi [req-932665e0-b80e-44e2-86ff-f2dcef554953 req-b17bcb0a-e3f3-44ec-bd04-438acd4ca45a service neutron] 10.222.0.31 "GET /v2.0/networks?id=cbadd11c-9429-4fb4-8b41-9ffc2871bec8 HTTP/1.1" status: 200 len: 908 time: 0.3758540
Feb 13 23:18:03.300842 n-d-828979-1 neutron-server[83661]: INFO neutron.wsgi [req-5ee8a1d9-9895-44f4-b615-4b28bc3e5b9a req-0d06aa18-ce6b-4dab-ac57-db9095fca76b service neutron] 10.222.0.36 "GET /v2.0/networks/aef79f5b-cbde-4340-aeca-aa3944399408?fields=segments HTTP/1.1" status: 200 len: 212 time: 0.3798547
Feb 13 23:18:03.302102 n-d-828979-1 neutron-server[83661]: DEBUG neutron_lib.callbacks.manager [None req-478c0bd1-790a-4e0e-98dd-5c097973c22e admin admin] Notify callbacks [] for router, before_response {{(pid=83661) _notify_loop /usr/local/lib/python3.8/dist-packages/neutron_lib/callbacks/manager.py:192}}
Feb 13 23:18:03.303450 n-d-828979-1 neutron-server[83661]: INFO neutron.wsgi [None req-478c0bd1-790a-4e0e-98dd-5c097973c22e admin admin] 10.222.0.36 "POST /v2.0/routers HTTP/1.1" status: 201 len: 927 time: 9.5463665
Feb 13 23:18:03.308955 n-d-828979-1 neutron-server[83661]: DEBUG neutron.wsgi [-] (83661) accepted ('10.222.0.36', 36462) {{(pid=83661) server /usr/local/lib/python3.8/dist-packages/eventlet/wsgi.py:992}}
Feb 13 23:18:03.364424 n-d-828979-1 neutron-server[83663]: DEBUG neutron.plugins.ml2.rpc [None req-f3d7d964-41b7-42f5-a05d-c144b7d75d76 None None] Device 730ee5e0-683e-46f9-99ef-73eb7adf14e7 no longer exists at agent hyperv_n-h2-828979-1 {{(pid=83663) update_device_down /opt/stack/neutron/neutron/plugins/ml2/rpc.py:243}}
Feb 13 23:18:03.374777 n-d-828979-1 neutron-server[83662]: INFO neutron.wsgi [req-4910daa1-110f-4a20-9ea0-d4567f9d8ff0 req-c936e57b-3975-4509-b719-6877f9426516 tempest-SecurityGroupsTestAdminJSON-856607931 tempest-SecurityGroupsTestAdminJSON-856607931-project-admin] 10.222.0.36 "GET /v2.0/security-groups/3fa15683-6faf-4cc6-8c7d-4d7aca9cb58a HTTP/1.1" status: 200 len: 2649 time: 0.0960903
Feb 13 23:18:03.453394 n-d-828979-1 neutron-server[83663]: DEBUG neutron.plugins.ml2.rpc [None req-f3d7d964-41b7-42f5-a05d-c144b7d75d76 None None] Device 730ee5e0-683e-46f9-99ef-73eb7adf14e7 not bound to the agent host n-h2-828979-1 {{(pid=83663) update_device_down /opt/stack/neutron/neutron/plugins/ml2/rpc.py:251}}
Feb 13 23:18:03.483684 n-d-828979-1 neutron-server[83662]: INFO neutron.wsgi [req-4910daa1-110f-4a20-9ea0-d4567f9d8ff0 req-17196421-2ae0-49b5-8858-24c737fcdcb9 tempest-SecurityGroupsTestAdminJSON-856607931 tempest-SecurityGroupsTestAdminJSON-856607931-project-admin] 10.222.0.36 "GET /v2.0/security-groups/3fa15683-6faf-4cc6-8c7d-4d7aca9cb58a HTTP/1.1" status: 200 len: 2649 time: 0.1027148
Feb 13 23:18:03.504658 n-d-828979-1 neutron-server[83663]: DEBUG neutron.db.l3_dvr_db [None req-a45204d3-d901-4493-9f00-5681d025ae26 None None] Set router 367aeef4-844a-4ec3-890c-890ed29cb0b9 gateway port host: n-d-828979-1 {{(pid=83663) _build_routers_list /opt/stack/neutron/neutron/db/l3_dvr_db.py:871}}
Feb 13 23:18:03.550468 n-d-828979-1 neutron-server[83663]: DEBUG neutron_lib.callbacks.manager [None req-97af7ebd-4f97-439f-bc55-e0ce14e2d35e None None] Notify callbacks ['neutron.services.segments.db._update_segment_host_mapping_for_agent-8755129129045', 'neutron.plugins.ml2.plugin.Ml2Plugin._retry_binding_revived_agents-3426213'] for agent, after_update {{(pid=83663) _notify_loop /usr/local/lib/python3.8/dist-packages/neutron_lib/callbacks/manager.py:192}}
Feb 13 23:18:03.562558 n-d-828979-1 neutron-server[83662]: INFO neutron.wsgi [req-4910daa1-110f-4a20-9ea0-d4567f9d8ff0 req-3b4c08f6-2804-4832-be82-b70c12d3d963 tempest-SecurityGroupsTestAdminJSON-856607931 tempest-SecurityGroupsTestAdminJSON-856607931-project-admin] 10.222.0.36 "GET /v2.0/security-groups/6480c0aa-d93c-4b95-8bc6-725d8191e8d5 HTTP/1.1" status: 200 len: 2649 time: 0.0777333
Feb 13 23:18:03.635901 n-d-828979-1 neutron-server[83662]: DEBUG neutron.wsgi [-] (83662) accepted ('10.222.0.36', 36472) {{(pid=83662) server /usr/local/lib/python3.8/dist-packages/eventlet/wsgi.py:992}}
Feb 13 23:18:03.662468 n-d-828979-1 neutron-server[83662]: DEBUG neutron_lib.callbacks.manager [None req-82b92d7e-36ea-4748-83d2-737039db2fd5 admin admin] Notify callbacks [] for security_group, before_create {{(pid=83662) _notify_loop /usr/local/lib/python3.8/dist-packages/neutron_lib/callbacks/manager.py:192}}
Feb 13 23:18:03.675034 n-d-828979-1 neutron-server[83662]: INFO neutron.wsgi [req-4910daa1-110f-4a20-9ea0-d4567f9d8ff0 req-ce368ebc-d73f-4482-8d77-6a4fa5122004 tempest-SecurityGroupsTestAdminJSON-856607931 tempest-SecurityGroupsTestAdminJSON-856607931-project-admin] 10.222.0.36 "GET /v2.0/security-groups/6480c0aa-d93c-4b95-8bc6-725d8191e8d5 HTTP/1.1" status: 200 len: 2649 time: 0.1114306
Feb 13 23:18:03.713184 n-d-828979-1 neutron-server[83661]: INFO neutron.wsgi [req-932665e0-b80e-44e2-86ff-f2dcef554953 req-333fd938-443c-4698-a09d-8d7a8e178533 service neutron] 10.222.0.31 "GET /v2.0/floatingips?fixed_ip_address=172.20.0.5&port_id=730ee5e0-683e-46f9-99ef-73eb7adf14e7 HTTP/1.1" status: 200 len: 217 time: 0.4050043
Feb 13 23:18:03.721647 n-d-828979-1 neutron-server[83663]: DEBUG neutron_lib.callbacks.manager [None req-dc5e9fdc-2326-4f5c-a027-780881f80bcc None None] Notify callbacks ['neutron.services.segments.db._update_segment_host_mapping_for_agent-8755129129045', 'neutron.plugins.ml2.plugin.Ml2Plugin._retry_binding_revived_agents-3426213'] for agent, after_update {{(pid=83663) _notify_loop /usr/local/lib/python3.8/dist-packages/neutron_lib/callbacks/manager.py:192}}
Feb 13 23:18:03.747415 n-d-828979-1 neutron-server[83662]: DEBUG neutron.db.quota.driver [None req-82b92d7e-36ea-4748-83d2-737039db2fd5 admin admin] Resources subnetpool have unlimited quota limit. It is not required to calculate headroom {{(pid=83662) make_reservation /opt/stack/neutron/neutron/db/quota/driver.py:219}}
Feb 13 23:18:03.753529 n-d-828979-1 neutron-server[83662]: DEBUG neutron.quota.resource [None req-82b92d7e-36ea-4748-83d2-737039db2fd5 admin admin] Usage tracker for resource:security_group_rule and tenant:5e0d63acb365416481002be198987af1 is out of sync, need to count used quota {{(pid=83662) count_used /opt/stack/neutron/neutron/quota/resource.py:270}}
Feb 13 23:18:03.759553 n-d-828979-1 neutron-server[83662]: DEBUG neutron.quota.resource [None req-82b92d7e-36ea-4748-83d2-737039db2fd5 admin admin] Quota usage for security_group_rule was recalculated. Used quota:0. {{(pid=83662) count_used /opt/stack/neutron/neutron/quota/resource.py:290}}
Feb 13 23:18:03.767921 n-d-828979-1 neutron-server[83662]: DEBUG neutron.db.quota.driver [None req-82b92d7e-36ea-4748-83d2-737039db2fd5 admin admin] Attempting to reserve 4 items for resource security_group_rule. Total usage: 0; quota limit: 100; headroom:100 {{(pid=83662) make_reservation /opt/stack/neutron/neutron/db/quota/driver.py:246}}
Feb 13 23:18:03.774126 n-d-828979-1 neutron-server[83662]: INFO neutron.wsgi [req-4910daa1-110f-4a20-9ea0-d4567f9d8ff0 req-37fead95-e5ff-4e00-8267-0e9496a1df46 tempest-SecurityGroupsTestAdminJSON-856607931 tempest-SecurityGroupsTestAdminJSON-856607931-project-admin] 10.222.0.36 "GET /v2.0/security-groups/7d3c40a5-075f-4ed2-b57d-f0ba590b2386 HTTP/1.1" status: 200 len: 2649 time: 0.0874476
Feb 13 23:18:03.821667 n-d-828979-1 neutron-server[83664]: DEBUG neutron.db.agents_db [None req-2d43d68c-841a-4b1a-ae1a-336ff2cab1b2 None None] Agent healthcheck: found 7 active agents {{(pid=83664) agent_health_check /opt/stack/neutron/neutron/db/agents_db.py:328}}
Feb 13 23:18:03.862485 n-d-828979-1 neutron-server[83661]: DEBUG neutron.pecan_wsgi.hooks.policy_enforcement [req-932665e0-b80e-44e2-86ff-f2dcef554953 req-2fa3938b-2055-407f-b64b-e70f02f05100 service neutron] Attributes excluded by policy engine: ['shared'] {{(pid=83661) _exclude_attributes_by_policy /opt/stack/neutron/neutron/pecan_wsgi/hooks/policy_enforcement.py:255}}
Feb 13 23:18:03.864155 n-d-828979-1 neutron-server[83661]: INFO neutron.wsgi [req-932665e0-b80e-44e2-86ff-f2dcef554953 req-2fa3938b-2055-407f-b64b-e70f02f05100 service neutron] 10.222.0.31 "GET /v2.0/subnets?id=e5e7f9f6-a3cd-42fb-a87f-b7e45878554b HTTP/1.1" status: 200 len: 848 time: 0.1368895
Feb 13 23:18:03.865601 n-d-828979-1 neutron-server[83663]: DEBUG neutron.db.l3_hamode_db [None req-a45204d3-d901-4493-9f00-5681d025ae26 None None] neutron.services.l3_router.l3_router_plugin.L3RouterPlugin method _process_sync_ha_data called with arguments (, [{'id': '367aeef4-844a-4ec3-890c-890ed29cb0b9', 'name': 'tempest-AttachSCSIVolumeTestJSON-1200592620-router', 'tenant_id': '3d77fcc7ff764984a74f0030d5209a58', 'admin_state_up': True, 'status': 'ACTIVE', 'external_gateway_info': {'network_id': 'adbce963-6987-43eb-b443-2350a645d61f', 'external_fixed_ips': [{'subnet_id': '65fe87fc-3e29-409d-ae16-562f0acc19da', 'ip_address': '172.25.4.136'}], 'enable_snat': True}, 'gw_port_id': 'c6a0cb6e-af70-4772-8575-f171df71b46d', 'description': '', 'availability_zones': ['nova'], 'distributed': False, 'ha': False, 'ha_vr_id': 0, 'availability_zone_hints': [], 'routes': [], 'flavor_id': None, 'tags': [], 'created_at': '2022-02-13T23:17:53Z', 'updated_at': '2022-02-13T23:18:00Z', 'revision_number': 3, 'project_id': '3d77fcc7ff764984a74f0030d5209a58', 'gw_port': {'id': 'c6a0cb6e-af70-4772-8575-f171df71b46d', 'name': '', 'network_id': 'adbce963-6987-43eb-b443-2350a645d61f', 'tenant_id': '', 'mac_address': 'fa:16:3e:c6:e2:b9', 'admin_state_up': True, 'status': 'DOWN', 'device_id': '367aeef4-844a-4ec3-890c-890ed29cb0b9', 'device_owner': 'network:router_gateway', 'fixed_ips': [{'subnet_id': '65fe87fc-3e29-409d-ae16-562f0acc19da', 'ip_address': '172.25.4.136', 'prefixlen': 24}], 'allowed_address_pairs': [], 'extra_dhcp_opts': [], 'security_groups': [], 'description': '', 'binding:vnic_type': 'normal', 'binding:profile': {}, 'binding:host_id': '', 'binding:vif_type': 'unbound', 'binding:vif_details': {}, 'port_security_enabled': False, 'tags': [], 'created_at': '2022-02-13T23:17:58Z', 'updated_at': '2022-02-13T23:17:59Z', 'revision_number': 1, 'project_id': '', 'subnets': [{'id': '65fe87fc-3e29-409d-ae16-562f0acc19da', 'cidr': '172.25.4.0/24', 'gateway_ip': '172.25.4.1', 'dns_nameservers': [], 'ipv6_ra_mode': None, 'subnetpool_id': None}], 'extra_subnets': [], 'address_scopes': {4: None, 6: None}, 'mtu': 1500}, 'enable_snat': True, 'gw_port_host': 'n-d-828979-1'}], 'n-d-828979-1', False) {} {{(pid=83663) wrapper /usr/local/lib/python3.8/dist-packages/oslo_log/helpers.py:65}}
Feb 13 23:18:03.870924 n-d-828979-1 neutron-server[83663]: DEBUG neutron.api.rpc.handlers.l3_rpc [None req-a45204d3-d901-4493-9f00-5681d025ae26 None None] Checking router: 367aeef4-844a-4ec3-890c-890ed29cb0b9 for host: n-d-828979-1 {{(pid=83663) _ensure_host_set_on_ports /opt/stack/neutron/neutron/api/rpc/handlers/l3_rpc.py:149}}
Feb 13 23:18:03.871264 n-d-828979-1 neutron-server[83663]: DEBUG neutron.api.rpc.handlers.l3_rpc [None req-a45204d3-d901-4493-9f00-5681d025ae26 None None] Updating router 367aeef4-844a-4ec3-890c-890ed29cb0b9 port c6a0cb6e-af70-4772-8575-f171df71b46d binding host n-d-828979-1 {{(pid=83663) _ensure_host_set_on_port /opt/stack/neutron/neutron/api/rpc/handlers/l3_rpc.py:199}}
Feb 13 23:18:03.875862 n-d-828979-1 neutron-server[83661]: INFO neutron.wsgi [req-5ee8a1d9-9895-44f4-b615-4b28bc3e5b9a req-1bdddf87-2537-4185-980f-69174c9d33e0 service neutron] 10.222.0.36 "GET /v2.0/networks/aef79f5b-cbde-4340-aeca-aa3944399408?fields=provider%3Aphysical_network&fields=provider%3Anetwork_type HTTP/1.1" status: 200 len: 281 time: 0.3288870
Feb 13 23:18:03.924249 n-d-828979-1 neutron-server[83661]: INFO neutron.wsgi [req-932665e0-b80e-44e2-86ff-f2dcef554953 req-9c6d1342-02a8-4309-9f41-8dab3a228ce0 service neutron] 10.222.0.31 "GET /v2.0/ports?network_id=cbadd11c-9429-4fb4-8b41-9ffc2871bec8&device_owner=network%3Adhcp HTTP/1.1" status: 200 len: 210 time: 0.0508955
Feb 13 23:18:03.934141 n-d-828979-1 neutron-server[83663]: DEBUG neutron_lib.callbacks.manager [None req-a45204d3-d901-4493-9f00-5681d025ae26 None None] Notify callbacks ['neutron.plugins.ml2.plugin.SecurityGroupDbMixin._ensure_default_security_group_handler-3353305'] for port, before_update {{(pid=83663) _notify_loop /usr/local/lib/python3.8/dist-packages/neutron_lib/callbacks/manager.py:192}}
Feb 13 23:18:03.957564 n-d-828979-1 neutron-server[83662]: INFO neutron.wsgi [req-4910daa1-110f-4a20-9ea0-d4567f9d8ff0 req-3d577381-8e28-4569-afec-5c63273668ef tempest-SecurityGroupsTestAdminJSON-856607931 tempest-SecurityGroupsTestAdminJSON-856607931-project-admin] 10.222.0.36 "GET /v2.0/security-groups/7d3c40a5-075f-4ed2-b57d-f0ba590b2386 HTTP/1.1" status: 200 len: 2649 time: 0.1723917
Feb 13 23:18:03.965899 n-d-828979-1 neutron-server[83662]: DEBUG neutron.wsgi [-] (83662) accepted ('10.222.0.36', 36478) {{(pid=83662) server /usr/local/lib/python3.8/dist-packages/eventlet/wsgi.py:992}}
Feb 13 23:18:03.986845 n-d-828979-1 neutron-server[83662]: DEBUG neutron_lib.callbacks.manager [None req-82b92d7e-36ea-4748-83d2-737039db2fd5 admin admin] Notify callbacks [] for security_group, precommit_create {{(pid=83662) _notify_loop /usr/local/lib/python3.8/dist-packages/neutron_lib/callbacks/manager.py:192}}
Feb 13 23:18:03.990335 n-d-828979-1 neutron-server[83662]: DEBUG neutron.api.v2.base [None req-f1adbac6-4381-46a2-8691-0df8dc97d567 admin admin] Request body: {'network': {'name': 'tempest-ServersWithSpecificFlavorTestJSON-2101558496-network', 'tenant_id': '2071b17242b841f49f91aa3e3023a367'}} {{(pid=83662) prepare_request_body /opt/stack/neutron/neutron/api/v2/base.py:719}}
Feb 13 23:18:03.997488 n-d-828979-1 neutron-server[83662]: DEBUG neutron.db.quota.driver [None req-f1adbac6-4381-46a2-8691-0df8dc97d567 admin admin] Resources subnetpool have unlimited quota limit. It is not required to calculate headroom {{(pid=83662) make_reservation /opt/stack/neutron/neutron/db/quota/driver.py:219}}
Feb 13 23:18:03.999669 n-d-828979-1 neutron-server[83662]: DEBUG neutron_lib.callbacks.manager [None req-82b92d7e-36ea-4748-83d2-737039db2fd5 admin admin] Notify callbacks ['neutron.plugins.ml2.ovo_rpc._ObjectChangeHandler.handle_event-990132'] for security_group, after_create {{(pid=83662) _notify_loop /usr/local/lib/python3.8/dist-packages/neutron_lib/callbacks/manager.py:192}}
Feb 13 23:18:04.028548 n-d-828979-1 neutron-server[83662]: DEBUG neutron.quota.resource [None req-f1adbac6-4381-46a2-8691-0df8dc97d567 admin admin] Usage tracker for resource:network and tenant:2071b17242b841f49f91aa3e3023a367 is out of sync, need to count used quota {{(pid=83662) count_used /opt/stack/neutron/neutron/quota/resource.py:270}}
Feb 13 23:18:04.034694 n-d-828979-1 neutron-server[83662]: DEBUG neutron.quota.resource [None req-f1adbac6-4381-46a2-8691-0df8dc97d567 admin admin] Quota usage for network was recalculated. Used quota:0. {{(pid=83662) count_used /opt/stack/neutron/neutron/quota/resource.py:290}}
Feb 13 23:18:04.051553 n-d-828979-1 neutron-server[83662]: DEBUG neutron.db.quota.driver [None req-f1adbac6-4381-46a2-8691-0df8dc97d567 admin admin] Attempting to reserve 1 items for resource network. Total usage: 0; quota limit: 100; headroom:100 {{(pid=83662) make_reservation /opt/stack/neutron/neutron/db/quota/driver.py:246}}
Feb 13 23:18:04.107098 n-d-828979-1 neutron-server[83661]: INFO neutron.wsgi [req-932665e0-b80e-44e2-86ff-f2dcef554953 req-072d2e79-a1ec-41dd-bb11-0a9d718d744a service neutron] 10.222.0.31 "GET /v2.0/networks/cbadd11c-9429-4fb4-8b41-9ffc2871bec8?fields=segments HTTP/1.1" status: 200 len: 212 time: 0.1736705
Feb 13 23:18:04.132693 n-d-828979-1 neutron-server[83662]: DEBUG neutron.api.rpc.handlers.resources_rpc [None req-82b92d7e-36ea-4748-83d2-737039db2fd5 admin admin] Pushing event updated for resources: {'SecurityGroup': ['ID=1e7fbcec-207e-4652-bbc8-10c42a40b8fb,revision_number=1']} {{(pid=83662) push /opt/stack/neutron/neutron/api/rpc/handlers/resources_rpc.py:237}}
Feb 13 23:18:04.138903 n-d-828979-1 neutron-server[83662]: DEBUG neutron.pecan_wsgi.hooks.quota_enforcement [None req-f1adbac6-4381-46a2-8691-0df8dc97d567 admin admin] Made reservation on behalf of 2071b17242b841f49f91aa3e3023a367 for: {'network': 1} {{(pid=83662) before /opt/stack/neutron/neutron/pecan_wsgi/hooks/quota_enforcement.py:53}}
Feb 13 23:18:04.141157 n-d-828979-1 neutron-server[83662]: DEBUG neutron_lib.callbacks.manager [None req-f1adbac6-4381-46a2-8691-0df8dc97d567 admin admin] Notify callbacks ['neutron.plugins.ml2.plugin.SecurityGroupDbMixin._ensure_default_security_group_handler-3353305'] for network, before_create {{(pid=83662) _notify_loop /usr/local/lib/python3.8/dist-packages/neutron_lib/callbacks/manager.py:192}}
Feb 13 23:18:04.159407 n-d-828979-1 neutron-server[83662]: INFO neutron.wsgi [None req-82b92d7e-36ea-4748-83d2-737039db2fd5 admin admin] 10.222.0.36 "GET /v2.0/security-groups?tenant_id=5e0d63acb365416481002be198987af1&name=default HTTP/1.1" status: 200 len: 2647 time: 0.5222197
Feb 13 23:18:04.166332 n-d-828979-1 neutron-server[83662]: INFO neutron.wsgi [req-4910daa1-110f-4a20-9ea0-d4567f9d8ff0 req-a455411c-f67b-4915-ba0d-2e8e83978f5e tempest-SecurityGroupsTestAdminJSON-856607931 tempest-SecurityGroupsTestAdminJSON-856607931-project-admin] 10.222.0.36 "GET /v2.0/security-groups/92800ade-17e8-44fa-bf0b-48d2fa79f307 HTTP/1.1" status: 200 len: 2649 time: 0.2077377
Feb 13 23:18:04.170330 n-d-828979-1 neutron-server[83662]: DEBUG neutron.wsgi [-] (83662) accepted ('10.222.0.36', 36486) {{(pid=83662) server /usr/local/lib/python3.8/dist-packages/eventlet/wsgi.py:992}}
Feb 13 23:18:04.192890 n-d-828979-1 neutron-server[83662]: DEBUG neutron_lib.callbacks.manager [None req-f1adbac6-4381-46a2-8691-0df8dc97d567 admin admin] Notify callbacks [] for security_group, before_create {{(pid=83662) _notify_loop /usr/local/lib/python3.8/dist-packages/neutron_lib/callbacks/manager.py:192}}
Feb 13 23:18:04.293522 n-d-828979-1 neutron-server[83662]: DEBUG neutron.db.quota.driver [None req-f1adbac6-4381-46a2-8691-0df8dc97d567 admin admin] Resources subnetpool have unlimited quota limit. It is not required to calculate headroom {{(pid=83662) make_reservation /opt/stack/neutron/neutron/db/quota/driver.py:219}}
Feb 13 23:18:04.304550 n-d-828979-1 neutron-server[83662]: INFO neutron.wsgi [req-4910daa1-110f-4a20-9ea0-d4567f9d8ff0 req-49565ebc-b0e6-4b99-b2c9-470a6ab39c6c tempest-SecurityGroupsTestAdminJSON-856607931 tempest-SecurityGroupsTestAdminJSON-856607931-project-admin] 10.222.0.36 "GET /v2.0/security-groups/92800ade-17e8-44fa-bf0b-48d2fa79f307 HTTP/1.1" status: 200 len: 2649 time: 0.1373031
Feb 13 23:18:04.307589 n-d-828979-1 neutron-server[83662]: DEBUG neutron.quota.resource [None req-f1adbac6-4381-46a2-8691-0df8dc97d567 admin admin] Usage tracker for resource:security_group_rule and tenant:2071b17242b841f49f91aa3e3023a367 is out of sync, need to count used quota {{(pid=83662) count_used /opt/stack/neutron/neutron/quota/resource.py:270}}
Feb 13 23:18:04.312014 n-d-828979-1 neutron-server[83662]: DEBUG neutron.quota.resource [None req-f1adbac6-4381-46a2-8691-0df8dc97d567 admin admin] Quota usage for security_group_rule was recalculated. Used quota:0. {{(pid=83662) count_used /opt/stack/neutron/neutron/quota/resource.py:290}}
Feb 13 23:18:04.341222 n-d-828979-1 neutron-server[83662]: DEBUG neutron.db.quota.driver [None req-f1adbac6-4381-46a2-8691-0df8dc97d567 admin admin] Attempting to reserve 4 items for resource security_group_rule. Total usage: 0; quota limit: 100; headroom:100 {{(pid=83662) make_reservation /opt/stack/neutron/neutron/db/quota/driver.py:246}}
Feb 13 23:18:04.495608 n-d-828979-1 neutron-server[83662]: DEBUG neutron_lib.callbacks.manager [None req-81207dcd-cbdd-45e8-83ab-97ef7cab3479 admin admin] Notify callbacks [] for security_group, before_delete {{(pid=83662) _notify_loop /usr/local/lib/python3.8/dist-packages/neutron_lib/callbacks/manager.py:192}}
Feb 13 23:18:04.551562 n-d-828979-1 neutron-server[83662]: INFO neutron.wsgi [req-4910daa1-110f-4a20-9ea0-d4567f9d8ff0 req-8095857e-2f6e-4c6f-bbeb-f876fa5bc617 tempest-SecurityGroupsTestAdminJSON-856607931 tempest-SecurityGroupsTestAdminJSON-856607931-project-admin] 10.222.0.36 "GET /v2.0/security-groups/a8cebf6c-f504-4c51-88b8-2897ee2db23f HTTP/1.1" status: 200 len: 2649 time: 0.2459533
Feb 13 23:18:04.556038 n-d-828979-1 neutron-server[83662]: DEBUG neutron_lib.callbacks.manager [None req-81207dcd-cbdd-45e8-83ab-97ef7cab3479 admin admin] Notify callbacks [] for security_group, precommit_delete {{(pid=83662) _notify_loop /usr/local/lib/python3.8/dist-packages/neutron_lib/callbacks/manager.py:192}}
Feb 13 23:18:04.575415 n-d-828979-1 neutron-server[83663]: DEBUG neutron_lib.callbacks.manager [None req-a45204d3-d901-4493-9f00-5681d025ae26 None None] Notify callbacks [] for port, precommit_update {{(pid=83663) _notify_loop /usr/local/lib/python3.8/dist-packages/neutron_lib/callbacks/manager.py:192}}
Feb 13 23:18:04.593118 n-d-828979-1 neutron-server[83663]: DEBUG neutron.db.provisioning_blocks [None req-a45204d3-d901-4493-9f00-5681d025ae26 None None] Transition to ACTIVE for port object c6a0cb6e-af70-4772-8575-f171df71b46d will not be triggered until provisioned by entity L2. {{(pid=83663) add_provisioning_component /opt/stack/neutron/neutron/db/provisioning_blocks.py:73}}
Feb 13 23:18:04.602840 n-d-828979-1 neutron-server[83663]: DEBUG neutron_lib.callbacks.manager [None req-a45204d3-d901-4493-9f00-5681d025ae26 None None] Notify callbacks ['neutron.plugins.ml2.plugin.SecurityGroupServerNotifierRpcMixin.notify_sg_on_port_change-3353765', 'neutron.plugins.ml2.ovo_rpc._ObjectChangeHandler.handle_event-457966', 'neutron.api.rpc.agentnotifiers.dhcp_rpc_agent_api.DhcpAgentNotifyAPI._native_event_send_dhcp_notification-4065019', 'neutron.db.l3_db.L3RpcNotifierMixin._notify_gateway_port_ip_changed-8755129099412', 'neutron.db.l3_dvrscheduler_db._notify_l3_agent_port_update-8755128676747', 'neutron.db.l3_hascheduler_db._notify_l3_agent_ha_port_update-8755128676792'] for port, after_update {{(pid=83663) _notify_loop /usr/local/lib/python3.8/dist-packages/neutron_lib/callbacks/manager.py:192}}
Feb 13 23:18:04.680108 n-d-828979-1 neutron-server[83662]: DEBUG neutron_lib.callbacks.manager [None req-f1adbac6-4381-46a2-8691-0df8dc97d567 admin admin] Notify callbacks [] for security_group, precommit_create {{(pid=83662) _notify_loop /usr/local/lib/python3.8/dist-packages/neutron_lib/callbacks/manager.py:192}}
Feb 13 23:18:04.690773 n-d-828979-1 neutron-server[83662]: INFO neutron.wsgi [req-4910daa1-110f-4a20-9ea0-d4567f9d8ff0 req-931e6edd-9ada-4b0d-bb89-f53eed5a197c tempest-SecurityGroupsTestAdminJSON-856607931 tempest-SecurityGroupsTestAdminJSON-856607931-project-admin] 10.222.0.36 "GET /v2.0/security-groups/a8cebf6c-f504-4c51-88b8-2897ee2db23f HTTP/1.1" status: 200 len: 2649 time: 0.1382513
Feb 13 23:18:04.706658 n-d-828979-1 neutron-server[83662]: DEBUG neutron_lib.callbacks.manager [None req-f1adbac6-4381-46a2-8691-0df8dc97d567 admin admin] Notify callbacks ['neutron.plugins.ml2.ovo_rpc._ObjectChangeHandler.handle_event-990132'] for security_group, after_create {{(pid=83662) _notify_loop /usr/local/lib/python3.8/dist-packages/neutron_lib/callbacks/manager.py:192}}
Feb 13 23:18:04.734115 n-d-828979-1 neutron-server[83663]: DEBUG neutron.api.rpc.handlers.resources_rpc [None req-0b4e0983-f043-42be-9893-844f0cbb54a5 None None] Pushing event updated for resources: {'Port': ['ID=c6a0cb6e-af70-4772-8575-f171df71b46d,revision_number=2']} {{(pid=83663) push /opt/stack/neutron/neutron/api/rpc/handlers/resources_rpc.py:237}}
Feb 13 23:18:04.739611 n-d-828979-1 neutron-server[83663]: DEBUG neutron.plugins.ml2.managers [None req-a45204d3-d901-4493-9f00-5681d025ae26 None None] Attempting to bind port c6a0cb6e-af70-4772-8575-f171df71b46d on host n-d-828979-1 for vnic_type normal with profile {{(pid=83663) bind_port /opt/stack/neutron/neutron/plugins/ml2/managers.py:790}}
Feb 13 23:18:04.739976 n-d-828979-1 neutron-server[83663]: DEBUG neutron.plugins.ml2.managers [None req-a45204d3-d901-4493-9f00-5681d025ae26 None None] Attempting to bind port c6a0cb6e-af70-4772-8575-f171df71b46d by drivers openvswitch,hyperv on host n-d-828979-1 at level 0 using segments [{'id': 'b0441c4b-162b-4cce-a849-647a89a7724a', 'network_type': 'flat', 'physical_network': 'physnet1', 'segmentation_id': None, 'network_id': 'adbce963-6987-43eb-b443-2350a645d61f'}] {{(pid=83663) _bind_port_level /opt/stack/neutron/neutron/plugins/ml2/managers.py:815}}
Feb 13 23:18:04.740405 n-d-828979-1 neutron-server[83663]: DEBUG neutron.plugins.ml2.drivers.mech_agent [None req-a45204d3-d901-4493-9f00-5681d025ae26 None None] Attempting to bind port c6a0cb6e-af70-4772-8575-f171df71b46d on network adbce963-6987-43eb-b443-2350a645d61f {{(pid=83663) bind_port /opt/stack/neutron/neutron/plugins/ml2/drivers/mech_agent.py:85}}
Feb 13 23:18:04.749885 n-d-828979-1 neutron-server[83663]: DEBUG neutron.plugins.ml2.drivers.mech_agent [None req-a45204d3-d901-4493-9f00-5681d025ae26 None None] Checking agent: {'id': '382aded5-fccb-4f65-b281-3dccefde70fd', 'agent_type': 'Open vSwitch agent', 'binary': 'neutron-openvswitch-agent', 'topic': 'N/A', 'host': 'n-d-828979-1', 'admin_state_up': True, 'created_at': datetime.datetime(2022, 2, 13, 23, 6, 33), 'started_at': datetime.datetime(2022, 2, 13, 23, 7, 3), 'heartbeat_timestamp': datetime.datetime(2022, 2, 13, 23, 18, 3), 'description': None, 'resources_synced': None, 'availability_zone': None, 'alive': True, 'configurations': {'arp_responder_enabled': False, 'baremetal_smartnic': False, 'bridge_mappings': {'physnet1': 'br-data'}, 'datapath_type': 'system', 'devices': 0, 'enable_distributed_routing': False, 'extensions': [], 'in_distributed_mode': False, 'integration_bridge': 'br-int', 'l2_population': False, 'log_agent_heartbeats': False, 'ovs_capabilities': {'datapath_types': ['netdev', 'system'], 'iface_types': ['erspan', 'geneve', 'gre', 'internal', 'ip6erspan', 'ip6gre', 'lisp', 'patch', 'stt', 'system', 'tap', 'vxlan']}, 'ovs_hybrid_plug': False, 'resource_provider_bandwidths': {}, 'resource_provider_hypervisors': {'br-data': 'n-d-828979-1'}, 'resource_provider_inventory_defaults': {'allocation_ratio': 1.0, 'min_unit': 1, 'step_size': 1, 'reserved': 0}, 'tunnel_types': [], 'tunneling_ip': None, 'vhostuser_socket_dir': '/var/run/openvswitch'}, 'resource_versions': {'ConntrackHelper': '1.0', 'Log': '1.0', 'Network': '1.1', 'Port': '1.5', 'PortForwarding': '1.2', 'QosPolicy': '1.8', 'SecurityGroup': '1.2', 'SecurityGroupRule': '1.0', 'SubPort': '1.0', 'Subnet': '1.1', 'Trunk': '1.1'}} {{(pid=83663) bind_port /opt/stack/neutron/neutron/plugins/ml2/drivers/mech_agent.py:104}}
Feb 13 23:18:04.750323 n-d-828979-1 neutron-server[83663]: DEBUG neutron.plugins.ml2.drivers.mech_agent [None req-a45204d3-d901-4493-9f00-5681d025ae26 None None] Checking segment: {'id': 'b0441c4b-162b-4cce-a849-647a89a7724a', 'network_type': 'flat', 'physical_network': 'physnet1', 'segmentation_id': None, 'network_id': 'adbce963-6987-43eb-b443-2350a645d61f'} for mappings: {'physnet1': 'br-data'} with network types: ['local', 'flat', 'vlan'] {{(pid=83663) check_segment_for_agent /opt/stack/neutron/neutron/plugins/ml2/drivers/mech_agent.py:342}}
Feb 13 23:18:04.750731 n-d-828979-1 neutron-server[83663]: DEBUG neutron_lib.callbacks.manager [None req-a45204d3-d901-4493-9f00-5681d025ae26 None None] Notify callbacks [] for ovs_bridge_name, before_read {{(pid=83663) _notify_loop /usr/local/lib/python3.8/dist-packages/neutron_lib/callbacks/manager.py:192}}
Feb 13 23:18:04.751133 n-d-828979-1 neutron-server[83663]: DEBUG neutron.plugins.ml2.drivers.mech_agent [None req-a45204d3-d901-4493-9f00-5681d025ae26 None None] Bound using segment: {'id': 'b0441c4b-162b-4cce-a849-647a89a7724a', 'network_type': 'flat', 'physical_network': 'physnet1', 'segmentation_id': None, 'network_id': 'adbce963-6987-43eb-b443-2350a645d61f'} {{(pid=83663) bind_port /opt/stack/neutron/neutron/plugins/ml2/drivers/mech_agent.py:114}}
Feb 13 23:18:04.751589 n-d-828979-1 neutron-server[83663]: DEBUG neutron.plugins.ml2.managers [None req-a45204d3-d901-4493-9f00-5681d025ae26 None None] Bound port: c6a0cb6e-af70-4772-8575-f171df71b46d, host: n-d-828979-1, vif_type: ovs, vif_details: {"connectivity": "l2", "port_filter": true, "ovs_hybrid_plug": false, "datapath_type": "system", "bridge_name": "br-int"}, binding_levels: [{'bound_driver': 'openvswitch', 'bound_segment': {'id': 'b0441c4b-162b-4cce-a849-647a89a7724a', 'network_type': 'flat', 'physical_network': 'physnet1', 'segmentation_id': None, 'network_id': 'adbce963-6987-43eb-b443-2350a645d61f'}}] {{(pid=83663) _bind_port_level /opt/stack/neutron/neutron/plugins/ml2/managers.py:928}}
Feb 13 23:18:04.751960 n-d-828979-1 neutron-server[83663]: DEBUG neutron_lib.callbacks.manager [None req-a45204d3-d901-4493-9f00-5681d025ae26 None None] Notify callbacks ['neutron.plugins.ml2.plugin.SecurityGroupDbMixin._ensure_default_security_group_handler-3353305'] for port, before_update {{(pid=83663) _notify_loop /usr/local/lib/python3.8/dist-packages/neutron_lib/callbacks/manager.py:192}}
Feb 13 23:18:04.796082 n-d-828979-1 neutron-server[83661]: DEBUG neutron.wsgi [-] (83661) accepted ('10.222.0.36', 36502) {{(pid=83661) server /usr/local/lib/python3.8/dist-packages/eventlet/wsgi.py:992}}
Feb 13 23:18:04.822607 n-d-828979-1 neutron-server[83662]: INFO neutron.wsgi [req-4910daa1-110f-4a20-9ea0-d4567f9d8ff0 req-5ebed79e-9058-4be0-8ea4-a1d41b5ef8d6 tempest-SecurityGroupsTestAdminJSON-856607931 tempest-SecurityGroupsTestAdminJSON-856607931-project-admin] 10.222.0.36 "GET /v2.0/security-groups/bac49e2f-0c91-43e4-b84b-e00918fd94cf HTTP/1.1" status: 200 len: 2649 time: 0.1308973
Feb 13 23:18:04.823310 n-d-828979-1 neutron-server[83662]: DEBUG neutron_lib.callbacks.manager [None req-81207dcd-cbdd-45e8-83ab-97ef7cab3479 admin admin] Notify callbacks ['neutron.plugins.ml2.ovo_rpc._ObjectChangeHandler.handle_event-990132'] for security_group, after_delete {{(pid=83662) _notify_loop /usr/local/lib/python3.8/dist-packages/neutron_lib/callbacks/manager.py:192}}
Feb 13 23:18:04.854234 n-d-828979-1 neutron-server[83661]: INFO neutron.wsgi [req-932665e0-b80e-44e2-86ff-f2dcef554953 req-44849e7e-1e7e-4056-9793-c5de1850ac19 service neutron] 10.222.0.31 "GET /v2.0/networks/cbadd11c-9429-4fb4-8b41-9ffc2871bec8?fields=provider%3Aphysical_network&fields=provider%3Anetwork_type HTTP/1.1" status: 200 len: 281 time: 0.6013346
Feb 13 23:18:04.883093 n-d-828979-1 neutron-server[83661]: DEBUG neutron.pecan_wsgi.hooks.policy_enforcement [req-a7b4db44-4a54-49f0-8021-74909f42a43e req-2f90b555-1cf1-4f50-8c9f-beacbbcc190c tempest-LiveMigrationTest-985308181 tempest-LiveMigrationTest-985308181-project] Attributes excluded by policy engine: ['binding:profile', 'binding:host_id', 'binding:vif_type', 'binding:vif_details'] {{(pid=83661) _exclude_attributes_by_policy /opt/stack/neutron/neutron/pecan_wsgi/hooks/policy_enforcement.py:255}}
Feb 13 23:18:04.896835 n-d-828979-1 neutron-server[83661]: INFO neutron.wsgi [req-a7b4db44-4a54-49f0-8021-74909f42a43e req-2f90b555-1cf1-4f50-8c9f-beacbbcc190c tempest-LiveMigrationTest-985308181 tempest-LiveMigrationTest-985308181-project] 10.222.0.36 "GET /v2.0/ports?device_id=5c3b5ff9-4fc0-49bf-91f1-0952c38a4bff HTTP/1.1" status: 200 len: 944 time: 0.4324141
Feb 13 23:18:04.949585 n-d-828979-1 neutron-server[83663]: DEBUG neutron.plugins.ml2.db [None req-a45204d3-d901-4493-9f00-5681d025ae26 None None] For port c6a0cb6e-af70-4772-8575-f171df71b46d, host n-d-828979-1, cleared binding levels {{(pid=83663) clear_binding_levels /opt/stack/neutron/neutron/plugins/ml2/db.py:87}}
Feb 13 23:18:04.963476 n-d-828979-1 neutron-server[83663]: DEBUG neutron_lib.callbacks.manager [None req-6ec63c10-26fb-4f25-a412-2c91d0e3356a None None] Notify callbacks ['neutron.services.segments.db._update_segment_host_mapping_for_agent-8755129129045', 'neutron.plugins.ml2.plugin.Ml2Plugin._retry_binding_revived_agents-3426213'] for agent, after_update {{(pid=83663) _notify_loop /usr/local/lib/python3.8/dist-packages/neutron_lib/callbacks/manager.py:192}}
Feb 13 23:18:04.967168 n-d-828979-1 neutron-server[83662]: DEBUG neutron.plugins.ml2.drivers.helpers [None req-f1adbac6-4381-46a2-8691-0df8dc97d567 admin admin] vlan segment allocate from pool success with {'vlan_id': 50, 'physical_network': 'physnet1'} {{(pid=83662) allocate_partially_specified_segment /opt/stack/neutron/neutron/plugins/ml2/drivers/helpers.py:153}}
