Feb 10 10:12:31.382453 n-d-828676-1 devstack@placement-api.service[104388]: DEBUG placement.objects.research_context [req-66e552b9-0349-4f1f-93bc-22beffba2166 req-e32eff08-fff0-4755-a76e-188b8d898fb7 service placement] getting providers with 1 DISK_GB {{(pid=104388) __init__ /opt/stack/placement/placement/objects/research_context.py:126}}
Feb 10 10:12:31.393522 n-d-828676-1 devstack@placement-api.service[104388]: DEBUG placement.objects.research_context [req-66e552b9-0349-4f1f-93bc-22beffba2166 req-e32eff08-fff0-4755-a76e-188b8d898fb7 service placement] getting providers with 1024 MEMORY_MB {{(pid=104388) __init__ /opt/stack/placement/placement/objects/research_context.py:126}}
Feb 10 10:12:31.405202 n-d-828676-1 devstack@placement-api.service[104388]: DEBUG placement.objects.research_context [req-66e552b9-0349-4f1f-93bc-22beffba2166 req-e32eff08-fff0-4755-a76e-188b8d898fb7 service placement] getting providers with 1 VCPU {{(pid=104388) __init__ /opt/stack/placement/placement/objects/research_context.py:126}}
Feb 10 10:12:31.428613 n-d-828676-1 devstack@placement-api.service[104388]: DEBUG placement.objects.research_context [req-66e552b9-0349-4f1f-93bc-22beffba2166 req-e32eff08-fff0-4755-a76e-188b8d898fb7 service placement] found 2 providers with available 1 DISK_GB {{(pid=104388) get_provider_ids_matching /opt/stack/placement/placement/objects/research_context.py:549}}
Feb 10 10:12:31.429142 n-d-828676-1 devstack@placement-api.service[104388]: DEBUG placement.objects.research_context [req-66e552b9-0349-4f1f-93bc-22beffba2166 req-e32eff08-fff0-4755-a76e-188b8d898fb7 service placement] found 2 providers with available 1024 MEMORY_MB {{(pid=104388) get_provider_ids_matching /opt/stack/placement/placement/objects/research_context.py:549}}
Feb 10 10:12:31.430112 n-d-828676-1 devstack@placement-api.service[104388]: DEBUG placement.objects.research_context [req-66e552b9-0349-4f1f-93bc-22beffba2166 req-e32eff08-fff0-4755-a76e-188b8d898fb7 service placement] found 2 providers after filtering by previous result {{(pid=104388) get_provider_ids_matching /opt/stack/placement/placement/objects/research_context.py:580}}
Feb 10 10:12:31.430553 n-d-828676-1 devstack@placement-api.service[104388]: DEBUG placement.objects.research_context [req-66e552b9-0349-4f1f-93bc-22beffba2166 req-e32eff08-fff0-4755-a76e-188b8d898fb7 service placement] found 2 providers with available 1 VCPU {{(pid=104388) get_provider_ids_matching /opt/stack/placement/placement/objects/research_context.py:549}}
Feb 10 10:12:31.431333 n-d-828676-1 devstack@placement-api.service[104388]: DEBUG placement.objects.research_context [req-66e552b9-0349-4f1f-93bc-22beffba2166 req-e32eff08-fff0-4755-a76e-188b8d898fb7 service placement] found 2 providers after filtering by previous result {{(pid=104388) get_provider_ids_matching /opt/stack/placement/placement/objects/research_context.py:580}}
Feb 10 10:12:31.469220 n-d-828676-1 devstack@placement-api.service[104388]: DEBUG placement.objects.allocation_candidate [req-66e552b9-0349-4f1f-93bc-22beffba2166 req-e32eff08-fff0-4755-a76e-188b8d898fb7 service placement] RequestGroup(use_same_provider=False, resources={DISK_GB:1, MEMORY_MB:1024, VCPU:1}, traits=[], aggregates=[]) (suffix '') returned 2 matches {{(pid=104388) _get_by_requests /opt/stack/placement/placement/objects/allocation_candidate.py:145}}
Feb 10 10:12:31.470088 n-d-828676-1 devstack@placement-api.service[104388]: DEBUG placement.objects.allocation_candidate [req-66e552b9-0349-4f1f-93bc-22beffba2166 req-e32eff08-fff0-4755-a76e-188b8d898fb7 service placement] Merging candidates yields 2 allocation requests and 2 provider summaries {{(pid=104388) _merge_candidates /opt/stack/placement/placement/objects/allocation_candidate.py:783}}
Feb 10 10:12:31.473400 n-d-828676-1 devstack@placement-api.service[104388]: INFO placement.requestlog [req-66e552b9-0349-4f1f-93bc-22beffba2166 req-e32eff08-fff0-4755-a76e-188b8d898fb7 service placement] 10.222.0.59 "GET /placement/allocation_candidates?limit=1000&resources=DISK_GB%3A1%2CMEMORY_MB%3A1024%2CVCPU%3A1&root_required=%21COMPUTE_STATUS_DISABLED" status: 200 len: 1309 microversion: 1.36
Feb 10 10:12:31.474648 n-d-828676-1 devstack@placement-api.service[104388]: [pid: 104388|app: 0|req: 87/187] 10.222.0.59 () {60 vars in 1506 bytes} [Thu Feb 10 10:12:31 2022] GET /placement/allocation_candidates?limit=1000&resources=DISK_GB%3A1%2CMEMORY_MB%3A1024%2CVCPU%3A1&root_required=%21COMPUTE_STATUS_DISABLED => generated 1309 bytes in 216 msecs (HTTP/1.1 200) 8 headers in 297 bytes (1 switches on core 0)
Feb 10 10:12:31.576600 n-d-828676-1 devstack@placement-api.service[104389]: DEBUG placement.requestlog [req-66e552b9-0349-4f1f-93bc-22beffba2166 req-77f5d63c-3bbf-498f-adab-c4a9de801685 None None] Starting request: 10.222.0.59 "GET /placement/allocations/13aa6313-5c80-41b7-89d8-b8ff1333b0df" {{(pid=104389) __call__ /opt/stack/placement/placement/requestlog.py:55}}
Feb 10 10:12:31.593244 n-d-828676-1 devstack@placement-api.service[104389]: INFO placement.requestlog [req-66e552b9-0349-4f1f-93bc-22beffba2166 req-77f5d63c-3bbf-498f-adab-c4a9de801685 service placement] 10.222.0.59 "GET /placement/allocations/13aa6313-5c80-41b7-89d8-b8ff1333b0df" status: 200 len: 19 microversion: 1.28
Feb 10 10:12:31.593628 n-d-828676-1 devstack@placement-api.service[104389]: [pid: 104389|app: 0|req: 101/188] 10.222.0.59 () {60 vars in 1380 bytes} [Thu Feb 10 10:12:31 2022] GET /placement/allocations/13aa6313-5c80-41b7-89d8-b8ff1333b0df => generated 19 bytes in 17 msecs (HTTP/1.1 200) 8 headers in 295 bytes (2 switches on core 0)
Feb 10 10:12:31.605460 n-d-828676-1 devstack@placement-api.service[104388]: DEBUG placement.requestlog [req-66e552b9-0349-4f1f-93bc-22beffba2166 req-999ee1b3-aa42-42f5-8362-bc36ea81be05 None None] Starting request: 10.222.0.59 "PUT /placement/allocations/13aa6313-5c80-41b7-89d8-b8ff1333b0df" {{(pid=104388) __call__ /opt/stack/placement/placement/requestlog.py:55}}
Feb 10 10:12:31.942513 n-d-828676-1 devstack@placement-api.service[104388]: DEBUG placement.handlers.allocation [req-66e552b9-0349-4f1f-93bc-22beffba2166 req-999ee1b3-aa42-42f5-8362-bc36ea81be05 service placement] Successfully wrote allocations [, , ] {{(pid=104388) _update_consumers_and_create_allocations /opt/stack/placement/placement/handlers/allocation.py:462}}
Feb 10 10:12:32.085425 n-d-828676-1 devstack@placement-api.service[104388]: INFO placement.requestlog [req-66e552b9-0349-4f1f-93bc-22beffba2166 req-999ee1b3-aa42-42f5-8362-bc36ea81be05 service placement] 10.222.0.59 "PUT /placement/allocations/13aa6313-5c80-41b7-89d8-b8ff1333b0df" status: 204 len: 0 microversion: 1.36
Feb 10 10:12:32.092311 n-d-828676-1 devstack@placement-api.service[104388]: [pid: 104388|app: 0|req: 88/189] 10.222.0.59 () {64 vars in 1433 bytes} [Thu Feb 10 10:12:31 2022] PUT /placement/allocations/13aa6313-5c80-41b7-89d8-b8ff1333b0df => generated 0 bytes in 484 msecs (HTTP/1.1 204) 5 headers in 199 bytes (1 switches on core 0)
Feb 10 10:12:32.232383 n-d-828676-1 devstack@placement-api.service[104389]: DEBUG placement.requestlog [req-96fc3337-d520-4073-af09-30488b9b4b7a req-b4bf741e-2432-4696-8c34-b97fa09ee47a None None] Starting request: 10.222.0.59 "GET /placement/allocation_candidates?resources=DISK_GB%3A1%2CMEMORY_MB%3A1024%2CVCPU%3A1&root_required=%21COMPUTE_STATUS_DISABLED" {{(pid=104389) __call__ /opt/stack/placement/placement/requestlog.py:55}}
Feb 10 10:12:32.325489 n-d-828676-1 devstack@placement-api.service[104389]: DEBUG placement.objects.research_context [req-96fc3337-d520-4073-af09-30488b9b4b7a req-b4bf741e-2432-4696-8c34-b97fa09ee47a service placement] getting providers with 1 DISK_GB {{(pid=104389) __init__ /opt/stack/placement/placement/objects/research_context.py:126}}
Feb 10 10:12:32.334387 n-d-828676-1 devstack@placement-api.service[104389]: DEBUG placement.objects.research_context [req-96fc3337-d520-4073-af09-30488b9b4b7a req-b4bf741e-2432-4696-8c34-b97fa09ee47a service placement] getting providers with 1024 MEMORY_MB {{(pid=104389) __init__ /opt/stack/placement/placement/objects/research_context.py:126}}
Feb 10 10:12:32.343559 n-d-828676-1 devstack@placement-api.service[104389]: DEBUG placement.objects.research_context [req-96fc3337-d520-4073-af09-30488b9b4b7a req-b4bf741e-2432-4696-8c34-b97fa09ee47a service placement] getting providers with 1 VCPU {{(pid=104389) __init__ /opt/stack/placement/placement/objects/research_context.py:126}}
Feb 10 10:12:32.374375 n-d-828676-1 devstack@placement-api.service[104389]: DEBUG placement.objects.research_context [req-96fc3337-d520-4073-af09-30488b9b4b7a req-b4bf741e-2432-4696-8c34-b97fa09ee47a service placement] found 2 providers with available 1 DISK_GB {{(pid=104389) get_provider_ids_matching /opt/stack/placement/placement/objects/research_context.py:549}}
Feb 10 10:12:32.374874 n-d-828676-1 devstack@placement-api.service[104389]: DEBUG placement.objects.research_context [req-96fc3337-d520-4073-af09-30488b9b4b7a req-b4bf741e-2432-4696-8c34-b97fa09ee47a service placement] found 2 providers with available 1024 MEMORY_MB {{(pid=104389) get_provider_ids_matching /opt/stack/placement/placement/objects/research_context.py:549}}
Feb 10 10:12:32.375288 n-d-828676-1 devstack@placement-api.service[104389]: DEBUG placement.objects.research_context [req-96fc3337-d520-4073-af09-30488b9b4b7a req-b4bf741e-2432-4696-8c34-b97fa09ee47a service placement] found 2 providers after filtering by previous result {{(pid=104389) get_provider_ids_matching /opt/stack/placement/placement/objects/research_context.py:580}}
Feb 10 10:12:32.376069 n-d-828676-1 devstack@placement-api.service[104389]: DEBUG placement.objects.research_context [req-96fc3337-d520-4073-af09-30488b9b4b7a req-b4bf741e-2432-4696-8c34-b97fa09ee47a service placement] found 2 providers with available 1 VCPU {{(pid=104389) get_provider_ids_matching /opt/stack/placement/placement/objects/research_context.py:549}}
Feb 10 10:12:32.377999 n-d-828676-1 devstack@placement-api.service[104389]: DEBUG placement.objects.research_context [req-96fc3337-d520-4073-af09-30488b9b4b7a req-b4bf741e-2432-4696-8c34-b97fa09ee47a service placement] found 2 providers after filtering by previous result {{(pid=104389) get_provider_ids_matching /opt/stack/placement/placement/objects/research_context.py:580}}
Feb 10 10:12:32.415984 n-d-828676-1 devstack@placement-api.service[104389]: DEBUG placement.objects.allocation_candidate [req-96fc3337-d520-4073-af09-30488b9b4b7a req-b4bf741e-2432-4696-8c34-b97fa09ee47a service placement] RequestGroup(use_same_provider=False, resources={DISK_GB:1, MEMORY_MB:1024, VCPU:1}, traits=[], aggregates=[]) (suffix '') returned 2 matches {{(pid=104389) _get_by_requests /opt/stack/placement/placement/objects/allocation_candidate.py:145}}
Feb 10 10:12:32.417038 n-d-828676-1 devstack@placement-api.service[104389]: DEBUG placement.objects.allocation_candidate [req-96fc3337-d520-4073-af09-30488b9b4b7a req-b4bf741e-2432-4696-8c34-b97fa09ee47a service placement] Merging candidates yields 2 allocation requests and 2 provider summaries {{(pid=104389) _merge_candidates /opt/stack/placement/placement/objects/allocation_candidate.py:783}}
Feb 10 10:12:32.423819 n-d-828676-1 devstack@placement-api.service[104389]: INFO placement.requestlog [req-96fc3337-d520-4073-af09-30488b9b4b7a req-b4bf741e-2432-4696-8c34-b97fa09ee47a service placement] 10.222.0.59 "GET /placement/allocation_candidates?resources=DISK_GB%3A1%2CMEMORY_MB%3A1024%2CVCPU%3A1&root_required=%21COMPUTE_STATUS_DISABLED" status: 200 len: 1309 microversion: 1.36
Feb 10 10:12:32.425010 n-d-828676-1 devstack@placement-api.service[104389]: [pid: 104389|app: 0|req: 102/190] 10.222.0.59 () {60 vars in 1484 bytes} [Thu Feb 10 10:12:32 2022] GET /placement/allocation_candidates?resources=DISK_GB%3A1%2CMEMORY_MB%3A1024%2CVCPU%3A1&root_required=%21COMPUTE_STATUS_DISABLED => generated 1309 bytes in 193 msecs (HTTP/1.1 200) 8 headers in 297 bytes (1 switches on core 0)
Feb 10 10:12:32.713847 n-d-828676-1 devstack@placement-api.service[104388]: DEBUG placement.requestlog [req-96fc3337-d520-4073-af09-30488b9b4b7a req-f633d241-2a85-4d69-a90a-1fb3ffb39a81 None None] Starting request: 10.222.0.59 "GET /placement/allocations/5ecdd3f3-27cf-40dd-8320-da22dbfea51b" {{(pid=104388) __call__ /opt/stack/placement/placement/requestlog.py:55}}
Feb 10 10:12:32.713847 n-d-828676-1 devstack@placement-api.service[104388]: INFO placement.requestlog [req-96fc3337-d520-4073-af09-30488b9b4b7a req-f633d241-2a85-4d69-a90a-1fb3ffb39a81 service placement] 10.222.0.59 "GET /placement/allocations/5ecdd3f3-27cf-40dd-8320-da22dbfea51b" status: 200 len: 19 microversion: 1.28
Feb 10 10:12:32.713847 n-d-828676-1 devstack@placement-api.service[104388]: [pid: 104388|app: 0|req: 89/191] 10.222.0.59 () {60 vars in 1380 bytes} [Thu Feb 10 10:12:32 2022] GET /placement/allocations/5ecdd3f3-27cf-40dd-8320-da22dbfea51b => generated 19 bytes in 23 msecs (HTTP/1.1 200) 8 headers in 295 bytes (2 switches on core 0)
Feb 10 10:12:32.716642 n-d-828676-1 devstack@placement-api.service[104389]: DEBUG placement.requestlog [req-96fc3337-d520-4073-af09-30488b9b4b7a req-7bc6f96e-8dd6-49e7-89a6-2132782921d1 None None] Starting request: 10.222.0.59 "PUT /placement/allocations/5ecdd3f3-27cf-40dd-8320-da22dbfea51b" {{(pid=104389) __call__ /opt/stack/placement/placement/requestlog.py:55}}
Feb 10 10:12:32.989499 n-d-828676-1 devstack@placement-api.service[104389]: DEBUG placement.handlers.allocation [req-96fc3337-d520-4073-af09-30488b9b4b7a req-7bc6f96e-8dd6-49e7-89a6-2132782921d1 service placement] Successfully wrote allocations [, , ] {{(pid=104389) _update_consumers_and_create_allocations /opt/stack/placement/placement/handlers/allocation.py:462}}
Feb 10 10:12:33.136660 n-d-828676-1 devstack@placement-api.service[104389]: INFO placement.requestlog [req-96fc3337-d520-4073-af09-30488b9b4b7a req-7bc6f96e-8dd6-49e7-89a6-2132782921d1 service placement] 10.222.0.59 "PUT /placement/allocations/5ecdd3f3-27cf-40dd-8320-da22dbfea51b" status: 204 len: 0 microversion: 1.36
Feb 10 10:12:33.149730 n-d-828676-1 devstack@placement-api.service[104389]: [pid: 104389|app: 0|req: 103/192] 10.222.0.59 () {64 vars in 1433 bytes} [Thu Feb 10 10:12:32 2022] PUT /placement/allocations/5ecdd3f3-27cf-40dd-8320-da22dbfea51b => generated 0 bytes in 580 msecs (HTTP/1.1 204) 5 headers in 199 bytes (2 switches on core 0)
Feb 10 10:12:33.158084 n-d-828676-1 devstack@placement-api.service[104388]: DEBUG placement.requestlog [req-96fc3337-d520-4073-af09-30488b9b4b7a req-b58f42f0-d2c2-4a3d-816f-0681de3556c0 None None] Starting request: 10.222.0.59 "GET /placement/allocations/f2a09627-dc64-4413-bf6a-9c6b14625e94" {{(pid=104388) __call__ /opt/stack/placement/placement/requestlog.py:55}}
Feb 10 10:12:33.185284 n-d-828676-1 devstack@placement-api.service[104388]: INFO placement.requestlog [req-96fc3337-d520-4073-af09-30488b9b4b7a req-b58f42f0-d2c2-4a3d-816f-0681de3556c0 service placement] 10.222.0.59 "GET /placement/allocations/f2a09627-dc64-4413-bf6a-9c6b14625e94" status: 200 len: 19 microversion: 1.28
Feb 10 10:12:33.188334 n-d-828676-1 devstack@placement-api.service[104388]: [pid: 104388|app: 0|req: 90/193] 10.222.0.59 () {60 vars in 1380 bytes} [Thu Feb 10 10:12:33 2022] GET /placement/allocations/f2a09627-dc64-4413-bf6a-9c6b14625e94 => generated 19 bytes in 31 msecs (HTTP/1.1 200) 8 headers in 295 bytes (1 switches on core 0)
Feb 10 10:12:33.197008 n-d-828676-1 devstack@placement-api.service[104389]: DEBUG placement.requestlog [req-96fc3337-d520-4073-af09-30488b9b4b7a req-71b53137-2a73-419e-887d-024b7c04c1ca None None] Starting request: 10.222.0.59 "PUT /placement/allocations/f2a09627-dc64-4413-bf6a-9c6b14625e94" {{(pid=104389) __call__ /opt/stack/placement/placement/requestlog.py:55}}
Feb 10 10:12:33.425856 n-d-828676-1 devstack@placement-api.service[104389]: DEBUG placement.handlers.allocation [req-96fc3337-d520-4073-af09-30488b9b4b7a req-71b53137-2a73-419e-887d-024b7c04c1ca service placement] Successfully wrote allocations [, , ] {{(pid=104389) _update_consumers_and_create_allocations /opt/stack/placement/placement/handlers/allocation.py:462}}
Feb 10 10:12:33.525141 n-d-828676-1 devstack@placement-api.service[104389]: INFO placement.requestlog [req-96fc3337-d520-4073-af09-30488b9b4b7a req-71b53137-2a73-419e-887d-024b7c04c1ca service placement] 10.222.0.59 "PUT /placement/allocations/f2a09627-dc64-4413-bf6a-9c6b14625e94" status: 204 len: 0 microversion: 1.36
Feb 10 10:12:33.530752 n-d-828676-1 devstack@placement-api.service[104389]: [pid: 104389|app: 0|req: 104/194] 10.222.0.59 () {64 vars in 1433 bytes} [Thu Feb 10 10:12:33 2022] PUT /placement/allocations/f2a09627-dc64-4413-bf6a-9c6b14625e94 => generated 0 bytes in 330 msecs (HTTP/1.1 204) 5 headers in 199 bytes (1 switches on core 0)
Feb 10 10:12:34.040833 n-d-828676-1 devstack@placement-api.service[104388]: DEBUG placement.requestlog [req-66e552b9-0349-4f1f-93bc-22beffba2166 req-e00b0e1b-b594-4572-9406-d803da5d1680 None None] Starting request: 10.222.0.60 "GET /placement/allocations/13aa6313-5c80-41b7-89d8-b8ff1333b0df" {{(pid=104388) __call__ /opt/stack/placement/placement/requestlog.py:55}}
Feb 10 10:12:34.069992 n-d-828676-1 devstack@placement-api.service[104388]: INFO placement.requestlog [req-66e552b9-0349-4f1f-93bc-22beffba2166 req-e00b0e1b-b594-4572-9406-d803da5d1680 service placement] 10.222.0.60 "GET /placement/allocations/13aa6313-5c80-41b7-89d8-b8ff1333b0df" status: 200 len: 259 microversion: 1.28
Feb 10 10:12:34.071324 n-d-828676-1 devstack@placement-api.service[104388]: [pid: 104388|app: 0|req: 91/195] 10.222.0.60 () {60 vars in 1377 bytes} [Thu Feb 10 10:12:34 2022] GET /placement/allocations/13aa6313-5c80-41b7-89d8-b8ff1333b0df => generated 259 bytes in 31 msecs (HTTP/1.1 200) 8 headers in 296 bytes (1 switches on core 0)
Feb 10 10:12:35.545268 n-d-828676-1 devstack@placement-api.service[104389]: DEBUG placement.requestlog [None req-b2264c3f-262e-432d-8a3b-c00edee982b2 None None] Starting request: 10.222.0.59 "GET /placement/" {{(pid=104389) __call__ /opt/stack/placement/placement/requestlog.py:55}}
Feb 10 10:12:35.552859 n-d-828676-1 devstack@placement-api.service[104389]: INFO placement.requestlog [None req-b2264c3f-262e-432d-8a3b-c00edee982b2 None None] 10.222.0.59 "GET /placement/" status: 200 len: 136 microversion: 1.0
Feb 10 10:12:35.552859 n-d-828676-1 devstack@placement-api.service[104389]: [pid: 104389|app: 0|req: 105/196] 10.222.0.59 () {54 vars in 916 bytes} [Thu Feb 10 10:12:35 2022] GET /placement => generated 136 bytes in 4 msecs (HTTP/1.1 200) 6 headers in 224 bytes (1 switches on core 0)
Feb 10 10:12:35.565425 n-d-828676-1 devstack@placement-api.service[104388]: DEBUG placement.requestlog [req-deca771c-99db-4468-9e03-9701db156a4f req-1dd49b23-9c6c-4fbf-a7e1-9ef721ee3747 None None] Starting request: 10.222.0.59 "GET /placement/allocations/57beea1b-16ee-4f18-9ac4-84ba3c9302b4" {{(pid=104388) __call__ /opt/stack/placement/placement/requestlog.py:55}}
Feb 10 10:12:35.858997 n-d-828676-1 devstack@placement-api.service[104388]: INFO placement.requestlog [req-deca771c-99db-4468-9e03-9701db156a4f req-1dd49b23-9c6c-4fbf-a7e1-9ef721ee3747 service placement] 10.222.0.59 "GET /placement/allocations/57beea1b-16ee-4f18-9ac4-84ba3c9302b4" status: 200 len: 259 microversion: 1.28
Feb 10 10:12:35.869782 n-d-828676-1 devstack@placement-api.service[104389]: DEBUG placement.requestlog [req-deca771c-99db-4468-9e03-9701db156a4f req-db3d15f1-6f11-41d9-9ee6-a1835c14360f None None] Starting request: 10.222.0.59 "GET /placement/allocations/57beea1b-16ee-4f18-9ac4-84ba3c9302b4" {{(pid=104389) __call__ /opt/stack/placement/placement/requestlog.py:55}}
Feb 10 10:12:35.884743 n-d-828676-1 devstack@placement-api.service[104388]: [pid: 104388|app: 0|req: 92/197] 10.222.0.59 () {60 vars in 1380 bytes} [Thu Feb 10 10:12:35 2022] GET /placement/allocations/57beea1b-16ee-4f18-9ac4-84ba3c9302b4 => generated 259 bytes in 316 msecs (HTTP/1.1 200) 8 headers in 296 bytes (1 switches on core 0)
Feb 10 10:12:35.913254 n-d-828676-1 devstack@placement-api.service[104389]: INFO placement.requestlog [req-deca771c-99db-4468-9e03-9701db156a4f req-db3d15f1-6f11-41d9-9ee6-a1835c14360f service placement] 10.222.0.59 "GET /placement/allocations/57beea1b-16ee-4f18-9ac4-84ba3c9302b4" status: 200 len: 259 microversion: 1.28
Feb 10 10:12:35.923222 n-d-828676-1 devstack@placement-api.service[104388]: DEBUG placement.requestlog [req-deca771c-99db-4468-9e03-9701db156a4f req-6d4d1e0a-73f3-4c82-bdd5-11abe47e244c None None] Starting request: 10.222.0.59 "GET /placement/allocations/4792b4c9-af88-4bac-9817-d5fdd064eb01" {{(pid=104388) __call__ /opt/stack/placement/placement/requestlog.py:55}}
Feb 10 10:12:35.933767 n-d-828676-1 devstack@placement-api.service[104389]: [pid: 104389|app: 0|req: 106/198] 10.222.0.59 () {60 vars in 1380 bytes} [Thu Feb 10 10:12:35 2022] GET /placement/allocations/57beea1b-16ee-4f18-9ac4-84ba3c9302b4 => generated 259 bytes in 64 msecs (HTTP/1.1 200) 8 headers in 296 bytes (1 switches on core 0)
Feb 10 10:12:35.953063 n-d-828676-1 devstack@placement-api.service[104388]: INFO placement.requestlog [req-deca771c-99db-4468-9e03-9701db156a4f req-6d4d1e0a-73f3-4c82-bdd5-11abe47e244c service placement] 10.222.0.59 "GET /placement/allocations/4792b4c9-af88-4bac-9817-d5fdd064eb01" status: 200 len: 19 microversion: 1.28
Feb 10 10:12:35.963485 n-d-828676-1 devstack@placement-api.service[104389]: DEBUG placement.requestlog [req-deca771c-99db-4468-9e03-9701db156a4f req-19bb0b06-de7f-4ba4-aa01-6e82cae3c9d8 None None] Starting request: 10.222.0.59 "POST /placement/allocations" {{(pid=104389) __call__ /opt/stack/placement/placement/requestlog.py:55}}
Feb 10 10:12:35.981522 n-d-828676-1 devstack@placement-api.service[104388]: [pid: 104388|app: 0|req: 93/199] 10.222.0.59 () {60 vars in 1380 bytes} [Thu Feb 10 10:12:35 2022] GET /placement/allocations/4792b4c9-af88-4bac-9817-d5fdd064eb01 => generated 19 bytes in 59 msecs (HTTP/1.1 200) 8 headers in 295 bytes (2 switches on core 0)
Feb 10 10:12:36.182844 n-d-828676-1 devstack@placement-api.service[104388]: DEBUG placement.requestlog [req-96fc3337-d520-4073-af09-30488b9b4b7a req-87b889ae-63ac-428e-a183-fe5e82a6cd50 None None] Starting request: 10.222.0.60 "GET /placement/allocations/5ecdd3f3-27cf-40dd-8320-da22dbfea51b" {{(pid=104388) __call__ /opt/stack/placement/placement/requestlog.py:55}}
Feb 10 10:12:36.207735 n-d-828676-1 devstack@placement-api.service[104388]: INFO placement.requestlog [req-96fc3337-d520-4073-af09-30488b9b4b7a req-87b889ae-63ac-428e-a183-fe5e82a6cd50 service placement] 10.222.0.60 "GET /placement/allocations/5ecdd3f3-27cf-40dd-8320-da22dbfea51b" status: 200 len: 259 microversion: 1.28
Feb 10 10:12:36.208486 n-d-828676-1 devstack@placement-api.service[104388]: [pid: 104388|app: 0|req: 94/200] 10.222.0.60 () {60 vars in 1377 bytes} [Thu Feb 10 10:12:36 2022] GET /placement/allocations/5ecdd3f3-27cf-40dd-8320-da22dbfea51b => generated 259 bytes in 26 msecs (HTTP/1.1 200) 8 headers in 296 bytes (2 switches on core 0)
Feb 10 10:12:36.304053 n-d-828676-1 devstack@placement-api.service[104389]: DEBUG placement.handlers.allocation [req-deca771c-99db-4468-9e03-9701db156a4f req-19bb0b06-de7f-4ba4-aa01-6e82cae3c9d8 service placement] Successfully wrote allocations [, , , , , ] {{(pid=104389) _update_consumers_and_create_allocations /opt/stack/placement/placement/handlers/allocation.py:572}}
Feb 10 10:12:36.371015 n-d-828676-1 devstack@placement-api.service[104389]: INFO placement.requestlog [req-deca771c-99db-4468-9e03-9701db156a4f req-19bb0b06-de7f-4ba4-aa01-6e82cae3c9d8 service placement] 10.222.0.59 "POST /placement/allocations" status: 204 len: 0 microversion: 1.28
Feb 10 10:12:36.380282 n-d-828676-1 devstack@placement-api.service[104389]: [pid: 104389|app: 0|req: 107/201] 10.222.0.59 () {64 vars in 1323 bytes} [Thu Feb 10 10:12:35 2022] POST /placement/allocations => generated 0 bytes in 409 msecs (HTTP/1.1 204) 5 headers in 199 bytes (2 switches on core 0)
Feb 10 10:12:36.823052 n-d-828676-1 devstack@placement-api.service[104388]: DEBUG placement.requestlog [req-deca771c-99db-4468-9e03-9701db156a4f req-f191811a-7e73-492a-ad78-089ad977f1eb None None] Starting request: 10.222.0.59 "GET /placement/allocation_candidates?limit=1000&resources=DISK_GB%3A1%2CMEMORY_MB%3A512%2CVCPU%3A1&root_required=%21COMPUTE_STATUS_DISABLED" {{(pid=104388) __call__ /opt/stack/placement/placement/requestlog.py:55}}
Feb 10 10:12:36.859971 n-d-828676-1 devstack@placement-api.service[104388]: DEBUG placement.objects.research_context [req-deca771c-99db-4468-9e03-9701db156a4f req-f191811a-7e73-492a-ad78-089ad977f1eb service placement] getting providers with 1 DISK_GB {{(pid=104388) __init__ /opt/stack/placement/placement/objects/research_context.py:126}}
Feb 10 10:12:36.872228 n-d-828676-1 devstack@placement-api.service[104388]: DEBUG placement.objects.research_context [req-deca771c-99db-4468-9e03-9701db156a4f req-f191811a-7e73-492a-ad78-089ad977f1eb service placement] getting providers with 512 MEMORY_MB {{(pid=104388) __init__ /opt/stack/placement/placement/objects/research_context.py:126}}
Feb 10 10:12:36.879968 n-d-828676-1 devstack@placement-api.service[104388]: DEBUG placement.objects.research_context [req-deca771c-99db-4468-9e03-9701db156a4f req-f191811a-7e73-492a-ad78-089ad977f1eb service placement] getting providers with 1 VCPU {{(pid=104388) __init__ /opt/stack/placement/placement/objects/research_context.py:126}}
Feb 10 10:12:36.887551 n-d-828676-1 devstack@placement-api.service[104388]: DEBUG placement.objects.research_context [req-deca771c-99db-4468-9e03-9701db156a4f req-f191811a-7e73-492a-ad78-089ad977f1eb service placement] found 2 providers with available 1 DISK_GB {{(pid=104388) get_provider_ids_matching /opt/stack/placement/placement/objects/research_context.py:549}}
Feb 10 10:12:36.888168 n-d-828676-1 devstack@placement-api.service[104388]: DEBUG placement.objects.research_context [req-deca771c-99db-4468-9e03-9701db156a4f req-f191811a-7e73-492a-ad78-089ad977f1eb service placement] found 2 providers with available 512 MEMORY_MB {{(pid=104388) get_provider_ids_matching /opt/stack/placement/placement/objects/research_context.py:549}}
Feb 10 10:12:36.888644 n-d-828676-1 devstack@placement-api.service[104388]: DEBUG placement.objects.research_context [req-deca771c-99db-4468-9e03-9701db156a4f req-f191811a-7e73-492a-ad78-089ad977f1eb service placement] found 2 providers after filtering by previous result {{(pid=104388) get_provider_ids_matching /opt/stack/placement/placement/objects/research_context.py:580}}
Feb 10 10:12:36.889119 n-d-828676-1 devstack@placement-api.service[104388]: DEBUG placement.objects.research_context [req-deca771c-99db-4468-9e03-9701db156a4f req-f191811a-7e73-492a-ad78-089ad977f1eb service placement] found 2 providers with available 1 VCPU {{(pid=104388) get_provider_ids_matching /opt/stack/placement/placement/objects/research_context.py:549}}
Feb 10 10:12:36.889601 n-d-828676-1 devstack@placement-api.service[104388]: DEBUG placement.objects.research_context [req-deca771c-99db-4468-9e03-9701db156a4f req-f191811a-7e73-492a-ad78-089ad977f1eb service placement] found 2 providers after filtering by previous result {{(pid=104388) get_provider_ids_matching /opt/stack/placement/placement/objects/research_context.py:580}}
Feb 10 10:12:36.897465 n-d-828676-1 devstack@placement-api.service[104389]: DEBUG placement.requestlog [req-96fc3337-d520-4073-af09-30488b9b4b7a req-65124f96-a72f-4747-9e0e-4671acceebb0 None None] Starting request: 10.222.0.60 "GET /placement/allocations/f2a09627-dc64-4413-bf6a-9c6b14625e94" {{(pid=104389) __call__ /opt/stack/placement/placement/requestlog.py:55}}
Feb 10 10:12:36.906816 n-d-828676-1 devstack@placement-api.service[104388]: DEBUG placement.objects.allocation_candidate [req-deca771c-99db-4468-9e03-9701db156a4f req-f191811a-7e73-492a-ad78-089ad977f1eb service placement] RequestGroup(use_same_provider=False, resources={DISK_GB:1, MEMORY_MB:512, VCPU:1}, traits=[], aggregates=[]) (suffix '') returned 2 matches {{(pid=104388) _get_by_requests /opt/stack/placement/placement/objects/allocation_candidate.py:145}}
Feb 10 10:12:36.907666 n-d-828676-1 devstack@placement-api.service[104388]: DEBUG placement.objects.allocation_candidate [req-deca771c-99db-4468-9e03-9701db156a4f req-f191811a-7e73-492a-ad78-089ad977f1eb service placement] Merging candidates yields 2 allocation requests and 2 provider summaries {{(pid=104388) _merge_candidates /opt/stack/placement/placement/objects/allocation_candidate.py:783}}
Feb 10 10:12:36.909618 n-d-828676-1 devstack@placement-api.service[104388]: INFO placement.requestlog [req-deca771c-99db-4468-9e03-9701db156a4f req-f191811a-7e73-492a-ad78-089ad977f1eb service placement] 10.222.0.59 "GET /placement/allocation_candidates?limit=1000&resources=DISK_GB%3A1%2CMEMORY_MB%3A512%2CVCPU%3A1&root_required=%21COMPUTE_STATUS_DISABLED" status: 200 len: 1307 microversion: 1.36
Feb 10 10:12:36.914505 n-d-828676-1 devstack@placement-api.service[104388]: [pid: 104388|app: 0|req: 95/202] 10.222.0.59 () {60 vars in 1504 bytes} [Thu Feb 10 10:12:36 2022] GET /placement/allocation_candidates?limit=1000&resources=DISK_GB%3A1%2CMEMORY_MB%3A512%2CVCPU%3A1&root_required=%21COMPUTE_STATUS_DISABLED => generated 1307 bytes in 92 msecs (HTTP/1.1 200) 8 headers in 297 bytes (1 switches on core 0)
Feb 10 10:12:36.989516 n-d-828676-1 devstack@placement-api.service[104389]: INFO placement.requestlog [req-96fc3337-d520-4073-af09-30488b9b4b7a req-65124f96-a72f-4747-9e0e-4671acceebb0 service placement] 10.222.0.60 "GET /placement/allocations/f2a09627-dc64-4413-bf6a-9c6b14625e94" status: 200 len: 259 microversion: 1.28
Feb 10 10:12:36.992029 n-d-828676-1 devstack@placement-api.service[104389]: [pid: 104389|app: 0|req: 108/203] 10.222.0.60 () {60 vars in 1377 bytes} [Thu Feb 10 10:12:36 2022] GET /placement/allocations/f2a09627-dc64-4413-bf6a-9c6b14625e94 => generated 259 bytes in 96 msecs (HTTP/1.1 200) 8 headers in 296 bytes (1 switches on core 0)
Feb 10 10:12:37.006993 n-d-828676-1 devstack@placement-api.service[104388]: DEBUG placement.requestlog [req-deca771c-99db-4468-9e03-9701db156a4f req-0312df53-473c-4dde-8534-71f305198cda None None] Starting request: 10.222.0.59 "GET /placement/allocations/57beea1b-16ee-4f18-9ac4-84ba3c9302b4" {{(pid=104388) __call__ /opt/stack/placement/placement/requestlog.py:55}}
Feb 10 10:12:37.023856 n-d-828676-1 devstack@placement-api.service[104388]: INFO placement.requestlog [req-deca771c-99db-4468-9e03-9701db156a4f req-0312df53-473c-4dde-8534-71f305198cda service placement] 10.222.0.59 "GET /placement/allocations/57beea1b-16ee-4f18-9ac4-84ba3c9302b4" status: 200 len: 19 microversion: 1.28
Feb 10 10:12:37.032521 n-d-828676-1 devstack@placement-api.service[104388]: [pid: 104388|app: 0|req: 96/204] 10.222.0.59 () {60 vars in 1380 bytes} [Thu Feb 10 10:12:37 2022] GET /placement/allocations/57beea1b-16ee-4f18-9ac4-84ba3c9302b4 => generated 19 bytes in 26 msecs (HTTP/1.1 200) 8 headers in 295 bytes (2 switches on core 0)
Feb 10 10:12:37.034775 n-d-828676-1 devstack@placement-api.service[104389]: DEBUG placement.requestlog [req-deca771c-99db-4468-9e03-9701db156a4f req-8479227d-a420-487a-bab3-24a3ee274909 None None] Starting request: 10.222.0.59 "PUT /placement/allocations/57beea1b-16ee-4f18-9ac4-84ba3c9302b4" {{(pid=104389) __call__ /opt/stack/placement/placement/requestlog.py:55}}
Feb 10 10:12:37.222349 n-d-828676-1 devstack@placement-api.service[104389]: DEBUG placement.handlers.allocation [req-deca771c-99db-4468-9e03-9701db156a4f req-8479227d-a420-487a-bab3-24a3ee274909 service placement] Successfully wrote allocations [, , ] {{(pid=104389) _update_consumers_and_create_allocations /opt/stack/placement/placement/handlers/allocation.py:462}}
Feb 10 10:12:37.303777 n-d-828676-1 devstack@placement-api.service[104389]: INFO placement.requestlog [req-deca771c-99db-4468-9e03-9701db156a4f req-8479227d-a420-487a-bab3-24a3ee274909 service placement] 10.222.0.59 "PUT /placement/allocations/57beea1b-16ee-4f18-9ac4-84ba3c9302b4" status: 204 len: 0 microversion: 1.36
Feb 10 10:12:37.306224 n-d-828676-1 devstack@placement-api.service[104389]: [pid: 104389|app: 0|req: 109/205] 10.222.0.59 () {64 vars in 1433 bytes} [Thu Feb 10 10:12:37 2022] PUT /placement/allocations/57beea1b-16ee-4f18-9ac4-84ba3c9302b4 => generated 0 bytes in 271 msecs (HTTP/1.1 204) 5 headers in 199 bytes (1 switches on core 0)
Feb 10 10:12:38.096947 n-d-828676-1 devstack@placement-api.service[104388]: DEBUG placement.requestlog [req-deca771c-99db-4468-9e03-9701db156a4f req-23942b35-5913-42df-86d8-0cc3fcfdbd11 None None] Starting request: 10.222.0.10 "GET /placement/allocations/57beea1b-16ee-4f18-9ac4-84ba3c9302b4" {{(pid=104388) __call__ /opt/stack/placement/placement/requestlog.py:55}}
Feb 10 10:12:38.140525 n-d-828676-1 devstack@placement-api.service[104388]: INFO placement.requestlog [req-deca771c-99db-4468-9e03-9701db156a4f req-23942b35-5913-42df-86d8-0cc3fcfdbd11 service placement] 10.222.0.10 "GET /placement/allocations/57beea1b-16ee-4f18-9ac4-84ba3c9302b4" status: 200 len: 258 microversion: 1.28
Feb 10 10:12:38.141688 n-d-828676-1 devstack@placement-api.service[104388]: [pid: 104388|app: 0|req: 97/206] 10.222.0.10 () {60 vars in 1377 bytes} [Thu Feb 10 10:12:38 2022] GET /placement/allocations/57beea1b-16ee-4f18-9ac4-84ba3c9302b4 => generated 258 bytes in 49 msecs (HTTP/1.1 200) 8 headers in 296 bytes (1 switches on core 0)
Feb 10 10:12:54.695683 n-d-828676-1 devstack@placement-api.service[104389]: DEBUG placement.requestlog [req-16f42a52-610f-41a8-add7-0978e49ec220 req-bb271673-f3be-4896-84f5-1223de7916f5 None None] Starting request: 10.222.0.60 "GET /placement/allocations/5d22d487-c9d9-465b-a76e-3d96a8b4e663" {{(pid=104389) __call__ /opt/stack/placement/placement/requestlog.py:55}}
Feb 10 10:12:54.766805 n-d-828676-1 devstack@placement-api.service[104389]: INFO placement.requestlog [req-16f42a52-610f-41a8-add7-0978e49ec220 req-bb271673-f3be-4896-84f5-1223de7916f5 service placement] 10.222.0.60 "GET /placement/allocations/5d22d487-c9d9-465b-a76e-3d96a8b4e663" status: 200 len: 259 microversion: 1.28
Feb 10 10:12:54.767778 n-d-828676-1 devstack@placement-api.service[104389]: [pid: 104389|app: 0|req: 110/207] 10.222.0.60 () {60 vars in 1377 bytes} [Thu Feb 10 10:12:54 2022] GET /placement/allocations/5d22d487-c9d9-465b-a76e-3d96a8b4e663 => generated 259 bytes in 73 msecs (HTTP/1.1 200) 8 headers in 296 bytes (2 switches on core 0)
Feb 10 10:12:55.824596 n-d-828676-1 devstack@placement-api.service[104388]: DEBUG placement.requestlog [req-fffb6c90-2333-4c51-bc16-c3edfa9b1017 req-21ce982b-4c42-44a4-b5cf-a5a942440d06 None None] Starting request: 10.222.0.10 "GET /placement/resource_providers/7d9ebd86-f07c-4b8a-b580-6eb55a49fb05/allocations" {{(pid=104388) __call__ /opt/stack/placement/placement/requestlog.py:55}}
Feb 10 10:12:55.862251 n-d-828676-1 devstack@placement-api.service[104388]: INFO placement.requestlog [req-fffb6c90-2333-4c51-bc16-c3edfa9b1017 req-21ce982b-4c42-44a4-b5cf-a5a942440d06 service placement] 10.222.0.10 "GET /placement/resource_providers/7d9ebd86-f07c-4b8a-b580-6eb55a49fb05/allocations" status: 200 len: 759 microversion: 1.0
Feb 10 10:12:55.862957 n-d-828676-1 devstack@placement-api.service[104388]: [pid: 104388|app: 0|req: 98/208] 10.222.0.10 () {58 vars in 1390 bytes} [Thu Feb 10 10:12:55 2022] GET /placement/resource_providers/7d9ebd86-f07c-4b8a-b580-6eb55a49fb05/allocations => generated 759 bytes in 38 msecs (HTTP/1.1 200) 6 headers in 224 bytes (1 switches on core 0)
Feb 10 10:13:01.602273 n-d-828676-1 devstack@placement-api.service[104389]: DEBUG placement.requestlog [req-7a16c50b-37b5-4362-91e3-18223b82fec2 req-551f12b6-d1e6-4adc-a577-147987260482 None None] Starting request: 10.222.0.60 "GET /placement/resource_providers/bbce65ac-9e1f-4d9f-a2b0-379465089a17/allocations" {{(pid=104389) __call__ /opt/stack/placement/placement/requestlog.py:55}}
Feb 10 10:13:01.643342 n-d-828676-1 devstack@placement-api.service[104389]: INFO placement.requestlog [req-7a16c50b-37b5-4362-91e3-18223b82fec2 req-551f12b6-d1e6-4adc-a577-147987260482 service placement] 10.222.0.60 "GET /placement/resource_providers/bbce65ac-9e1f-4d9f-a2b0-379465089a17/allocations" status: 200 len: 760 microversion: 1.0
Feb 10 10:13:01.644796 n-d-828676-1 devstack@placement-api.service[104389]: [pid: 104389|app: 0|req: 111/209] 10.222.0.60 () {58 vars in 1390 bytes} [Thu Feb 10 10:13:01 2022] GET /placement/resource_providers/bbce65ac-9e1f-4d9f-a2b0-379465089a17/allocations => generated 760 bytes in 43 msecs (HTTP/1.1 200) 6 headers in 224 bytes (2 switches on core 0)
Feb 10 10:13:08.192350 n-d-828676-1 devstack@placement-api.service[104388]: DEBUG placement.requestlog [req-d13e4321-9c4e-44dd-9dad-ee4f11898af7 req-a62f0429-6c41-47e9-9b60-2ecd3edacafa None None] Starting request: 10.222.0.59 "GET /placement/allocation_candidates?limit=1000&resources=DISK_GB%3A2%2CMEMORY_MB%3A1024%2CVCPU%3A1&root_required=%21COMPUTE_STATUS_DISABLED" {{(pid=104388) __call__ /opt/stack/placement/placement/requestlog.py:55}}
Feb 10 10:13:08.232551 n-d-828676-1 devstack@placement-api.service[104388]: DEBUG placement.objects.research_context [req-d13e4321-9c4e-44dd-9dad-ee4f11898af7 req-a62f0429-6c41-47e9-9b60-2ecd3edacafa service placement] getting providers with 2 DISK_GB {{(pid=104388) __init__ /opt/stack/placement/placement/objects/research_context.py:126}}
Feb 10 10:13:08.241684 n-d-828676-1 devstack@placement-api.service[104388]: DEBUG placement.objects.research_context [req-d13e4321-9c4e-44dd-9dad-ee4f11898af7 req-a62f0429-6c41-47e9-9b60-2ecd3edacafa service placement] getting providers with 1024 MEMORY_MB {{(pid=104388) __init__ /opt/stack/placement/placement/objects/research_context.py:126}}
Feb 10 10:13:08.264897 n-d-828676-1 devstack@placement-api.service[104388]: DEBUG placement.objects.research_context [req-d13e4321-9c4e-44dd-9dad-ee4f11898af7 req-a62f0429-6c41-47e9-9b60-2ecd3edacafa service placement] getting providers with 1 VCPU {{(pid=104388) __init__ /opt/stack/placement/placement/objects/research_context.py:126}}
Feb 10 10:13:08.278078 n-d-828676-1 devstack@placement-api.service[104388]: DEBUG placement.objects.research_context [req-d13e4321-9c4e-44dd-9dad-ee4f11898af7 req-a62f0429-6c41-47e9-9b60-2ecd3edacafa service placement] found 2 providers with available 2 DISK_GB {{(pid=104388) get_provider_ids_matching /opt/stack/placement/placement/objects/research_context.py:549}}
Feb 10 10:13:08.278587 n-d-828676-1 devstack@placement-api.service[104388]: DEBUG placement.objects.research_context [req-d13e4321-9c4e-44dd-9dad-ee4f11898af7 req-a62f0429-6c41-47e9-9b60-2ecd3edacafa service placement] found 2 providers with available 1024 MEMORY_MB {{(pid=104388) get_provider_ids_matching /opt/stack/placement/placement/objects/research_context.py:549}}
Feb 10 10:13:08.279084 n-d-828676-1 devstack@placement-api.service[104388]: DEBUG placement.objects.research_context [req-d13e4321-9c4e-44dd-9dad-ee4f11898af7 req-a62f0429-6c41-47e9-9b60-2ecd3edacafa service placement] found 2 providers after filtering by previous result {{(pid=104388) get_provider_ids_matching /opt/stack/placement/placement/objects/research_context.py:580}}
Feb 10 10:13:08.279816 n-d-828676-1 devstack@placement-api.service[104388]: DEBUG placement.objects.research_context [req-d13e4321-9c4e-44dd-9dad-ee4f11898af7 req-a62f0429-6c41-47e9-9b60-2ecd3edacafa service placement] found 2 providers with available 1 VCPU {{(pid=104388) get_provider_ids_matching /opt/stack/placement/placement/objects/research_context.py:549}}
Feb 10 10:13:08.280297 n-d-828676-1 devstack@placement-api.service[104388]: DEBUG placement.objects.research_context [req-d13e4321-9c4e-44dd-9dad-ee4f11898af7 req-a62f0429-6c41-47e9-9b60-2ecd3edacafa service placement] found 2 providers after filtering by previous result {{(pid=104388) get_provider_ids_matching /opt/stack/placement/placement/objects/research_context.py:580}}
Feb 10 10:13:08.312348 n-d-828676-1 devstack@placement-api.service[104388]: DEBUG placement.objects.allocation_candidate [req-d13e4321-9c4e-44dd-9dad-ee4f11898af7 req-a62f0429-6c41-47e9-9b60-2ecd3edacafa service placement] RequestGroup(use_same_provider=False, resources={DISK_GB:2, MEMORY_MB:1024, VCPU:1}, traits=[], aggregates=[]) (suffix '') returned 2 matches {{(pid=104388) _get_by_requests /opt/stack/placement/placement/objects/allocation_candidate.py:145}}
Feb 10 10:13:08.315470 n-d-828676-1 devstack@placement-api.service[104388]: DEBUG placement.objects.allocation_candidate [req-d13e4321-9c4e-44dd-9dad-ee4f11898af7 req-a62f0429-6c41-47e9-9b60-2ecd3edacafa service placement] Merging candidates yields 2 allocation requests and 2 provider summaries {{(pid=104388) _merge_candidates /opt/stack/placement/placement/objects/allocation_candidate.py:783}}
Feb 10 10:13:08.321925 n-d-828676-1 devstack@placement-api.service[104388]: INFO placement.requestlog [req-d13e4321-9c4e-44dd-9dad-ee4f11898af7 req-a62f0429-6c41-47e9-9b60-2ecd3edacafa service placement] 10.222.0.59 "GET /placement/allocation_candidates?limit=1000&resources=DISK_GB%3A2%2CMEMORY_MB%3A1024%2CVCPU%3A1&root_required=%21COMPUTE_STATUS_DISABLED" status: 200 len: 1309 microversion: 1.36
Feb 10 10:13:08.336120 n-d-828676-1 devstack@placement-api.service[104388]: [pid: 104388|app: 0|req: 99/210] 10.222.0.59 () {60 vars in 1506 bytes} [Thu Feb 10 10:13:08 2022] GET /placement/allocation_candidates?limit=1000&resources=DISK_GB%3A2%2CMEMORY_MB%3A1024%2CVCPU%3A1&root_required=%21COMPUTE_STATUS_DISABLED => generated 1309 bytes in 138 msecs (HTTP/1.1 200) 8 headers in 297 bytes (2 switches on core 0)
Feb 10 10:13:08.437657 n-d-828676-1 devstack@placement-api.service[104389]: DEBUG placement.requestlog [req-d13e4321-9c4e-44dd-9dad-ee4f11898af7 req-5eb2b2c9-f55c-48a9-97a5-f57d6c681abe None None] Starting request: 10.222.0.59 "GET /placement/allocations/ee9e747f-2dbe-45f5-a5b6-26b9377c697c" {{(pid=104389) __call__ /opt/stack/placement/placement/requestlog.py:55}}
Feb 10 10:13:08.458202 n-d-828676-1 devstack@placement-api.service[104389]: INFO placement.requestlog [req-d13e4321-9c4e-44dd-9dad-ee4f11898af7 req-5eb2b2c9-f55c-48a9-97a5-f57d6c681abe service placement] 10.222.0.59 "GET /placement/allocations/ee9e747f-2dbe-45f5-a5b6-26b9377c697c" status: 200 len: 19 microversion: 1.28
Feb 10 10:13:08.458935 n-d-828676-1 devstack@placement-api.service[104389]: [pid: 104389|app: 0|req: 112/211] 10.222.0.59 () {60 vars in 1380 bytes} [Thu Feb 10 10:13:08 2022] GET /placement/allocations/ee9e747f-2dbe-45f5-a5b6-26b9377c697c => generated 19 bytes in 22 msecs (HTTP/1.1 200) 8 headers in 295 bytes (1 switches on core 0)
Feb 10 10:13:08.469061 n-d-828676-1 devstack@placement-api.service[104388]: DEBUG placement.requestlog [req-d13e4321-9c4e-44dd-9dad-ee4f11898af7 req-005fbe9c-c2ca-423d-9963-36bf870e20b1 None None] Starting request: 10.222.0.59 "PUT /placement/allocations/ee9e747f-2dbe-45f5-a5b6-26b9377c697c" {{(pid=104388) __call__ /opt/stack/placement/placement/requestlog.py:55}}
Feb 10 10:13:08.711579 n-d-828676-1 devstack@placement-api.service[104388]: DEBUG placement.handlers.allocation [req-d13e4321-9c4e-44dd-9dad-ee4f11898af7 req-005fbe9c-c2ca-423d-9963-36bf870e20b1 service placement] Successfully wrote allocations [, , ] {{(pid=104388) _update_consumers_and_create_allocations /opt/stack/placement/placement/handlers/allocation.py:462}}
Feb 10 10:13:08.876603 n-d-828676-1 devstack@placement-api.service[104388]: INFO placement.requestlog [req-d13e4321-9c4e-44dd-9dad-ee4f11898af7 req-005fbe9c-c2ca-423d-9963-36bf870e20b1 service placement] 10.222.0.59 "PUT /placement/allocations/ee9e747f-2dbe-45f5-a5b6-26b9377c697c" status: 204 len: 0 microversion: 1.36
Feb 10 10:13:08.882273 n-d-828676-1 devstack@placement-api.service[104388]: [pid: 104388|app: 0|req: 100/212] 10.222.0.59 () {64 vars in 1433 bytes} [Thu Feb 10 10:13:08 2022] PUT /placement/allocations/ee9e747f-2dbe-45f5-a5b6-26b9377c697c => generated 0 bytes in 413 msecs (HTTP/1.1 204) 5 headers in 199 bytes (1 switches on core 0)
Feb 10 10:13:09.876395 n-d-828676-1 devstack@placement-api.service[104389]: DEBUG placement.requestlog [req-deca771c-99db-4468-9e03-9701db156a4f req-eced29a2-f456-4d5b-8633-9e17bb255268 None None] Starting request: 10.222.0.10 "GET /placement/allocations/57beea1b-16ee-4f18-9ac4-84ba3c9302b4" {{(pid=104389) __call__ /opt/stack/placement/placement/requestlog.py:55}}
Feb 10 10:13:09.945992 n-d-828676-1 devstack@placement-api.service[104389]: INFO placement.requestlog [req-deca771c-99db-4468-9e03-9701db156a4f req-eced29a2-f456-4d5b-8633-9e17bb255268 service placement] 10.222.0.10 "GET /placement/allocations/57beea1b-16ee-4f18-9ac4-84ba3c9302b4" status: 200 len: 258 microversion: 1.28
Feb 10 10:13:09.947051 n-d-828676-1 devstack@placement-api.service[104389]: [pid: 104389|app: 0|req: 113/213] 10.222.0.10 () {60 vars in 1377 bytes} [Thu Feb 10 10:13:09 2022] GET /placement/allocations/57beea1b-16ee-4f18-9ac4-84ba3c9302b4 => generated 258 bytes in 71 msecs (HTTP/1.1 200) 8 headers in 296 bytes (1 switches on core 0)
Feb 10 10:13:10.009371 n-d-828676-1 devstack@placement-api.service[104388]: DEBUG placement.requestlog [req-aa5145a8-2bea-4515-8fbf-b6e122850300 req-788af560-b3c6-4542-8c9e-7c3ad566ab73 None None] Starting request: 10.222.0.59 "GET /placement/allocation_candidates?resources=DISK_GB%3A1%2CMEMORY_MB%3A1024%2CVCPU%3A1&root_required=%21COMPUTE_STATUS_DISABLED" {{(pid=104388) __call__ /opt/stack/placement/placement/requestlog.py:55}}
Feb 10 10:13:10.076601 n-d-828676-1 devstack@placement-api.service[104388]: DEBUG placement.objects.research_context [req-aa5145a8-2bea-4515-8fbf-b6e122850300 req-788af560-b3c6-4542-8c9e-7c3ad566ab73 service placement] getting providers with 1 DISK_GB {{(pid=104388) __init__ /opt/stack/placement/placement/objects/research_context.py:126}}
Feb 10 10:13:10.095932 n-d-828676-1 devstack@placement-api.service[104388]: DEBUG placement.objects.research_context [req-aa5145a8-2bea-4515-8fbf-b6e122850300 req-788af560-b3c6-4542-8c9e-7c3ad566ab73 service placement] getting providers with 1024 MEMORY_MB {{(pid=104388) __init__ /opt/stack/placement/placement/objects/research_context.py:126}}
Feb 10 10:13:10.104589 n-d-828676-1 devstack@placement-api.service[104388]: DEBUG placement.objects.research_context [req-aa5145a8-2bea-4515-8fbf-b6e122850300 req-788af560-b3c6-4542-8c9e-7c3ad566ab73 service placement] getting providers with 1 VCPU {{(pid=104388) __init__ /opt/stack/placement/placement/objects/research_context.py:126}}
Feb 10 10:13:10.124448 n-d-828676-1 devstack@placement-api.service[104388]: DEBUG placement.objects.research_context [req-aa5145a8-2bea-4515-8fbf-b6e122850300 req-788af560-b3c6-4542-8c9e-7c3ad566ab73 service placement] found 2 providers with available 1 DISK_GB {{(pid=104388) get_provider_ids_matching /opt/stack/placement/placement/objects/research_context.py:549}}
Feb 10 10:13:10.124606 n-d-828676-1 devstack@placement-api.service[104388]: DEBUG placement.objects.research_context [req-aa5145a8-2bea-4515-8fbf-b6e122850300 req-788af560-b3c6-4542-8c9e-7c3ad566ab73 service placement] found 2 providers with available 1024 MEMORY_MB {{(pid=104388) get_provider_ids_matching /opt/stack/placement/placement/objects/research_context.py:549}}
Feb 10 10:13:10.124860 n-d-828676-1 devstack@placement-api.service[104388]: DEBUG placement.objects.research_context [req-aa5145a8-2bea-4515-8fbf-b6e122850300 req-788af560-b3c6-4542-8c9e-7c3ad566ab73 service placement] found 2 providers after filtering by previous result {{(pid=104388) get_provider_ids_matching /opt/stack/placement/placement/objects/research_context.py:580}}
Feb 10 10:13:10.125282 n-d-828676-1 devstack@placement-api.service[104388]: DEBUG placement.objects.research_context [req-aa5145a8-2bea-4515-8fbf-b6e122850300 req-788af560-b3c6-4542-8c9e-7c3ad566ab73 service placement] found 2 providers with available 1 VCPU {{(pid=104388) get_provider_ids_matching /opt/stack/placement/placement/objects/research_context.py:549}}
Feb 10 10:13:10.129182 n-d-828676-1 devstack@placement-api.service[104388]: DEBUG placement.objects.research_context [req-aa5145a8-2bea-4515-8fbf-b6e122850300 req-788af560-b3c6-4542-8c9e-7c3ad566ab73 service placement] found 2 providers after filtering by previous result {{(pid=104388) get_provider_ids_matching /opt/stack/placement/placement/objects/research_context.py:580}}
Feb 10 10:13:10.162735 n-d-828676-1 devstack@placement-api.service[104388]: DEBUG placement.objects.allocation_candidate [req-aa5145a8-2bea-4515-8fbf-b6e122850300 req-788af560-b3c6-4542-8c9e-7c3ad566ab73 service placement] RequestGroup(use_same_provider=False, resources={DISK_GB:1, MEMORY_MB:1024, VCPU:1}, traits=[], aggregates=[]) (suffix '') returned 2 matches {{(pid=104388) _get_by_requests /opt/stack/placement/placement/objects/allocation_candidate.py:145}}
Feb 10 10:13:10.162735 n-d-828676-1 devstack@placement-api.service[104388]: DEBUG placement.objects.allocation_candidate [req-aa5145a8-2bea-4515-8fbf-b6e122850300 req-788af560-b3c6-4542-8c9e-7c3ad566ab73 service placement] Merging candidates yields 2 allocation requests and 2 provider summaries {{(pid=104388) _merge_candidates /opt/stack/placement/placement/objects/allocation_candidate.py:783}}
Feb 10 10:13:10.162735 n-d-828676-1 devstack@placement-api.service[104388]: INFO placement.requestlog [req-aa5145a8-2bea-4515-8fbf-b6e122850300 req-788af560-b3c6-4542-8c9e-7c3ad566ab73 service placement] 10.222.0.59 "GET /placement/allocation_candidates?resources=DISK_GB%3A1%2CMEMORY_MB%3A1024%2CVCPU%3A1&root_required=%21COMPUTE_STATUS_DISABLED" status: 200 len: 1309 microversion: 1.36
