Feb 10 10:10:23.733628 n-d-828676-1 devstack@n-api.service[118322]: DEBUG oslo_concurrency.lockutils [None req-d38675af-28b4-477f-a349-80fd73de3a45 tempest-ImagesOneServerTestJSON-1570243227 tempest-ImagesOneServerTestJSON-1570243227-project] Lock "5717e019-6536-42ef-a60a-2a34564f5af8" "released" by "nova.context.set_target_cell..get_or_set_cached_cell_and_set_connections" :: held 0.001s {{(pid=118322) inner /usr/local/lib/python3.8/dist-packages/oslo_concurrency/lockutils.py:400}}
Feb 10 10:10:23.983743 n-d-828676-1 devstack@n-api.service[118322]: DEBUG nova.policy [None req-d38675af-28b4-477f-a349-80fd73de3a45 tempest-ImagesOneServerTestJSON-1570243227 tempest-ImagesOneServerTestJSON-1570243227-project] Policy check for os_compute_api:os-extended-server-attributes failed with credentials {'is_admin': False, 'user_id': '2702825d4e50494b8a258f7d44af607d', 'user_domain_id': 'default', 'system_scope': None, 'domain_id': None, 'project_id': '19ec69b85315461f8d4e78fa7ce90d50', 'project_domain_id': 'default', 'roles': ['member', 'reader'], 'is_admin_project': True, 'service_user_id': None, 'service_user_domain_id': None, 'service_project_id': None, 'service_project_domain_id': None, 'service_roles': []} {{(pid=118322) authorize /opt/stack/nova/nova/policy.py:199}}
Feb 10 10:10:23.993298 n-d-828676-1 devstack@n-api.service[118322]: INFO nova.api.openstack.requestlog [None req-d38675af-28b4-477f-a349-80fd73de3a45 tempest-ImagesOneServerTestJSON-1570243227 tempest-ImagesOneServerTestJSON-1570243227-project] 10.222.0.59 "GET /compute/v2.1/servers/1f6d146d-927b-4e69-b592-81aa257bb91b" status: 200 len: 1466 microversion: 2.1 time: 0.286788
Feb 10 10:10:23.993892 n-d-828676-1 devstack@n-api.service[118322]: [pid: 118322|app: 0|req: 158/358] 10.222.0.59 () {58 vars in 1235 bytes} [Thu Feb 10 10:10:23 2022] GET /compute/v2.1/servers/1f6d146d-927b-4e69-b592-81aa257bb91b => generated 1466 bytes in 290 msecs (HTTP/1.1 200) 9 headers in 358 bytes (2 switches on core 0)
Feb 10 10:10:24.024692 n-d-828676-1 devstack@n-api.service[118322]: DEBUG nova.api.openstack.wsgi [None req-93692b21-abce-4f36-91bd-e1f3d86f4b78 tempest-ImagesOneServerTestJSON-1570243227 tempest-ImagesOneServerTestJSON-1570243227-project] Action: 'action', calling method: >, body: {"createImage": {"name": "tempest-image-1613149279", "metadata": {"image_type": "test"}}} {{(pid=118322) _process_stack /opt/stack/nova/nova/api/openstack/wsgi.py:511}}
Feb 10 10:10:24.025719 n-d-828676-1 devstack@n-api.service[118322]: DEBUG nova.compute.api [None req-93692b21-abce-4f36-91bd-e1f3d86f4b78 tempest-ImagesOneServerTestJSON-1570243227 tempest-ImagesOneServerTestJSON-1570243227-project] [instance: 1f6d146d-927b-4e69-b592-81aa257bb91b] Fetching instance by UUID {{(pid=118322) get /opt/stack/nova/nova/compute/api.py:2885}}
Feb 10 10:10:24.032473 n-d-828676-1 devstack@n-api.service[118322]: DEBUG oslo_concurrency.lockutils [None req-93692b21-abce-4f36-91bd-e1f3d86f4b78 tempest-ImagesOneServerTestJSON-1570243227 tempest-ImagesOneServerTestJSON-1570243227-project] Lock "5717e019-6536-42ef-a60a-2a34564f5af8" acquired by "nova.context.set_target_cell..get_or_set_cached_cell_and_set_connections" :: waited 0.000s {{(pid=118322) inner /usr/local/lib/python3.8/dist-packages/oslo_concurrency/lockutils.py:386}}
Feb 10 10:10:24.032979 n-d-828676-1 devstack@n-api.service[118322]: DEBUG oslo_concurrency.lockutils [None req-93692b21-abce-4f36-91bd-e1f3d86f4b78 tempest-ImagesOneServerTestJSON-1570243227 tempest-ImagesOneServerTestJSON-1570243227-project] Lock "5717e019-6536-42ef-a60a-2a34564f5af8" "released" by "nova.context.set_target_cell..get_or_set_cached_cell_and_set_connections" :: held 0.001s {{(pid=118322) inner /usr/local/lib/python3.8/dist-packages/oslo_concurrency/lockutils.py:400}}
Feb 10 10:10:24.033966 n-d-828676-1 devstack@n-api.service[118322]: DEBUG oslo_concurrency.lockutils [None req-93692b21-abce-4f36-91bd-e1f3d86f4b78 tempest-ImagesOneServerTestJSON-1570243227 tempest-ImagesOneServerTestJSON-1570243227-project] Lock "5717e019-6536-42ef-a60a-2a34564f5af8" acquired by "nova.context.set_target_cell..get_or_set_cached_cell_and_set_connections" :: waited 0.000s {{(pid=118322) inner /usr/local/lib/python3.8/dist-packages/oslo_concurrency/lockutils.py:386}}
Feb 10 10:10:24.034649 n-d-828676-1 devstack@n-api.service[118322]: DEBUG oslo_concurrency.lockutils [None req-93692b21-abce-4f36-91bd-e1f3d86f4b78 tempest-ImagesOneServerTestJSON-1570243227 tempest-ImagesOneServerTestJSON-1570243227-project] Lock "5717e019-6536-42ef-a60a-2a34564f5af8" "released" by "nova.context.set_target_cell..get_or_set_cached_cell_and_set_connections" :: held 0.001s {{(pid=118322) inner /usr/local/lib/python3.8/dist-packages/oslo_concurrency/lockutils.py:400}}
Feb 10 10:10:24.085401 n-d-828676-1 devstack@n-api.service[118321]: DEBUG nova.policy [None req-4354d55f-92e3-426b-986e-eda1eb48194d tempest-DeleteServersAdminTestJSON-62378826 tempest-DeleteServersAdminTestJSON-62378826-project] Policy check for os_compute_api:os-extended-server-attributes failed with credentials {'is_admin': False, 'user_id': 'e464fc314f8846bab240ea1ab9120b6b', 'user_domain_id': 'default', 'system_scope': None, 'domain_id': None, 'project_id': '118fbd2d5ea04a16adde0300cf9a8997', 'project_domain_id': 'default', 'roles': ['member', 'reader'], 'is_admin_project': True, 'service_user_id': None, 'service_user_domain_id': None, 'service_project_id': None, 'service_project_domain_id': None, 'service_roles': []} {{(pid=118321) authorize /opt/stack/nova/nova/policy.py:199}}
Feb 10 10:10:24.097114 n-d-828676-1 devstack@n-api.service[118322]: DEBUG nova.quota [None req-93692b21-abce-4f36-91bd-e1f3d86f4b78 tempest-ImagesOneServerTestJSON-1570243227 tempest-ImagesOneServerTestJSON-1570243227-project] Getting quotas for project 19ec69b85315461f8d4e78fa7ce90d50. Resources: dict_keys(['metadata_items']) {{(pid=118322) _get_quotas /opt/stack/nova/nova/quota.py:387}}
Feb 10 10:10:24.102209 n-d-828676-1 devstack@n-api.service[118321]: INFO nova.api.openstack.requestlog [None req-4354d55f-92e3-426b-986e-eda1eb48194d tempest-DeleteServersAdminTestJSON-62378826 tempest-DeleteServersAdminTestJSON-62378826-project] 10.222.0.59 "GET /compute/v2.1/servers/987d0391-54e0-4c8f-a430-2293e6884897" status: 200 len: 1319 microversion: 2.1 time: 0.425516
Feb 10 10:10:24.106362 n-d-828676-1 devstack@n-api.service[118322]: DEBUG nova.quota [None req-93692b21-abce-4f36-91bd-e1f3d86f4b78 tempest-ImagesOneServerTestJSON-1570243227 tempest-ImagesOneServerTestJSON-1570243227-project] Getting quotas for user 2702825d4e50494b8a258f7d44af607d and project 19ec69b85315461f8d4e78fa7ce90d50. Resources: dict_keys(['metadata_items']) {{(pid=118322) _get_quotas /opt/stack/nova/nova/quota.py:377}}
Feb 10 10:10:24.112047 n-d-828676-1 devstack@n-api.service[118321]: [pid: 118321|app: 0|req: 201/359] 10.222.0.59 () {58 vars in 1235 bytes} [Thu Feb 10 10:10:23 2022] GET /compute/v2.1/servers/987d0391-54e0-4c8f-a430-2293e6884897 => generated 1319 bytes in 437 msecs (HTTP/1.1 200) 9 headers in 358 bytes (1 switches on core 0)
Feb 10 10:10:24.811695 n-d-828676-1 devstack@n-api.service[118322]: INFO nova.api.openstack.requestlog [None req-93692b21-abce-4f36-91bd-e1f3d86f4b78 tempest-ImagesOneServerTestJSON-1570243227 tempest-ImagesOneServerTestJSON-1570243227-project] 10.222.0.59 "POST /compute/v2.1/servers/1f6d146d-927b-4e69-b592-81aa257bb91b/action" status: 202 len: 0 microversion: 2.1 time: 0.789862
Feb 10 10:10:24.813272 n-d-828676-1 devstack@n-api.service[118322]: [pid: 118322|app: 0|req: 159/360] 10.222.0.59 () {60 vars in 1277 bytes} [Thu Feb 10 10:10:24 2022] POST /compute/v2.1/servers/1f6d146d-927b-4e69-b592-81aa257bb91b/action => generated 0 bytes in 793 msecs (HTTP/1.1 202) 10 headers in 450 bytes (2 switches on core 0)
Feb 10 10:10:24.831276 n-d-828676-1 devstack@n-api.service[118321]: DEBUG nova.api.openstack.wsgi [None req-d182c055-a4cf-4de1-b7fe-9538e3a46c23 tempest-ImagesOneServerTestJSON-1570243227 tempest-ImagesOneServerTestJSON-1570243227-project] Calling method '.version_select at 0x7fb5810c35e0>' {{(pid=118321) _process_stack /opt/stack/nova/nova/api/openstack/wsgi.py:513}}
Feb 10 10:10:24.894416 n-d-828676-1 devstack@n-api.service[118321]: INFO nova.api.openstack.requestlog [None req-d182c055-a4cf-4de1-b7fe-9538e3a46c23 tempest-ImagesOneServerTestJSON-1570243227 tempest-ImagesOneServerTestJSON-1570243227-project] 10.222.0.59 "GET /compute/v2.1/images/46aa30a6-22e7-45fa-9c30-3fb8724fd0ef" status: 200 len: 1424 microversion: 2.1 time: 0.069191
Feb 10 10:10:24.895599 n-d-828676-1 devstack@n-api.service[118321]: [pid: 118321|app: 0|req: 202/361] 10.222.0.59 () {58 vars in 1232 bytes} [Thu Feb 10 10:10:24 2022] GET /compute/v2.1/images/46aa30a6-22e7-45fa-9c30-3fb8724fd0ef => generated 1424 bytes in 72 msecs (HTTP/1.1 200) 9 headers in 358 bytes (2 switches on core 0)
Feb 10 10:10:25.130384 n-d-828676-1 devstack@n-api.service[118322]: DEBUG nova.api.openstack.wsgi [None req-0de92a2e-6da9-4342-a180-9f3b271efa04 tempest-DeleteServersAdminTestJSON-62378826 tempest-DeleteServersAdminTestJSON-62378826-project] Calling method '>' {{(pid=118322) _process_stack /opt/stack/nova/nova/api/openstack/wsgi.py:513}}
Feb 10 10:10:25.131094 n-d-828676-1 devstack@n-api.service[118322]: DEBUG nova.compute.api [None req-0de92a2e-6da9-4342-a180-9f3b271efa04 tempest-DeleteServersAdminTestJSON-62378826 tempest-DeleteServersAdminTestJSON-62378826-project] [instance: 987d0391-54e0-4c8f-a430-2293e6884897] Fetching instance by UUID {{(pid=118322) get /opt/stack/nova/nova/compute/api.py:2885}}
Feb 10 10:10:25.138293 n-d-828676-1 devstack@n-api.service[118322]: DEBUG oslo_concurrency.lockutils [None req-0de92a2e-6da9-4342-a180-9f3b271efa04 tempest-DeleteServersAdminTestJSON-62378826 tempest-DeleteServersAdminTestJSON-62378826-project] Lock "5717e019-6536-42ef-a60a-2a34564f5af8" acquired by "nova.context.set_target_cell..get_or_set_cached_cell_and_set_connections" :: waited 0.000s {{(pid=118322) inner /usr/local/lib/python3.8/dist-packages/oslo_concurrency/lockutils.py:386}}
Feb 10 10:10:25.139183 n-d-828676-1 devstack@n-api.service[118322]: DEBUG oslo_concurrency.lockutils [None req-0de92a2e-6da9-4342-a180-9f3b271efa04 tempest-DeleteServersAdminTestJSON-62378826 tempest-DeleteServersAdminTestJSON-62378826-project] Lock "5717e019-6536-42ef-a60a-2a34564f5af8" "released" by "nova.context.set_target_cell..get_or_set_cached_cell_and_set_connections" :: held 0.001s {{(pid=118322) inner /usr/local/lib/python3.8/dist-packages/oslo_concurrency/lockutils.py:400}}
Feb 10 10:10:25.140760 n-d-828676-1 devstack@n-api.service[118322]: DEBUG oslo_concurrency.lockutils [None req-0de92a2e-6da9-4342-a180-9f3b271efa04 tempest-DeleteServersAdminTestJSON-62378826 tempest-DeleteServersAdminTestJSON-62378826-project] Lock "5717e019-6536-42ef-a60a-2a34564f5af8" acquired by "nova.context.set_target_cell..get_or_set_cached_cell_and_set_connections" :: waited 0.000s {{(pid=118322) inner /usr/local/lib/python3.8/dist-packages/oslo_concurrency/lockutils.py:386}}
Feb 10 10:10:25.141518 n-d-828676-1 devstack@n-api.service[118322]: DEBUG oslo_concurrency.lockutils [None req-0de92a2e-6da9-4342-a180-9f3b271efa04 tempest-DeleteServersAdminTestJSON-62378826 tempest-DeleteServersAdminTestJSON-62378826-project] Lock "5717e019-6536-42ef-a60a-2a34564f5af8" "released" by "nova.context.set_target_cell..get_or_set_cached_cell_and_set_connections" :: held 0.001s {{(pid=118322) inner /usr/local/lib/python3.8/dist-packages/oslo_concurrency/lockutils.py:400}}
Feb 10 10:10:25.548840 n-d-828676-1 devstack@n-api.service[118322]: DEBUG nova.policy [None req-0de92a2e-6da9-4342-a180-9f3b271efa04 tempest-DeleteServersAdminTestJSON-62378826 tempest-DeleteServersAdminTestJSON-62378826-project] Policy check for os_compute_api:os-extended-server-attributes failed with credentials {'is_admin': False, 'user_id': 'e464fc314f8846bab240ea1ab9120b6b', 'user_domain_id': 'default', 'system_scope': None, 'domain_id': None, 'project_id': '118fbd2d5ea04a16adde0300cf9a8997', 'project_domain_id': 'default', 'roles': ['member', 'reader'], 'is_admin_project': True, 'service_user_id': None, 'service_user_domain_id': None, 'service_project_id': None, 'service_project_domain_id': None, 'service_roles': []} {{(pid=118322) authorize /opt/stack/nova/nova/policy.py:199}}
Feb 10 10:10:25.558625 n-d-828676-1 devstack@n-api.service[118322]: INFO nova.api.openstack.requestlog [None req-0de92a2e-6da9-4342-a180-9f3b271efa04 tempest-DeleteServersAdminTestJSON-62378826 tempest-DeleteServersAdminTestJSON-62378826-project] 10.222.0.59 "GET /compute/v2.1/servers/987d0391-54e0-4c8f-a430-2293e6884897" status: 200 len: 1468 microversion: 2.1 time: 0.432760
Feb 10 10:10:25.561658 n-d-828676-1 devstack@n-api.service[118322]: [pid: 118322|app: 0|req: 160/362] 10.222.0.59 () {58 vars in 1235 bytes} [Thu Feb 10 10:10:25 2022] GET /compute/v2.1/servers/987d0391-54e0-4c8f-a430-2293e6884897 => generated 1468 bytes in 437 msecs (HTTP/1.1 200) 9 headers in 358 bytes (2 switches on core 0)
Feb 10 10:10:25.578746 n-d-828676-1 devstack@n-api.service[118321]: DEBUG nova.api.openstack.wsgi [None req-79dfda9f-f137-4b14-8527-e695ae5cde09 tempest-DeleteServersAdminTestJSON-1243877755 tempest-DeleteServersAdminTestJSON-1243877755-project-admin] Action: 'action', calling method: >, body: {"os-resetState": {"state": "error"}} {{(pid=118321) _process_stack /opt/stack/nova/nova/api/openstack/wsgi.py:511}}
Feb 10 10:10:25.580062 n-d-828676-1 devstack@n-api.service[118321]: DEBUG nova.compute.api [None req-79dfda9f-f137-4b14-8527-e695ae5cde09 tempest-DeleteServersAdminTestJSON-1243877755 tempest-DeleteServersAdminTestJSON-1243877755-project-admin] [instance: 987d0391-54e0-4c8f-a430-2293e6884897] Fetching instance by UUID {{(pid=118321) get /opt/stack/nova/nova/compute/api.py:2885}}
Feb 10 10:10:25.595525 n-d-828676-1 devstack@n-api.service[118321]: DEBUG oslo_concurrency.lockutils [None req-79dfda9f-f137-4b14-8527-e695ae5cde09 tempest-DeleteServersAdminTestJSON-1243877755 tempest-DeleteServersAdminTestJSON-1243877755-project-admin] Lock "5717e019-6536-42ef-a60a-2a34564f5af8" acquired by "nova.context.set_target_cell..get_or_set_cached_cell_and_set_connections" :: waited 0.000s {{(pid=118321) inner /usr/local/lib/python3.8/dist-packages/oslo_concurrency/lockutils.py:386}}
Feb 10 10:10:25.595974 n-d-828676-1 devstack@n-api.service[118321]: DEBUG oslo_concurrency.lockutils [None req-79dfda9f-f137-4b14-8527-e695ae5cde09 tempest-DeleteServersAdminTestJSON-1243877755 tempest-DeleteServersAdminTestJSON-1243877755-project-admin] Lock "5717e019-6536-42ef-a60a-2a34564f5af8" "released" by "nova.context.set_target_cell..get_or_set_cached_cell_and_set_connections" :: held 0.001s {{(pid=118321) inner /usr/local/lib/python3.8/dist-packages/oslo_concurrency/lockutils.py:400}}
Feb 10 10:10:25.597004 n-d-828676-1 devstack@n-api.service[118321]: DEBUG oslo_concurrency.lockutils [None req-79dfda9f-f137-4b14-8527-e695ae5cde09 tempest-DeleteServersAdminTestJSON-1243877755 tempest-DeleteServersAdminTestJSON-1243877755-project-admin] Lock "5717e019-6536-42ef-a60a-2a34564f5af8" acquired by "nova.context.set_target_cell..get_or_set_cached_cell_and_set_connections" :: waited 0.000s {{(pid=118321) inner /usr/local/lib/python3.8/dist-packages/oslo_concurrency/lockutils.py:386}}
Feb 10 10:10:25.597685 n-d-828676-1 devstack@n-api.service[118321]: DEBUG oslo_concurrency.lockutils [None req-79dfda9f-f137-4b14-8527-e695ae5cde09 tempest-DeleteServersAdminTestJSON-1243877755 tempest-DeleteServersAdminTestJSON-1243877755-project-admin] Lock "5717e019-6536-42ef-a60a-2a34564f5af8" "released" by "nova.context.set_target_cell..get_or_set_cached_cell_and_set_connections" :: held 0.000s {{(pid=118321) inner /usr/local/lib/python3.8/dist-packages/oslo_concurrency/lockutils.py:400}}
Feb 10 10:10:25.911386 n-d-828676-1 devstack@n-api.service[118322]: DEBUG nova.api.openstack.wsgi [None req-67dfd4d9-2a89-43d4-a0ae-5854394c60db tempest-ImagesOneServerTestJSON-1570243227 tempest-ImagesOneServerTestJSON-1570243227-project] Calling method '.version_select at 0x7fb580f79940>' {{(pid=118322) _process_stack /opt/stack/nova/nova/api/openstack/wsgi.py:513}}
Feb 10 10:10:26.007295 n-d-828676-1 devstack@n-api.service[118322]: INFO nova.api.openstack.requestlog [None req-67dfd4d9-2a89-43d4-a0ae-5854394c60db tempest-ImagesOneServerTestJSON-1570243227 tempest-ImagesOneServerTestJSON-1570243227-project] 10.222.0.59 "GET /compute/v2.1/images/46aa30a6-22e7-45fa-9c30-3fb8724fd0ef" status: 200 len: 1424 microversion: 2.1 time: 0.100645
Feb 10 10:10:26.013319 n-d-828676-1 devstack@n-api.service[118322]: [pid: 118322|app: 0|req: 161/363] 10.222.0.59 () {58 vars in 1232 bytes} [Thu Feb 10 10:10:25 2022] GET /compute/v2.1/images/46aa30a6-22e7-45fa-9c30-3fb8724fd0ef => generated 1424 bytes in 108 msecs (HTTP/1.1 200) 9 headers in 358 bytes (1 switches on core 0)
Feb 10 10:10:26.089659 n-d-828676-1 devstack@n-api.service[118321]: INFO nova.api.openstack.requestlog [None req-79dfda9f-f137-4b14-8527-e695ae5cde09 tempest-DeleteServersAdminTestJSON-1243877755 tempest-DeleteServersAdminTestJSON-1243877755-project-admin] 10.222.0.59 "POST /compute/v2.1/servers/987d0391-54e0-4c8f-a430-2293e6884897/action" status: 202 len: 0 microversion: 2.1 time: 0.514477
Feb 10 10:10:26.091052 n-d-828676-1 devstack@n-api.service[118321]: [pid: 118321|app: 0|req: 203/364] 10.222.0.59 () {60 vars in 1277 bytes} [Thu Feb 10 10:10:25 2022] POST /compute/v2.1/servers/987d0391-54e0-4c8f-a430-2293e6884897/action => generated 0 bytes in 517 msecs (HTTP/1.1 202) 9 headers in 361 bytes (1 switches on core 0)
Feb 10 10:10:26.104480 n-d-828676-1 devstack@n-api.service[118322]: DEBUG nova.api.openstack.wsgi [None req-5a021771-9a03-4022-840a-f6a522c69aba tempest-DeleteServersAdminTestJSON-62378826 tempest-DeleteServersAdminTestJSON-62378826-project] Calling method '>' {{(pid=118322) _process_stack /opt/stack/nova/nova/api/openstack/wsgi.py:513}}
Feb 10 10:10:26.107982 n-d-828676-1 devstack@n-api.service[118322]: DEBUG nova.compute.api [None req-5a021771-9a03-4022-840a-f6a522c69aba tempest-DeleteServersAdminTestJSON-62378826 tempest-DeleteServersAdminTestJSON-62378826-project] [instance: 987d0391-54e0-4c8f-a430-2293e6884897] Fetching instance by UUID {{(pid=118322) get /opt/stack/nova/nova/compute/api.py:2885}}
Feb 10 10:10:26.119258 n-d-828676-1 devstack@n-api.service[118322]: DEBUG oslo_concurrency.lockutils [None req-5a021771-9a03-4022-840a-f6a522c69aba tempest-DeleteServersAdminTestJSON-62378826 tempest-DeleteServersAdminTestJSON-62378826-project] Lock "5717e019-6536-42ef-a60a-2a34564f5af8" acquired by "nova.context.set_target_cell..get_or_set_cached_cell_and_set_connections" :: waited 0.000s {{(pid=118322) inner /usr/local/lib/python3.8/dist-packages/oslo_concurrency/lockutils.py:386}}
Feb 10 10:10:26.120037 n-d-828676-1 devstack@n-api.service[118322]: DEBUG oslo_concurrency.lockutils [None req-5a021771-9a03-4022-840a-f6a522c69aba tempest-DeleteServersAdminTestJSON-62378826 tempest-DeleteServersAdminTestJSON-62378826-project] Lock "5717e019-6536-42ef-a60a-2a34564f5af8" "released" by "nova.context.set_target_cell..get_or_set_cached_cell_and_set_connections" :: held 0.001s {{(pid=118322) inner /usr/local/lib/python3.8/dist-packages/oslo_concurrency/lockutils.py:400}}
Feb 10 10:10:26.121527 n-d-828676-1 devstack@n-api.service[118322]: DEBUG oslo_concurrency.lockutils [None req-5a021771-9a03-4022-840a-f6a522c69aba tempest-DeleteServersAdminTestJSON-62378826 tempest-DeleteServersAdminTestJSON-62378826-project] Lock "5717e019-6536-42ef-a60a-2a34564f5af8" acquired by "nova.context.set_target_cell..get_or_set_cached_cell_and_set_connections" :: waited 0.000s {{(pid=118322) inner /usr/local/lib/python3.8/dist-packages/oslo_concurrency/lockutils.py:386}}
Feb 10 10:10:26.122302 n-d-828676-1 devstack@n-api.service[118322]: DEBUG oslo_concurrency.lockutils [None req-5a021771-9a03-4022-840a-f6a522c69aba tempest-DeleteServersAdminTestJSON-62378826 tempest-DeleteServersAdminTestJSON-62378826-project] Lock "5717e019-6536-42ef-a60a-2a34564f5af8" "released" by "nova.context.set_target_cell..get_or_set_cached_cell_and_set_connections" :: held 0.001s {{(pid=118322) inner /usr/local/lib/python3.8/dist-packages/oslo_concurrency/lockutils.py:400}}
Feb 10 10:10:26.184191 n-d-828676-1 devstack@n-api.service[118322]: DEBUG oslo_concurrency.lockutils [None req-5a021771-9a03-4022-840a-f6a522c69aba tempest-DeleteServersAdminTestJSON-62378826 tempest-DeleteServersAdminTestJSON-62378826-project] Lock "5717e019-6536-42ef-a60a-2a34564f5af8" acquired by "nova.context.set_target_cell..get_or_set_cached_cell_and_set_connections" :: waited 0.000s {{(pid=118322) inner /usr/local/lib/python3.8/dist-packages/oslo_concurrency/lockutils.py:386}}
Feb 10 10:10:26.185006 n-d-828676-1 devstack@n-api.service[118322]: DEBUG oslo_concurrency.lockutils [None req-5a021771-9a03-4022-840a-f6a522c69aba tempest-DeleteServersAdminTestJSON-62378826 tempest-DeleteServersAdminTestJSON-62378826-project] Lock "5717e019-6536-42ef-a60a-2a34564f5af8" "released" by "nova.context.set_target_cell..get_or_set_cached_cell_and_set_connections" :: held 0.001s {{(pid=118322) inner /usr/local/lib/python3.8/dist-packages/oslo_concurrency/lockutils.py:400}}
Feb 10 10:10:26.186393 n-d-828676-1 devstack@n-api.service[118322]: DEBUG nova.objects.instance [None req-5a021771-9a03-4022-840a-f6a522c69aba tempest-DeleteServersAdminTestJSON-62378826 tempest-DeleteServersAdminTestJSON-62378826-project] Lazy-loading 'fault' on Instance uuid 987d0391-54e0-4c8f-a430-2293e6884897 {{(pid=118322) obj_load_attr /opt/stack/nova/nova/objects/instance.py:1099}}
Feb 10 10:10:26.388350 n-d-828676-1 devstack@n-api.service[118322]: DEBUG nova.policy [None req-5a021771-9a03-4022-840a-f6a522c69aba tempest-DeleteServersAdminTestJSON-62378826 tempest-DeleteServersAdminTestJSON-62378826-project] Policy check for os_compute_api:os-extended-server-attributes failed with credentials {'is_admin': False, 'user_id': 'e464fc314f8846bab240ea1ab9120b6b', 'user_domain_id': 'default', 'system_scope': None, 'domain_id': None, 'project_id': '118fbd2d5ea04a16adde0300cf9a8997', 'project_domain_id': 'default', 'roles': ['member', 'reader'], 'is_admin_project': True, 'service_user_id': None, 'service_user_domain_id': None, 'service_project_id': None, 'service_project_domain_id': None, 'service_roles': []} {{(pid=118322) authorize /opt/stack/nova/nova/policy.py:199}}
Feb 10 10:10:26.396476 n-d-828676-1 devstack@n-api.service[118322]: INFO nova.api.openstack.requestlog [None req-5a021771-9a03-4022-840a-f6a522c69aba tempest-DeleteServersAdminTestJSON-62378826 tempest-DeleteServersAdminTestJSON-62378826-project] 10.222.0.59 "GET /compute/v2.1/servers/987d0391-54e0-4c8f-a430-2293e6884897" status: 200 len: 1451 microversion: 2.1 time: 0.298769
Feb 10 10:10:26.397270 n-d-828676-1 devstack@n-api.service[118322]: [pid: 118322|app: 0|req: 162/365] 10.222.0.59 () {58 vars in 1235 bytes} [Thu Feb 10 10:10:26 2022] GET /compute/v2.1/servers/987d0391-54e0-4c8f-a430-2293e6884897 => generated 1451 bytes in 301 msecs (HTTP/1.1 200) 9 headers in 358 bytes (1 switches on core 0)
Feb 10 10:10:26.454574 n-d-828676-1 devstack@n-api.service[118321]: DEBUG nova.api.openstack.wsgi [None req-23988494-6594-4439-95e8-28c19aa0c9eb tempest-DeleteServersAdminTestJSON-62378826 tempest-DeleteServersAdminTestJSON-62378826-project] Calling method '>' {{(pid=118321) _process_stack /opt/stack/nova/nova/api/openstack/wsgi.py:513}}
Feb 10 10:10:26.455638 n-d-828676-1 devstack@n-api.service[118321]: DEBUG nova.compute.api [None req-23988494-6594-4439-95e8-28c19aa0c9eb tempest-DeleteServersAdminTestJSON-62378826 tempest-DeleteServersAdminTestJSON-62378826-project] [instance: 987d0391-54e0-4c8f-a430-2293e6884897] Fetching instance by UUID {{(pid=118321) get /opt/stack/nova/nova/compute/api.py:2885}}
Feb 10 10:10:26.470600 n-d-828676-1 devstack@n-api.service[118321]: DEBUG oslo_concurrency.lockutils [None req-23988494-6594-4439-95e8-28c19aa0c9eb tempest-DeleteServersAdminTestJSON-62378826 tempest-DeleteServersAdminTestJSON-62378826-project] Lock "5717e019-6536-42ef-a60a-2a34564f5af8" acquired by "nova.context.set_target_cell..get_or_set_cached_cell_and_set_connections" :: waited 0.000s {{(pid=118321) inner /usr/local/lib/python3.8/dist-packages/oslo_concurrency/lockutils.py:386}}
Feb 10 10:10:26.471246 n-d-828676-1 devstack@n-api.service[118321]: DEBUG oslo_concurrency.lockutils [None req-23988494-6594-4439-95e8-28c19aa0c9eb tempest-DeleteServersAdminTestJSON-62378826 tempest-DeleteServersAdminTestJSON-62378826-project] Lock "5717e019-6536-42ef-a60a-2a34564f5af8" "released" by "nova.context.set_target_cell..get_or_set_cached_cell_and_set_connections" :: held 0.001s {{(pid=118321) inner /usr/local/lib/python3.8/dist-packages/oslo_concurrency/lockutils.py:400}}
Feb 10 10:10:26.472713 n-d-828676-1 devstack@n-api.service[118321]: DEBUG oslo_concurrency.lockutils [None req-23988494-6594-4439-95e8-28c19aa0c9eb tempest-DeleteServersAdminTestJSON-62378826 tempest-DeleteServersAdminTestJSON-62378826-project] Lock "5717e019-6536-42ef-a60a-2a34564f5af8" acquired by "nova.context.set_target_cell..get_or_set_cached_cell_and_set_connections" :: waited 0.000s {{(pid=118321) inner /usr/local/lib/python3.8/dist-packages/oslo_concurrency/lockutils.py:386}}
Feb 10 10:10:26.476834 n-d-828676-1 devstack@n-api.service[118321]: DEBUG oslo_concurrency.lockutils [None req-23988494-6594-4439-95e8-28c19aa0c9eb tempest-DeleteServersAdminTestJSON-62378826 tempest-DeleteServersAdminTestJSON-62378826-project] Lock "5717e019-6536-42ef-a60a-2a34564f5af8" "released" by "nova.context.set_target_cell..get_or_set_cached_cell_and_set_connections" :: held 0.004s {{(pid=118321) inner /usr/local/lib/python3.8/dist-packages/oslo_concurrency/lockutils.py:400}}
Feb 10 10:10:26.528203 n-d-828676-1 devstack@n-api.service[118321]: DEBUG nova.compute.api [None req-23988494-6594-4439-95e8-28c19aa0c9eb tempest-DeleteServersAdminTestJSON-62378826 tempest-DeleteServersAdminTestJSON-62378826-project] [instance: 987d0391-54e0-4c8f-a430-2293e6884897] Going to try to terminate instance {{(pid=118321) delete /opt/stack/nova/nova/compute/api.py:2634}}
Feb 10 10:10:26.976082 n-d-828676-1 devstack@n-api.service[118322]: DEBUG nova.api.openstack.wsgi [None req-eccf3494-0385-43c0-a143-a5a1a068b861 tempest-LiveAutoBlockMigrationV225Test-1230690743 tempest-LiveAutoBlockMigrationV225Test-1230690743-project] Action: 'create', calling method: >, body: {"server": {"name": "tempest-LiveAutoBlockMigrationV225Test-server-1976314602", "imageRef": "3e5a7f17-ad54-45a1-8949-d5ad44043c55", "flavorRef": "452", "networks": [{"uuid": "316d54c9-653e-407f-88e6-0f3ffa7bf908"}]}} {{(pid=118322) _process_stack /opt/stack/nova/nova/api/openstack/wsgi.py:511}}
Feb 10 10:10:27.023982 n-d-828676-1 devstack@n-api.service[118321]: INFO nova.api.openstack.requestlog [None req-23988494-6594-4439-95e8-28c19aa0c9eb tempest-DeleteServersAdminTestJSON-62378826 tempest-DeleteServersAdminTestJSON-62378826-project] 10.222.0.59 "DELETE /compute/v2.1/servers/987d0391-54e0-4c8f-a430-2293e6884897" status: 204 len: 0 microversion: 2.1 time: 0.597770
Feb 10 10:10:27.025052 n-d-828676-1 devstack@n-api.service[118321]: [pid: 118321|app: 0|req: 204/366] 10.222.0.59 () {58 vars in 1238 bytes} [Thu Feb 10 10:10:26 2022] DELETE /compute/v2.1/servers/987d0391-54e0-4c8f-a430-2293e6884897 => generated 0 bytes in 605 msecs (HTTP/1.1 204) 9 headers in 363 bytes (1 switches on core 0)
Feb 10 10:10:27.039255 n-d-828676-1 devstack@n-api.service[118321]: DEBUG nova.api.openstack.wsgi [None req-0c3d6bd2-bc0c-415d-b053-6ecc411496d1 tempest-ImagesOneServerTestJSON-1570243227 tempest-ImagesOneServerTestJSON-1570243227-project] Calling method '.version_select at 0x7fb580daadc0>' {{(pid=118321) _process_stack /opt/stack/nova/nova/api/openstack/wsgi.py:513}}
Feb 10 10:10:27.114950 n-d-828676-1 devstack@n-api.service[118322]: DEBUG nova.network.neutron [None req-eccf3494-0385-43c0-a143-a5a1a068b861 tempest-LiveAutoBlockMigrationV225Test-1230690743 tempest-LiveAutoBlockMigrationV225Test-1230690743-project] validate_networks() for [('316d54c9-653e-407f-88e6-0f3ffa7bf908', None, None, None, None, None)] {{(pid=118322) validate_networks /opt/stack/nova/nova/network/neutron.py:2623}}
Feb 10 10:10:27.120734 n-d-828676-1 devstack@n-api.service[118321]: INFO nova.api.openstack.requestlog [None req-0c3d6bd2-bc0c-415d-b053-6ecc411496d1 tempest-ImagesOneServerTestJSON-1570243227 tempest-ImagesOneServerTestJSON-1570243227-project] 10.222.0.59 "GET /compute/v2.1/images/46aa30a6-22e7-45fa-9c30-3fb8724fd0ef" status: 200 len: 1424 microversion: 2.1 time: 0.079620
Feb 10 10:10:27.121518 n-d-828676-1 devstack@n-api.service[118321]: [pid: 118321|app: 0|req: 205/367] 10.222.0.59 () {58 vars in 1232 bytes} [Thu Feb 10 10:10:27 2022] GET /compute/v2.1/images/46aa30a6-22e7-45fa-9c30-3fb8724fd0ef => generated 1424 bytes in 96 msecs (HTTP/1.1 200) 9 headers in 358 bytes (1 switches on core 0)
Feb 10 10:10:27.133325 n-d-828676-1 devstack@n-api.service[118321]: DEBUG nova.api.openstack.wsgi [None req-7f21b00e-39b1-42f5-b4db-7c1db5273c13 tempest-DeleteServersAdminTestJSON-62378826 tempest-DeleteServersAdminTestJSON-62378826-project] Calling method '>' {{(pid=118321) _process_stack /opt/stack/nova/nova/api/openstack/wsgi.py:513}}
Feb 10 10:10:27.134580 n-d-828676-1 devstack@n-api.service[118321]: DEBUG nova.compute.api [None req-7f21b00e-39b1-42f5-b4db-7c1db5273c13 tempest-DeleteServersAdminTestJSON-62378826 tempest-DeleteServersAdminTestJSON-62378826-project] [instance: 987d0391-54e0-4c8f-a430-2293e6884897] Fetching instance by UUID {{(pid=118321) get /opt/stack/nova/nova/compute/api.py:2885}}
Feb 10 10:10:27.144946 n-d-828676-1 devstack@n-api.service[118321]: DEBUG oslo_concurrency.lockutils [None req-7f21b00e-39b1-42f5-b4db-7c1db5273c13 tempest-DeleteServersAdminTestJSON-62378826 tempest-DeleteServersAdminTestJSON-62378826-project] Lock "5717e019-6536-42ef-a60a-2a34564f5af8" acquired by "nova.context.set_target_cell..get_or_set_cached_cell_and_set_connections" :: waited 0.000s {{(pid=118321) inner /usr/local/lib/python3.8/dist-packages/oslo_concurrency/lockutils.py:386}}
Feb 10 10:10:27.145903 n-d-828676-1 devstack@n-api.service[118321]: DEBUG oslo_concurrency.lockutils [None req-7f21b00e-39b1-42f5-b4db-7c1db5273c13 tempest-DeleteServersAdminTestJSON-62378826 tempest-DeleteServersAdminTestJSON-62378826-project] Lock "5717e019-6536-42ef-a60a-2a34564f5af8" "released" by "nova.context.set_target_cell..get_or_set_cached_cell_and_set_connections" :: held 0.001s {{(pid=118321) inner /usr/local/lib/python3.8/dist-packages/oslo_concurrency/lockutils.py:400}}
Feb 10 10:10:27.149382 n-d-828676-1 devstack@n-api.service[118321]: DEBUG oslo_concurrency.lockutils [None req-7f21b00e-39b1-42f5-b4db-7c1db5273c13 tempest-DeleteServersAdminTestJSON-62378826 tempest-DeleteServersAdminTestJSON-62378826-project] Lock "5717e019-6536-42ef-a60a-2a34564f5af8" acquired by "nova.context.set_target_cell..get_or_set_cached_cell_and_set_connections" :: waited 0.000s {{(pid=118321) inner /usr/local/lib/python3.8/dist-packages/oslo_concurrency/lockutils.py:386}}
Feb 10 10:10:27.149382 n-d-828676-1 devstack@n-api.service[118321]: DEBUG oslo_concurrency.lockutils [None req-7f21b00e-39b1-42f5-b4db-7c1db5273c13 tempest-DeleteServersAdminTestJSON-62378826 tempest-DeleteServersAdminTestJSON-62378826-project] Lock "5717e019-6536-42ef-a60a-2a34564f5af8" "released" by "nova.context.set_target_cell..get_or_set_cached_cell_and_set_connections" :: held 0.000s {{(pid=118321) inner /usr/local/lib/python3.8/dist-packages/oslo_concurrency/lockutils.py:400}}
Feb 10 10:10:27.189645 n-d-828676-1 devstack@n-api.service[118321]: DEBUG oslo_concurrency.lockutils [None req-7f21b00e-39b1-42f5-b4db-7c1db5273c13 tempest-DeleteServersAdminTestJSON-62378826 tempest-DeleteServersAdminTestJSON-62378826-project] Lock "5717e019-6536-42ef-a60a-2a34564f5af8" acquired by "nova.context.set_target_cell..get_or_set_cached_cell_and_set_connections" :: waited 0.000s {{(pid=118321) inner /usr/local/lib/python3.8/dist-packages/oslo_concurrency/lockutils.py:386}}
Feb 10 10:10:27.190099 n-d-828676-1 devstack@n-api.service[118321]: DEBUG oslo_concurrency.lockutils [None req-7f21b00e-39b1-42f5-b4db-7c1db5273c13 tempest-DeleteServersAdminTestJSON-62378826 tempest-DeleteServersAdminTestJSON-62378826-project] Lock "5717e019-6536-42ef-a60a-2a34564f5af8" "released" by "nova.context.set_target_cell..get_or_set_cached_cell_and_set_connections" :: held 0.001s {{(pid=118321) inner /usr/local/lib/python3.8/dist-packages/oslo_concurrency/lockutils.py:400}}
Feb 10 10:10:27.190553 n-d-828676-1 devstack@n-api.service[118321]: DEBUG nova.objects.instance [None req-7f21b00e-39b1-42f5-b4db-7c1db5273c13 tempest-DeleteServersAdminTestJSON-62378826 tempest-DeleteServersAdminTestJSON-62378826-project] Lazy-loading 'fault' on Instance uuid 987d0391-54e0-4c8f-a430-2293e6884897 {{(pid=118321) obj_load_attr /opt/stack/nova/nova/objects/instance.py:1099}}
Feb 10 10:10:27.369322 n-d-828676-1 devstack@n-api.service[118321]: DEBUG nova.policy [None req-7f21b00e-39b1-42f5-b4db-7c1db5273c13 tempest-DeleteServersAdminTestJSON-62378826 tempest-DeleteServersAdminTestJSON-62378826-project] Policy check for os_compute_api:os-extended-server-attributes failed with credentials {'is_admin': False, 'user_id': 'e464fc314f8846bab240ea1ab9120b6b', 'user_domain_id': 'default', 'system_scope': None, 'domain_id': None, 'project_id': '118fbd2d5ea04a16adde0300cf9a8997', 'project_domain_id': 'default', 'roles': ['member', 'reader'], 'is_admin_project': True, 'service_user_id': None, 'service_user_domain_id': None, 'service_project_id': None, 'service_project_domain_id': None, 'service_roles': []} {{(pid=118321) authorize /opt/stack/nova/nova/policy.py:199}}
Feb 10 10:10:27.388148 n-d-828676-1 devstack@n-api.service[118321]: INFO nova.api.openstack.requestlog [None req-7f21b00e-39b1-42f5-b4db-7c1db5273c13 tempest-DeleteServersAdminTestJSON-62378826 tempest-DeleteServersAdminTestJSON-62378826-project] 10.222.0.59 "GET /compute/v2.1/servers/987d0391-54e0-4c8f-a430-2293e6884897" status: 200 len: 1457 microversion: 2.1 time: 0.256879
Feb 10 10:10:27.392030 n-d-828676-1 devstack@n-api.service[118321]: [pid: 118321|app: 0|req: 206/368] 10.222.0.59 () {58 vars in 1235 bytes} [Thu Feb 10 10:10:27 2022] GET /compute/v2.1/servers/987d0391-54e0-4c8f-a430-2293e6884897 => generated 1457 bytes in 270 msecs (HTTP/1.1 200) 9 headers in 358 bytes (1 switches on core 0)
Feb 10 10:10:28.136205 n-d-828676-1 devstack@n-api.service[118321]: DEBUG nova.api.openstack.wsgi [None req-1570d5a3-b3aa-40d1-95f2-2ca68931245a tempest-ImagesOneServerTestJSON-1570243227 tempest-ImagesOneServerTestJSON-1570243227-project] Calling method '.version_select at 0x7fb580f7eee0>' {{(pid=118321) _process_stack /opt/stack/nova/nova/api/openstack/wsgi.py:513}}
Feb 10 10:10:28.190356 n-d-828676-1 devstack@n-api.service[118321]: INFO nova.api.openstack.requestlog [None req-1570d5a3-b3aa-40d1-95f2-2ca68931245a tempest-ImagesOneServerTestJSON-1570243227 tempest-ImagesOneServerTestJSON-1570243227-project] 10.222.0.59 "GET /compute/v2.1/images/46aa30a6-22e7-45fa-9c30-3fb8724fd0ef" status: 200 len: 1424 microversion: 2.1 time: 0.057961
Feb 10 10:10:28.191218 n-d-828676-1 devstack@n-api.service[118321]: [pid: 118321|app: 0|req: 207/369] 10.222.0.59 () {58 vars in 1232 bytes} [Thu Feb 10 10:10:28 2022] GET /compute/v2.1/images/46aa30a6-22e7-45fa-9c30-3fb8724fd0ef => generated 1424 bytes in 60 msecs (HTTP/1.1 200) 9 headers in 358 bytes (2 switches on core 0)
Feb 10 10:10:28.411835 n-d-828676-1 devstack@n-api.service[118321]: DEBUG nova.api.openstack.wsgi [None req-e315b0f3-a732-4fd0-ad11-05e199c27afd tempest-DeleteServersAdminTestJSON-62378826 tempest-DeleteServersAdminTestJSON-62378826-project] Calling method '>' {{(pid=118321) _process_stack /opt/stack/nova/nova/api/openstack/wsgi.py:513}}
Feb 10 10:10:28.412419 n-d-828676-1 devstack@n-api.service[118321]: DEBUG nova.compute.api [None req-e315b0f3-a732-4fd0-ad11-05e199c27afd tempest-DeleteServersAdminTestJSON-62378826 tempest-DeleteServersAdminTestJSON-62378826-project] [instance: 987d0391-54e0-4c8f-a430-2293e6884897] Fetching instance by UUID {{(pid=118321) get /opt/stack/nova/nova/compute/api.py:2885}}
Feb 10 10:10:28.423704 n-d-828676-1 devstack@n-api.service[118321]: DEBUG oslo_concurrency.lockutils [None req-e315b0f3-a732-4fd0-ad11-05e199c27afd tempest-DeleteServersAdminTestJSON-62378826 tempest-DeleteServersAdminTestJSON-62378826-project] Lock "5717e019-6536-42ef-a60a-2a34564f5af8" acquired by "nova.context.set_target_cell..get_or_set_cached_cell_and_set_connections" :: waited 0.000s {{(pid=118321) inner /usr/local/lib/python3.8/dist-packages/oslo_concurrency/lockutils.py:386}}
Feb 10 10:10:28.426046 n-d-828676-1 devstack@n-api.service[118321]: DEBUG oslo_concurrency.lockutils [None req-e315b0f3-a732-4fd0-ad11-05e199c27afd tempest-DeleteServersAdminTestJSON-62378826 tempest-DeleteServersAdminTestJSON-62378826-project] Lock "5717e019-6536-42ef-a60a-2a34564f5af8" "released" by "nova.context.set_target_cell..get_or_set_cached_cell_and_set_connections" :: held 0.002s {{(pid=118321) inner /usr/local/lib/python3.8/dist-packages/oslo_concurrency/lockutils.py:400}}
Feb 10 10:10:28.428107 n-d-828676-1 devstack@n-api.service[118321]: DEBUG oslo_concurrency.lockutils [None req-e315b0f3-a732-4fd0-ad11-05e199c27afd tempest-DeleteServersAdminTestJSON-62378826 tempest-DeleteServersAdminTestJSON-62378826-project] Lock "5717e019-6536-42ef-a60a-2a34564f5af8" acquired by "nova.context.set_target_cell..get_or_set_cached_cell_and_set_connections" :: waited 0.000s {{(pid=118321) inner /usr/local/lib/python3.8/dist-packages/oslo_concurrency/lockutils.py:386}}
Feb 10 10:10:28.428895 n-d-828676-1 devstack@n-api.service[118321]: DEBUG oslo_concurrency.lockutils [None req-e315b0f3-a732-4fd0-ad11-05e199c27afd tempest-DeleteServersAdminTestJSON-62378826 tempest-DeleteServersAdminTestJSON-62378826-project] Lock "5717e019-6536-42ef-a60a-2a34564f5af8" "released" by "nova.context.set_target_cell..get_or_set_cached_cell_and_set_connections" :: held 0.002s {{(pid=118321) inner /usr/local/lib/python3.8/dist-packages/oslo_concurrency/lockutils.py:400}}
Feb 10 10:10:28.492915 n-d-828676-1 devstack@n-api.service[118322]: DEBUG nova.virt.hardware [None req-eccf3494-0385-43c0-a143-a5a1a068b861 tempest-LiveAutoBlockMigrationV225Test-1230690743 tempest-LiveAutoBlockMigrationV225Test-1230690743-project] Flavor limits 0:0:0 {{(pid=118322) get_cpu_topology_constraints /opt/stack/nova/nova/virt/hardware.py:343}}
Feb 10 10:10:28.494901 n-d-828676-1 devstack@n-api.service[118322]: DEBUG nova.virt.hardware [None req-eccf3494-0385-43c0-a143-a5a1a068b861 tempest-LiveAutoBlockMigrationV225Test-1230690743 tempest-LiveAutoBlockMigrationV225Test-1230690743-project] Image limits 0:0:0 {{(pid=118322) get_cpu_topology_constraints /opt/stack/nova/nova/virt/hardware.py:347}}
Feb 10 10:10:28.496265 n-d-828676-1 devstack@n-api.service[118322]: DEBUG nova.virt.hardware [None req-eccf3494-0385-43c0-a143-a5a1a068b861 tempest-LiveAutoBlockMigrationV225Test-1230690743 tempest-LiveAutoBlockMigrationV225Test-1230690743-project] Flavor pref 0:0:0 {{(pid=118322) get_cpu_topology_constraints /opt/stack/nova/nova/virt/hardware.py:383}}
Feb 10 10:10:28.497448 n-d-828676-1 devstack@n-api.service[118322]: DEBUG nova.virt.hardware [None req-eccf3494-0385-43c0-a143-a5a1a068b861 tempest-LiveAutoBlockMigrationV225Test-1230690743 tempest-LiveAutoBlockMigrationV225Test-1230690743-project] Image pref 0:0:0 {{(pid=118322) get_cpu_topology_constraints /opt/stack/nova/nova/virt/hardware.py:387}}
Feb 10 10:10:28.501032 n-d-828676-1 devstack@n-api.service[118322]: DEBUG nova.virt.hardware [None req-eccf3494-0385-43c0-a143-a5a1a068b861 tempest-LiveAutoBlockMigrationV225Test-1230690743 tempest-LiveAutoBlockMigrationV225Test-1230690743-project] Chose sockets=0, cores=0, threads=0; limits were sockets=65536, cores=65536, threads=65536 {{(pid=118322) get_cpu_topology_constraints /opt/stack/nova/nova/virt/hardware.py:425}}
Feb 10 10:10:28.533606 n-d-828676-1 devstack@n-api.service[118321]: DEBUG oslo_concurrency.lockutils [None req-e315b0f3-a732-4fd0-ad11-05e199c27afd tempest-DeleteServersAdminTestJSON-62378826 tempest-DeleteServersAdminTestJSON-62378826-project] Lock "5717e019-6536-42ef-a60a-2a34564f5af8" acquired by "nova.context.set_target_cell..get_or_set_cached_cell_and_set_connections" :: waited 0.000s {{(pid=118321) inner /usr/local/lib/python3.8/dist-packages/oslo_concurrency/lockutils.py:386}}
Feb 10 10:10:28.534055 n-d-828676-1 devstack@n-api.service[118321]: DEBUG oslo_concurrency.lockutils [None req-e315b0f3-a732-4fd0-ad11-05e199c27afd tempest-DeleteServersAdminTestJSON-62378826 tempest-DeleteServersAdminTestJSON-62378826-project] Lock "5717e019-6536-42ef-a60a-2a34564f5af8" "released" by "nova.context.set_target_cell..get_or_set_cached_cell_and_set_connections" :: held 0.001s {{(pid=118321) inner /usr/local/lib/python3.8/dist-packages/oslo_concurrency/lockutils.py:400}}
Feb 10 10:10:28.537475 n-d-828676-1 devstack@n-api.service[118322]: DEBUG oslo_concurrency.lockutils [None req-eccf3494-0385-43c0-a143-a5a1a068b861 tempest-LiveAutoBlockMigrationV225Test-1230690743 tempest-LiveAutoBlockMigrationV225Test-1230690743-project] Lock "00000000-0000-0000-0000-000000000000" acquired by "nova.context.set_target_cell..get_or_set_cached_cell_and_set_connections" :: waited 0.000s {{(pid=118322) inner /usr/local/lib/python3.8/dist-packages/oslo_concurrency/lockutils.py:386}}
Feb 10 10:10:28.538420 n-d-828676-1 devstack@n-api.service[118321]: DEBUG nova.objects.instance [None req-e315b0f3-a732-4fd0-ad11-05e199c27afd tempest-DeleteServersAdminTestJSON-62378826 tempest-DeleteServersAdminTestJSON-62378826-project] Lazy-loading 'fault' on Instance uuid 987d0391-54e0-4c8f-a430-2293e6884897 {{(pid=118321) obj_load_attr /opt/stack/nova/nova/objects/instance.py:1099}}
Feb 10 10:10:28.538586 n-d-828676-1 devstack@n-api.service[118322]: DEBUG oslo_concurrency.lockutils [None req-eccf3494-0385-43c0-a143-a5a1a068b861 tempest-LiveAutoBlockMigrationV225Test-1230690743 tempest-LiveAutoBlockMigrationV225Test-1230690743-project] Lock "00000000-0000-0000-0000-000000000000" "released" by "nova.context.set_target_cell..get_or_set_cached_cell_and_set_connections" :: held 0.002s {{(pid=118322) inner /usr/local/lib/python3.8/dist-packages/oslo_concurrency/lockutils.py:400}}
Feb 10 10:10:28.540219 n-d-828676-1 devstack@n-api.service[118322]: DEBUG oslo_concurrency.lockutils [None req-eccf3494-0385-43c0-a143-a5a1a068b861 tempest-LiveAutoBlockMigrationV225Test-1230690743 tempest-LiveAutoBlockMigrationV225Test-1230690743-project] Lock "5717e019-6536-42ef-a60a-2a34564f5af8" acquired by "nova.context.set_target_cell..get_or_set_cached_cell_and_set_connections" :: waited 0.000s {{(pid=118322) inner /usr/local/lib/python3.8/dist-packages/oslo_concurrency/lockutils.py:386}}
Feb 10 10:10:28.541037 n-d-828676-1 devstack@n-api.service[118322]: DEBUG oslo_concurrency.lockutils [None req-eccf3494-0385-43c0-a143-a5a1a068b861 tempest-LiveAutoBlockMigrationV225Test-1230690743 tempest-LiveAutoBlockMigrationV225Test-1230690743-project] Lock "5717e019-6536-42ef-a60a-2a34564f5af8" "released" by "nova.context.set_target_cell..get_or_set_cached_cell_and_set_connections" :: held 0.001s {{(pid=118322) inner /usr/local/lib/python3.8/dist-packages/oslo_concurrency/lockutils.py:400}}
Feb 10 10:10:28.633412 n-d-828676-1 devstack@n-api.service[118322]: DEBUG nova.quota [None req-eccf3494-0385-43c0-a143-a5a1a068b861 tempest-LiveAutoBlockMigrationV225Test-1230690743 tempest-LiveAutoBlockMigrationV225Test-1230690743-project] Getting quotas for project d809c608680042b3b824fc48c87dcf6f. Resources: {'cores', 'ram', 'instances'} {{(pid=118322) _get_quotas /opt/stack/nova/nova/quota.py:387}}
Feb 10 10:10:28.646287 n-d-828676-1 devstack@n-api.service[118322]: DEBUG nova.quota [None req-eccf3494-0385-43c0-a143-a5a1a068b861 tempest-LiveAutoBlockMigrationV225Test-1230690743 tempest-LiveAutoBlockMigrationV225Test-1230690743-project] Getting quotas for user b94309be525a448c813979fef9b804b4 and project d809c608680042b3b824fc48c87dcf6f. Resources: {'cores', 'ram', 'instances'} {{(pid=118322) _get_quotas /opt/stack/nova/nova/quota.py:377}}
Feb 10 10:10:28.677219 n-d-828676-1 devstack@n-api.service[118322]: DEBUG nova.compute.api [None req-eccf3494-0385-43c0-a143-a5a1a068b861 tempest-LiveAutoBlockMigrationV225Test-1230690743 tempest-LiveAutoBlockMigrationV225Test-1230690743-project] Going to run 1 instances... {{(pid=118322) _provision_instances /opt/stack/nova/nova/compute/api.py:1370}}
Feb 10 10:10:28.680017 n-d-828676-1 devstack@n-api.service[118322]: DEBUG nova.compute.api [None req-eccf3494-0385-43c0-a143-a5a1a068b861 tempest-LiveAutoBlockMigrationV225Test-1230690743 tempest-LiveAutoBlockMigrationV225Test-1230690743-project] [instance: 22b0c5c9-e85f-4922-b0d2-548fb1b87782] block_device_mapping [BlockDeviceMapping(attachment_id=,boot_index=0,connection_info=None,created_at=,delete_on_termination=True,deleted=,deleted_at=,destination_type='local',device_name=None,device_type='disk',disk_bus=None,guest_format=None,id=,image_id='3e5a7f17-ad54-45a1-8949-d5ad44043c55',instance=,instance_uuid=,no_device=False,snapshot_id=None,source_type='image',tag=None,updated_at=,uuid=,volume_id=None,volume_size=None,volume_type=None)] {{(pid=118322) _bdm_validate_set_size_and_instance /opt/stack/nova/nova/compute/api.py:1777}}
Feb 10 10:10:28.866078 n-d-828676-1 devstack@n-api.service[118322]: INFO nova.api.openstack.requestlog [None req-eccf3494-0385-43c0-a143-a5a1a068b861 tempest-LiveAutoBlockMigrationV225Test-1230690743 tempest-LiveAutoBlockMigrationV225Test-1230690743-project] 10.222.0.59 "POST /compute/v2.1/servers" status: 202 len: 380 microversion: 2.25 time: 2.317837
Feb 10 10:10:28.885180 n-d-828676-1 devstack@n-api.service[118322]: [pid: 118322|app: 0|req: 163/370] 10.222.0.59 () {62 vars in 1187 bytes} [Thu Feb 10 10:10:26 2022] POST /compute/v2.1/servers => generated 380 bytes in 2337 msecs (HTTP/1.1 202) 10 headers in 453 bytes (2 switches on core 0)
Feb 10 10:10:29.046467 n-d-828676-1 devstack@n-api.service[118321]: DEBUG nova.policy [None req-e315b0f3-a732-4fd0-ad11-05e199c27afd tempest-DeleteServersAdminTestJSON-62378826 tempest-DeleteServersAdminTestJSON-62378826-project] Policy check for os_compute_api:os-extended-server-attributes failed with credentials {'is_admin': False, 'user_id': 'e464fc314f8846bab240ea1ab9120b6b', 'user_domain_id': 'default', 'system_scope': None, 'domain_id': None, 'project_id': '118fbd2d5ea04a16adde0300cf9a8997', 'project_domain_id': 'default', 'roles': ['member', 'reader'], 'is_admin_project': True, 'service_user_id': None, 'service_user_domain_id': None, 'service_project_id': None, 'service_project_domain_id': None, 'service_roles': []} {{(pid=118321) authorize /opt/stack/nova/nova/policy.py:199}}
Feb 10 10:10:29.068542 n-d-828676-1 devstack@n-api.service[118321]: INFO nova.api.openstack.requestlog [None req-e315b0f3-a732-4fd0-ad11-05e199c27afd tempest-DeleteServersAdminTestJSON-62378826 tempest-DeleteServersAdminTestJSON-62378826-project] 10.222.0.59 "GET /compute/v2.1/servers/987d0391-54e0-4c8f-a430-2293e6884897" status: 200 len: 1457 microversion: 2.1 time: 0.659965
Feb 10 10:10:29.075163 n-d-828676-1 devstack@n-api.service[118321]: [pid: 118321|app: 0|req: 208/371] 10.222.0.59 () {58 vars in 1235 bytes} [Thu Feb 10 10:10:28 2022] GET /compute/v2.1/servers/987d0391-54e0-4c8f-a430-2293e6884897 => generated 1457 bytes in 668 msecs (HTTP/1.1 200) 9 headers in 358 bytes (1 switches on core 0)
Feb 10 10:10:29.104550 n-d-828676-1 devstack@n-api.service[118321]: DEBUG nova.api.openstack.wsgi [None req-ffd81d19-08d5-4bbe-9875-135271093ce5 tempest-LiveAutoBlockMigrationV225Test-1230690743 tempest-LiveAutoBlockMigrationV225Test-1230690743-project] Calling method '>' {{(pid=118321) _process_stack /opt/stack/nova/nova/api/openstack/wsgi.py:513}}
Feb 10 10:10:29.106025 n-d-828676-1 devstack@n-api.service[118321]: DEBUG nova.compute.api [None req-ffd81d19-08d5-4bbe-9875-135271093ce5 tempest-LiveAutoBlockMigrationV225Test-1230690743 tempest-LiveAutoBlockMigrationV225Test-1230690743-project] [instance: 22b0c5c9-e85f-4922-b0d2-548fb1b87782] Fetching instance by UUID {{(pid=118321) get /opt/stack/nova/nova/compute/api.py:2885}}
Feb 10 10:10:29.341616 n-d-828676-1 devstack@n-api.service[118321]: DEBUG nova.policy [None req-ffd81d19-08d5-4bbe-9875-135271093ce5 tempest-LiveAutoBlockMigrationV225Test-1230690743 tempest-LiveAutoBlockMigrationV225Test-1230690743-project] Policy check for os_compute_api:os-extended-server-attributes failed with credentials {'is_admin': False, 'user_id': 'b94309be525a448c813979fef9b804b4', 'user_domain_id': 'default', 'system_scope': None, 'domain_id': None, 'project_id': 'd809c608680042b3b824fc48c87dcf6f', 'project_domain_id': 'default', 'roles': ['member', 'reader'], 'is_admin_project': True, 'service_user_id': None, 'service_user_domain_id': None, 'service_project_id': None, 'service_project_domain_id': None, 'service_roles': []} {{(pid=118321) authorize /opt/stack/nova/nova/policy.py:199}}
