Jul 20 08:33:18.205569 n-d-828675-6 devstack@placement-api.service[105565]: DEBUG placement.objects.research_context [req-51299d95-ce31-4cc6-bf90-fb8d9494a1e5 req-10d97636-2a37-487c-91c7-08e34d597110 service placement] getting providers with 1024 MEMORY_MB {{(pid=105565) __init__ /opt/stack/placement/placement/objects/research_context.py:136}}
Jul 20 08:33:18.226042 n-d-828675-6 devstack@placement-api.service[105565]: DEBUG placement.objects.research_context [req-51299d95-ce31-4cc6-bf90-fb8d9494a1e5 req-10d97636-2a37-487c-91c7-08e34d597110 service placement] getting providers with 1 VCPU {{(pid=105565) __init__ /opt/stack/placement/placement/objects/research_context.py:136}}
Jul 20 08:33:18.244857 n-d-828675-6 devstack@placement-api.service[105565]: DEBUG placement.objects.research_context [req-51299d95-ce31-4cc6-bf90-fb8d9494a1e5 req-10d97636-2a37-487c-91c7-08e34d597110 service placement] found 2 providers with available 1 DISK_GB {{(pid=105565) get_provider_ids_matching /opt/stack/placement/placement/objects/research_context.py:563}}
Jul 20 08:33:18.245379 n-d-828675-6 devstack@placement-api.service[105565]: DEBUG placement.objects.research_context [req-51299d95-ce31-4cc6-bf90-fb8d9494a1e5 req-10d97636-2a37-487c-91c7-08e34d597110 service placement] found 2 providers with available 1024 MEMORY_MB {{(pid=105565) get_provider_ids_matching /opt/stack/placement/placement/objects/research_context.py:563}}
Jul 20 08:33:18.245838 n-d-828675-6 devstack@placement-api.service[105565]: DEBUG placement.objects.research_context [req-51299d95-ce31-4cc6-bf90-fb8d9494a1e5 req-10d97636-2a37-487c-91c7-08e34d597110 service placement] found 2 providers after filtering by previous result {{(pid=105565) get_provider_ids_matching /opt/stack/placement/placement/objects/research_context.py:594}}
Jul 20 08:33:18.246255 n-d-828675-6 devstack@placement-api.service[105565]: DEBUG placement.objects.research_context [req-51299d95-ce31-4cc6-bf90-fb8d9494a1e5 req-10d97636-2a37-487c-91c7-08e34d597110 service placement] found 2 providers with available 1 VCPU {{(pid=105565) get_provider_ids_matching /opt/stack/placement/placement/objects/research_context.py:563}}
Jul 20 08:33:18.246674 n-d-828675-6 devstack@placement-api.service[105565]: DEBUG placement.objects.research_context [req-51299d95-ce31-4cc6-bf90-fb8d9494a1e5 req-10d97636-2a37-487c-91c7-08e34d597110 service placement] found 2 providers after filtering by previous result {{(pid=105565) get_provider_ids_matching /opt/stack/placement/placement/objects/research_context.py:594}}
Jul 20 08:33:18.281511 n-d-828675-6 devstack@placement-api.service[105565]: DEBUG placement.objects.allocation_candidate [req-51299d95-ce31-4cc6-bf90-fb8d9494a1e5 req-10d97636-2a37-487c-91c7-08e34d597110 service placement] RequestGroup(use_same_provider=False, resources={DISK_GB:1, MEMORY_MB:1024, VCPU:1}, traits=(), aggregates=[]) (suffix '') returned 2 matches {{(pid=105565) _get_by_requests /opt/stack/placement/placement/objects/allocation_candidate.py:156}}
Jul 20 08:33:18.283859 n-d-828675-6 devstack@placement-api.service[105565]: DEBUG placement.objects.allocation_candidate [req-51299d95-ce31-4cc6-bf90-fb8d9494a1e5 req-10d97636-2a37-487c-91c7-08e34d597110 service placement] Merging candidates yields 2 allocation requests and 2 provider summaries {{(pid=105565) _merge_candidates /opt/stack/placement/placement/objects/allocation_candidate.py:809}}
Jul 20 08:33:18.288259 n-d-828675-6 devstack@placement-api.service[105565]: INFO placement.requestlog [req-51299d95-ce31-4cc6-bf90-fb8d9494a1e5 req-10d97636-2a37-487c-91c7-08e34d597110 service placement] 10.222.0.27 "GET /placement/allocation_candidates?limit=1000&resources=DISK_GB%3A1%2CMEMORY_MB%3A1024%2CVCPU%3A1&root_required=%21COMPUTE_STATUS_DISABLED" status: 200 len: 1309 microversion: 1.36
Jul 20 08:33:18.289233 n-d-828675-6 devstack@placement-api.service[105565]: [pid: 105565|app: 0|req: 357/712] 10.222.0.27 () {60 vars in 1506 bytes} [Wed Jul 20 08:33:18 2022] GET /placement/allocation_candidates?limit=1000&resources=DISK_GB%3A1%2CMEMORY_MB%3A1024%2CVCPU%3A1&root_required=%21COMPUTE_STATUS_DISABLED => generated 1309 bytes in 175 msecs (HTTP/1.1 200) 8 headers in 297 bytes (1 switches on core 0)
Jul 20 08:33:18.459491 n-d-828675-6 devstack@placement-api.service[105564]: DEBUG placement.requestlog [req-51299d95-ce31-4cc6-bf90-fb8d9494a1e5 req-228f1dad-f38c-4d67-a7cb-9ae809b7bc29 None None] Starting request: 10.222.0.27 "GET /placement/allocations/de226e9b-e69c-4b51-bb86-611d9f867f60" {{(pid=105564) __call__ /opt/stack/placement/placement/requestlog.py:55}}
Jul 20 08:33:18.488718 n-d-828675-6 devstack@placement-api.service[105564]: INFO placement.requestlog [req-51299d95-ce31-4cc6-bf90-fb8d9494a1e5 req-228f1dad-f38c-4d67-a7cb-9ae809b7bc29 service placement] 10.222.0.27 "GET /placement/allocations/de226e9b-e69c-4b51-bb86-611d9f867f60" status: 200 len: 19 microversion: 1.28
Jul 20 08:33:18.490814 n-d-828675-6 devstack@placement-api.service[105564]: [pid: 105564|app: 0|req: 356/713] 10.222.0.27 () {60 vars in 1380 bytes} [Wed Jul 20 08:33:18 2022] GET /placement/allocations/de226e9b-e69c-4b51-bb86-611d9f867f60 => generated 19 bytes in 32 msecs (HTTP/1.1 200) 8 headers in 295 bytes (1 switches on core 0)
Jul 20 08:33:18.504565 n-d-828675-6 devstack@placement-api.service[105565]: DEBUG placement.requestlog [req-51299d95-ce31-4cc6-bf90-fb8d9494a1e5 req-617b5caa-3d30-4732-997b-d46a9785f118 None None] Starting request: 10.222.0.27 "PUT /placement/allocations/de226e9b-e69c-4b51-bb86-611d9f867f60" {{(pid=105565) __call__ /opt/stack/placement/placement/requestlog.py:55}}
Jul 20 08:33:18.608247 n-d-828675-6 devstack@placement-api.service[105564]: DEBUG placement.requestlog [None req-2ca4ea13-9764-4bce-ae57-f0bc8b0a6b49 None None] Starting request: 10.222.0.27 "GET /placement/resource_providers/b8efdf61-99de-4654-85b3-6d9bd755bff0/aggregates" {{(pid=105564) __call__ /opt/stack/placement/placement/requestlog.py:55}}
Jul 20 08:33:18.624957 n-d-828675-6 devstack@placement-api.service[105564]: INFO placement.requestlog [None req-2ca4ea13-9764-4bce-ae57-f0bc8b0a6b49 service placement] 10.222.0.27 "GET /placement/resource_providers/b8efdf61-99de-4654-85b3-6d9bd755bff0/aggregates" status: 404 len: 235 microversion: 1.1
Jul 20 08:33:18.625896 n-d-828675-6 devstack@placement-api.service[105564]: [pid: 105564|app: 0|req: 357/714] 10.222.0.27 () {58 vars in 1362 bytes} [Wed Jul 20 08:33:18 2022] GET /placement/resource_providers/b8efdf61-99de-4654-85b3-6d9bd755bff0/aggregates => generated 235 bytes in 18 msecs (HTTP/1.1 404) 5 headers in 202 bytes (1 switches on core 0)
Jul 20 08:33:18.670787 n-d-828675-6 devstack@placement-api.service[105565]: DEBUG placement.handlers.allocation [req-51299d95-ce31-4cc6-bf90-fb8d9494a1e5 req-617b5caa-3d30-4732-997b-d46a9785f118 service placement] Successfully wrote allocations [, , ] {{(pid=105565) _update_consumers_and_create_allocations /opt/stack/placement/placement/handlers/allocation.py:462}}
Jul 20 08:33:18.674776 n-d-828675-6 devstack@placement-api.service[105564]: DEBUG placement.requestlog [None req-37aef209-3899-4e70-8e29-22588e474f15 None None] Starting request: 10.222.0.27 "DELETE /placement/resource_providers/b8efdf61-99de-4654-85b3-6d9bd755bff0" {{(pid=105564) __call__ /opt/stack/placement/placement/requestlog.py:55}}
Jul 20 08:33:18.686315 n-d-828675-6 devstack@placement-api.service[105565]: INFO placement.requestlog [req-51299d95-ce31-4cc6-bf90-fb8d9494a1e5 req-617b5caa-3d30-4732-997b-d46a9785f118 service placement] 10.222.0.27 "PUT /placement/allocations/de226e9b-e69c-4b51-bb86-611d9f867f60" status: 204 len: 0 microversion: 1.36
Jul 20 08:33:18.702208 n-d-828675-6 devstack@placement-api.service[105565]: [pid: 105565|app: 0|req: 358/715] 10.222.0.27 () {64 vars in 1433 bytes} [Wed Jul 20 08:33:18 2022] PUT /placement/allocations/de226e9b-e69c-4b51-bb86-611d9f867f60 => generated 0 bytes in 184 msecs (HTTP/1.1 204) 5 headers in 199 bytes (1 switches on core 0)
Jul 20 08:33:18.721147 n-d-828675-6 devstack@placement-api.service[105564]: DEBUG placement.wsgi_wrapper [None req-37aef209-3899-4e70-8e29-22588e474f15 service placement] Placement API returning an error response: No resource provider with uuid b8efdf61-99de-4654-85b3-6d9bd755bff0 found for delete {{(pid=105564) call_func /opt/stack/placement/placement/wsgi_wrapper.py:31}}
Jul 20 08:33:18.725784 n-d-828675-6 devstack@placement-api.service[105564]: INFO placement.requestlog [None req-37aef209-3899-4e70-8e29-22588e474f15 service placement] 10.222.0.27 "DELETE /placement/resource_providers/b8efdf61-99de-4654-85b3-6d9bd755bff0" status: 404 len: 246 microversion: 1.1
Jul 20 08:33:18.726803 n-d-828675-6 devstack@placement-api.service[105564]: [pid: 105564|app: 0|req: 358/716] 10.222.0.27 () {60 vars in 1351 bytes} [Wed Jul 20 08:33:18 2022] DELETE /placement/resource_providers/b8efdf61-99de-4654-85b3-6d9bd755bff0 => generated 246 bytes in 53 msecs (HTTP/1.1 404) 6 headers in 231 bytes (2 switches on core 0)
Jul 20 08:33:19.677617 n-d-828675-6 devstack@placement-api.service[105565]: DEBUG placement.requestlog [req-51299d95-ce31-4cc6-bf90-fb8d9494a1e5 req-f0f95ef4-6a6e-4ad8-81a3-408a9c68bc8e None None] Starting request: 10.222.0.75 "GET /placement/allocations/de226e9b-e69c-4b51-bb86-611d9f867f60" {{(pid=105565) __call__ /opt/stack/placement/placement/requestlog.py:55}}
Jul 20 08:33:19.685788 n-d-828675-6 devstack@placement-api.service[105565]: DEBUG dbcounter [-] [105565] Writing DB stats placement:SELECT=75,placement:DELETE=6,placement:INSERT=13,placement:UPDATE=6 {{(pid=105565) stat_writer /usr/local/lib/python3.8/dist-packages/dbcounter.py:114}}
Jul 20 08:33:19.719188 n-d-828675-6 devstack@placement-api.service[105565]: INFO placement.requestlog [req-51299d95-ce31-4cc6-bf90-fb8d9494a1e5 req-f0f95ef4-6a6e-4ad8-81a3-408a9c68bc8e service placement] 10.222.0.75 "GET /placement/allocations/de226e9b-e69c-4b51-bb86-611d9f867f60" status: 200 len: 260 microversion: 1.28
Jul 20 08:33:19.719575 n-d-828675-6 devstack@placement-api.service[105565]: [pid: 105565|app: 0|req: 359/717] 10.222.0.75 () {60 vars in 1377 bytes} [Wed Jul 20 08:33:19 2022] GET /placement/allocations/de226e9b-e69c-4b51-bb86-611d9f867f60 => generated 260 bytes in 42 msecs (HTTP/1.1 200) 8 headers in 296 bytes (1 switches on core 0)
Jul 20 08:33:20.143057 n-d-828675-6 devstack@placement-api.service[105564]: DEBUG placement.requestlog [req-f6affc7f-d2af-48e0-b3a3-0722c6587f27 req-e295d7bd-bff7-4592-9cf4-c2bf0f9fce6b None None] Starting request: 10.222.0.61 "GET /placement/resource_providers/70b01627-a786-4882-a4f5-54927f763833/allocations" {{(pid=105564) __call__ /opt/stack/placement/placement/requestlog.py:55}}
Jul 20 08:33:20.196484 n-d-828675-6 devstack@placement-api.service[105564]: INFO placement.requestlog [req-f6affc7f-d2af-48e0-b3a3-0722c6587f27 req-e295d7bd-bff7-4592-9cf4-c2bf0f9fce6b service placement] 10.222.0.61 "GET /placement/resource_providers/70b01627-a786-4882-a4f5-54927f763833/allocations" status: 200 len: 255 microversion: 1.0
Jul 20 08:33:20.197464 n-d-828675-6 devstack@placement-api.service[105564]: [pid: 105564|app: 0|req: 359/718] 10.222.0.61 () {58 vars in 1390 bytes} [Wed Jul 20 08:33:20 2022] GET /placement/resource_providers/70b01627-a786-4882-a4f5-54927f763833/allocations => generated 255 bytes in 54 msecs (HTTP/1.1 200) 6 headers in 224 bytes (1 switches on core 0)
Jul 20 08:33:22.358160 n-d-828675-6 devstack@placement-api.service[105565]: DEBUG placement.requestlog [req-c93a2f4d-31a0-4598-ab28-1b98616d26ab req-3c7535bf-59ef-48a9-9255-1dec989cde1b None None] Starting request: 10.222.0.75 "GET /placement/resource_providers/e1ffe1c3-c08d-4e7b-8d2a-890fda757f11/allocations" {{(pid=105565) __call__ /opt/stack/placement/placement/requestlog.py:55}}
Jul 20 08:33:22.406934 n-d-828675-6 devstack@placement-api.service[105565]: INFO placement.requestlog [req-c93a2f4d-31a0-4598-ab28-1b98616d26ab req-3c7535bf-59ef-48a9-9255-1dec989cde1b service placement] 10.222.0.75 "GET /placement/resource_providers/e1ffe1c3-c08d-4e7b-8d2a-890fda757f11/allocations" status: 200 len: 861 microversion: 1.0
Jul 20 08:33:22.408386 n-d-828675-6 devstack@placement-api.service[105565]: [pid: 105565|app: 0|req: 360/719] 10.222.0.75 () {58 vars in 1390 bytes} [Wed Jul 20 08:33:22 2022] GET /placement/resource_providers/e1ffe1c3-c08d-4e7b-8d2a-890fda757f11/allocations => generated 861 bytes in 51 msecs (HTTP/1.1 200) 6 headers in 224 bytes (1 switches on core 0)
Jul 20 08:33:30.191113 n-d-828675-6 devstack@placement-api.service[105564]: DEBUG dbcounter [-] [105564] Writing DB stats placement:SELECT=61,placement:DELETE=7,placement:INSERT=4,placement:UPDATE=3 {{(pid=105564) stat_writer /usr/local/lib/python3.8/dist-packages/dbcounter.py:114}}
Jul 20 08:33:32.399937 n-d-828675-6 devstack@placement-api.service[105565]: DEBUG dbcounter [-] [105565] Writing DB stats placement:SELECT=9 {{(pid=105565) stat_writer /usr/local/lib/python3.8/dist-packages/dbcounter.py:114}}
Jul 20 08:33:34.358334 n-d-828675-6 devstack@placement-api.service[105564]: DEBUG placement.requestlog [req-345f0464-4fcd-4df5-aee8-245f9ab821c8 req-a9b3d3ee-a64c-4ed2-87b1-86c93a205248 None None] Starting request: 10.222.0.75 "DELETE /placement/allocations/a0f5ac6c-a6a9-4032-befd-d7d2ac416c26" {{(pid=105564) __call__ /opt/stack/placement/placement/requestlog.py:55}}
Jul 20 08:33:34.457115 n-d-828675-6 devstack@placement-api.service[105564]: DEBUG placement.handlers.allocation [req-345f0464-4fcd-4df5-aee8-245f9ab821c8 req-a9b3d3ee-a64c-4ed2-87b1-86c93a205248 service placement] Successfully deleted allocations [, , ] {{(pid=105564) delete_allocations /opt/stack/placement/placement/handlers/allocation.py:627}}
Jul 20 08:33:34.464156 n-d-828675-6 devstack@placement-api.service[105564]: INFO placement.requestlog [req-345f0464-4fcd-4df5-aee8-245f9ab821c8 req-a9b3d3ee-a64c-4ed2-87b1-86c93a205248 service placement] 10.222.0.75 "DELETE /placement/allocations/a0f5ac6c-a6a9-4032-befd-d7d2ac416c26" status: 204 len: 0 microversion: 1.0
Jul 20 08:33:34.464977 n-d-828675-6 devstack@placement-api.service[105564]: [pid: 105564|app: 0|req: 360/720] 10.222.0.75 () {60 vars in 1355 bytes} [Wed Jul 20 08:33:34 2022] DELETE /placement/allocations/a0f5ac6c-a6a9-4032-befd-d7d2ac416c26 => generated 0 bytes in 107 msecs (HTTP/1.1 204) 5 headers in 198 bytes (1 switches on core 0)
Jul 20 08:33:35.350318 n-d-828675-6 devstack@placement-api.service[105565]: DEBUG placement.requestlog [req-d4a792e3-340a-423f-9ed6-12c43349db33 req-355348de-7643-4c92-8f30-4044c295f34d None None] Starting request: 10.222.0.75 "DELETE /placement/allocations/f020e3b5-5a3d-4dce-b7e5-8e9639783f05" {{(pid=105565) __call__ /opt/stack/placement/placement/requestlog.py:55}}
Jul 20 08:33:35.432603 n-d-828675-6 devstack@placement-api.service[105565]: DEBUG placement.handlers.allocation [req-d4a792e3-340a-423f-9ed6-12c43349db33 req-355348de-7643-4c92-8f30-4044c295f34d service placement] Successfully deleted allocations [, , ] {{(pid=105565) delete_allocations /opt/stack/placement/placement/handlers/allocation.py:627}}
Jul 20 08:33:35.433559 n-d-828675-6 devstack@placement-api.service[105565]: INFO placement.requestlog [req-d4a792e3-340a-423f-9ed6-12c43349db33 req-355348de-7643-4c92-8f30-4044c295f34d service placement] 10.222.0.75 "DELETE /placement/allocations/f020e3b5-5a3d-4dce-b7e5-8e9639783f05" status: 204 len: 0 microversion: 1.0
Jul 20 08:33:35.436749 n-d-828675-6 devstack@placement-api.service[105565]: [pid: 105565|app: 0|req: 361/721] 10.222.0.75 () {60 vars in 1355 bytes} [Wed Jul 20 08:33:35 2022] DELETE /placement/allocations/f020e3b5-5a3d-4dce-b7e5-8e9639783f05 => generated 0 bytes in 86 msecs (HTTP/1.1 204) 5 headers in 198 bytes (1 switches on core 0)
Jul 20 08:33:35.666720 n-d-828675-6 devstack@placement-api.service[105564]: DEBUG placement.requestlog [req-51135b03-e0f9-4d6c-a5b6-8d491fce49ff req-eb73bd24-4e8d-4a09-a49d-543d0b392f0e None None] Starting request: 10.222.0.75 "DELETE /placement/allocations/1875fb36-3a58-4eb6-89d5-daac1d992322" {{(pid=105564) __call__ /opt/stack/placement/placement/requestlog.py:55}}
Jul 20 08:33:35.761752 n-d-828675-6 devstack@placement-api.service[105564]: DEBUG placement.handlers.allocation [req-51135b03-e0f9-4d6c-a5b6-8d491fce49ff req-eb73bd24-4e8d-4a09-a49d-543d0b392f0e service placement] Successfully deleted allocations [, , ] {{(pid=105564) delete_allocations /opt/stack/placement/placement/handlers/allocation.py:627}}
Jul 20 08:33:35.762249 n-d-828675-6 devstack@placement-api.service[105564]: INFO placement.requestlog [req-51135b03-e0f9-4d6c-a5b6-8d491fce49ff req-eb73bd24-4e8d-4a09-a49d-543d0b392f0e service placement] 10.222.0.75 "DELETE /placement/allocations/1875fb36-3a58-4eb6-89d5-daac1d992322" status: 204 len: 0 microversion: 1.0
Jul 20 08:33:35.764626 n-d-828675-6 devstack@placement-api.service[105564]: [pid: 105564|app: 0|req: 361/722] 10.222.0.75 () {60 vars in 1355 bytes} [Wed Jul 20 08:33:35 2022] DELETE /placement/allocations/1875fb36-3a58-4eb6-89d5-daac1d992322 => generated 0 bytes in 97 msecs (HTTP/1.1 204) 5 headers in 198 bytes (1 switches on core 0)
Jul 20 08:33:45.413641 n-d-828675-6 devstack@placement-api.service[105565]: DEBUG dbcounter [-] [105565] Writing DB stats placement:SELECT=7,placement:DELETE=2 {{(pid=105565) stat_writer /usr/local/lib/python3.8/dist-packages/dbcounter.py:114}}
Jul 20 08:33:45.756828 n-d-828675-6 devstack@placement-api.service[105564]: DEBUG dbcounter [-] [105564] Writing DB stats placement:SELECT=14,placement:DELETE=4 {{(pid=105564) stat_writer /usr/local/lib/python3.8/dist-packages/dbcounter.py:114}}
Jul 20 08:33:49.324773 n-d-828675-6 devstack@placement-api.service[105565]: DEBUG placement.requestlog [None req-2668889f-6490-452e-929e-bb35a036fd44 None None] Starting request: 10.222.0.27 "GET /placement/resource_providers/5ae75ca7-a1f7-412d-92d6-58308551ddc4/aggregates" {{(pid=105565) __call__ /opt/stack/placement/placement/requestlog.py:55}}
Jul 20 08:33:49.344139 n-d-828675-6 devstack@placement-api.service[105565]: INFO placement.requestlog [None req-2668889f-6490-452e-929e-bb35a036fd44 service placement] 10.222.0.27 "GET /placement/resource_providers/5ae75ca7-a1f7-412d-92d6-58308551ddc4/aggregates" status: 404 len: 235 microversion: 1.1
Jul 20 08:33:49.344784 n-d-828675-6 devstack@placement-api.service[105565]: [pid: 105565|app: 0|req: 362/723] 10.222.0.27 () {58 vars in 1362 bytes} [Wed Jul 20 08:33:49 2022] GET /placement/resource_providers/5ae75ca7-a1f7-412d-92d6-58308551ddc4/aggregates => generated 235 bytes in 21 msecs (HTTP/1.1 404) 5 headers in 202 bytes (2 switches on core 0)
Jul 20 08:33:49.382370 n-d-828675-6 devstack@placement-api.service[105564]: DEBUG placement.requestlog [None req-83db5cd1-82d4-4bc2-8f02-3a5fd0f9c182 None None] Starting request: 10.222.0.27 "DELETE /placement/resource_providers/5ae75ca7-a1f7-412d-92d6-58308551ddc4" {{(pid=105564) __call__ /opt/stack/placement/placement/requestlog.py:55}}
Jul 20 08:33:49.402892 n-d-828675-6 devstack@placement-api.service[105564]: DEBUG placement.wsgi_wrapper [None req-83db5cd1-82d4-4bc2-8f02-3a5fd0f9c182 service placement] Placement API returning an error response: No resource provider with uuid 5ae75ca7-a1f7-412d-92d6-58308551ddc4 found for delete {{(pid=105564) call_func /opt/stack/placement/placement/wsgi_wrapper.py:31}}
Jul 20 08:33:49.404082 n-d-828675-6 devstack@placement-api.service[105564]: INFO placement.requestlog [None req-83db5cd1-82d4-4bc2-8f02-3a5fd0f9c182 service placement] 10.222.0.27 "DELETE /placement/resource_providers/5ae75ca7-a1f7-412d-92d6-58308551ddc4" status: 404 len: 246 microversion: 1.1
Jul 20 08:33:49.404817 n-d-828675-6 devstack@placement-api.service[105564]: [pid: 105564|app: 0|req: 362/724] 10.222.0.27 () {60 vars in 1351 bytes} [Wed Jul 20 08:33:49 2022] DELETE /placement/resource_providers/5ae75ca7-a1f7-412d-92d6-58308551ddc4 => generated 246 bytes in 23 msecs (HTTP/1.1 404) 6 headers in 231 bytes (1 switches on core 0)
Jul 20 08:33:49.487335 n-d-828675-6 devstack@placement-api.service[105565]: DEBUG placement.requestlog [req-80bd4691-69f2-4edd-90fc-ca24bb901564 req-3a0c8303-1f9c-4d89-acde-4b69294c0ceb None None] Starting request: 10.222.0.75 "DELETE /placement/allocations/e1d268c4-7dee-41d5-a97b-8fab48e04b9a" {{(pid=105565) __call__ /opt/stack/placement/placement/requestlog.py:55}}
Jul 20 08:33:49.539062 n-d-828675-6 devstack@placement-api.service[105565]: DEBUG placement.handlers.allocation [req-80bd4691-69f2-4edd-90fc-ca24bb901564 req-3a0c8303-1f9c-4d89-acde-4b69294c0ceb service placement] Successfully deleted allocations [, , ] {{(pid=105565) delete_allocations /opt/stack/placement/placement/handlers/allocation.py:627}}
Jul 20 08:33:49.541372 n-d-828675-6 devstack@placement-api.service[105565]: INFO placement.requestlog [req-80bd4691-69f2-4edd-90fc-ca24bb901564 req-3a0c8303-1f9c-4d89-acde-4b69294c0ceb service placement] 10.222.0.75 "DELETE /placement/allocations/e1d268c4-7dee-41d5-a97b-8fab48e04b9a" status: 204 len: 0 microversion: 1.0
Jul 20 08:33:49.542988 n-d-828675-6 devstack@placement-api.service[105565]: [pid: 105565|app: 0|req: 363/725] 10.222.0.75 () {60 vars in 1355 bytes} [Wed Jul 20 08:33:49 2022] DELETE /placement/allocations/e1d268c4-7dee-41d5-a97b-8fab48e04b9a => generated 0 bytes in 56 msecs (HTTP/1.1 204) 5 headers in 198 bytes (1 switches on core 0)
Jul 20 08:33:50.316275 n-d-828675-6 devstack@placement-api.service[105564]: DEBUG placement.requestlog [None req-c0a8b1e6-3726-4a03-b3c2-90bc537d0179 None None] Starting request: 10.222.0.27 "GET /placement/resource_providers/06ea253f-ad53-4ee1-9b44-f33f132fa2b7/aggregates" {{(pid=105564) __call__ /opt/stack/placement/placement/requestlog.py:55}}
Jul 20 08:33:50.354386 n-d-828675-6 devstack@placement-api.service[105564]: INFO placement.requestlog [None req-c0a8b1e6-3726-4a03-b3c2-90bc537d0179 service placement] 10.222.0.27 "GET /placement/resource_providers/06ea253f-ad53-4ee1-9b44-f33f132fa2b7/aggregates" status: 404 len: 235 microversion: 1.1
Jul 20 08:33:50.357058 n-d-828675-6 devstack@placement-api.service[105564]: [pid: 105564|app: 0|req: 363/726] 10.222.0.27 () {58 vars in 1362 bytes} [Wed Jul 20 08:33:50 2022] GET /placement/resource_providers/06ea253f-ad53-4ee1-9b44-f33f132fa2b7/aggregates => generated 235 bytes in 41 msecs (HTTP/1.1 404) 5 headers in 202 bytes (1 switches on core 0)
Jul 20 08:33:50.376381 n-d-828675-6 devstack@placement-api.service[105565]: DEBUG placement.requestlog [None req-b29cef2e-4ef6-4703-ad26-4813af5bc872 None None] Starting request: 10.222.0.27 "DELETE /placement/resource_providers/06ea253f-ad53-4ee1-9b44-f33f132fa2b7" {{(pid=105565) __call__ /opt/stack/placement/placement/requestlog.py:55}}
Jul 20 08:33:50.395751 n-d-828675-6 devstack@placement-api.service[105565]: DEBUG placement.wsgi_wrapper [None req-b29cef2e-4ef6-4703-ad26-4813af5bc872 service placement] Placement API returning an error response: No resource provider with uuid 06ea253f-ad53-4ee1-9b44-f33f132fa2b7 found for delete {{(pid=105565) call_func /opt/stack/placement/placement/wsgi_wrapper.py:31}}
Jul 20 08:33:50.397679 n-d-828675-6 devstack@placement-api.service[105565]: INFO placement.requestlog [None req-b29cef2e-4ef6-4703-ad26-4813af5bc872 service placement] 10.222.0.27 "DELETE /placement/resource_providers/06ea253f-ad53-4ee1-9b44-f33f132fa2b7" status: 404 len: 246 microversion: 1.1
Jul 20 08:33:50.398399 n-d-828675-6 devstack@placement-api.service[105565]: [pid: 105565|app: 0|req: 364/727] 10.222.0.27 () {60 vars in 1351 bytes} [Wed Jul 20 08:33:50 2022] DELETE /placement/resource_providers/06ea253f-ad53-4ee1-9b44-f33f132fa2b7 => generated 246 bytes in 22 msecs (HTTP/1.1 404) 6 headers in 231 bytes (1 switches on core 0)
Jul 20 08:33:54.619475 n-d-828675-6 devstack@placement-api.service[105564]: DEBUG placement.requestlog [req-e3758353-d64e-4443-85bf-79782bb30032 req-e8962693-c8cc-4640-acfc-b8a3156589cc None None] Starting request: 10.222.0.27 "GET /placement/allocation_candidates?limit=1000&resources=DISK_GB%3A1%2CMEMORY_MB%3A1024%2CVCPU%3A1&root_required=%21COMPUTE_STATUS_DISABLED" {{(pid=105564) __call__ /opt/stack/placement/placement/requestlog.py:55}}
Jul 20 08:33:54.753127 n-d-828675-6 devstack@placement-api.service[105564]: DEBUG placement.objects.research_context [req-e3758353-d64e-4443-85bf-79782bb30032 req-e8962693-c8cc-4640-acfc-b8a3156589cc service placement] getting providers with 1 DISK_GB {{(pid=105564) __init__ /opt/stack/placement/placement/objects/research_context.py:136}}
Jul 20 08:33:54.789005 n-d-828675-6 devstack@placement-api.service[105564]: DEBUG placement.objects.research_context [req-e3758353-d64e-4443-85bf-79782bb30032 req-e8962693-c8cc-4640-acfc-b8a3156589cc service placement] getting providers with 1024 MEMORY_MB {{(pid=105564) __init__ /opt/stack/placement/placement/objects/research_context.py:136}}
Jul 20 08:33:54.822322 n-d-828675-6 devstack@placement-api.service[105564]: DEBUG placement.objects.research_context [req-e3758353-d64e-4443-85bf-79782bb30032 req-e8962693-c8cc-4640-acfc-b8a3156589cc service placement] getting providers with 1 VCPU {{(pid=105564) __init__ /opt/stack/placement/placement/objects/research_context.py:136}}
Jul 20 08:33:54.858817 n-d-828675-6 devstack@placement-api.service[105564]: DEBUG placement.objects.research_context [req-e3758353-d64e-4443-85bf-79782bb30032 req-e8962693-c8cc-4640-acfc-b8a3156589cc service placement] found 2 providers with available 1 DISK_GB {{(pid=105564) get_provider_ids_matching /opt/stack/placement/placement/objects/research_context.py:563}}
Jul 20 08:33:54.859469 n-d-828675-6 devstack@placement-api.service[105564]: DEBUG placement.objects.research_context [req-e3758353-d64e-4443-85bf-79782bb30032 req-e8962693-c8cc-4640-acfc-b8a3156589cc service placement] found 2 providers with available 1024 MEMORY_MB {{(pid=105564) get_provider_ids_matching /opt/stack/placement/placement/objects/research_context.py:563}}
Jul 20 08:33:54.859962 n-d-828675-6 devstack@placement-api.service[105564]: DEBUG placement.objects.research_context [req-e3758353-d64e-4443-85bf-79782bb30032 req-e8962693-c8cc-4640-acfc-b8a3156589cc service placement] found 2 providers after filtering by previous result {{(pid=105564) get_provider_ids_matching /opt/stack/placement/placement/objects/research_context.py:594}}
Jul 20 08:33:54.860461 n-d-828675-6 devstack@placement-api.service[105564]: DEBUG placement.objects.research_context [req-e3758353-d64e-4443-85bf-79782bb30032 req-e8962693-c8cc-4640-acfc-b8a3156589cc service placement] found 2 providers with available 1 VCPU {{(pid=105564) get_provider_ids_matching /opt/stack/placement/placement/objects/research_context.py:563}}
Jul 20 08:33:54.860947 n-d-828675-6 devstack@placement-api.service[105564]: DEBUG placement.objects.research_context [req-e3758353-d64e-4443-85bf-79782bb30032 req-e8962693-c8cc-4640-acfc-b8a3156589cc service placement] found 2 providers after filtering by previous result {{(pid=105564) get_provider_ids_matching /opt/stack/placement/placement/objects/research_context.py:594}}
Jul 20 08:33:54.900980 n-d-828675-6 devstack@placement-api.service[105564]: DEBUG placement.objects.allocation_candidate [req-e3758353-d64e-4443-85bf-79782bb30032 req-e8962693-c8cc-4640-acfc-b8a3156589cc service placement] RequestGroup(use_same_provider=False, resources={DISK_GB:1, MEMORY_MB:1024, VCPU:1}, traits=(), aggregates=[]) (suffix '') returned 2 matches {{(pid=105564) _get_by_requests /opt/stack/placement/placement/objects/allocation_candidate.py:156}}
Jul 20 08:33:54.903964 n-d-828675-6 devstack@placement-api.service[105564]: DEBUG placement.objects.allocation_candidate [req-e3758353-d64e-4443-85bf-79782bb30032 req-e8962693-c8cc-4640-acfc-b8a3156589cc service placement] Merging candidates yields 2 allocation requests and 2 provider summaries {{(pid=105564) _merge_candidates /opt/stack/placement/placement/objects/allocation_candidate.py:809}}
Jul 20 08:33:54.908264 n-d-828675-6 devstack@placement-api.service[105564]: INFO placement.requestlog [req-e3758353-d64e-4443-85bf-79782bb30032 req-e8962693-c8cc-4640-acfc-b8a3156589cc service placement] 10.222.0.27 "GET /placement/allocation_candidates?limit=1000&resources=DISK_GB%3A1%2CMEMORY_MB%3A1024%2CVCPU%3A1&root_required=%21COMPUTE_STATUS_DISABLED" status: 200 len: 1309 microversion: 1.36
Jul 20 08:33:54.911456 n-d-828675-6 devstack@placement-api.service[105564]: [pid: 105564|app: 0|req: 364/728] 10.222.0.27 () {60 vars in 1506 bytes} [Wed Jul 20 08:33:54 2022] GET /placement/allocation_candidates?limit=1000&resources=DISK_GB%3A1%2CMEMORY_MB%3A1024%2CVCPU%3A1&root_required=%21COMPUTE_STATUS_DISABLED => generated 1309 bytes in 293 msecs (HTTP/1.1 200) 8 headers in 297 bytes (1 switches on core 0)
Jul 20 08:33:55.216591 n-d-828675-6 devstack@placement-api.service[105565]: DEBUG placement.requestlog [req-e3758353-d64e-4443-85bf-79782bb30032 req-31d68db8-12f2-4023-bb86-d4d2970f9c39 None None] Starting request: 10.222.0.27 "GET /placement/allocations/f8594ae9-aa46-4e45-8734-f259883bf8db" {{(pid=105565) __call__ /opt/stack/placement/placement/requestlog.py:55}}
Jul 20 08:33:55.237422 n-d-828675-6 devstack@placement-api.service[105565]: INFO placement.requestlog [req-e3758353-d64e-4443-85bf-79782bb30032 req-31d68db8-12f2-4023-bb86-d4d2970f9c39 service placement] 10.222.0.27 "GET /placement/allocations/f8594ae9-aa46-4e45-8734-f259883bf8db" status: 200 len: 19 microversion: 1.28
Jul 20 08:33:55.240127 n-d-828675-6 devstack@placement-api.service[105565]: [pid: 105565|app: 0|req: 365/729] 10.222.0.27 () {60 vars in 1380 bytes} [Wed Jul 20 08:33:55 2022] GET /placement/allocations/f8594ae9-aa46-4e45-8734-f259883bf8db => generated 19 bytes in 24 msecs (HTTP/1.1 200) 8 headers in 295 bytes (1 switches on core 0)
Jul 20 08:33:55.248582 n-d-828675-6 devstack@placement-api.service[105564]: DEBUG placement.requestlog [req-e3758353-d64e-4443-85bf-79782bb30032 req-a7d8ce07-6f62-4106-bf7a-9be21dc16203 None None] Starting request: 10.222.0.27 "PUT /placement/allocations/f8594ae9-aa46-4e45-8734-f259883bf8db" {{(pid=105564) __call__ /opt/stack/placement/placement/requestlog.py:55}}
Jul 20 08:33:55.455331 n-d-828675-6 devstack@placement-api.service[105564]: DEBUG placement.handlers.allocation [req-e3758353-d64e-4443-85bf-79782bb30032 req-a7d8ce07-6f62-4106-bf7a-9be21dc16203 service placement] Successfully wrote allocations [, , ] {{(pid=105564) _update_consumers_and_create_allocations /opt/stack/placement/placement/handlers/allocation.py:462}}
Jul 20 08:33:55.465970 n-d-828675-6 devstack@placement-api.service[105564]: INFO placement.requestlog [req-e3758353-d64e-4443-85bf-79782bb30032 req-a7d8ce07-6f62-4106-bf7a-9be21dc16203 service placement] 10.222.0.27 "PUT /placement/allocations/f8594ae9-aa46-4e45-8734-f259883bf8db" status: 204 len: 0 microversion: 1.36
Jul 20 08:33:55.466926 n-d-828675-6 devstack@placement-api.service[105564]: [pid: 105564|app: 0|req: 365/730] 10.222.0.27 () {64 vars in 1433 bytes} [Wed Jul 20 08:33:55 2022] PUT /placement/allocations/f8594ae9-aa46-4e45-8734-f259883bf8db => generated 0 bytes in 218 msecs (HTTP/1.1 204) 5 headers in 199 bytes (1 switches on core 0)
Jul 20 08:33:55.998155 n-d-828675-6 devstack@placement-api.service[105565]: DEBUG placement.requestlog [req-2f3fd383-5ccc-4cf1-8be5-d5e1323698c4 req-95ceb3b8-10c6-4596-9b78-c713bc8aec73 None None] Starting request: 10.222.0.27 "GET /placement/allocation_candidates?limit=1000&resources=DISK_GB%3A1%2CMEMORY_MB%3A1024%2CVCPU%3A1&root_required=%21COMPUTE_STATUS_DISABLED" {{(pid=105565) __call__ /opt/stack/placement/placement/requestlog.py:55}}
Jul 20 08:33:56.072361 n-d-828675-6 devstack@placement-api.service[105565]: DEBUG placement.objects.research_context [req-2f3fd383-5ccc-4cf1-8be5-d5e1323698c4 req-95ceb3b8-10c6-4596-9b78-c713bc8aec73 service placement] getting providers with 1 DISK_GB {{(pid=105565) __init__ /opt/stack/placement/placement/objects/research_context.py:136}}
Jul 20 08:33:56.098855 n-d-828675-6 devstack@placement-api.service[105565]: DEBUG placement.objects.research_context [req-2f3fd383-5ccc-4cf1-8be5-d5e1323698c4 req-95ceb3b8-10c6-4596-9b78-c713bc8aec73 service placement] getting providers with 1024 MEMORY_MB {{(pid=105565) __init__ /opt/stack/placement/placement/objects/research_context.py:136}}
Jul 20 08:33:56.112837 n-d-828675-6 devstack@placement-api.service[105565]: DEBUG placement.objects.research_context [req-2f3fd383-5ccc-4cf1-8be5-d5e1323698c4 req-95ceb3b8-10c6-4596-9b78-c713bc8aec73 service placement] getting providers with 1 VCPU {{(pid=105565) __init__ /opt/stack/placement/placement/objects/research_context.py:136}}
Jul 20 08:33:56.132583 n-d-828675-6 devstack@placement-api.service[105565]: DEBUG placement.objects.research_context [req-2f3fd383-5ccc-4cf1-8be5-d5e1323698c4 req-95ceb3b8-10c6-4596-9b78-c713bc8aec73 service placement] found 2 providers with available 1 DISK_GB {{(pid=105565) get_provider_ids_matching /opt/stack/placement/placement/objects/research_context.py:563}}
Jul 20 08:33:56.134814 n-d-828675-6 devstack@placement-api.service[105565]: DEBUG placement.objects.research_context [req-2f3fd383-5ccc-4cf1-8be5-d5e1323698c4 req-95ceb3b8-10c6-4596-9b78-c713bc8aec73 service placement] found 2 providers with available 1024 MEMORY_MB {{(pid=105565) get_provider_ids_matching /opt/stack/placement/placement/objects/research_context.py:563}}
Jul 20 08:33:56.136544 n-d-828675-6 devstack@placement-api.service[105564]: DEBUG placement.requestlog [req-e3758353-d64e-4443-85bf-79782bb30032 req-039dc042-fd60-47e1-b111-93447aa9171b None None] Starting request: 10.222.0.75 "GET /placement/allocations/f8594ae9-aa46-4e45-8734-f259883bf8db" {{(pid=105564) __call__ /opt/stack/placement/placement/requestlog.py:55}}
Jul 20 08:33:56.137691 n-d-828675-6 devstack@placement-api.service[105565]: DEBUG placement.objects.research_context [req-2f3fd383-5ccc-4cf1-8be5-d5e1323698c4 req-95ceb3b8-10c6-4596-9b78-c713bc8aec73 service placement] found 2 providers after filtering by previous result {{(pid=105565) get_provider_ids_matching /opt/stack/placement/placement/objects/research_context.py:594}}
Jul 20 08:33:56.138204 n-d-828675-6 devstack@placement-api.service[105565]: DEBUG placement.objects.research_context [req-2f3fd383-5ccc-4cf1-8be5-d5e1323698c4 req-95ceb3b8-10c6-4596-9b78-c713bc8aec73 service placement] found 2 providers with available 1 VCPU {{(pid=105565) get_provider_ids_matching /opt/stack/placement/placement/objects/research_context.py:563}}
Jul 20 08:33:56.138572 n-d-828675-6 devstack@placement-api.service[105565]: DEBUG placement.objects.research_context [req-2f3fd383-5ccc-4cf1-8be5-d5e1323698c4 req-95ceb3b8-10c6-4596-9b78-c713bc8aec73 service placement] found 2 providers after filtering by previous result {{(pid=105565) get_provider_ids_matching /opt/stack/placement/placement/objects/research_context.py:594}}
Jul 20 08:33:56.165495 n-d-828675-6 devstack@placement-api.service[105564]: INFO placement.requestlog [req-e3758353-d64e-4443-85bf-79782bb30032 req-039dc042-fd60-47e1-b111-93447aa9171b service placement] 10.222.0.75 "GET /placement/allocations/f8594ae9-aa46-4e45-8734-f259883bf8db" status: 200 len: 260 microversion: 1.28
Jul 20 08:33:56.165914 n-d-828675-6 devstack@placement-api.service[105564]: [pid: 105564|app: 0|req: 366/731] 10.222.0.75 () {60 vars in 1377 bytes} [Wed Jul 20 08:33:56 2022] GET /placement/allocations/f8594ae9-aa46-4e45-8734-f259883bf8db => generated 260 bytes in 30 msecs (HTTP/1.1 200) 8 headers in 296 bytes (2 switches on core 0)
Jul 20 08:33:56.173778 n-d-828675-6 devstack@placement-api.service[105565]: DEBUG placement.objects.allocation_candidate [req-2f3fd383-5ccc-4cf1-8be5-d5e1323698c4 req-95ceb3b8-10c6-4596-9b78-c713bc8aec73 service placement] RequestGroup(use_same_provider=False, resources={DISK_GB:1, MEMORY_MB:1024, VCPU:1}, traits=(), aggregates=[]) (suffix '') returned 2 matches {{(pid=105565) _get_by_requests /opt/stack/placement/placement/objects/allocation_candidate.py:156}}
Jul 20 08:33:56.174330 n-d-828675-6 devstack@placement-api.service[105565]: DEBUG placement.objects.allocation_candidate [req-2f3fd383-5ccc-4cf1-8be5-d5e1323698c4 req-95ceb3b8-10c6-4596-9b78-c713bc8aec73 service placement] Merging candidates yields 2 allocation requests and 2 provider summaries {{(pid=105565) _merge_candidates /opt/stack/placement/placement/objects/allocation_candidate.py:809}}
Jul 20 08:33:56.176200 n-d-828675-6 devstack@placement-api.service[105565]: INFO placement.requestlog [req-2f3fd383-5ccc-4cf1-8be5-d5e1323698c4 req-95ceb3b8-10c6-4596-9b78-c713bc8aec73 service placement] 10.222.0.27 "GET /placement/allocation_candidates?limit=1000&resources=DISK_GB%3A1%2CMEMORY_MB%3A1024%2CVCPU%3A1&root_required=%21COMPUTE_STATUS_DISABLED" status: 200 len: 1309 microversion: 1.36
Jul 20 08:33:56.178374 n-d-828675-6 devstack@placement-api.service[105565]: [pid: 105565|app: 0|req: 366/732] 10.222.0.27 () {60 vars in 1506 bytes} [Wed Jul 20 08:33:55 2022] GET /placement/allocation_candidates?limit=1000&resources=DISK_GB%3A1%2CMEMORY_MB%3A1024%2CVCPU%3A1&root_required=%21COMPUTE_STATUS_DISABLED => generated 1309 bytes in 180 msecs (HTTP/1.1 200) 8 headers in 297 bytes (1 switches on core 0)
Jul 20 08:33:56.318682 n-d-828675-6 devstack@placement-api.service[105564]: DEBUG placement.requestlog [req-2f3fd383-5ccc-4cf1-8be5-d5e1323698c4 req-6f8ed75c-a71f-4dc5-962f-ec36a9d31141 None None] Starting request: 10.222.0.27 "GET /placement/allocations/e1d268c4-7dee-41d5-a97b-8fab48e04b9a" {{(pid=105564) __call__ /opt/stack/placement/placement/requestlog.py:55}}
Jul 20 08:33:56.354213 n-d-828675-6 devstack@placement-api.service[105564]: INFO placement.requestlog [req-2f3fd383-5ccc-4cf1-8be5-d5e1323698c4 req-6f8ed75c-a71f-4dc5-962f-ec36a9d31141 service placement] 10.222.0.27 "GET /placement/allocations/e1d268c4-7dee-41d5-a97b-8fab48e04b9a" status: 200 len: 19 microversion: 1.28
Jul 20 08:33:56.355656 n-d-828675-6 devstack@placement-api.service[105564]: [pid: 105564|app: 0|req: 367/733] 10.222.0.27 () {60 vars in 1380 bytes} [Wed Jul 20 08:33:56 2022] GET /placement/allocations/e1d268c4-7dee-41d5-a97b-8fab48e04b9a => generated 19 bytes in 37 msecs (HTTP/1.1 200) 8 headers in 295 bytes (1 switches on core 0)
Jul 20 08:33:56.364044 n-d-828675-6 devstack@placement-api.service[105565]: DEBUG placement.requestlog [req-2f3fd383-5ccc-4cf1-8be5-d5e1323698c4 req-4c1a3a1b-2f63-4b07-9e98-af333e656ec8 None None] Starting request: 10.222.0.27 "PUT /placement/allocations/e1d268c4-7dee-41d5-a97b-8fab48e04b9a" {{(pid=105565) __call__ /opt/stack/placement/placement/requestlog.py:55}}
Jul 20 08:33:56.482390 n-d-828675-6 devstack@placement-api.service[105565]: DEBUG placement.handlers.allocation [req-2f3fd383-5ccc-4cf1-8be5-d5e1323698c4 req-4c1a3a1b-2f63-4b07-9e98-af333e656ec8 service placement] Successfully wrote allocations [, , ] {{(pid=105565) _update_consumers_and_create_allocations /opt/stack/placement/placement/handlers/allocation.py:462}}
Jul 20 08:33:56.488318 n-d-828675-6 devstack@placement-api.service[105565]: INFO placement.requestlog [req-2f3fd383-5ccc-4cf1-8be5-d5e1323698c4 req-4c1a3a1b-2f63-4b07-9e98-af333e656ec8 service placement] 10.222.0.27 "PUT /placement/allocations/e1d268c4-7dee-41d5-a97b-8fab48e04b9a" status: 204 len: 0 microversion: 1.36
Jul 20 08:33:56.488881 n-d-828675-6 devstack@placement-api.service[105565]: [pid: 105565|app: 0|req: 367/734] 10.222.0.27 () {64 vars in 1433 bytes} [Wed Jul 20 08:33:56 2022] PUT /placement/allocations/e1d268c4-7dee-41d5-a97b-8fab48e04b9a => generated 0 bytes in 126 msecs (HTTP/1.1 204) 5 headers in 199 bytes (1 switches on core 0)
Jul 20 08:33:58.713635 n-d-828675-6 devstack@placement-api.service[105564]: DEBUG placement.requestlog [req-ebea04ef-f933-4d10-9492-60299708b503 req-950ae83f-e4ae-49b0-9123-1c130f7c736c None None] Starting request: 10.222.0.61 "GET /placement/allocations/de46d6cd-1b62-4635-ac59-09caf2aaa1a7" {{(pid=105564) __call__ /opt/stack/placement/placement/requestlog.py:55}}
Jul 20 08:33:58.740275 n-d-828675-6 devstack@placement-api.service[105564]: INFO placement.requestlog [req-ebea04ef-f933-4d10-9492-60299708b503 req-950ae83f-e4ae-49b0-9123-1c130f7c736c service placement] 10.222.0.61 "GET /placement/allocations/de46d6cd-1b62-4635-ac59-09caf2aaa1a7" status: 200 len: 259 microversion: 1.28
Jul 20 08:33:58.742330 n-d-828675-6 devstack@placement-api.service[105564]: [pid: 105564|app: 0|req: 368/735] 10.222.0.61 () {60 vars in 1377 bytes} [Wed Jul 20 08:33:58 2022] GET /placement/allocations/de46d6cd-1b62-4635-ac59-09caf2aaa1a7 => generated 259 bytes in 29 msecs (HTTP/1.1 200) 8 headers in 296 bytes (1 switches on core 0)
Jul 20 08:34:03.625188 n-d-828675-6 devstack@placement-api.service[105565]: DEBUG placement.requestlog [req-956df3d1-85aa-4281-9d9e-1fd71cda5fa4 req-86de6c09-fc07-4e57-881e-300a148b400c None None] Starting request: 10.222.0.27 "GET /placement/allocation_candidates?limit=1000&resources=DISK_GB%3A1%2CMEMORY_MB%3A1024%2CVCPU%3A1&root_required=%21COMPUTE_STATUS_DISABLED" {{(pid=105565) __call__ /opt/stack/placement/placement/requestlog.py:55}}
Jul 20 08:34:03.741883 n-d-828675-6 devstack@placement-api.service[105565]: DEBUG placement.objects.research_context [req-956df3d1-85aa-4281-9d9e-1fd71cda5fa4 req-86de6c09-fc07-4e57-881e-300a148b400c service placement] getting providers with 1 DISK_GB {{(pid=105565) __init__ /opt/stack/placement/placement/objects/research_context.py:136}}
Jul 20 08:34:03.772066 n-d-828675-6 devstack@placement-api.service[105565]: DEBUG placement.objects.research_context [req-956df3d1-85aa-4281-9d9e-1fd71cda5fa4 req-86de6c09-fc07-4e57-881e-300a148b400c service placement] getting providers with 1024 MEMORY_MB {{(pid=105565) __init__ /opt/stack/placement/placement/objects/research_context.py:136}}
Jul 20 08:34:03.802239 n-d-828675-6 devstack@placement-api.service[105565]: DEBUG placement.objects.research_context [req-956df3d1-85aa-4281-9d9e-1fd71cda5fa4 req-86de6c09-fc07-4e57-881e-300a148b400c service placement] getting providers with 1 VCPU {{(pid=105565) __init__ /opt/stack/placement/placement/objects/research_context.py:136}}
Jul 20 08:34:03.831017 n-d-828675-6 devstack@placement-api.service[105565]: DEBUG placement.objects.research_context [req-956df3d1-85aa-4281-9d9e-1fd71cda5fa4 req-86de6c09-fc07-4e57-881e-300a148b400c service placement] found 2 providers with available 1 DISK_GB {{(pid=105565) get_provider_ids_matching /opt/stack/placement/placement/objects/research_context.py:563}}
Jul 20 08:34:03.835803 n-d-828675-6 devstack@placement-api.service[105565]: DEBUG placement.objects.research_context [req-956df3d1-85aa-4281-9d9e-1fd71cda5fa4 req-86de6c09-fc07-4e57-881e-300a148b400c service placement] found 2 providers with available 1024 MEMORY_MB {{(pid=105565) get_provider_ids_matching /opt/stack/placement/placement/objects/research_context.py:563}}
Jul 20 08:34:03.836106 n-d-828675-6 devstack@placement-api.service[105565]: DEBUG placement.objects.research_context [req-956df3d1-85aa-4281-9d9e-1fd71cda5fa4 req-86de6c09-fc07-4e57-881e-300a148b400c service placement] found 2 providers after filtering by previous result {{(pid=105565) get_provider_ids_matching /opt/stack/placement/placement/objects/research_context.py:594}}
Jul 20 08:34:03.836382 n-d-828675-6 devstack@placement-api.service[105565]: DEBUG placement.objects.research_context [req-956df3d1-85aa-4281-9d9e-1fd71cda5fa4 req-86de6c09-fc07-4e57-881e-300a148b400c service placement] found 2 providers with available 1 VCPU {{(pid=105565) get_provider_ids_matching /opt/stack/placement/placement/objects/research_context.py:563}}
Jul 20 08:34:03.836653 n-d-828675-6 devstack@placement-api.service[105565]: DEBUG placement.objects.research_context [req-956df3d1-85aa-4281-9d9e-1fd71cda5fa4 req-86de6c09-fc07-4e57-881e-300a148b400c service placement] found 2 providers after filtering by previous result {{(pid=105565) get_provider_ids_matching /opt/stack/placement/placement/objects/research_context.py:594}}
Jul 20 08:34:03.888587 n-d-828675-6 devstack@placement-api.service[105565]: DEBUG placement.objects.allocation_candidate [req-956df3d1-85aa-4281-9d9e-1fd71cda5fa4 req-86de6c09-fc07-4e57-881e-300a148b400c service placement] RequestGroup(use_same_provider=False, resources={DISK_GB:1, MEMORY_MB:1024, VCPU:1}, traits=(), aggregates=[]) (suffix '') returned 2 matches {{(pid=105565) _get_by_requests /opt/stack/placement/placement/objects/allocation_candidate.py:156}}
Jul 20 08:34:03.888870 n-d-828675-6 devstack@placement-api.service[105565]: DEBUG placement.objects.allocation_candidate [req-956df3d1-85aa-4281-9d9e-1fd71cda5fa4 req-86de6c09-fc07-4e57-881e-300a148b400c service placement] Merging candidates yields 2 allocation requests and 2 provider summaries {{(pid=105565) _merge_candidates /opt/stack/placement/placement/objects/allocation_candidate.py:809}}
Jul 20 08:34:03.890582 n-d-828675-6 devstack@placement-api.service[105565]: INFO placement.requestlog [req-956df3d1-85aa-4281-9d9e-1fd71cda5fa4 req-86de6c09-fc07-4e57-881e-300a148b400c service placement] 10.222.0.27 "GET /placement/allocation_candidates?limit=1000&resources=DISK_GB%3A1%2CMEMORY_MB%3A1024%2CVCPU%3A1&root_required=%21COMPUTE_STATUS_DISABLED" status: 200 len: 1309 microversion: 1.36
Jul 20 08:34:03.891322 n-d-828675-6 devstack@placement-api.service[105565]: [pid: 105565|app: 0|req: 368/736] 10.222.0.27 () {60 vars in 1506 bytes} [Wed Jul 20 08:34:03 2022] GET /placement/allocation_candidates?limit=1000&resources=DISK_GB%3A1%2CMEMORY_MB%3A1024%2CVCPU%3A1&root_required=%21COMPUTE_STATUS_DISABLED => generated 1309 bytes in 266 msecs (HTTP/1.1 200) 8 headers in 297 bytes (1 switches on core 0)
Jul 20 08:34:04.154757 n-d-828675-6 devstack@placement-api.service[105564]: DEBUG placement.requestlog [req-956df3d1-85aa-4281-9d9e-1fd71cda5fa4 req-a298710c-ec01-44b8-8f0f-89825538d4dd None None] Starting request: 10.222.0.27 "GET /placement/allocations/507de8b5-5549-49f8-af04-eb0136dc0eeb" {{(pid=105564) __call__ /opt/stack/placement/placement/requestlog.py:55}}
Jul 20 08:34:04.177770 n-d-828675-6 devstack@placement-api.service[105564]: INFO placement.requestlog [req-956df3d1-85aa-4281-9d9e-1fd71cda5fa4 req-a298710c-ec01-44b8-8f0f-89825538d4dd service placement] 10.222.0.27 "GET /placement/allocations/507de8b5-5549-49f8-af04-eb0136dc0eeb" status: 200 len: 19 microversion: 1.28
Jul 20 08:34:04.178366 n-d-828675-6 devstack@placement-api.service[105564]: [pid: 105564|app: 0|req: 369/737] 10.222.0.27 () {60 vars in 1380 bytes} [Wed Jul 20 08:34:04 2022] GET /placement/allocations/507de8b5-5549-49f8-af04-eb0136dc0eeb => generated 19 bytes in 24 msecs (HTTP/1.1 200) 8 headers in 295 bytes (1 switches on core 0)
Jul 20 08:34:04.189251 n-d-828675-6 devstack@placement-api.service[105565]: DEBUG placement.requestlog [req-956df3d1-85aa-4281-9d9e-1fd71cda5fa4 req-90a97fe6-5f4b-422a-8892-619181e95b31 None None] Starting request: 10.222.0.27 "PUT /placement/allocations/507de8b5-5549-49f8-af04-eb0136dc0eeb" {{(pid=105565) __call__ /opt/stack/placement/placement/requestlog.py:55}}
Jul 20 08:34:04.340409 n-d-828675-6 devstack@placement-api.service[105565]: DEBUG placement.handlers.allocation [req-956df3d1-85aa-4281-9d9e-1fd71cda5fa4 req-90a97fe6-5f4b-422a-8892-619181e95b31 service placement] Successfully wrote allocations [, , ] {{(pid=105565) _update_consumers_and_create_allocations /opt/stack/placement/placement/handlers/allocation.py:462}}
Jul 20 08:34:04.348105 n-d-828675-6 devstack@placement-api.service[105565]: INFO placement.requestlog [req-956df3d1-85aa-4281-9d9e-1fd71cda5fa4 req-90a97fe6-5f4b-422a-8892-619181e95b31 service placement] 10.222.0.27 "PUT /placement/allocations/507de8b5-5549-49f8-af04-eb0136dc0eeb" status: 204 len: 0 microversion: 1.36
Jul 20 08:34:04.349178 n-d-828675-6 devstack@placement-api.service[105565]: [pid: 105565|app: 0|req: 369/738] 10.222.0.27 () {64 vars in 1433 bytes} [Wed Jul 20 08:34:04 2022] PUT /placement/allocations/507de8b5-5549-49f8-af04-eb0136dc0eeb => generated 0 bytes in 160 msecs (HTTP/1.1 204) 5 headers in 199 bytes (1 switches on core 0)
Jul 20 08:34:05.354949 n-d-828675-6 devstack@placement-api.service[105564]: DEBUG placement.requestlog [req-a9c69dbd-4495-4f86-a13f-6dec16489825 req-3427929f-44f6-4f4b-b0d7-23b9bb8c7433 None None] Starting request: 10.222.0.27 "GET /placement/allocation_candidates?limit=1000&resources=DISK_GB%3A1%2CMEMORY_MB%3A1024%2CVCPU%3A1&root_required=%21COMPUTE_STATUS_DISABLED" {{(pid=105564) __call__ /opt/stack/placement/placement/requestlog.py:55}}
Jul 20 08:34:05.429331 n-d-828675-6 devstack@placement-api.service[105565]: DEBUG placement.requestlog [req-956df3d1-85aa-4281-9d9e-1fd71cda5fa4 req-ff80ff8f-6799-4786-87a7-f732eec7a089 None None] Starting request: 10.222.0.75 "GET /placement/allocations/507de8b5-5549-49f8-af04-eb0136dc0eeb" {{(pid=105565) __call__ /opt/stack/placement/placement/requestlog.py:55}}
Jul 20 08:34:05.466261 n-d-828675-6 devstack@placement-api.service[105565]: INFO placement.requestlog [req-956df3d1-85aa-4281-9d9e-1fd71cda5fa4 req-ff80ff8f-6799-4786-87a7-f732eec7a089 service placement] 10.222.0.75 "GET /placement/allocations/507de8b5-5549-49f8-af04-eb0136dc0eeb" status: 200 len: 260 microversion: 1.28
Jul 20 08:34:05.467093 n-d-828675-6 devstack@placement-api.service[105565]: [pid: 105565|app: 0|req: 370/739] 10.222.0.75 () {60 vars in 1377 bytes} [Wed Jul 20 08:34:05 2022] GET /placement/allocations/507de8b5-5549-49f8-af04-eb0136dc0eeb => generated 260 bytes in 38 msecs (HTTP/1.1 200) 8 headers in 296 bytes (1 switches on core 0)
Jul 20 08:34:05.477224 n-d-828675-6 devstack@placement-api.service[105564]: DEBUG placement.objects.research_context [req-a9c69dbd-4495-4f86-a13f-6dec16489825 req-3427929f-44f6-4f4b-b0d7-23b9bb8c7433 service placement] getting providers with 1 DISK_GB {{(pid=105564) __init__ /opt/stack/placement/placement/objects/research_context.py:136}}
