Jul 18 14:15:09.624761 n-d-828675-5 devstack@c-api.service[112221]: [pid: 112221|app: 0|req: 29/57] 10.222.0.58 () {58 vars in 1324 bytes} [Mon Jul 18 14:15:09 2022] GET /volume/v3/f90fb1721c024dd2a12f8b8161d255a6/volumes/ea6af2c2-dbf0-4a58-8904-37c87cd55a86 => generated 916 bytes in 189 msecs (HTTP/1.1 200) 7 headers in 285 bytes (1 switches on core 0)
Jul 18 14:15:10.610553 n-d-828675-5 devstack@c-api.service[112222]: DEBUG cinder.api.middleware.request_id [None req-cca38103-0c5b-4d3d-aa18-4be397909a46 None None] RequestId filter calling following filter/app {{(pid=112222) _context_setter /opt/stack/cinder/cinder/api/middleware/request_id.py:62}}
Jul 18 14:15:10.616377 n-d-828675-5 devstack@c-api.service[112222]: INFO cinder.api.openstack.wsgi [None req-cca38103-0c5b-4d3d-aa18-4be397909a46 tempest-AttachSCSIVolumeTestJSON-1967536159 tempest-AttachSCSIVolumeTestJSON-1967536159-project] GET http://10.222.0.58/volume/v3/f90fb1721c024dd2a12f8b8161d255a6/volumes/ea6af2c2-dbf0-4a58-8904-37c87cd55a86
Jul 18 14:15:10.617119 n-d-828675-5 devstack@c-api.service[112222]: DEBUG cinder.api.openstack.wsgi [None req-cca38103-0c5b-4d3d-aa18-4be397909a46 tempest-AttachSCSIVolumeTestJSON-1967536159 tempest-AttachSCSIVolumeTestJSON-1967536159-project] Empty body provided in request {{(pid=112222) get_body /opt/stack/cinder/cinder/api/openstack/wsgi.py:715}}
Jul 18 14:15:10.617647 n-d-828675-5 devstack@c-api.service[112222]: DEBUG cinder.api.openstack.wsgi [None req-cca38103-0c5b-4d3d-aa18-4be397909a46 tempest-AttachSCSIVolumeTestJSON-1967536159 tempest-AttachSCSIVolumeTestJSON-1967536159-project] Calling method 'show' {{(pid=112222) _process_stack /opt/stack/cinder/cinder/api/openstack/wsgi.py:868}}
Jul 18 14:15:10.660677 n-d-828675-5 devstack@c-api.service[112222]: /usr/local/lib/python3.8/dist-packages/oslo_context/context.py:100: DeprecationWarning: Policy enforcement is depending on the value of is_admin. This key is deprecated. Please update your policy file to use the standard policy values.
Jul 18 14:15:10.660677 n-d-828675-5 devstack@c-api.service[112222]: warnings.warn('Policy enforcement is depending on the value of '
Jul 18 14:15:10.680822 n-d-828675-5 devstack@c-api.service[112222]: INFO cinder.volume.api [None req-cca38103-0c5b-4d3d-aa18-4be397909a46 tempest-AttachSCSIVolumeTestJSON-1967536159 tempest-AttachSCSIVolumeTestJSON-1967536159-project] Volume info retrieved successfully.
Jul 18 14:15:10.719843 n-d-828675-5 devstack@c-api.service[112221]: DEBUG cinder.api.middleware.request_id [None req-2983d4da-1365-487b-bdb2-0363153806d6 None None] RequestId filter calling following filter/app {{(pid=112221) _context_setter /opt/stack/cinder/cinder/api/middleware/request_id.py:62}}
Jul 18 14:15:10.731696 n-d-828675-5 devstack@c-api.service[112221]: INFO cinder.api.openstack.wsgi [None req-2983d4da-1365-487b-bdb2-0363153806d6 tempest-LiveMigrationTest-996972408 tempest-LiveMigrationTest-996972408-project] POST http://10.222.0.58/volume/v3/88c6171a465d46cf920a1c5ed8e41ae5/volumes
Jul 18 14:15:10.734002 n-d-828675-5 devstack@c-api.service[112222]: INFO cinder.api.openstack.wsgi [None req-cca38103-0c5b-4d3d-aa18-4be397909a46 tempest-AttachSCSIVolumeTestJSON-1967536159 tempest-AttachSCSIVolumeTestJSON-1967536159-project] http://10.222.0.58/volume/v3/f90fb1721c024dd2a12f8b8161d255a6/volumes/ea6af2c2-dbf0-4a58-8904-37c87cd55a86 returned with HTTP 200
Jul 18 14:15:10.735358 n-d-828675-5 devstack@c-api.service[112222]: [pid: 112222|app: 0|req: 29/58] 10.222.0.58 () {58 vars in 1324 bytes} [Mon Jul 18 14:15:10 2022] GET /volume/v3/f90fb1721c024dd2a12f8b8161d255a6/volumes/ea6af2c2-dbf0-4a58-8904-37c87cd55a86 => generated 916 bytes in 126 msecs (HTTP/1.1 200) 7 headers in 285 bytes (1 switches on core 0)
Jul 18 14:15:10.744686 n-d-828675-5 devstack@c-api.service[112221]: DEBUG cinder.api.openstack.wsgi [None req-2983d4da-1365-487b-bdb2-0363153806d6 tempest-LiveMigrationTest-996972408 tempest-LiveMigrationTest-996972408-project] Action: 'create', calling method: create, body: {"volume": {"size": 1, "display_name": "tempest-LiveMigrationTest-volume-462341292"}} {{(pid=112221) _process_stack /opt/stack/cinder/cinder/api/openstack/wsgi.py:866}}
Jul 18 14:15:10.745840 n-d-828675-5 devstack@c-api.service[112221]: DEBUG cinder.api.v3.volumes [None req-2983d4da-1365-487b-bdb2-0363153806d6 tempest-LiveMigrationTest-996972408 tempest-LiveMigrationTest-996972408-project] Create volume request body: {'volume': {'size': 1, 'display_name': 'tempest-LiveMigrationTest-volume-462341292'}} {{(pid=112221) create /opt/stack/cinder/cinder/api/v3/volumes.py:298}}
Jul 18 14:15:10.746157 n-d-828675-5 devstack@c-api.service[112221]: INFO cinder.api.v3.volumes [None req-2983d4da-1365-487b-bdb2-0363153806d6 tempest-LiveMigrationTest-996972408 tempest-LiveMigrationTest-996972408-project] Create volume of 1 GB
Jul 18 14:15:10.776257 n-d-828675-5 devstack@c-api.service[112221]: INFO cinder.volume.api [None req-2983d4da-1365-487b-bdb2-0363153806d6 tempest-LiveMigrationTest-996972408 tempest-LiveMigrationTest-996972408-project] Availability Zones retrieved successfully.
Jul 18 14:15:10.865981 n-d-828675-5 devstack@c-api.service[112221]: DEBUG cinder.volume.api [None req-2983d4da-1365-487b-bdb2-0363153806d6 tempest-LiveMigrationTest-996972408 tempest-LiveMigrationTest-996972408-project] Flow 'volume_create_api' (1361b555-1b2e-4345-bc58-3adcec931368) transitioned into state 'RUNNING' from state 'PENDING' {{(pid=112221) _flow_receiver /usr/local/lib/python3.8/dist-packages/taskflow/listeners/logging.py:141}}
Jul 18 14:15:10.882078 n-d-828675-5 devstack@c-api.service[112221]: DEBUG cinder.volume.api [None req-2983d4da-1365-487b-bdb2-0363153806d6 tempest-LiveMigrationTest-996972408 tempest-LiveMigrationTest-996972408-project] Task 'cinder.volume.flows.api.create_volume.ExtractVolumeRequestTask;volume:create' (bd84884a-1df6-4812-b530-612a10223be9) transitioned into state 'RUNNING' from state 'PENDING' {{(pid=112221) _task_receiver /usr/local/lib/python3.8/dist-packages/taskflow/listeners/logging.py:190}}
Jul 18 14:15:10.884652 n-d-828675-5 devstack@c-api.service[112221]: DEBUG cinder.volume.flows.api.create_volume [None req-2983d4da-1365-487b-bdb2-0363153806d6 tempest-LiveMigrationTest-996972408 tempest-LiveMigrationTest-996972408-project] Validating volume size '1' using validate_int {{(pid=112221) _extract_size /opt/stack/cinder/cinder/volume/flows/api/create_volume.py:228}}
Jul 18 14:15:10.973942 n-d-828675-5 devstack@c-api.service[112221]: DEBUG cinder.volume.api [None req-2983d4da-1365-487b-bdb2-0363153806d6 tempest-LiveMigrationTest-996972408 tempest-LiveMigrationTest-996972408-project] Task 'cinder.volume.flows.api.create_volume.ExtractVolumeRequestTask;volume:create' (bd84884a-1df6-4812-b530-612a10223be9) transitioned into state 'SUCCESS' from state 'RUNNING' with result '{'size': 1, 'snapshot_id': None, 'source_volid': None, 'volume_type': VolumeType(created_at=2022-07-18T13:58:23Z,deleted=False,deleted_at=None,description=None,extra_specs={volume_backend_name='lvmdriver-1'},id=fd4f9808-cc00-4b8e-9638-6e19ce2bfe1d,is_public=True,name='lvmdriver-1',projects=[],qos_specs=,qos_specs_id=None,updated_at=None), 'volume_type_id': 'fd4f9808-cc00-4b8e-9638-6e19ce2bfe1d', 'encryption_key_id': None, 'qos_specs': None, 'consistencygroup_id': None, 'cgsnapshot_id': None, 'group_id': None, 'replication_status': 'disabled', 'refresh_az': False, 'backup_id': None, 'multiattach': False, 'availability_zones': ['nova']}' {{(pid=112221) _task_receiver /usr/local/lib/python3.8/dist-packages/taskflow/listeners/logging.py:178}}
Jul 18 14:15:10.975952 n-d-828675-5 devstack@c-api.service[112221]: DEBUG cinder.volume.api [None req-2983d4da-1365-487b-bdb2-0363153806d6 tempest-LiveMigrationTest-996972408 tempest-LiveMigrationTest-996972408-project] Task 'cinder.volume.flows.api.create_volume.QuotaReserveTask;volume:create' (6c3363ca-411c-4367-9e4f-7b7e09414358) transitioned into state 'RUNNING' from state 'PENDING' {{(pid=112221) _task_receiver /usr/local/lib/python3.8/dist-packages/taskflow/listeners/logging.py:190}}
Jul 18 14:15:11.356125 n-d-828675-5 devstack@c-api.service[112221]: DEBUG cinder.quota [None req-2983d4da-1365-487b-bdb2-0363153806d6 tempest-LiveMigrationTest-996972408 tempest-LiveMigrationTest-996972408-project] Created reservations ['7245e9a7-75a7-4d33-8275-f799d1ddcaa4', '9dc79da8-4eec-4c2d-b41d-3efd922e7c6d', 'f6966e26-2a5f-4d4c-82d2-60093d2c40a9', 'ab75fe18-c589-40df-9816-ef32dbd9f0d8'] {{(pid=112221) reserve /opt/stack/cinder/cinder/quota.py:755}}
Jul 18 14:15:11.362965 n-d-828675-5 devstack@c-api.service[112221]: DEBUG cinder.volume.api [None req-2983d4da-1365-487b-bdb2-0363153806d6 tempest-LiveMigrationTest-996972408 tempest-LiveMigrationTest-996972408-project] Task 'cinder.volume.flows.api.create_volume.QuotaReserveTask;volume:create' (6c3363ca-411c-4367-9e4f-7b7e09414358) transitioned into state 'SUCCESS' from state 'RUNNING' with result '{'reservations': ['7245e9a7-75a7-4d33-8275-f799d1ddcaa4', '9dc79da8-4eec-4c2d-b41d-3efd922e7c6d', 'f6966e26-2a5f-4d4c-82d2-60093d2c40a9', 'ab75fe18-c589-40df-9816-ef32dbd9f0d8']}' {{(pid=112221) _task_receiver /usr/local/lib/python3.8/dist-packages/taskflow/listeners/logging.py:178}}
Jul 18 14:15:11.367384 n-d-828675-5 devstack@c-api.service[112221]: DEBUG cinder.volume.api [None req-2983d4da-1365-487b-bdb2-0363153806d6 tempest-LiveMigrationTest-996972408 tempest-LiveMigrationTest-996972408-project] Task 'cinder.volume.flows.api.create_volume.EntryCreateTask;volume:create' (94b49cad-4421-425e-93b5-18034994b1c9) transitioned into state 'RUNNING' from state 'PENDING' {{(pid=112221) _task_receiver /usr/local/lib/python3.8/dist-packages/taskflow/listeners/logging.py:190}}
Jul 18 14:15:11.573061 n-d-828675-5 devstack@c-api.service[112221]: DEBUG cinder.volume.api [None req-2983d4da-1365-487b-bdb2-0363153806d6 tempest-LiveMigrationTest-996972408 tempest-LiveMigrationTest-996972408-project] Task 'cinder.volume.flows.api.create_volume.EntryCreateTask;volume:create' (94b49cad-4421-425e-93b5-18034994b1c9) transitioned into state 'SUCCESS' from state 'RUNNING' with result '{'volume_id': '9ba08df7-c21c-48de-8db6-3e8eedd70d3e', 'volume_properties': VolumeProperties(attach_status='detached',availability_zone='nova',cgsnapshot_id=None,consistencygroup_id=None,display_description=None,display_name='tempest-LiveMigrationTest-volume-462341292',encryption_key_id=None,group_id=None,group_type_id=,metadata={},multiattach=False,project_id='88c6171a465d46cf920a1c5ed8e41ae5',qos_specs=None,replication_status=,reservations=['7245e9a7-75a7-4d33-8275-f799d1ddcaa4','9dc79da8-4eec-4c2d-b41d-3efd922e7c6d','f6966e26-2a5f-4d4c-82d2-60093d2c40a9','ab75fe18-c589-40df-9816-ef32dbd9f0d8'],size=1,snapshot_id=None,source_replicaid=,source_volid=None,status='creating',user_id='3cfc815bfd7b4d699ba51e8ebdf4e0dc',volume_type_id=fd4f9808-cc00-4b8e-9638-6e19ce2bfe1d), 'volume': Volume(_name_id=None,admin_metadata=,attach_status='detached',availability_zone='nova',bootable=False,cluster=,cluster_name=None,consistencygroup=,consistencygroup_id=None,created_at=2022-07-18T14:15:11Z,deleted=False,deleted_at=None,display_description=None,display_name='tempest-LiveMigrationTest-volume-462341292',ec2_id=None,encryption_key_id=None,glance_metadata=,group=,group_id=None,host=None,id=9ba08df7-c21c-48de-8db6-3e8eedd70d3e,launched_at=None,metadata={},migration_status=None,multiattach=False,previous_status=None,project_id='88c6171a465d46cf920a1c5ed8e41ae5',provider_auth=None,provider_geometry=None,provider_id=None,provider_location=None,replication_driver_data=None,replication_extended_status=None,replication_status=None,scheduled_at=None,service_uuid=None,shared_targets=True,size=1,snapshot_id=None,snapshots=,source_volid=None,status='creating',terminated_at=None,updated_at=None,use_quota=True,user_id='3cfc815bfd7b4d699ba51e8ebdf4e0dc',volume_attachment=VolumeAttachmentList,volume_type=VolumeType(fd4f9808-cc00-4b8e-9638-6e19ce2bfe1d),volume_type_id=fd4f9808-cc00-4b8e-9638-6e19ce2bfe1d)}' {{(pid=112221) _task_receiver /usr/local/lib/python3.8/dist-packages/taskflow/listeners/logging.py:178}}
Jul 18 14:15:11.576363 n-d-828675-5 devstack@c-api.service[112221]: DEBUG cinder.volume.api [None req-2983d4da-1365-487b-bdb2-0363153806d6 tempest-LiveMigrationTest-996972408 tempest-LiveMigrationTest-996972408-project] Task 'cinder.volume.flows.api.create_volume.QuotaCommitTask;volume:create' (71a4975a-f672-4444-92cc-5989f3876c4f) transitioned into state 'RUNNING' from state 'PENDING' {{(pid=112221) _task_receiver /usr/local/lib/python3.8/dist-packages/taskflow/listeners/logging.py:190}}
Jul 18 14:15:11.748321 n-d-828675-5 devstack@c-api.service[112222]: DEBUG cinder.api.middleware.request_id [None req-069194bf-1774-411c-a87b-473dba77b2b2 None None] RequestId filter calling following filter/app {{(pid=112222) _context_setter /opt/stack/cinder/cinder/api/middleware/request_id.py:62}}
Jul 18 14:15:11.753168 n-d-828675-5 devstack@c-api.service[112222]: INFO cinder.api.openstack.wsgi [None req-069194bf-1774-411c-a87b-473dba77b2b2 tempest-AttachSCSIVolumeTestJSON-1967536159 tempest-AttachSCSIVolumeTestJSON-1967536159-project] GET http://10.222.0.58/volume/v3/f90fb1721c024dd2a12f8b8161d255a6/volumes/ea6af2c2-dbf0-4a58-8904-37c87cd55a86
Jul 18 14:15:11.753622 n-d-828675-5 devstack@c-api.service[112222]: DEBUG cinder.api.openstack.wsgi [None req-069194bf-1774-411c-a87b-473dba77b2b2 tempest-AttachSCSIVolumeTestJSON-1967536159 tempest-AttachSCSIVolumeTestJSON-1967536159-project] Empty body provided in request {{(pid=112222) get_body /opt/stack/cinder/cinder/api/openstack/wsgi.py:715}}
Jul 18 14:15:11.754119 n-d-828675-5 devstack@c-api.service[112222]: DEBUG cinder.api.openstack.wsgi [None req-069194bf-1774-411c-a87b-473dba77b2b2 tempest-AttachSCSIVolumeTestJSON-1967536159 tempest-AttachSCSIVolumeTestJSON-1967536159-project] Calling method 'show' {{(pid=112222) _process_stack /opt/stack/cinder/cinder/api/openstack/wsgi.py:868}}
Jul 18 14:15:11.766625 n-d-828675-5 devstack@c-api.service[112221]: DEBUG cinder.volume.api [None req-2983d4da-1365-487b-bdb2-0363153806d6 tempest-LiveMigrationTest-996972408 tempest-LiveMigrationTest-996972408-project] Task 'cinder.volume.flows.api.create_volume.QuotaCommitTask;volume:create' (71a4975a-f672-4444-92cc-5989f3876c4f) transitioned into state 'SUCCESS' from state 'RUNNING' with result '{'volume_properties': VolumeProperties(attach_status='detached',availability_zone='nova',cgsnapshot_id=None,consistencygroup_id=None,display_description=None,display_name='tempest-LiveMigrationTest-volume-462341292',encryption_key_id=None,group_id=None,group_type_id=,metadata={},multiattach=False,project_id='88c6171a465d46cf920a1c5ed8e41ae5',qos_specs=None,replication_status=,reservations=['7245e9a7-75a7-4d33-8275-f799d1ddcaa4','9dc79da8-4eec-4c2d-b41d-3efd922e7c6d','f6966e26-2a5f-4d4c-82d2-60093d2c40a9','ab75fe18-c589-40df-9816-ef32dbd9f0d8'],size=1,snapshot_id=None,source_replicaid=,source_volid=None,status='creating',user_id='3cfc815bfd7b4d699ba51e8ebdf4e0dc',volume_type_id=fd4f9808-cc00-4b8e-9638-6e19ce2bfe1d)}' {{(pid=112221) _task_receiver /usr/local/lib/python3.8/dist-packages/taskflow/listeners/logging.py:178}}
Jul 18 14:15:11.770679 n-d-828675-5 devstack@c-api.service[112221]: DEBUG cinder.volume.api [None req-2983d4da-1365-487b-bdb2-0363153806d6 tempest-LiveMigrationTest-996972408 tempest-LiveMigrationTest-996972408-project] Task 'cinder.volume.flows.api.create_volume.VolumeCastTask;volume:create' (9a03a9ab-8554-4e72-becf-37eb42f0a89e) transitioned into state 'RUNNING' from state 'PENDING' {{(pid=112221) _task_receiver /usr/local/lib/python3.8/dist-packages/taskflow/listeners/logging.py:190}}
Jul 18 14:15:11.791728 n-d-828675-5 devstack@c-api.service[112222]: /usr/local/lib/python3.8/dist-packages/oslo_context/context.py:100: DeprecationWarning: Policy enforcement is depending on the value of is_admin. This key is deprecated. Please update your policy file to use the standard policy values.
Jul 18 14:15:11.791728 n-d-828675-5 devstack@c-api.service[112222]: warnings.warn('Policy enforcement is depending on the value of '
Jul 18 14:15:11.822559 n-d-828675-5 devstack@c-api.service[112222]: INFO cinder.volume.api [None req-069194bf-1774-411c-a87b-473dba77b2b2 tempest-AttachSCSIVolumeTestJSON-1967536159 tempest-AttachSCSIVolumeTestJSON-1967536159-project] Volume info retrieved successfully.
Jul 18 14:15:11.864201 n-d-828675-5 devstack@c-api.service[112222]: INFO cinder.api.openstack.wsgi [None req-069194bf-1774-411c-a87b-473dba77b2b2 tempest-AttachSCSIVolumeTestJSON-1967536159 tempest-AttachSCSIVolumeTestJSON-1967536159-project] http://10.222.0.58/volume/v3/f90fb1721c024dd2a12f8b8161d255a6/volumes/ea6af2c2-dbf0-4a58-8904-37c87cd55a86 returned with HTTP 200
Jul 18 14:15:11.864950 n-d-828675-5 devstack@c-api.service[112222]: [pid: 112222|app: 0|req: 30/59] 10.222.0.58 () {58 vars in 1324 bytes} [Mon Jul 18 14:15:11 2022] GET /volume/v3/f90fb1721c024dd2a12f8b8161d255a6/volumes/ea6af2c2-dbf0-4a58-8904-37c87cd55a86 => generated 916 bytes in 118 msecs (HTTP/1.1 200) 7 headers in 285 bytes (1 switches on core 0)
Jul 18 14:15:11.904672 n-d-828675-5 devstack@c-api.service[112221]: DEBUG cinder.volume.api [None req-2983d4da-1365-487b-bdb2-0363153806d6 tempest-LiveMigrationTest-996972408 tempest-LiveMigrationTest-996972408-project] Task 'cinder.volume.flows.api.create_volume.VolumeCastTask;volume:create' (9a03a9ab-8554-4e72-becf-37eb42f0a89e) transitioned into state 'SUCCESS' from state 'RUNNING' with result 'None' {{(pid=112221) _task_receiver /usr/local/lib/python3.8/dist-packages/taskflow/listeners/logging.py:178}}
Jul 18 14:15:11.916461 n-d-828675-5 devstack@c-api.service[112221]: DEBUG cinder.volume.api [None req-2983d4da-1365-487b-bdb2-0363153806d6 tempest-LiveMigrationTest-996972408 tempest-LiveMigrationTest-996972408-project] Flow 'volume_create_api' (1361b555-1b2e-4345-bc58-3adcec931368) transitioned into state 'SUCCESS' from state 'RUNNING' {{(pid=112221) _flow_receiver /usr/local/lib/python3.8/dist-packages/taskflow/listeners/logging.py:141}}
Jul 18 14:15:11.919820 n-d-828675-5 devstack@c-api.service[112221]: INFO cinder.volume.api [None req-2983d4da-1365-487b-bdb2-0363153806d6 tempest-LiveMigrationTest-996972408 tempest-LiveMigrationTest-996972408-project] Create volume request issued successfully.
Jul 18 14:15:11.922960 n-d-828675-5 devstack@c-api.service[112221]: INFO cinder.api.openstack.wsgi [None req-2983d4da-1365-487b-bdb2-0363153806d6 tempest-LiveMigrationTest-996972408 tempest-LiveMigrationTest-996972408-project] http://10.222.0.58/volume/v3/88c6171a465d46cf920a1c5ed8e41ae5/volumes returned with HTTP 202
Jul 18 14:15:11.928499 n-d-828675-5 devstack@c-api.service[112221]: [pid: 112221|app: 0|req: 30/60] 10.222.0.58 () {60 vars in 1234 bytes} [Mon Jul 18 14:15:10 2022] POST /volume/v3/88c6171a465d46cf920a1c5ed8e41ae5/volumes => generated 816 bytes in 1210 msecs (HTTP/1.1 202) 7 headers in 291 bytes (2 switches on core 0)
Jul 18 14:15:11.937976 n-d-828675-5 devstack@c-api.service[112222]: DEBUG cinder.api.middleware.request_id [None req-106a7bd7-66eb-468c-9d4b-a5d22fec6732 None None] RequestId filter calling following filter/app {{(pid=112222) _context_setter /opt/stack/cinder/cinder/api/middleware/request_id.py:62}}
Jul 18 14:15:11.943482 n-d-828675-5 devstack@c-api.service[112222]: INFO cinder.api.openstack.wsgi [None req-106a7bd7-66eb-468c-9d4b-a5d22fec6732 tempest-LiveMigrationTest-996972408 tempest-LiveMigrationTest-996972408-project] GET http://10.222.0.58/volume/v3/88c6171a465d46cf920a1c5ed8e41ae5/volumes/9ba08df7-c21c-48de-8db6-3e8eedd70d3e
Jul 18 14:15:11.943966 n-d-828675-5 devstack@c-api.service[112222]: DEBUG cinder.api.openstack.wsgi [None req-106a7bd7-66eb-468c-9d4b-a5d22fec6732 tempest-LiveMigrationTest-996972408 tempest-LiveMigrationTest-996972408-project] Empty body provided in request {{(pid=112222) get_body /opt/stack/cinder/cinder/api/openstack/wsgi.py:715}}
Jul 18 14:15:11.944711 n-d-828675-5 devstack@c-api.service[112222]: DEBUG cinder.api.openstack.wsgi [None req-106a7bd7-66eb-468c-9d4b-a5d22fec6732 tempest-LiveMigrationTest-996972408 tempest-LiveMigrationTest-996972408-project] Calling method 'show' {{(pid=112222) _process_stack /opt/stack/cinder/cinder/api/openstack/wsgi.py:868}}
Jul 18 14:15:11.972075 n-d-828675-5 devstack@c-api.service[112222]: /usr/local/lib/python3.8/dist-packages/oslo_context/context.py:100: DeprecationWarning: Policy enforcement is depending on the value of is_admin. This key is deprecated. Please update your policy file to use the standard policy values.
Jul 18 14:15:11.972075 n-d-828675-5 devstack@c-api.service[112222]: warnings.warn('Policy enforcement is depending on the value of '
Jul 18 14:15:11.986227 n-d-828675-5 devstack@c-api.service[112222]: INFO cinder.volume.api [None req-106a7bd7-66eb-468c-9d4b-a5d22fec6732 tempest-LiveMigrationTest-996972408 tempest-LiveMigrationTest-996972408-project] Volume info retrieved successfully.
Jul 18 14:15:12.003247 n-d-828675-5 devstack@c-api.service[112222]: INFO cinder.api.openstack.wsgi [None req-106a7bd7-66eb-468c-9d4b-a5d22fec6732 tempest-LiveMigrationTest-996972408 tempest-LiveMigrationTest-996972408-project] http://10.222.0.58/volume/v3/88c6171a465d46cf920a1c5ed8e41ae5/volumes/9ba08df7-c21c-48de-8db6-3e8eedd70d3e returned with HTTP 200
Jul 18 14:15:12.004661 n-d-828675-5 devstack@c-api.service[112222]: [pid: 112222|app: 0|req: 31/61] 10.222.0.58 () {58 vars in 1324 bytes} [Mon Jul 18 14:15:11 2022] GET /volume/v3/88c6171a465d46cf920a1c5ed8e41ae5/volumes/9ba08df7-c21c-48de-8db6-3e8eedd70d3e => generated 884 bytes in 68 msecs (HTTP/1.1 200) 7 headers in 285 bytes (1 switches on core 0)
Jul 18 14:15:12.878558 n-d-828675-5 devstack@c-api.service[112221]: DEBUG cinder.api.middleware.request_id [None req-53129582-6e59-402d-94d8-cfdcd946da42 None None] RequestId filter calling following filter/app {{(pid=112221) _context_setter /opt/stack/cinder/cinder/api/middleware/request_id.py:62}}
Jul 18 14:15:12.893198 n-d-828675-5 devstack@c-api.service[112221]: INFO cinder.api.openstack.wsgi [None req-53129582-6e59-402d-94d8-cfdcd946da42 tempest-AttachSCSIVolumeTestJSON-1967536159 tempest-AttachSCSIVolumeTestJSON-1967536159-project] GET http://10.222.0.58/volume/v3/f90fb1721c024dd2a12f8b8161d255a6/volumes/ea6af2c2-dbf0-4a58-8904-37c87cd55a86
Jul 18 14:15:12.893711 n-d-828675-5 devstack@c-api.service[112221]: DEBUG cinder.api.openstack.wsgi [None req-53129582-6e59-402d-94d8-cfdcd946da42 tempest-AttachSCSIVolumeTestJSON-1967536159 tempest-AttachSCSIVolumeTestJSON-1967536159-project] Empty body provided in request {{(pid=112221) get_body /opt/stack/cinder/cinder/api/openstack/wsgi.py:715}}
Jul 18 14:15:12.894177 n-d-828675-5 devstack@c-api.service[112221]: DEBUG cinder.api.openstack.wsgi [None req-53129582-6e59-402d-94d8-cfdcd946da42 tempest-AttachSCSIVolumeTestJSON-1967536159 tempest-AttachSCSIVolumeTestJSON-1967536159-project] Calling method 'show' {{(pid=112221) _process_stack /opt/stack/cinder/cinder/api/openstack/wsgi.py:868}}
Jul 18 14:15:12.921470 n-d-828675-5 devstack@c-api.service[112221]: /usr/local/lib/python3.8/dist-packages/oslo_context/context.py:100: DeprecationWarning: Policy enforcement is depending on the value of is_admin. This key is deprecated. Please update your policy file to use the standard policy values.
Jul 18 14:15:12.921470 n-d-828675-5 devstack@c-api.service[112221]: warnings.warn('Policy enforcement is depending on the value of '
Jul 18 14:15:12.960696 n-d-828675-5 devstack@c-api.service[112221]: INFO cinder.volume.api [None req-53129582-6e59-402d-94d8-cfdcd946da42 tempest-AttachSCSIVolumeTestJSON-1967536159 tempest-AttachSCSIVolumeTestJSON-1967536159-project] Volume info retrieved successfully.
Jul 18 14:15:13.021461 n-d-828675-5 devstack@c-api.service[112222]: DEBUG cinder.api.middleware.request_id [None req-0b9ac258-e10e-4827-9965-2cadfaa51677 None None] RequestId filter calling following filter/app {{(pid=112222) _context_setter /opt/stack/cinder/cinder/api/middleware/request_id.py:62}}
Jul 18 14:15:13.025883 n-d-828675-5 devstack@c-api.service[112222]: INFO cinder.api.openstack.wsgi [None req-0b9ac258-e10e-4827-9965-2cadfaa51677 tempest-LiveMigrationTest-996972408 tempest-LiveMigrationTest-996972408-project] GET http://10.222.0.58/volume/v3/88c6171a465d46cf920a1c5ed8e41ae5/volumes/9ba08df7-c21c-48de-8db6-3e8eedd70d3e
Jul 18 14:15:13.026464 n-d-828675-5 devstack@c-api.service[112222]: DEBUG cinder.api.openstack.wsgi [None req-0b9ac258-e10e-4827-9965-2cadfaa51677 tempest-LiveMigrationTest-996972408 tempest-LiveMigrationTest-996972408-project] Empty body provided in request {{(pid=112222) get_body /opt/stack/cinder/cinder/api/openstack/wsgi.py:715}}
Jul 18 14:15:13.028020 n-d-828675-5 devstack@c-api.service[112222]: DEBUG cinder.api.openstack.wsgi [None req-0b9ac258-e10e-4827-9965-2cadfaa51677 tempest-LiveMigrationTest-996972408 tempest-LiveMigrationTest-996972408-project] Calling method 'show' {{(pid=112222) _process_stack /opt/stack/cinder/cinder/api/openstack/wsgi.py:868}}
Jul 18 14:15:13.063786 n-d-828675-5 devstack@c-api.service[112221]: INFO cinder.api.openstack.wsgi [None req-53129582-6e59-402d-94d8-cfdcd946da42 tempest-AttachSCSIVolumeTestJSON-1967536159 tempest-AttachSCSIVolumeTestJSON-1967536159-project] http://10.222.0.58/volume/v3/f90fb1721c024dd2a12f8b8161d255a6/volumes/ea6af2c2-dbf0-4a58-8904-37c87cd55a86 returned with HTTP 200
Jul 18 14:15:13.085602 n-d-828675-5 devstack@c-api.service[112221]: [pid: 112221|app: 0|req: 31/62] 10.222.0.58 () {58 vars in 1324 bytes} [Mon Jul 18 14:15:12 2022] GET /volume/v3/f90fb1721c024dd2a12f8b8161d255a6/volumes/ea6af2c2-dbf0-4a58-8904-37c87cd55a86 => generated 916 bytes in 200 msecs (HTTP/1.1 200) 7 headers in 285 bytes (1 switches on core 0)
Jul 18 14:15:13.094442 n-d-828675-5 devstack@c-api.service[112222]: /usr/local/lib/python3.8/dist-packages/oslo_context/context.py:100: DeprecationWarning: Policy enforcement is depending on the value of is_admin. This key is deprecated. Please update your policy file to use the standard policy values.
Jul 18 14:15:13.094442 n-d-828675-5 devstack@c-api.service[112222]: warnings.warn('Policy enforcement is depending on the value of '
Jul 18 14:15:13.140221 n-d-828675-5 devstack@c-api.service[112222]: INFO cinder.volume.api [None req-0b9ac258-e10e-4827-9965-2cadfaa51677 tempest-LiveMigrationTest-996972408 tempest-LiveMigrationTest-996972408-project] Volume info retrieved successfully.
Jul 18 14:15:13.161432 n-d-828675-5 devstack@c-api.service[112222]: INFO cinder.api.openstack.wsgi [None req-0b9ac258-e10e-4827-9965-2cadfaa51677 tempest-LiveMigrationTest-996972408 tempest-LiveMigrationTest-996972408-project] http://10.222.0.58/volume/v3/88c6171a465d46cf920a1c5ed8e41ae5/volumes/9ba08df7-c21c-48de-8db6-3e8eedd70d3e returned with HTTP 200
Jul 18 14:15:13.162168 n-d-828675-5 devstack@c-api.service[112222]: [pid: 112222|app: 0|req: 32/63] 10.222.0.58 () {58 vars in 1324 bytes} [Mon Jul 18 14:15:13 2022] GET /volume/v3/88c6171a465d46cf920a1c5ed8e41ae5/volumes/9ba08df7-c21c-48de-8db6-3e8eedd70d3e => generated 908 bytes in 143 msecs (HTTP/1.1 200) 7 headers in 285 bytes (1 switches on core 0)
Jul 18 14:15:14.099857 n-d-828675-5 devstack@c-api.service[112221]: DEBUG cinder.api.middleware.request_id [None req-cd18a3ea-023a-4b68-8d35-0dd8efe4130d None None] RequestId filter calling following filter/app {{(pid=112221) _context_setter /opt/stack/cinder/cinder/api/middleware/request_id.py:62}}
Jul 18 14:15:14.123578 n-d-828675-5 devstack@c-api.service[112221]: INFO cinder.api.openstack.wsgi [None req-cd18a3ea-023a-4b68-8d35-0dd8efe4130d tempest-AttachSCSIVolumeTestJSON-1967536159 tempest-AttachSCSIVolumeTestJSON-1967536159-project] GET http://10.222.0.58/volume/v3/f90fb1721c024dd2a12f8b8161d255a6/volumes/ea6af2c2-dbf0-4a58-8904-37c87cd55a86
Jul 18 14:15:14.128296 n-d-828675-5 devstack@c-api.service[112221]: DEBUG cinder.api.openstack.wsgi [None req-cd18a3ea-023a-4b68-8d35-0dd8efe4130d tempest-AttachSCSIVolumeTestJSON-1967536159 tempest-AttachSCSIVolumeTestJSON-1967536159-project] Empty body provided in request {{(pid=112221) get_body /opt/stack/cinder/cinder/api/openstack/wsgi.py:715}}
Jul 18 14:15:14.139964 n-d-828675-5 devstack@c-api.service[112221]: DEBUG cinder.api.openstack.wsgi [None req-cd18a3ea-023a-4b68-8d35-0dd8efe4130d tempest-AttachSCSIVolumeTestJSON-1967536159 tempest-AttachSCSIVolumeTestJSON-1967536159-project] Calling method 'show' {{(pid=112221) _process_stack /opt/stack/cinder/cinder/api/openstack/wsgi.py:868}}
Jul 18 14:15:14.175195 n-d-828675-5 devstack@c-api.service[112222]: DEBUG cinder.api.middleware.request_id [None req-e4120ac5-6de6-42c0-950c-a5f43c17ac81 None None] RequestId filter calling following filter/app {{(pid=112222) _context_setter /opt/stack/cinder/cinder/api/middleware/request_id.py:62}}
Jul 18 14:15:14.179347 n-d-828675-5 devstack@c-api.service[112222]: INFO cinder.api.openstack.wsgi [None req-e4120ac5-6de6-42c0-950c-a5f43c17ac81 tempest-LiveMigrationTest-996972408 tempest-LiveMigrationTest-996972408-project] GET http://10.222.0.58/volume/v3/88c6171a465d46cf920a1c5ed8e41ae5/volumes/9ba08df7-c21c-48de-8db6-3e8eedd70d3e
Jul 18 14:15:14.179707 n-d-828675-5 devstack@c-api.service[112222]: DEBUG cinder.api.openstack.wsgi [None req-e4120ac5-6de6-42c0-950c-a5f43c17ac81 tempest-LiveMigrationTest-996972408 tempest-LiveMigrationTest-996972408-project] Empty body provided in request {{(pid=112222) get_body /opt/stack/cinder/cinder/api/openstack/wsgi.py:715}}
Jul 18 14:15:14.180164 n-d-828675-5 devstack@c-api.service[112222]: DEBUG cinder.api.openstack.wsgi [None req-e4120ac5-6de6-42c0-950c-a5f43c17ac81 tempest-LiveMigrationTest-996972408 tempest-LiveMigrationTest-996972408-project] Calling method 'show' {{(pid=112222) _process_stack /opt/stack/cinder/cinder/api/openstack/wsgi.py:868}}
Jul 18 14:15:14.232420 n-d-828675-5 devstack@c-api.service[112221]: /usr/local/lib/python3.8/dist-packages/oslo_context/context.py:100: DeprecationWarning: Policy enforcement is depending on the value of is_admin. This key is deprecated. Please update your policy file to use the standard policy values.
Jul 18 14:15:14.232420 n-d-828675-5 devstack@c-api.service[112221]: warnings.warn('Policy enforcement is depending on the value of '
Jul 18 14:15:14.240852 n-d-828675-5 devstack@c-api.service[112222]: /usr/local/lib/python3.8/dist-packages/oslo_context/context.py:100: DeprecationWarning: Policy enforcement is depending on the value of is_admin. This key is deprecated. Please update your policy file to use the standard policy values.
Jul 18 14:15:14.240852 n-d-828675-5 devstack@c-api.service[112222]: warnings.warn('Policy enforcement is depending on the value of '
Jul 18 14:15:14.275200 n-d-828675-5 devstack@c-api.service[112222]: INFO cinder.volume.api [None req-e4120ac5-6de6-42c0-950c-a5f43c17ac81 tempest-LiveMigrationTest-996972408 tempest-LiveMigrationTest-996972408-project] Volume info retrieved successfully.
Jul 18 14:15:14.288820 n-d-828675-5 devstack@c-api.service[112221]: INFO cinder.volume.api [None req-cd18a3ea-023a-4b68-8d35-0dd8efe4130d tempest-AttachSCSIVolumeTestJSON-1967536159 tempest-AttachSCSIVolumeTestJSON-1967536159-project] Volume info retrieved successfully.
Jul 18 14:15:14.318324 n-d-828675-5 devstack@c-api.service[112222]: INFO cinder.api.openstack.wsgi [None req-e4120ac5-6de6-42c0-950c-a5f43c17ac81 tempest-LiveMigrationTest-996972408 tempest-LiveMigrationTest-996972408-project] http://10.222.0.58/volume/v3/88c6171a465d46cf920a1c5ed8e41ae5/volumes/9ba08df7-c21c-48de-8db6-3e8eedd70d3e returned with HTTP 200
Jul 18 14:15:14.327830 n-d-828675-5 devstack@c-api.service[112222]: [pid: 112222|app: 0|req: 33/64] 10.222.0.58 () {58 vars in 1324 bytes} [Mon Jul 18 14:15:14 2022] GET /volume/v3/88c6171a465d46cf920a1c5ed8e41ae5/volumes/9ba08df7-c21c-48de-8db6-3e8eedd70d3e => generated 908 bytes in 154 msecs (HTTP/1.1 200) 7 headers in 285 bytes (1 switches on core 0)
Jul 18 14:15:14.359105 n-d-828675-5 devstack@c-api.service[112221]: INFO cinder.api.openstack.wsgi [None req-cd18a3ea-023a-4b68-8d35-0dd8efe4130d tempest-AttachSCSIVolumeTestJSON-1967536159 tempest-AttachSCSIVolumeTestJSON-1967536159-project] http://10.222.0.58/volume/v3/f90fb1721c024dd2a12f8b8161d255a6/volumes/ea6af2c2-dbf0-4a58-8904-37c87cd55a86 returned with HTTP 200
Jul 18 14:15:14.363948 n-d-828675-5 devstack@c-api.service[112221]: [pid: 112221|app: 0|req: 32/65] 10.222.0.58 () {58 vars in 1324 bytes} [Mon Jul 18 14:15:14 2022] GET /volume/v3/f90fb1721c024dd2a12f8b8161d255a6/volumes/ea6af2c2-dbf0-4a58-8904-37c87cd55a86 => generated 916 bytes in 267 msecs (HTTP/1.1 200) 7 headers in 285 bytes (1 switches on core 0)
Jul 18 14:15:15.342444 n-d-828675-5 devstack@c-api.service[112222]: DEBUG cinder.api.middleware.request_id [None req-f276e2bb-43a6-41a6-ab00-8ae80eace36d None None] RequestId filter calling following filter/app {{(pid=112222) _context_setter /opt/stack/cinder/cinder/api/middleware/request_id.py:62}}
Jul 18 14:15:15.357981 n-d-828675-5 devstack@c-api.service[112222]: INFO cinder.api.openstack.wsgi [None req-f276e2bb-43a6-41a6-ab00-8ae80eace36d tempest-LiveMigrationTest-996972408 tempest-LiveMigrationTest-996972408-project] GET http://10.222.0.58/volume/v3/88c6171a465d46cf920a1c5ed8e41ae5/volumes/9ba08df7-c21c-48de-8db6-3e8eedd70d3e
Jul 18 14:15:15.359238 n-d-828675-5 devstack@c-api.service[112222]: DEBUG cinder.api.openstack.wsgi [None req-f276e2bb-43a6-41a6-ab00-8ae80eace36d tempest-LiveMigrationTest-996972408 tempest-LiveMigrationTest-996972408-project] Empty body provided in request {{(pid=112222) get_body /opt/stack/cinder/cinder/api/openstack/wsgi.py:715}}
Jul 18 14:15:15.360171 n-d-828675-5 devstack@c-api.service[112222]: DEBUG cinder.api.openstack.wsgi [None req-f276e2bb-43a6-41a6-ab00-8ae80eace36d tempest-LiveMigrationTest-996972408 tempest-LiveMigrationTest-996972408-project] Calling method 'show' {{(pid=112222) _process_stack /opt/stack/cinder/cinder/api/openstack/wsgi.py:868}}
Jul 18 14:15:15.378499 n-d-828675-5 devstack@c-api.service[112221]: DEBUG cinder.api.middleware.request_id [None req-a856a836-f19d-4a3e-82f4-78a6333972e5 None None] RequestId filter calling following filter/app {{(pid=112221) _context_setter /opt/stack/cinder/cinder/api/middleware/request_id.py:62}}
Jul 18 14:15:15.382503 n-d-828675-5 devstack@c-api.service[112221]: INFO cinder.api.openstack.wsgi [None req-a856a836-f19d-4a3e-82f4-78a6333972e5 tempest-AttachSCSIVolumeTestJSON-1967536159 tempest-AttachSCSIVolumeTestJSON-1967536159-project] GET http://10.222.0.58/volume/v3/f90fb1721c024dd2a12f8b8161d255a6/volumes/ea6af2c2-dbf0-4a58-8904-37c87cd55a86
Jul 18 14:15:15.382969 n-d-828675-5 devstack@c-api.service[112221]: DEBUG cinder.api.openstack.wsgi [None req-a856a836-f19d-4a3e-82f4-78a6333972e5 tempest-AttachSCSIVolumeTestJSON-1967536159 tempest-AttachSCSIVolumeTestJSON-1967536159-project] Empty body provided in request {{(pid=112221) get_body /opt/stack/cinder/cinder/api/openstack/wsgi.py:715}}
Jul 18 14:15:15.383563 n-d-828675-5 devstack@c-api.service[112221]: DEBUG cinder.api.openstack.wsgi [None req-a856a836-f19d-4a3e-82f4-78a6333972e5 tempest-AttachSCSIVolumeTestJSON-1967536159 tempest-AttachSCSIVolumeTestJSON-1967536159-project] Calling method 'show' {{(pid=112221) _process_stack /opt/stack/cinder/cinder/api/openstack/wsgi.py:868}}
Jul 18 14:15:15.408242 n-d-828675-5 devstack@c-api.service[112222]: /usr/local/lib/python3.8/dist-packages/oslo_context/context.py:100: DeprecationWarning: Policy enforcement is depending on the value of is_admin. This key is deprecated. Please update your policy file to use the standard policy values.
Jul 18 14:15:15.408242 n-d-828675-5 devstack@c-api.service[112222]: warnings.warn('Policy enforcement is depending on the value of '
Jul 18 14:15:15.417967 n-d-828675-5 devstack@c-api.service[112222]: INFO cinder.volume.api [None req-f276e2bb-43a6-41a6-ab00-8ae80eace36d tempest-LiveMigrationTest-996972408 tempest-LiveMigrationTest-996972408-project] Volume info retrieved successfully.
Jul 18 14:15:15.427851 n-d-828675-5 devstack@c-api.service[112221]: /usr/local/lib/python3.8/dist-packages/oslo_context/context.py:100: DeprecationWarning: Policy enforcement is depending on the value of is_admin. This key is deprecated. Please update your policy file to use the standard policy values.
Jul 18 14:15:15.427851 n-d-828675-5 devstack@c-api.service[112221]: warnings.warn('Policy enforcement is depending on the value of '
Jul 18 14:15:15.429717 n-d-828675-5 devstack@c-api.service[112222]: INFO cinder.api.openstack.wsgi [None req-f276e2bb-43a6-41a6-ab00-8ae80eace36d tempest-LiveMigrationTest-996972408 tempest-LiveMigrationTest-996972408-project] http://10.222.0.58/volume/v3/88c6171a465d46cf920a1c5ed8e41ae5/volumes/9ba08df7-c21c-48de-8db6-3e8eedd70d3e returned with HTTP 200
Jul 18 14:15:15.444426 n-d-828675-5 devstack@c-api.service[112222]: [pid: 112222|app: 0|req: 34/66] 10.222.0.58 () {58 vars in 1324 bytes} [Mon Jul 18 14:15:15 2022] GET /volume/v3/88c6171a465d46cf920a1c5ed8e41ae5/volumes/9ba08df7-c21c-48de-8db6-3e8eedd70d3e => generated 909 bytes in 104 msecs (HTTP/1.1 200) 7 headers in 285 bytes (1 switches on core 0)
Jul 18 14:15:15.484991 n-d-828675-5 devstack@c-api.service[112221]: INFO cinder.volume.api [None req-a856a836-f19d-4a3e-82f4-78a6333972e5 tempest-AttachSCSIVolumeTestJSON-1967536159 tempest-AttachSCSIVolumeTestJSON-1967536159-project] Volume info retrieved successfully.
Jul 18 14:15:15.527377 n-d-828675-5 devstack@c-api.service[112221]: INFO cinder.api.openstack.wsgi [None req-a856a836-f19d-4a3e-82f4-78a6333972e5 tempest-AttachSCSIVolumeTestJSON-1967536159 tempest-AttachSCSIVolumeTestJSON-1967536159-project] http://10.222.0.58/volume/v3/f90fb1721c024dd2a12f8b8161d255a6/volumes/ea6af2c2-dbf0-4a58-8904-37c87cd55a86 returned with HTTP 200
Jul 18 14:15:15.539647 n-d-828675-5 devstack@c-api.service[112221]: [pid: 112221|app: 0|req: 33/67] 10.222.0.58 () {58 vars in 1324 bytes} [Mon Jul 18 14:15:15 2022] GET /volume/v3/f90fb1721c024dd2a12f8b8161d255a6/volumes/ea6af2c2-dbf0-4a58-8904-37c87cd55a86 => generated 916 bytes in 163 msecs (HTTP/1.1 200) 7 headers in 285 bytes (1 switches on core 0)
Jul 18 14:15:15.698582 n-d-828675-5 devstack@c-api.service[112222]: DEBUG cinder.api.middleware.request_id [req-2ca257d3-9f17-49a1-a4ff-ecf1159f0ba5 req-d7a5321f-c532-4699-bb7a-4f6bcfb14234 None None] RequestId filter calling following filter/app {{(pid=112222) _context_setter /opt/stack/cinder/cinder/api/middleware/request_id.py:62}}
Jul 18 14:15:15.715816 n-d-828675-5 devstack@c-api.service[112222]: INFO cinder.api.openstack.wsgi [req-2ca257d3-9f17-49a1-a4ff-ecf1159f0ba5 req-d7a5321f-c532-4699-bb7a-4f6bcfb14234 tempest-LiveMigrationTest-996972408 tempest-LiveMigrationTest-996972408-project] GET http://10.222.0.58/volume/v3/88c6171a465d46cf920a1c5ed8e41ae5/volumes/9ba08df7-c21c-48de-8db6-3e8eedd70d3e
Jul 18 14:15:15.720727 n-d-828675-5 devstack@c-api.service[112222]: DEBUG cinder.api.openstack.wsgi [req-2ca257d3-9f17-49a1-a4ff-ecf1159f0ba5 req-d7a5321f-c532-4699-bb7a-4f6bcfb14234 tempest-LiveMigrationTest-996972408 tempest-LiveMigrationTest-996972408-project] Empty body provided in request {{(pid=112222) get_body /opt/stack/cinder/cinder/api/openstack/wsgi.py:715}}
Jul 18 14:15:15.721554 n-d-828675-5 devstack@c-api.service[112222]: DEBUG cinder.api.openstack.wsgi [req-2ca257d3-9f17-49a1-a4ff-ecf1159f0ba5 req-d7a5321f-c532-4699-bb7a-4f6bcfb14234 tempest-LiveMigrationTest-996972408 tempest-LiveMigrationTest-996972408-project] Calling method 'show' {{(pid=112222) _process_stack /opt/stack/cinder/cinder/api/openstack/wsgi.py:868}}
Jul 18 14:15:15.994474 n-d-828675-5 devstack@c-api.service[112222]: /usr/local/lib/python3.8/dist-packages/oslo_context/context.py:100: DeprecationWarning: Policy enforcement is depending on the value of is_admin. This key is deprecated. Please update your policy file to use the standard policy values.
Jul 18 14:15:15.994474 n-d-828675-5 devstack@c-api.service[112222]: warnings.warn('Policy enforcement is depending on the value of '
Jul 18 14:15:16.010369 n-d-828675-5 devstack@c-api.service[112222]: INFO cinder.volume.api [req-2ca257d3-9f17-49a1-a4ff-ecf1159f0ba5 req-d7a5321f-c532-4699-bb7a-4f6bcfb14234 tempest-LiveMigrationTest-996972408 tempest-LiveMigrationTest-996972408-project] Volume info retrieved successfully.
Jul 18 14:15:16.027177 n-d-828675-5 devstack@c-api.service[112222]: INFO cinder.api.openstack.wsgi [req-2ca257d3-9f17-49a1-a4ff-ecf1159f0ba5 req-d7a5321f-c532-4699-bb7a-4f6bcfb14234 tempest-LiveMigrationTest-996972408 tempest-LiveMigrationTest-996972408-project] http://10.222.0.58/volume/v3/88c6171a465d46cf920a1c5ed8e41ae5/volumes/9ba08df7-c21c-48de-8db6-3e8eedd70d3e returned with HTTP 200
Jul 18 14:15:16.040055 n-d-828675-5 devstack@c-api.service[112222]: [pid: 112222|app: 0|req: 35/68] 10.222.0.58 () {60 vars in 1578 bytes} [Mon Jul 18 14:15:15 2022] GET /volume/v3/88c6171a465d46cf920a1c5ed8e41ae5/volumes/9ba08df7-c21c-48de-8db6-3e8eedd70d3e => generated 909 bytes in 343 msecs (HTTP/1.1 200) 7 headers in 285 bytes (1 switches on core 0)
Jul 18 14:15:16.574248 n-d-828675-5 devstack@c-api.service[112221]: DEBUG cinder.api.middleware.request_id [None req-285c88fb-b19e-4db0-b0ee-b5daaf4181d2 None None] RequestId filter calling following filter/app {{(pid=112221) _context_setter /opt/stack/cinder/cinder/api/middleware/request_id.py:62}}
Jul 18 14:15:16.577946 n-d-828675-5 devstack@c-api.service[112221]: INFO cinder.api.openstack.wsgi [None req-285c88fb-b19e-4db0-b0ee-b5daaf4181d2 tempest-AttachSCSIVolumeTestJSON-1967536159 tempest-AttachSCSIVolumeTestJSON-1967536159-project] GET http://10.222.0.58/volume/v3/f90fb1721c024dd2a12f8b8161d255a6/volumes/ea6af2c2-dbf0-4a58-8904-37c87cd55a86
Jul 18 14:15:16.578402 n-d-828675-5 devstack@c-api.service[112221]: DEBUG cinder.api.openstack.wsgi [None req-285c88fb-b19e-4db0-b0ee-b5daaf4181d2 tempest-AttachSCSIVolumeTestJSON-1967536159 tempest-AttachSCSIVolumeTestJSON-1967536159-project] Empty body provided in request {{(pid=112221) get_body /opt/stack/cinder/cinder/api/openstack/wsgi.py:715}}
Jul 18 14:15:16.579144 n-d-828675-5 devstack@c-api.service[112221]: DEBUG cinder.api.openstack.wsgi [None req-285c88fb-b19e-4db0-b0ee-b5daaf4181d2 tempest-AttachSCSIVolumeTestJSON-1967536159 tempest-AttachSCSIVolumeTestJSON-1967536159-project] Calling method 'show' {{(pid=112221) _process_stack /opt/stack/cinder/cinder/api/openstack/wsgi.py:868}}
Jul 18 14:15:16.609048 n-d-828675-5 devstack@c-api.service[112221]: INFO cinder.api.openstack.wsgi [None req-285c88fb-b19e-4db0-b0ee-b5daaf4181d2 tempest-AttachSCSIVolumeTestJSON-1967536159 tempest-AttachSCSIVolumeTestJSON-1967536159-project] http://10.222.0.58/volume/v3/f90fb1721c024dd2a12f8b8161d255a6/volumes/ea6af2c2-dbf0-4a58-8904-37c87cd55a86 returned with HTTP 404
Jul 18 14:15:16.611273 n-d-828675-5 devstack@c-api.service[112221]: [pid: 112221|app: 0|req: 34/69] 10.222.0.58 () {58 vars in 1324 bytes} [Mon Jul 18 14:15:16 2022] GET /volume/v3/f90fb1721c024dd2a12f8b8161d255a6/volumes/ea6af2c2-dbf0-4a58-8904-37c87cd55a86 => generated 109 bytes in 38 msecs (HTTP/1.1 404) 7 headers in 292 bytes (1 switches on core 0)
Jul 18 14:15:16.813520 n-d-828675-5 devstack@c-api.service[112222]: DEBUG cinder.api.middleware.request_id [None req-4fc2ddc1-20dd-40a2-98bd-e86abbb17e08 None None] RequestId filter calling following filter/app {{(pid=112222) _context_setter /opt/stack/cinder/cinder/api/middleware/request_id.py:62}}
Jul 18 14:15:16.818834 n-d-828675-5 devstack@c-api.service[112222]: INFO cinder.api.openstack.wsgi [None req-4fc2ddc1-20dd-40a2-98bd-e86abbb17e08 None None] GET http://10.222.0.58/volume//
Jul 18 14:15:16.825984 n-d-828675-5 devstack@c-api.service[112222]: DEBUG cinder.api.openstack.wsgi [None req-4fc2ddc1-20dd-40a2-98bd-e86abbb17e08 None None] Empty body provided in request {{(pid=112222) get_body /opt/stack/cinder/cinder/api/openstack/wsgi.py:715}}
Jul 18 14:15:16.826862 n-d-828675-5 devstack@c-api.service[112222]: DEBUG cinder.api.openstack.wsgi [None req-4fc2ddc1-20dd-40a2-98bd-e86abbb17e08 None None] Calling method 'all' {{(pid=112222) _process_stack /opt/stack/cinder/cinder/api/openstack/wsgi.py:868}}
Jul 18 14:15:16.832521 n-d-828675-5 devstack@c-api.service[112222]: INFO cinder.api.openstack.wsgi [None req-4fc2ddc1-20dd-40a2-98bd-e86abbb17e08 None None] http://10.222.0.58/volume// returned with HTTP 300
Jul 18 14:15:16.845941 n-d-828675-5 devstack@c-api.service[112222]: [pid: 112222|app: 0|req: 36/70] 10.222.0.58 () {58 vars in 1299 bytes} [Mon Jul 18 14:15:16 2022] GET /volume/ => generated 386 bytes in 36 msecs (HTTP/1.1 300) 7 headers in 299 bytes (1 switches on core 0)
Jul 18 14:15:16.858280 n-d-828675-5 devstack@c-api.service[112221]: DEBUG cinder.api.middleware.request_id [req-2ca257d3-9f17-49a1-a4ff-ecf1159f0ba5 req-057d4873-a0ff-4e48-9474-acabca8d527e None None] RequestId filter calling following filter/app {{(pid=112221) _context_setter /opt/stack/cinder/cinder/api/middleware/request_id.py:62}}
Jul 18 14:15:16.866661 n-d-828675-5 devstack@c-api.service[112221]: INFO cinder.api.openstack.wsgi [req-2ca257d3-9f17-49a1-a4ff-ecf1159f0ba5 req-057d4873-a0ff-4e48-9474-acabca8d527e tempest-LiveMigrationTest-996972408 tempest-LiveMigrationTest-996972408-project] POST http://10.222.0.58/volume/v3/88c6171a465d46cf920a1c5ed8e41ae5/attachments
Jul 18 14:15:16.872525 n-d-828675-5 devstack@c-api.service[112221]: DEBUG cinder.api.openstack.wsgi [req-2ca257d3-9f17-49a1-a4ff-ecf1159f0ba5 req-057d4873-a0ff-4e48-9474-acabca8d527e tempest-LiveMigrationTest-996972408 tempest-LiveMigrationTest-996972408-project] Action: 'create', calling method: version_select, body: {"attachment": {"volume_uuid": "9ba08df7-c21c-48de-8db6-3e8eedd70d3e", "connector": null, "instance_uuid": "8adffce1-320a-497b-9597-1b102cd491c6"}} {{(pid=112221) _process_stack /opt/stack/cinder/cinder/api/openstack/wsgi.py:866}}
Jul 18 14:15:16.889650 n-d-828675-5 devstack@c-api.service[112221]: DEBUG dbcounter [-] [112221] Writing DB stats cinder:SELECT=78,cinder:INSERT=10,cinder:UPDATE=12 {{(pid=112221) stat_writer /usr/local/lib/python3.8/dist-packages/dbcounter.py:114}}
Jul 18 14:15:16.940768 n-d-828675-5 devstack@c-api.service[112221]: /usr/local/lib/python3.8/dist-packages/oslo_context/context.py:100: DeprecationWarning: Policy enforcement is depending on the value of is_admin. This key is deprecated. Please update your policy file to use the standard policy values.
Jul 18 14:15:16.940768 n-d-828675-5 devstack@c-api.service[112221]: warnings.warn('Policy enforcement is depending on the value of '
Jul 18 14:15:17.382353 n-d-828675-5 devstack@c-api.service[112221]: INFO cinder.api.openstack.wsgi [req-2ca257d3-9f17-49a1-a4ff-ecf1159f0ba5 req-057d4873-a0ff-4e48-9474-acabca8d527e tempest-LiveMigrationTest-996972408 tempest-LiveMigrationTest-996972408-project] http://10.222.0.58/volume/v3/88c6171a465d46cf920a1c5ed8e41ae5/attachments returned with HTTP 200
Jul 18 14:15:17.383886 n-d-828675-5 devstack@c-api.service[112221]: [pid: 112221|app: 0|req: 35/71] 10.222.0.58 () {66 vars in 1574 bytes} [Mon Jul 18 14:15:16 2022] POST /volume/v3/88c6171a465d46cf920a1c5ed8e41ae5/attachments => generated 273 bytes in 527 msecs (HTTP/1.1 200) 7 headers in 286 bytes (1 switches on core 0)
Jul 18 14:15:17.696072 n-d-828675-5 devstack@c-api.service[112222]: DEBUG cinder.api.middleware.request_id [None req-18c94bb1-2d4a-4825-a2ed-8aff2b4fe019 None None] RequestId filter calling following filter/app {{(pid=112222) _context_setter /opt/stack/cinder/cinder/api/middleware/request_id.py:62}}
Jul 18 14:15:17.707374 n-d-828675-5 devstack@c-api.service[112222]: INFO cinder.api.openstack.wsgi [None req-18c94bb1-2d4a-4825-a2ed-8aff2b4fe019 tempest-LiveMigrationTest-996972408 tempest-LiveMigrationTest-996972408-project] GET http://10.222.0.58/volume/v3/88c6171a465d46cf920a1c5ed8e41ae5/volumes/9ba08df7-c21c-48de-8db6-3e8eedd70d3e
Jul 18 14:15:17.711507 n-d-828675-5 devstack@c-api.service[112222]: DEBUG cinder.api.openstack.wsgi [None req-18c94bb1-2d4a-4825-a2ed-8aff2b4fe019 tempest-LiveMigrationTest-996972408 tempest-LiveMigrationTest-996972408-project] Empty body provided in request {{(pid=112222) get_body /opt/stack/cinder/cinder/api/openstack/wsgi.py:715}}
Jul 18 14:15:17.714002 n-d-828675-5 devstack@c-api.service[112222]: DEBUG cinder.api.openstack.wsgi [None req-18c94bb1-2d4a-4825-a2ed-8aff2b4fe019 tempest-LiveMigrationTest-996972408 tempest-LiveMigrationTest-996972408-project] Calling method 'show' {{(pid=112222) _process_stack /opt/stack/cinder/cinder/api/openstack/wsgi.py:868}}
Jul 18 14:15:17.806743 n-d-828675-5 devstack@c-api.service[112222]: /usr/local/lib/python3.8/dist-packages/oslo_context/context.py:100: DeprecationWarning: Policy enforcement is depending on the value of is_admin. This key is deprecated. Please update your policy file to use the standard policy values.
Jul 18 14:15:17.806743 n-d-828675-5 devstack@c-api.service[112222]: warnings.warn('Policy enforcement is depending on the value of '
Jul 18 14:15:17.848731 n-d-828675-5 devstack@c-api.service[112221]: DEBUG cinder.api.middleware.request_id [None req-c940c962-9455-4e00-b873-5acc2d47dae3 None None] RequestId filter calling following filter/app {{(pid=112221) _context_setter /opt/stack/cinder/cinder/api/middleware/request_id.py:62}}
Jul 18 14:15:17.851262 n-d-828675-5 devstack@c-api.service[112221]: INFO cinder.api.openstack.wsgi [None req-c940c962-9455-4e00-b873-5acc2d47dae3 None None] GET http://10.222.0.58/volume//
Jul 18 14:15:17.857754 n-d-828675-5 devstack@c-api.service[112221]: DEBUG cinder.api.openstack.wsgi [None req-c940c962-9455-4e00-b873-5acc2d47dae3 None None] Empty body provided in request {{(pid=112221) get_body /opt/stack/cinder/cinder/api/openstack/wsgi.py:715}}
