Feb 11 13:30:05.872275 n-d-828675-3 devstack@placement-api.service[110166]: INFO placement.requestlog [req-a32b1cb0-3ba3-4cc7-b002-710acbe8fe75 req-8b1c1e13-d5ae-4880-991a-d2c805651bc3 service placement] 10.222.0.42 "PUT /placement/allocations/d69a2a2a-ea53-4311-81e4-314f49d0566d" status: 204 len: 0 microversion: 1.36
Feb 11 13:30:05.872782 n-d-828675-3 devstack@placement-api.service[110166]: [pid: 110166|app: 0|req: 542/1081] 10.222.0.42 () {64 vars in 1433 bytes} [Fri Feb 11 13:30:05 2022] PUT /placement/allocations/d69a2a2a-ea53-4311-81e4-314f49d0566d => generated 0 bytes in 55 msecs (HTTP/1.1 204) 5 headers in 199 bytes (1 switches on core 0)
Feb 11 13:30:06.137133 n-d-828675-3 devstack@placement-api.service[110167]: DEBUG placement.requestlog [req-a32b1cb0-3ba3-4cc7-b002-710acbe8fe75 req-e9ca862d-5817-4957-8df4-a4e5f09f6391 None None] Starting request: 10.222.0.53 "GET /placement/allocations/d69a2a2a-ea53-4311-81e4-314f49d0566d" {{(pid=110167) __call__ /opt/stack/placement/placement/requestlog.py:55}}
Feb 11 13:30:06.153108 n-d-828675-3 devstack@placement-api.service[110167]: INFO placement.requestlog [req-a32b1cb0-3ba3-4cc7-b002-710acbe8fe75 req-e9ca862d-5817-4957-8df4-a4e5f09f6391 service placement] 10.222.0.53 "GET /placement/allocations/d69a2a2a-ea53-4311-81e4-314f49d0566d" status: 200 len: 259 microversion: 1.28
Feb 11 13:30:06.153778 n-d-828675-3 devstack@placement-api.service[110167]: [pid: 110167|app: 0|req: 540/1082] 10.222.0.53 () {60 vars in 1377 bytes} [Fri Feb 11 13:30:06 2022] GET /placement/allocations/d69a2a2a-ea53-4311-81e4-314f49d0566d => generated 259 bytes in 17 msecs (HTTP/1.1 200) 8 headers in 296 bytes (2 switches on core 0)
Feb 11 13:30:16.899730 n-d-828675-3 devstack@placement-api.service[110166]: DEBUG placement.requestlog [req-fadaba3c-660f-4325-a620-54a9436aecec req-8fb33197-a7f5-46c3-a96d-99b98b68cfa0 None None] Starting request: 10.222.0.53 "DELETE /placement/allocations/d69a2a2a-ea53-4311-81e4-314f49d0566d" {{(pid=110166) __call__ /opt/stack/placement/placement/requestlog.py:55}}
Feb 11 13:30:16.931351 n-d-828675-3 devstack@placement-api.service[110166]: DEBUG placement.handlers.allocation [req-fadaba3c-660f-4325-a620-54a9436aecec req-8fb33197-a7f5-46c3-a96d-99b98b68cfa0 service placement] Successfully deleted allocations [, , ] {{(pid=110166) delete_allocations /opt/stack/placement/placement/handlers/allocation.py:627}}
Feb 11 13:30:16.931801 n-d-828675-3 devstack@placement-api.service[110166]: INFO placement.requestlog [req-fadaba3c-660f-4325-a620-54a9436aecec req-8fb33197-a7f5-46c3-a96d-99b98b68cfa0 service placement] 10.222.0.53 "DELETE /placement/allocations/d69a2a2a-ea53-4311-81e4-314f49d0566d" status: 204 len: 0 microversion: 1.0
Feb 11 13:30:16.932197 n-d-828675-3 devstack@placement-api.service[110166]: [pid: 110166|app: 0|req: 543/1083] 10.222.0.53 () {60 vars in 1355 bytes} [Fri Feb 11 13:30:16 2022] DELETE /placement/allocations/d69a2a2a-ea53-4311-81e4-314f49d0566d => generated 0 bytes in 33 msecs (HTTP/1.1 204) 5 headers in 198 bytes (1 switches on core 0)
Feb 11 13:30:17.795622 n-d-828675-3 devstack@placement-api.service[110167]: DEBUG placement.requestlog [req-991198bd-8f93-42a0-a3ea-15114bb57535 req-1adf1b41-2b34-4f00-81ec-f74efc269b09 None None] Starting request: 10.222.0.42 "GET /placement/allocation_candidates?limit=1000&resources=DISK_GB%3A1%2CMEMORY_MB%3A1024%2CVCPU%3A1&root_required=%21COMPUTE_STATUS_DISABLED" {{(pid=110167) __call__ /opt/stack/placement/placement/requestlog.py:55}}
Feb 11 13:30:17.826951 n-d-828675-3 devstack@placement-api.service[110167]: DEBUG placement.objects.research_context [req-991198bd-8f93-42a0-a3ea-15114bb57535 req-1adf1b41-2b34-4f00-81ec-f74efc269b09 service placement] getting providers with 1 DISK_GB {{(pid=110167) __init__ /opt/stack/placement/placement/objects/research_context.py:126}}
Feb 11 13:30:17.833036 n-d-828675-3 devstack@placement-api.service[110167]: DEBUG placement.objects.research_context [req-991198bd-8f93-42a0-a3ea-15114bb57535 req-1adf1b41-2b34-4f00-81ec-f74efc269b09 service placement] getting providers with 1024 MEMORY_MB {{(pid=110167) __init__ /opt/stack/placement/placement/objects/research_context.py:126}}
Feb 11 13:30:17.838367 n-d-828675-3 devstack@placement-api.service[110167]: DEBUG placement.objects.research_context [req-991198bd-8f93-42a0-a3ea-15114bb57535 req-1adf1b41-2b34-4f00-81ec-f74efc269b09 service placement] getting providers with 1 VCPU {{(pid=110167) __init__ /opt/stack/placement/placement/objects/research_context.py:126}}
Feb 11 13:30:17.844221 n-d-828675-3 devstack@placement-api.service[110167]: DEBUG placement.objects.research_context [req-991198bd-8f93-42a0-a3ea-15114bb57535 req-1adf1b41-2b34-4f00-81ec-f74efc269b09 service placement] found 2 providers with available 1 DISK_GB {{(pid=110167) get_provider_ids_matching /opt/stack/placement/placement/objects/research_context.py:549}}
Feb 11 13:30:17.844494 n-d-828675-3 devstack@placement-api.service[110167]: DEBUG placement.objects.research_context [req-991198bd-8f93-42a0-a3ea-15114bb57535 req-1adf1b41-2b34-4f00-81ec-f74efc269b09 service placement] found 2 providers with available 1024 MEMORY_MB {{(pid=110167) get_provider_ids_matching /opt/stack/placement/placement/objects/research_context.py:549}}
Feb 11 13:30:17.844757 n-d-828675-3 devstack@placement-api.service[110167]: DEBUG placement.objects.research_context [req-991198bd-8f93-42a0-a3ea-15114bb57535 req-1adf1b41-2b34-4f00-81ec-f74efc269b09 service placement] found 2 providers after filtering by previous result {{(pid=110167) get_provider_ids_matching /opt/stack/placement/placement/objects/research_context.py:580}}
Feb 11 13:30:17.845005 n-d-828675-3 devstack@placement-api.service[110167]: DEBUG placement.objects.research_context [req-991198bd-8f93-42a0-a3ea-15114bb57535 req-1adf1b41-2b34-4f00-81ec-f74efc269b09 service placement] found 2 providers with available 1 VCPU {{(pid=110167) get_provider_ids_matching /opt/stack/placement/placement/objects/research_context.py:549}}
Feb 11 13:30:17.845255 n-d-828675-3 devstack@placement-api.service[110167]: DEBUG placement.objects.research_context [req-991198bd-8f93-42a0-a3ea-15114bb57535 req-1adf1b41-2b34-4f00-81ec-f74efc269b09 service placement] found 2 providers after filtering by previous result {{(pid=110167) get_provider_ids_matching /opt/stack/placement/placement/objects/research_context.py:580}}
Feb 11 13:30:17.855916 n-d-828675-3 devstack@placement-api.service[110167]: DEBUG placement.objects.allocation_candidate [req-991198bd-8f93-42a0-a3ea-15114bb57535 req-1adf1b41-2b34-4f00-81ec-f74efc269b09 service placement] RequestGroup(use_same_provider=False, resources={DISK_GB:1, MEMORY_MB:1024, VCPU:1}, traits=[], aggregates=[]) (suffix '') returned 2 matches {{(pid=110167) _get_by_requests /opt/stack/placement/placement/objects/allocation_candidate.py:145}}
Feb 11 13:30:17.856305 n-d-828675-3 devstack@placement-api.service[110167]: DEBUG placement.objects.allocation_candidate [req-991198bd-8f93-42a0-a3ea-15114bb57535 req-1adf1b41-2b34-4f00-81ec-f74efc269b09 service placement] Merging candidates yields 2 allocation requests and 2 provider summaries {{(pid=110167) _merge_candidates /opt/stack/placement/placement/objects/allocation_candidate.py:783}}
Feb 11 13:30:17.858004 n-d-828675-3 devstack@placement-api.service[110167]: INFO placement.requestlog [req-991198bd-8f93-42a0-a3ea-15114bb57535 req-1adf1b41-2b34-4f00-81ec-f74efc269b09 service placement] 10.222.0.42 "GET /placement/allocation_candidates?limit=1000&resources=DISK_GB%3A1%2CMEMORY_MB%3A1024%2CVCPU%3A1&root_required=%21COMPUTE_STATUS_DISABLED" status: 200 len: 1306 microversion: 1.36
Feb 11 13:30:17.858370 n-d-828675-3 devstack@placement-api.service[110167]: [pid: 110167|app: 0|req: 541/1084] 10.222.0.42 () {60 vars in 1506 bytes} [Fri Feb 11 13:30:17 2022] GET /placement/allocation_candidates?limit=1000&resources=DISK_GB%3A1%2CMEMORY_MB%3A1024%2CVCPU%3A1&root_required=%21COMPUTE_STATUS_DISABLED => generated 1306 bytes in 63 msecs (HTTP/1.1 200) 8 headers in 297 bytes (1 switches on core 0)
Feb 11 13:30:17.902656 n-d-828675-3 devstack@placement-api.service[110166]: DEBUG placement.requestlog [req-991198bd-8f93-42a0-a3ea-15114bb57535 req-56e4a6b8-1899-4c10-a5d1-30c9ac2e3a9e None None] Starting request: 10.222.0.42 "GET /placement/allocations/18973a20-a139-4eab-829b-03a36eb110b1" {{(pid=110166) __call__ /opt/stack/placement/placement/requestlog.py:55}}
Feb 11 13:30:17.913911 n-d-828675-3 devstack@placement-api.service[110166]: INFO placement.requestlog [req-991198bd-8f93-42a0-a3ea-15114bb57535 req-56e4a6b8-1899-4c10-a5d1-30c9ac2e3a9e service placement] 10.222.0.42 "GET /placement/allocations/18973a20-a139-4eab-829b-03a36eb110b1" status: 200 len: 19 microversion: 1.28
Feb 11 13:30:17.914240 n-d-828675-3 devstack@placement-api.service[110166]: [pid: 110166|app: 0|req: 544/1085] 10.222.0.42 () {60 vars in 1380 bytes} [Fri Feb 11 13:30:17 2022] GET /placement/allocations/18973a20-a139-4eab-829b-03a36eb110b1 => generated 19 bytes in 12 msecs (HTTP/1.1 200) 8 headers in 295 bytes (1 switches on core 0)
Feb 11 13:30:17.920271 n-d-828675-3 devstack@placement-api.service[110167]: DEBUG placement.requestlog [req-991198bd-8f93-42a0-a3ea-15114bb57535 req-27cffbd3-55e9-4f44-ab3d-d2716a52d5e4 None None] Starting request: 10.222.0.42 "PUT /placement/allocations/18973a20-a139-4eab-829b-03a36eb110b1" {{(pid=110167) __call__ /opt/stack/placement/placement/requestlog.py:55}}
Feb 11 13:30:17.971358 n-d-828675-3 devstack@placement-api.service[110167]: DEBUG placement.handlers.allocation [req-991198bd-8f93-42a0-a3ea-15114bb57535 req-27cffbd3-55e9-4f44-ab3d-d2716a52d5e4 service placement] Successfully wrote allocations [, , ] {{(pid=110167) _update_consumers_and_create_allocations /opt/stack/placement/placement/handlers/allocation.py:462}}
Feb 11 13:30:17.976215 n-d-828675-3 devstack@placement-api.service[110167]: INFO placement.requestlog [req-991198bd-8f93-42a0-a3ea-15114bb57535 req-27cffbd3-55e9-4f44-ab3d-d2716a52d5e4 service placement] 10.222.0.42 "PUT /placement/allocations/18973a20-a139-4eab-829b-03a36eb110b1" status: 204 len: 0 microversion: 1.36
Feb 11 13:30:17.976573 n-d-828675-3 devstack@placement-api.service[110167]: [pid: 110167|app: 0|req: 542/1086] 10.222.0.42 () {64 vars in 1433 bytes} [Fri Feb 11 13:30:17 2022] PUT /placement/allocations/18973a20-a139-4eab-829b-03a36eb110b1 => generated 0 bytes in 57 msecs (HTTP/1.1 204) 5 headers in 199 bytes (1 switches on core 0)
Feb 11 13:30:18.266265 n-d-828675-3 devstack@placement-api.service[110166]: DEBUG placement.requestlog [req-991198bd-8f93-42a0-a3ea-15114bb57535 req-c4574a00-a204-4794-817f-aa170ea7563c None None] Starting request: 10.222.0.53 "GET /placement/allocations/18973a20-a139-4eab-829b-03a36eb110b1" {{(pid=110166) __call__ /opt/stack/placement/placement/requestlog.py:55}}
Feb 11 13:30:18.281069 n-d-828675-3 devstack@placement-api.service[110166]: INFO placement.requestlog [req-991198bd-8f93-42a0-a3ea-15114bb57535 req-c4574a00-a204-4794-817f-aa170ea7563c service placement] 10.222.0.53 "GET /placement/allocations/18973a20-a139-4eab-829b-03a36eb110b1" status: 200 len: 259 microversion: 1.28
Feb 11 13:30:18.281397 n-d-828675-3 devstack@placement-api.service[110166]: [pid: 110166|app: 0|req: 545/1087] 10.222.0.53 () {60 vars in 1377 bytes} [Fri Feb 11 13:30:18 2022] GET /placement/allocations/18973a20-a139-4eab-829b-03a36eb110b1 => generated 259 bytes in 15 msecs (HTTP/1.1 200) 8 headers in 296 bytes (1 switches on core 0)
Feb 11 13:30:23.073919 n-d-828675-3 devstack@placement-api.service[110167]: DEBUG placement.requestlog [req-3a5dbd28-a680-45df-ba1b-276f6368e2ee req-a61a3d10-35e0-4f3e-8e01-3247976a65f6 None None] Starting request: 10.222.0.53 "GET /placement/resource_providers/2043121b-effc-4499-bcf9-b2e87bbd593d/allocations" {{(pid=110167) __call__ /opt/stack/placement/placement/requestlog.py:55}}
Feb 11 13:30:23.093207 n-d-828675-3 devstack@placement-api.service[110167]: INFO placement.requestlog [req-3a5dbd28-a680-45df-ba1b-276f6368e2ee req-a61a3d10-35e0-4f3e-8e01-3247976a65f6 service placement] 10.222.0.53 "GET /placement/resource_providers/2043121b-effc-4499-bcf9-b2e87bbd593d/allocations" status: 200 len: 154 microversion: 1.0
Feb 11 13:30:23.093592 n-d-828675-3 devstack@placement-api.service[110167]: [pid: 110167|app: 0|req: 543/1088] 10.222.0.53 () {58 vars in 1390 bytes} [Fri Feb 11 13:30:23 2022] GET /placement/resource_providers/2043121b-effc-4499-bcf9-b2e87bbd593d/allocations => generated 154 bytes in 20 msecs (HTTP/1.1 200) 6 headers in 224 bytes (1 switches on core 0)
Feb 11 13:30:27.073877 n-d-828675-3 devstack@placement-api.service[110166]: DEBUG placement.requestlog [req-375ec6ed-29cd-4ee6-bd67-11fa38fccf47 req-b054f1d9-9f6b-4314-bb19-492c5dbbb551 None None] Starting request: 10.222.0.64 "GET /placement/resource_providers/82bea24d-56f2-49e8-b38b-0701e78801da/allocations" {{(pid=110166) __call__ /opt/stack/placement/placement/requestlog.py:55}}
Feb 11 13:30:27.094511 n-d-828675-3 devstack@placement-api.service[110166]: INFO placement.requestlog [req-375ec6ed-29cd-4ee6-bd67-11fa38fccf47 req-b054f1d9-9f6b-4314-bb19-492c5dbbb551 service placement] 10.222.0.64 "GET /placement/resource_providers/82bea24d-56f2-49e8-b38b-0701e78801da/allocations" status: 200 len: 155 microversion: 1.0
Feb 11 13:30:27.094817 n-d-828675-3 devstack@placement-api.service[110166]: [pid: 110166|app: 0|req: 546/1089] 10.222.0.64 () {58 vars in 1390 bytes} [Fri Feb 11 13:30:27 2022] GET /placement/resource_providers/82bea24d-56f2-49e8-b38b-0701e78801da/allocations => generated 155 bytes in 21 msecs (HTTP/1.1 200) 6 headers in 224 bytes (1 switches on core 0)
Feb 11 13:30:55.854390 n-d-828675-3 devstack@placement-api.service[110167]: DEBUG placement.requestlog [req-aede54fc-7251-4d9c-aa5b-da8c61e04fdf req-bf384adf-39b2-4d77-ade7-84e2b549efef None None] Starting request: 10.222.0.53 "DELETE /placement/allocations/18973a20-a139-4eab-829b-03a36eb110b1" {{(pid=110167) __call__ /opt/stack/placement/placement/requestlog.py:55}}
Feb 11 13:30:55.885334 n-d-828675-3 devstack@placement-api.service[110167]: DEBUG placement.handlers.allocation [req-aede54fc-7251-4d9c-aa5b-da8c61e04fdf req-bf384adf-39b2-4d77-ade7-84e2b549efef service placement] Successfully deleted allocations [, , ] {{(pid=110167) delete_allocations /opt/stack/placement/placement/handlers/allocation.py:627}}
Feb 11 13:30:55.885899 n-d-828675-3 devstack@placement-api.service[110167]: INFO placement.requestlog [req-aede54fc-7251-4d9c-aa5b-da8c61e04fdf req-bf384adf-39b2-4d77-ade7-84e2b549efef service placement] 10.222.0.53 "DELETE /placement/allocations/18973a20-a139-4eab-829b-03a36eb110b1" status: 204 len: 0 microversion: 1.0
Feb 11 13:30:55.886238 n-d-828675-3 devstack@placement-api.service[110167]: [pid: 110167|app: 0|req: 544/1090] 10.222.0.53 () {60 vars in 1355 bytes} [Fri Feb 11 13:30:55 2022] DELETE /placement/allocations/18973a20-a139-4eab-829b-03a36eb110b1 => generated 0 bytes in 32 msecs (HTTP/1.1 204) 5 headers in 198 bytes (1 switches on core 0)
Feb 11 13:30:59.048942 n-d-828675-3 devstack@placement-api.service[110166]: DEBUG placement.requestlog [req-084019a8-5af4-46dd-b2e3-d9913466b79c req-bb145cd3-55ac-472b-a825-5b7b15eb209e None None] Starting request: 10.222.0.64 "DELETE /placement/allocations/daebdfa2-6276-4467-8795-ea022562e017" {{(pid=110166) __call__ /opt/stack/placement/placement/requestlog.py:55}}
Feb 11 13:30:59.082068 n-d-828675-3 devstack@placement-api.service[110166]: DEBUG placement.handlers.allocation [req-084019a8-5af4-46dd-b2e3-d9913466b79c req-bb145cd3-55ac-472b-a825-5b7b15eb209e service placement] Successfully deleted allocations [, , ] {{(pid=110166) delete_allocations /opt/stack/placement/placement/handlers/allocation.py:627}}
Feb 11 13:30:59.082822 n-d-828675-3 devstack@placement-api.service[110166]: INFO placement.requestlog [req-084019a8-5af4-46dd-b2e3-d9913466b79c req-bb145cd3-55ac-472b-a825-5b7b15eb209e service placement] 10.222.0.64 "DELETE /placement/allocations/daebdfa2-6276-4467-8795-ea022562e017" status: 204 len: 0 microversion: 1.0
Feb 11 13:30:59.083267 n-d-828675-3 devstack@placement-api.service[110166]: [pid: 110166|app: 0|req: 547/1091] 10.222.0.64 () {60 vars in 1355 bytes} [Fri Feb 11 13:30:59 2022] DELETE /placement/allocations/daebdfa2-6276-4467-8795-ea022562e017 => generated 0 bytes in 35 msecs (HTTP/1.1 204) 5 headers in 198 bytes (1 switches on core 0)
Feb 11 13:31:23.108773 n-d-828675-3 devstack@placement-api.service[110167]: DEBUG placement.requestlog [req-4f7b3732-5a03-4ab7-b061-424dd0231774 req-ec81ebb8-df2c-419a-943d-7bc71d295aed None None] Starting request: 10.222.0.53 "GET /placement/resource_providers/2043121b-effc-4499-bcf9-b2e87bbd593d/allocations" {{(pid=110167) __call__ /opt/stack/placement/placement/requestlog.py:55}}
Feb 11 13:31:23.124946 n-d-828675-3 devstack@placement-api.service[110167]: INFO placement.requestlog [req-4f7b3732-5a03-4ab7-b061-424dd0231774 req-ec81ebb8-df2c-419a-943d-7bc71d295aed service placement] 10.222.0.53 "GET /placement/resource_providers/2043121b-effc-4499-bcf9-b2e87bbd593d/allocations" status: 200 len: 55 microversion: 1.0
Feb 11 13:31:23.125368 n-d-828675-3 devstack@placement-api.service[110167]: [pid: 110167|app: 0|req: 545/1092] 10.222.0.53 () {58 vars in 1390 bytes} [Fri Feb 11 13:31:23 2022] GET /placement/resource_providers/2043121b-effc-4499-bcf9-b2e87bbd593d/allocations => generated 55 bytes in 17 msecs (HTTP/1.1 200) 6 headers in 223 bytes (1 switches on core 0)
Feb 11 13:31:29.080494 n-d-828675-3 devstack@placement-api.service[110166]: DEBUG placement.requestlog [req-b9db6eb4-69fd-470d-8c47-f1c939c1b480 req-2cfdb4f6-54b6-44c2-90cd-2d870fcab01e None None] Starting request: 10.222.0.64 "GET /placement/resource_providers/82bea24d-56f2-49e8-b38b-0701e78801da/allocations" {{(pid=110166) __call__ /opt/stack/placement/placement/requestlog.py:55}}
Feb 11 13:31:29.098894 n-d-828675-3 devstack@placement-api.service[110166]: INFO placement.requestlog [req-b9db6eb4-69fd-470d-8c47-f1c939c1b480 req-2cfdb4f6-54b6-44c2-90cd-2d870fcab01e service placement] 10.222.0.64 "GET /placement/resource_providers/82bea24d-56f2-49e8-b38b-0701e78801da/allocations" status: 200 len: 56 microversion: 1.0
Feb 11 13:31:29.099236 n-d-828675-3 devstack@placement-api.service[110166]: [pid: 110166|app: 0|req: 548/1093] 10.222.0.64 () {58 vars in 1390 bytes} [Fri Feb 11 13:31:29 2022] GET /placement/resource_providers/82bea24d-56f2-49e8-b38b-0701e78801da/allocations => generated 56 bytes in 19 msecs (HTTP/1.1 200) 6 headers in 223 bytes (1 switches on core 0)
Feb 11 13:31:51.027573 n-d-828675-3 devstack@placement-api.service[110167]: DEBUG placement.requestlog [req-be31bcc7-752e-4cb5-86c5-dc9a86db93cb req-962dbd53-7e42-446b-ba70-fbf0039a47ed None None] Starting request: 10.222.0.42 "GET /placement/allocation_candidates?limit=1000&resources=DISK_GB%3A1%2CMEMORY_MB%3A1024%2CVCPU%3A1&root_required=%21COMPUTE_STATUS_DISABLED" {{(pid=110167) __call__ /opt/stack/placement/placement/requestlog.py:55}}
Feb 11 13:31:51.190750 n-d-828675-3 devstack@placement-api.service[110167]: DEBUG placement.objects.research_context [req-be31bcc7-752e-4cb5-86c5-dc9a86db93cb req-962dbd53-7e42-446b-ba70-fbf0039a47ed service placement] getting providers with 1 DISK_GB {{(pid=110167) __init__ /opt/stack/placement/placement/objects/research_context.py:126}}
Feb 11 13:31:51.196521 n-d-828675-3 devstack@placement-api.service[110167]: DEBUG placement.objects.research_context [req-be31bcc7-752e-4cb5-86c5-dc9a86db93cb req-962dbd53-7e42-446b-ba70-fbf0039a47ed service placement] getting providers with 1024 MEMORY_MB {{(pid=110167) __init__ /opt/stack/placement/placement/objects/research_context.py:126}}
Feb 11 13:31:51.202060 n-d-828675-3 devstack@placement-api.service[110167]: DEBUG placement.objects.research_context [req-be31bcc7-752e-4cb5-86c5-dc9a86db93cb req-962dbd53-7e42-446b-ba70-fbf0039a47ed service placement] getting providers with 1 VCPU {{(pid=110167) __init__ /opt/stack/placement/placement/objects/research_context.py:126}}
Feb 11 13:31:51.207569 n-d-828675-3 devstack@placement-api.service[110167]: DEBUG placement.objects.research_context [req-be31bcc7-752e-4cb5-86c5-dc9a86db93cb req-962dbd53-7e42-446b-ba70-fbf0039a47ed service placement] found 2 providers with available 1 DISK_GB {{(pid=110167) get_provider_ids_matching /opt/stack/placement/placement/objects/research_context.py:549}}
Feb 11 13:31:51.207842 n-d-828675-3 devstack@placement-api.service[110167]: DEBUG placement.objects.research_context [req-be31bcc7-752e-4cb5-86c5-dc9a86db93cb req-962dbd53-7e42-446b-ba70-fbf0039a47ed service placement] found 2 providers with available 1024 MEMORY_MB {{(pid=110167) get_provider_ids_matching /opt/stack/placement/placement/objects/research_context.py:549}}
Feb 11 13:31:51.208111 n-d-828675-3 devstack@placement-api.service[110167]: DEBUG placement.objects.research_context [req-be31bcc7-752e-4cb5-86c5-dc9a86db93cb req-962dbd53-7e42-446b-ba70-fbf0039a47ed service placement] found 2 providers after filtering by previous result {{(pid=110167) get_provider_ids_matching /opt/stack/placement/placement/objects/research_context.py:580}}
Feb 11 13:31:51.208360 n-d-828675-3 devstack@placement-api.service[110167]: DEBUG placement.objects.research_context [req-be31bcc7-752e-4cb5-86c5-dc9a86db93cb req-962dbd53-7e42-446b-ba70-fbf0039a47ed service placement] found 2 providers with available 1 VCPU {{(pid=110167) get_provider_ids_matching /opt/stack/placement/placement/objects/research_context.py:549}}
Feb 11 13:31:51.208615 n-d-828675-3 devstack@placement-api.service[110167]: DEBUG placement.objects.research_context [req-be31bcc7-752e-4cb5-86c5-dc9a86db93cb req-962dbd53-7e42-446b-ba70-fbf0039a47ed service placement] found 2 providers after filtering by previous result {{(pid=110167) get_provider_ids_matching /opt/stack/placement/placement/objects/research_context.py:580}}
Feb 11 13:31:51.219381 n-d-828675-3 devstack@placement-api.service[110167]: DEBUG placement.objects.allocation_candidate [req-be31bcc7-752e-4cb5-86c5-dc9a86db93cb req-962dbd53-7e42-446b-ba70-fbf0039a47ed service placement] RequestGroup(use_same_provider=False, resources={DISK_GB:1, MEMORY_MB:1024, VCPU:1}, traits=[], aggregates=[]) (suffix '') returned 2 matches {{(pid=110167) _get_by_requests /opt/stack/placement/placement/objects/allocation_candidate.py:145}}
Feb 11 13:31:51.219915 n-d-828675-3 devstack@placement-api.service[110167]: DEBUG placement.objects.allocation_candidate [req-be31bcc7-752e-4cb5-86c5-dc9a86db93cb req-962dbd53-7e42-446b-ba70-fbf0039a47ed service placement] Merging candidates yields 2 allocation requests and 2 provider summaries {{(pid=110167) _merge_candidates /opt/stack/placement/placement/objects/allocation_candidate.py:783}}
Feb 11 13:31:51.221614 n-d-828675-3 devstack@placement-api.service[110167]: INFO placement.requestlog [req-be31bcc7-752e-4cb5-86c5-dc9a86db93cb req-962dbd53-7e42-446b-ba70-fbf0039a47ed service placement] 10.222.0.42 "GET /placement/allocation_candidates?limit=1000&resources=DISK_GB%3A1%2CMEMORY_MB%3A1024%2CVCPU%3A1&root_required=%21COMPUTE_STATUS_DISABLED" status: 200 len: 1303 microversion: 1.36
Feb 11 13:31:51.222034 n-d-828675-3 devstack@placement-api.service[110167]: [pid: 110167|app: 0|req: 546/1094] 10.222.0.42 () {60 vars in 1506 bytes} [Fri Feb 11 13:31:51 2022] GET /placement/allocation_candidates?limit=1000&resources=DISK_GB%3A1%2CMEMORY_MB%3A1024%2CVCPU%3A1&root_required=%21COMPUTE_STATUS_DISABLED => generated 1303 bytes in 195 msecs (HTTP/1.1 200) 8 headers in 297 bytes (1 switches on core 0)
Feb 11 13:31:51.274348 n-d-828675-3 devstack@placement-api.service[110166]: DEBUG placement.requestlog [req-be31bcc7-752e-4cb5-86c5-dc9a86db93cb req-ac64729d-41be-4a0c-81a1-5b642e39bad2 None None] Starting request: 10.222.0.42 "GET /placement/allocations/74b3a0d6-b157-456d-993b-f02e8a93a944" {{(pid=110166) __call__ /opt/stack/placement/placement/requestlog.py:55}}
Feb 11 13:31:51.285684 n-d-828675-3 devstack@placement-api.service[110166]: INFO placement.requestlog [req-be31bcc7-752e-4cb5-86c5-dc9a86db93cb req-ac64729d-41be-4a0c-81a1-5b642e39bad2 service placement] 10.222.0.42 "GET /placement/allocations/74b3a0d6-b157-456d-993b-f02e8a93a944" status: 200 len: 19 microversion: 1.28
Feb 11 13:31:51.286296 n-d-828675-3 devstack@placement-api.service[110166]: [pid: 110166|app: 0|req: 549/1095] 10.222.0.42 () {60 vars in 1380 bytes} [Fri Feb 11 13:31:51 2022] GET /placement/allocations/74b3a0d6-b157-456d-993b-f02e8a93a944 => generated 19 bytes in 12 msecs (HTTP/1.1 200) 8 headers in 295 bytes (1 switches on core 0)
Feb 11 13:31:51.293204 n-d-828675-3 devstack@placement-api.service[110167]: DEBUG placement.requestlog [req-be31bcc7-752e-4cb5-86c5-dc9a86db93cb req-93f2240e-99ea-4871-8032-68f0c706214f None None] Starting request: 10.222.0.42 "PUT /placement/allocations/74b3a0d6-b157-456d-993b-f02e8a93a944" {{(pid=110167) __call__ /opt/stack/placement/placement/requestlog.py:55}}
Feb 11 13:31:51.351907 n-d-828675-3 devstack@placement-api.service[110167]: DEBUG placement.handlers.allocation [req-be31bcc7-752e-4cb5-86c5-dc9a86db93cb req-93f2240e-99ea-4871-8032-68f0c706214f service placement] Successfully wrote allocations [, , ] {{(pid=110167) _update_consumers_and_create_allocations /opt/stack/placement/placement/handlers/allocation.py:462}}
Feb 11 13:31:51.356571 n-d-828675-3 devstack@placement-api.service[110167]: INFO placement.requestlog [req-be31bcc7-752e-4cb5-86c5-dc9a86db93cb req-93f2240e-99ea-4871-8032-68f0c706214f service placement] 10.222.0.42 "PUT /placement/allocations/74b3a0d6-b157-456d-993b-f02e8a93a944" status: 204 len: 0 microversion: 1.36
Feb 11 13:31:51.356991 n-d-828675-3 devstack@placement-api.service[110167]: [pid: 110167|app: 0|req: 547/1096] 10.222.0.42 () {64 vars in 1433 bytes} [Fri Feb 11 13:31:51 2022] PUT /placement/allocations/74b3a0d6-b157-456d-993b-f02e8a93a944 => generated 0 bytes in 64 msecs (HTTP/1.1 204) 5 headers in 199 bytes (1 switches on core 0)
Feb 11 13:31:51.643045 n-d-828675-3 devstack@placement-api.service[110166]: DEBUG placement.requestlog [req-be31bcc7-752e-4cb5-86c5-dc9a86db93cb req-83d88827-40f0-4720-97b0-3247cef24a33 None None] Starting request: 10.222.0.53 "GET /placement/allocations/74b3a0d6-b157-456d-993b-f02e8a93a944" {{(pid=110166) __call__ /opt/stack/placement/placement/requestlog.py:55}}
Feb 11 13:31:51.662306 n-d-828675-3 devstack@placement-api.service[110166]: INFO placement.requestlog [req-be31bcc7-752e-4cb5-86c5-dc9a86db93cb req-83d88827-40f0-4720-97b0-3247cef24a33 service placement] 10.222.0.53 "GET /placement/allocations/74b3a0d6-b157-456d-993b-f02e8a93a944" status: 200 len: 259 microversion: 1.28
Feb 11 13:31:51.662680 n-d-828675-3 devstack@placement-api.service[110166]: [pid: 110166|app: 0|req: 550/1097] 10.222.0.53 () {60 vars in 1377 bytes} [Fri Feb 11 13:31:51 2022] GET /placement/allocations/74b3a0d6-b157-456d-993b-f02e8a93a944 => generated 259 bytes in 20 msecs (HTTP/1.1 200) 8 headers in 296 bytes (1 switches on core 0)
Feb 11 13:32:03.149701 n-d-828675-3 devstack@placement-api.service[110167]: DEBUG placement.requestlog [req-cfd1862b-ab7f-4050-b070-5bebb89d2576 req-2ed647e2-e3b6-4a85-8cc2-915c34caf3ae None None] Starting request: 10.222.0.53 "DELETE /placement/allocations/74b3a0d6-b157-456d-993b-f02e8a93a944" {{(pid=110167) __call__ /opt/stack/placement/placement/requestlog.py:55}}
Feb 11 13:32:03.179624 n-d-828675-3 devstack@placement-api.service[110167]: DEBUG placement.handlers.allocation [req-cfd1862b-ab7f-4050-b070-5bebb89d2576 req-2ed647e2-e3b6-4a85-8cc2-915c34caf3ae service placement] Successfully deleted allocations [, , ] {{(pid=110167) delete_allocations /opt/stack/placement/placement/handlers/allocation.py:627}}
Feb 11 13:32:03.180101 n-d-828675-3 devstack@placement-api.service[110167]: INFO placement.requestlog [req-cfd1862b-ab7f-4050-b070-5bebb89d2576 req-2ed647e2-e3b6-4a85-8cc2-915c34caf3ae service placement] 10.222.0.53 "DELETE /placement/allocations/74b3a0d6-b157-456d-993b-f02e8a93a944" status: 204 len: 0 microversion: 1.0
Feb 11 13:32:03.180467 n-d-828675-3 devstack@placement-api.service[110167]: [pid: 110167|app: 0|req: 548/1098] 10.222.0.53 () {60 vars in 1355 bytes} [Fri Feb 11 13:32:03 2022] DELETE /placement/allocations/74b3a0d6-b157-456d-993b-f02e8a93a944 => generated 0 bytes in 31 msecs (HTTP/1.1 204) 5 headers in 198 bytes (1 switches on core 0)
Feb 11 13:32:03.937621 n-d-828675-3 devstack@placement-api.service[110166]: DEBUG placement.requestlog [req-a748233b-0b45-4a54-9d34-2616f56e4b3e req-ffccd1cc-718c-481a-b5e4-14433f66ab2e None None] Starting request: 10.222.0.42 "GET /placement/allocation_candidates?limit=1000&resources=DISK_GB%3A1%2CMEMORY_MB%3A1024%2CVCPU%3A1&root_required=%21COMPUTE_STATUS_DISABLED" {{(pid=110166) __call__ /opt/stack/placement/placement/requestlog.py:55}}
Feb 11 13:32:03.972426 n-d-828675-3 devstack@placement-api.service[110166]: DEBUG placement.objects.research_context [req-a748233b-0b45-4a54-9d34-2616f56e4b3e req-ffccd1cc-718c-481a-b5e4-14433f66ab2e service placement] getting providers with 1 DISK_GB {{(pid=110166) __init__ /opt/stack/placement/placement/objects/research_context.py:126}}
Feb 11 13:32:03.978608 n-d-828675-3 devstack@placement-api.service[110166]: DEBUG placement.objects.research_context [req-a748233b-0b45-4a54-9d34-2616f56e4b3e req-ffccd1cc-718c-481a-b5e4-14433f66ab2e service placement] getting providers with 1024 MEMORY_MB {{(pid=110166) __init__ /opt/stack/placement/placement/objects/research_context.py:126}}
Feb 11 13:32:03.984090 n-d-828675-3 devstack@placement-api.service[110166]: DEBUG placement.objects.research_context [req-a748233b-0b45-4a54-9d34-2616f56e4b3e req-ffccd1cc-718c-481a-b5e4-14433f66ab2e service placement] getting providers with 1 VCPU {{(pid=110166) __init__ /opt/stack/placement/placement/objects/research_context.py:126}}
Feb 11 13:32:03.989453 n-d-828675-3 devstack@placement-api.service[110166]: DEBUG placement.objects.research_context [req-a748233b-0b45-4a54-9d34-2616f56e4b3e req-ffccd1cc-718c-481a-b5e4-14433f66ab2e service placement] found 2 providers with available 1 DISK_GB {{(pid=110166) get_provider_ids_matching /opt/stack/placement/placement/objects/research_context.py:549}}
Feb 11 13:32:03.989772 n-d-828675-3 devstack@placement-api.service[110166]: DEBUG placement.objects.research_context [req-a748233b-0b45-4a54-9d34-2616f56e4b3e req-ffccd1cc-718c-481a-b5e4-14433f66ab2e service placement] found 2 providers with available 1024 MEMORY_MB {{(pid=110166) get_provider_ids_matching /opt/stack/placement/placement/objects/research_context.py:549}}
Feb 11 13:32:03.990044 n-d-828675-3 devstack@placement-api.service[110166]: DEBUG placement.objects.research_context [req-a748233b-0b45-4a54-9d34-2616f56e4b3e req-ffccd1cc-718c-481a-b5e4-14433f66ab2e service placement] found 2 providers after filtering by previous result {{(pid=110166) get_provider_ids_matching /opt/stack/placement/placement/objects/research_context.py:580}}
Feb 11 13:32:03.990330 n-d-828675-3 devstack@placement-api.service[110166]: DEBUG placement.objects.research_context [req-a748233b-0b45-4a54-9d34-2616f56e4b3e req-ffccd1cc-718c-481a-b5e4-14433f66ab2e service placement] found 2 providers with available 1 VCPU {{(pid=110166) get_provider_ids_matching /opt/stack/placement/placement/objects/research_context.py:549}}
Feb 11 13:32:03.990589 n-d-828675-3 devstack@placement-api.service[110166]: DEBUG placement.objects.research_context [req-a748233b-0b45-4a54-9d34-2616f56e4b3e req-ffccd1cc-718c-481a-b5e4-14433f66ab2e service placement] found 2 providers after filtering by previous result {{(pid=110166) get_provider_ids_matching /opt/stack/placement/placement/objects/research_context.py:580}}
Feb 11 13:32:04.000975 n-d-828675-3 devstack@placement-api.service[110166]: DEBUG placement.objects.allocation_candidate [req-a748233b-0b45-4a54-9d34-2616f56e4b3e req-ffccd1cc-718c-481a-b5e4-14433f66ab2e service placement] RequestGroup(use_same_provider=False, resources={DISK_GB:1, MEMORY_MB:1024, VCPU:1}, traits=[], aggregates=[]) (suffix '') returned 2 matches {{(pid=110166) _get_by_requests /opt/stack/placement/placement/objects/allocation_candidate.py:145}}
Feb 11 13:32:04.001375 n-d-828675-3 devstack@placement-api.service[110166]: DEBUG placement.objects.allocation_candidate [req-a748233b-0b45-4a54-9d34-2616f56e4b3e req-ffccd1cc-718c-481a-b5e4-14433f66ab2e service placement] Merging candidates yields 2 allocation requests and 2 provider summaries {{(pid=110166) _merge_candidates /opt/stack/placement/placement/objects/allocation_candidate.py:783}}
Feb 11 13:32:04.002900 n-d-828675-3 devstack@placement-api.service[110166]: INFO placement.requestlog [req-a748233b-0b45-4a54-9d34-2616f56e4b3e req-ffccd1cc-718c-481a-b5e4-14433f66ab2e service placement] 10.222.0.42 "GET /placement/allocation_candidates?limit=1000&resources=DISK_GB%3A1%2CMEMORY_MB%3A1024%2CVCPU%3A1&root_required=%21COMPUTE_STATUS_DISABLED" status: 200 len: 1303 microversion: 1.36
Feb 11 13:32:04.003241 n-d-828675-3 devstack@placement-api.service[110166]: [pid: 110166|app: 0|req: 551/1099] 10.222.0.42 () {60 vars in 1506 bytes} [Fri Feb 11 13:32:03 2022] GET /placement/allocation_candidates?limit=1000&resources=DISK_GB%3A1%2CMEMORY_MB%3A1024%2CVCPU%3A1&root_required=%21COMPUTE_STATUS_DISABLED => generated 1303 bytes in 67 msecs (HTTP/1.1 200) 8 headers in 297 bytes (1 switches on core 0)
Feb 11 13:32:04.047444 n-d-828675-3 devstack@placement-api.service[110167]: DEBUG placement.requestlog [req-a748233b-0b45-4a54-9d34-2616f56e4b3e req-26f309cc-07ed-43b7-8461-edd632d768ff None None] Starting request: 10.222.0.42 "GET /placement/allocations/cf18ac67-905b-4f55-b544-b61a5f5e43f1" {{(pid=110167) __call__ /opt/stack/placement/placement/requestlog.py:55}}
Feb 11 13:32:04.058183 n-d-828675-3 devstack@placement-api.service[110167]: INFO placement.requestlog [req-a748233b-0b45-4a54-9d34-2616f56e4b3e req-26f309cc-07ed-43b7-8461-edd632d768ff service placement] 10.222.0.42 "GET /placement/allocations/cf18ac67-905b-4f55-b544-b61a5f5e43f1" status: 200 len: 19 microversion: 1.28
Feb 11 13:32:04.058486 n-d-828675-3 devstack@placement-api.service[110167]: [pid: 110167|app: 0|req: 549/1100] 10.222.0.42 () {60 vars in 1380 bytes} [Fri Feb 11 13:32:04 2022] GET /placement/allocations/cf18ac67-905b-4f55-b544-b61a5f5e43f1 => generated 19 bytes in 11 msecs (HTTP/1.1 200) 8 headers in 295 bytes (1 switches on core 0)
Feb 11 13:32:04.064766 n-d-828675-3 devstack@placement-api.service[110166]: DEBUG placement.requestlog [req-a748233b-0b45-4a54-9d34-2616f56e4b3e req-f055b87c-03b4-48c9-8996-041cc1ec0e50 None None] Starting request: 10.222.0.42 "PUT /placement/allocations/cf18ac67-905b-4f55-b544-b61a5f5e43f1" {{(pid=110166) __call__ /opt/stack/placement/placement/requestlog.py:55}}
Feb 11 13:32:04.115256 n-d-828675-3 devstack@placement-api.service[110166]: DEBUG placement.handlers.allocation [req-a748233b-0b45-4a54-9d34-2616f56e4b3e req-f055b87c-03b4-48c9-8996-041cc1ec0e50 service placement] Successfully wrote allocations [, , ] {{(pid=110166) _update_consumers_and_create_allocations /opt/stack/placement/placement/handlers/allocation.py:462}}
Feb 11 13:32:04.120005 n-d-828675-3 devstack@placement-api.service[110166]: INFO placement.requestlog [req-a748233b-0b45-4a54-9d34-2616f56e4b3e req-f055b87c-03b4-48c9-8996-041cc1ec0e50 service placement] 10.222.0.42 "PUT /placement/allocations/cf18ac67-905b-4f55-b544-b61a5f5e43f1" status: 204 len: 0 microversion: 1.36
Feb 11 13:32:04.120455 n-d-828675-3 devstack@placement-api.service[110166]: [pid: 110166|app: 0|req: 552/1101] 10.222.0.42 () {64 vars in 1433 bytes} [Fri Feb 11 13:32:04 2022] PUT /placement/allocations/cf18ac67-905b-4f55-b544-b61a5f5e43f1 => generated 0 bytes in 56 msecs (HTTP/1.1 204) 5 headers in 199 bytes (2 switches on core 0)
Feb 11 13:32:04.393182 n-d-828675-3 devstack@placement-api.service[110167]: DEBUG placement.requestlog [req-a748233b-0b45-4a54-9d34-2616f56e4b3e req-de601b85-7984-4c08-91f9-a5fdb81f4623 None None] Starting request: 10.222.0.53 "GET /placement/allocations/cf18ac67-905b-4f55-b544-b61a5f5e43f1" {{(pid=110167) __call__ /opt/stack/placement/placement/requestlog.py:55}}
Feb 11 13:32:04.409477 n-d-828675-3 devstack@placement-api.service[110167]: INFO placement.requestlog [req-a748233b-0b45-4a54-9d34-2616f56e4b3e req-de601b85-7984-4c08-91f9-a5fdb81f4623 service placement] 10.222.0.53 "GET /placement/allocations/cf18ac67-905b-4f55-b544-b61a5f5e43f1" status: 200 len: 259 microversion: 1.28
Feb 11 13:32:04.409861 n-d-828675-3 devstack@placement-api.service[110167]: [pid: 110167|app: 0|req: 550/1102] 10.222.0.53 () {60 vars in 1377 bytes} [Fri Feb 11 13:32:04 2022] GET /placement/allocations/cf18ac67-905b-4f55-b544-b61a5f5e43f1 => generated 259 bytes in 17 msecs (HTTP/1.1 200) 8 headers in 296 bytes (1 switches on core 0)
Feb 11 13:32:16.080893 n-d-828675-3 devstack@placement-api.service[110166]: DEBUG placement.requestlog [req-87ec2e8d-acbc-4a13-bf33-ab6f121250a6 req-8c62b991-4f89-4f14-9f2c-91617d31729a None None] Starting request: 10.222.0.53 "DELETE /placement/allocations/cf18ac67-905b-4f55-b544-b61a5f5e43f1" {{(pid=110166) __call__ /opt/stack/placement/placement/requestlog.py:55}}
Feb 11 13:32:16.113740 n-d-828675-3 devstack@placement-api.service[110166]: DEBUG placement.handlers.allocation [req-87ec2e8d-acbc-4a13-bf33-ab6f121250a6 req-8c62b991-4f89-4f14-9f2c-91617d31729a service placement] Successfully deleted allocations [, , ] {{(pid=110166) delete_allocations /opt/stack/placement/placement/handlers/allocation.py:627}}
Feb 11 13:32:16.114205 n-d-828675-3 devstack@placement-api.service[110166]: INFO placement.requestlog [req-87ec2e8d-acbc-4a13-bf33-ab6f121250a6 req-8c62b991-4f89-4f14-9f2c-91617d31729a service placement] 10.222.0.53 "DELETE /placement/allocations/cf18ac67-905b-4f55-b544-b61a5f5e43f1" status: 204 len: 0 microversion: 1.0
Feb 11 13:32:16.114569 n-d-828675-3 devstack@placement-api.service[110166]: [pid: 110166|app: 0|req: 553/1103] 10.222.0.53 () {60 vars in 1355 bytes} [Fri Feb 11 13:32:16 2022] DELETE /placement/allocations/cf18ac67-905b-4f55-b544-b61a5f5e43f1 => generated 0 bytes in 34 msecs (HTTP/1.1 204) 5 headers in 198 bytes (1 switches on core 0)
Feb 11 13:32:23.043056 n-d-828675-3 devstack@placement-api.service[110167]: DEBUG placement.requestlog [req-35e6c671-fc75-4450-b138-cc67db600c5c req-ccb03419-61a1-45bd-8b9e-11b36b56f9af None None] Starting request: 10.222.0.53 "GET /placement/resource_providers/2043121b-effc-4499-bcf9-b2e87bbd593d/allocations" {{(pid=110167) __call__ /opt/stack/placement/placement/requestlog.py:55}}
Feb 11 13:32:23.063687 n-d-828675-3 devstack@placement-api.service[110167]: INFO placement.requestlog [req-35e6c671-fc75-4450-b138-cc67db600c5c req-ccb03419-61a1-45bd-8b9e-11b36b56f9af service placement] 10.222.0.53 "GET /placement/resource_providers/2043121b-effc-4499-bcf9-b2e87bbd593d/allocations" status: 200 len: 55 microversion: 1.0
Feb 11 13:32:23.064870 n-d-828675-3 devstack@placement-api.service[110167]: [pid: 110167|app: 0|req: 551/1104] 10.222.0.53 () {58 vars in 1390 bytes} [Fri Feb 11 13:32:23 2022] GET /placement/resource_providers/2043121b-effc-4499-bcf9-b2e87bbd593d/allocations => generated 55 bytes in 22 msecs (HTTP/1.1 200) 6 headers in 223 bytes (1 switches on core 0)
Feb 11 13:32:29.117986 n-d-828675-3 devstack@placement-api.service[110166]: DEBUG placement.requestlog [req-989332ac-efee-4759-8fe5-dd31178dd190 req-139497f2-72fb-4a1a-97bb-2430736769b7 None None] Starting request: 10.222.0.64 "GET /placement/resource_providers/82bea24d-56f2-49e8-b38b-0701e78801da/allocations" {{(pid=110166) __call__ /opt/stack/placement/placement/requestlog.py:55}}
Feb 11 13:32:29.141783 n-d-828675-3 devstack@placement-api.service[110166]: INFO placement.requestlog [req-989332ac-efee-4759-8fe5-dd31178dd190 req-139497f2-72fb-4a1a-97bb-2430736769b7 service placement] 10.222.0.64 "GET /placement/resource_providers/82bea24d-56f2-49e8-b38b-0701e78801da/allocations" status: 200 len: 56 microversion: 1.0
Feb 11 13:32:29.142463 n-d-828675-3 devstack@placement-api.service[110166]: [pid: 110166|app: 0|req: 554/1105] 10.222.0.64 () {58 vars in 1390 bytes} [Fri Feb 11 13:32:29 2022] GET /placement/resource_providers/82bea24d-56f2-49e8-b38b-0701e78801da/allocations => generated 56 bytes in 25 msecs (HTTP/1.1 200) 6 headers in 223 bytes (1 switches on core 0)
Feb 11 13:33:24.107868 n-d-828675-3 devstack@placement-api.service[110167]: DEBUG placement.requestlog [req-8f968a04-004b-4e88-987e-1ae3f7ff947f req-7104f357-c995-406c-a7b7-cf3708fc7796 None None] Starting request: 10.222.0.53 "GET /placement/resource_providers/2043121b-effc-4499-bcf9-b2e87bbd593d/allocations" {{(pid=110167) __call__ /opt/stack/placement/placement/requestlog.py:55}}
Feb 11 13:33:24.264926 n-d-828675-3 devstack@placement-api.service[110167]: INFO placement.requestlog [req-8f968a04-004b-4e88-987e-1ae3f7ff947f req-7104f357-c995-406c-a7b7-cf3708fc7796 service placement] 10.222.0.53 "GET /placement/resource_providers/2043121b-effc-4499-bcf9-b2e87bbd593d/allocations" status: 200 len: 55 microversion: 1.0
Feb 11 13:33:24.265715 n-d-828675-3 devstack@placement-api.service[110167]: [pid: 110167|app: 0|req: 552/1106] 10.222.0.53 () {58 vars in 1390 bytes} [Fri Feb 11 13:33:24 2022] GET /placement/resource_providers/2043121b-effc-4499-bcf9-b2e87bbd593d/allocations => generated 55 bytes in 158 msecs (HTTP/1.1 200) 6 headers in 223 bytes (1 switches on core 0)
Feb 11 13:33:24.304563 n-d-828675-3 devstack@placement-api.service[110166]: DEBUG placement.requestlog [req-8f968a04-004b-4e88-987e-1ae3f7ff947f req-a84b626d-ac2d-4afb-baec-798bf18bf1c5 None None] Starting request: 10.222.0.53 "GET /placement/resource_providers?in_tree=2043121b-effc-4499-bcf9-b2e87bbd593d" {{(pid=110166) __call__ /opt/stack/placement/placement/requestlog.py:55}}
Feb 11 13:33:24.323113 n-d-828675-3 devstack@placement-api.service[110166]: INFO placement.requestlog [req-8f968a04-004b-4e88-987e-1ae3f7ff947f req-a84b626d-ac2d-4afb-baec-798bf18bf1c5 service placement] 10.222.0.53 "GET /placement/resource_providers?in_tree=2043121b-effc-4499-bcf9-b2e87bbd593d" status: 200 len: 863 microversion: 1.14
Feb 11 13:33:24.323783 n-d-828675-3 devstack@placement-api.service[110166]: [pid: 110166|app: 0|req: 555/1107] 10.222.0.53 () {60 vars in 1376 bytes} [Fri Feb 11 13:33:24 2022] GET /placement/resource_providers?in_tree=2043121b-effc-4499-bcf9-b2e87bbd593d => generated 863 bytes in 20 msecs (HTTP/1.1 200) 6 headers in 225 bytes (1 switches on core 0)
Feb 11 13:33:24.332369 n-d-828675-3 devstack@placement-api.service[110167]: DEBUG placement.requestlog [req-8f968a04-004b-4e88-987e-1ae3f7ff947f req-567b0121-c4da-46d9-9c95-1cdb4075e9cb None None] Starting request: 10.222.0.53 "GET /placement/resource_providers/2043121b-effc-4499-bcf9-b2e87bbd593d/inventories" {{(pid=110167) __call__ /opt/stack/placement/placement/requestlog.py:55}}
Feb 11 13:33:24.349494 n-d-828675-3 devstack@placement-api.service[110167]: INFO placement.requestlog [req-8f968a04-004b-4e88-987e-1ae3f7ff947f req-567b0121-c4da-46d9-9c95-1cdb4075e9cb service placement] 10.222.0.53 "GET /placement/resource_providers/2043121b-effc-4499-bcf9-b2e87bbd593d/inventories" status: 200 len: 398 microversion: 1.0
Feb 11 13:33:24.350107 n-d-828675-3 devstack@placement-api.service[110167]: [pid: 110167|app: 0|req: 553/1108] 10.222.0.53 () {58 vars in 1390 bytes} [Fri Feb 11 13:33:24 2022] GET /placement/resource_providers/2043121b-effc-4499-bcf9-b2e87bbd593d/inventories => generated 398 bytes in 18 msecs (HTTP/1.1 200) 6 headers in 224 bytes (1 switches on core 0)
Feb 11 13:33:24.359237 n-d-828675-3 devstack@placement-api.service[110166]: DEBUG placement.requestlog [req-8f968a04-004b-4e88-987e-1ae3f7ff947f req-fc5a6c36-041e-4cd6-9a56-e7e34f960cde None None] Starting request: 10.222.0.53 "GET /placement/resource_providers/2043121b-effc-4499-bcf9-b2e87bbd593d/aggregates" {{(pid=110166) __call__ /opt/stack/placement/placement/requestlog.py:55}}
Feb 11 13:33:24.372658 n-d-828675-3 devstack@placement-api.service[110166]: INFO placement.requestlog [req-8f968a04-004b-4e88-987e-1ae3f7ff947f req-fc5a6c36-041e-4cd6-9a56-e7e34f960cde service placement] 10.222.0.53 "GET /placement/resource_providers/2043121b-effc-4499-bcf9-b2e87bbd593d/aggregates" status: 200 len: 54 microversion: 1.19
Feb 11 13:33:24.373493 n-d-828675-3 devstack@placement-api.service[110166]: [pid: 110166|app: 0|req: 556/1109] 10.222.0.53 () {60 vars in 1431 bytes} [Fri Feb 11 13:33:24 2022] GET /placement/resource_providers/2043121b-effc-4499-bcf9-b2e87bbd593d/aggregates => generated 54 bytes in 14 msecs (HTTP/1.1 200) 8 headers in 295 bytes (1 switches on core 0)
Feb 11 13:33:24.382190 n-d-828675-3 devstack@placement-api.service[110167]: DEBUG placement.requestlog [req-8f968a04-004b-4e88-987e-1ae3f7ff947f req-c338a2bd-9f36-46f0-a80a-d4a38a1498c1 None None] Starting request: 10.222.0.53 "GET /placement/resource_providers/2043121b-effc-4499-bcf9-b2e87bbd593d/traits" {{(pid=110167) __call__ /opt/stack/placement/placement/requestlog.py:55}}
Feb 11 13:33:24.419989 n-d-828675-3 devstack@placement-api.service[110167]: INFO placement.requestlog [req-8f968a04-004b-4e88-987e-1ae3f7ff947f req-c338a2bd-9f36-46f0-a80a-d4a38a1498c1 service placement] 10.222.0.53 "GET /placement/resource_providers/2043121b-effc-4499-bcf9-b2e87bbd593d/traits" status: 200 len: 212 microversion: 1.6
Feb 11 13:33:24.420787 n-d-828675-3 devstack@placement-api.service[110167]: [pid: 110167|app: 0|req: 554/1110] 10.222.0.53 () {60 vars in 1418 bytes} [Fri Feb 11 13:33:24 2022] GET /placement/resource_providers/2043121b-effc-4499-bcf9-b2e87bbd593d/traits => generated 212 bytes in 39 msecs (HTTP/1.1 200) 6 headers in 224 bytes (2 switches on core 0)
Feb 11 13:33:29.082621 n-d-828675-3 devstack@placement-api.service[110166]: DEBUG placement.requestlog [req-cee9a053-2b76-47f3-89e1-046d3a903056 req-7406165f-ec52-40f4-b47d-32e20b8ea652 None None] Starting request: 10.222.0.64 "GET /placement/resource_providers/82bea24d-56f2-49e8-b38b-0701e78801da/allocations" {{(pid=110166) __call__ /opt/stack/placement/placement/requestlog.py:55}}
Feb 11 13:33:29.098861 n-d-828675-3 devstack@placement-api.service[110166]: INFO placement.requestlog [req-cee9a053-2b76-47f3-89e1-046d3a903056 req-7406165f-ec52-40f4-b47d-32e20b8ea652 service placement] 10.222.0.64 "GET /placement/resource_providers/82bea24d-56f2-49e8-b38b-0701e78801da/allocations" status: 200 len: 56 microversion: 1.0
Feb 11 13:33:29.099278 n-d-828675-3 devstack@placement-api.service[110166]: [pid: 110166|app: 0|req: 557/1111] 10.222.0.64 () {58 vars in 1390 bytes} [Fri Feb 11 13:33:29 2022] GET /placement/resource_providers/82bea24d-56f2-49e8-b38b-0701e78801da/allocations => generated 56 bytes in 17 msecs (HTTP/1.1 200) 6 headers in 223 bytes (1 switches on core 0)
Feb 11 13:34:25.106167 n-d-828675-3 devstack@placement-api.service[110167]: DEBUG placement.requestlog [req-29a2724f-57fc-4370-bb6a-c1723801125e req-75c7fa8b-3132-436c-b0ca-ff71d398a77b None None] Starting request: 10.222.0.53 "GET /placement/resource_providers/2043121b-effc-4499-bcf9-b2e87bbd593d/allocations" {{(pid=110167) __call__ /opt/stack/placement/placement/requestlog.py:55}}
Feb 11 13:34:25.123561 n-d-828675-3 devstack@placement-api.service[110167]: INFO placement.requestlog [req-29a2724f-57fc-4370-bb6a-c1723801125e req-75c7fa8b-3132-436c-b0ca-ff71d398a77b service placement] 10.222.0.53 "GET /placement/resource_providers/2043121b-effc-4499-bcf9-b2e87bbd593d/allocations" status: 200 len: 55 microversion: 1.0
Feb 11 13:34:25.123932 n-d-828675-3 devstack@placement-api.service[110167]: [pid: 110167|app: 0|req: 555/1112] 10.222.0.53 () {58 vars in 1390 bytes} [Fri Feb 11 13:34:25 2022] GET /placement/resource_providers/2043121b-effc-4499-bcf9-b2e87bbd593d/allocations => generated 55 bytes in 18 msecs (HTTP/1.1 200) 6 headers in 223 bytes (1 switches on core 0)
Feb 11 13:34:30.109508 n-d-828675-3 devstack@placement-api.service[110166]: DEBUG placement.requestlog [req-cf6900f4-26a4-4898-83e6-0739cc2227f8 req-d051dda2-0d07-462f-8da6-40895bcabd49 None None] Starting request: 10.222.0.64 "GET /placement/resource_providers/82bea24d-56f2-49e8-b38b-0701e78801da/allocations" {{(pid=110166) __call__ /opt/stack/placement/placement/requestlog.py:55}}
Feb 11 13:34:30.270243 n-d-828675-3 devstack@placement-api.service[110166]: INFO placement.requestlog [req-cf6900f4-26a4-4898-83e6-0739cc2227f8 req-d051dda2-0d07-462f-8da6-40895bcabd49 service placement] 10.222.0.64 "GET /placement/resource_providers/82bea24d-56f2-49e8-b38b-0701e78801da/allocations" status: 200 len: 56 microversion: 1.0
Feb 11 13:34:30.271353 n-d-828675-3 devstack@placement-api.service[110166]: [pid: 110166|app: 0|req: 558/1113] 10.222.0.64 () {58 vars in 1390 bytes} [Fri Feb 11 13:34:30 2022] GET /placement/resource_providers/82bea24d-56f2-49e8-b38b-0701e78801da/allocations => generated 56 bytes in 163 msecs (HTTP/1.1 200) 6 headers in 223 bytes (1 switches on core 0)
Feb 11 13:34:30.282706 n-d-828675-3 devstack@placement-api.service[110167]: DEBUG placement.requestlog [req-cf6900f4-26a4-4898-83e6-0739cc2227f8 req-f8265a60-1f00-4cc6-be6a-742c55df0842 None None] Starting request: 10.222.0.64 "GET /placement/resource_providers?in_tree=82bea24d-56f2-49e8-b38b-0701e78801da" {{(pid=110167) __call__ /opt/stack/placement/placement/requestlog.py:55}}
Feb 11 13:34:30.297784 n-d-828675-3 devstack@placement-api.service[110167]: INFO placement.requestlog [req-cf6900f4-26a4-4898-83e6-0739cc2227f8 req-f8265a60-1f00-4cc6-be6a-742c55df0842 service placement] 10.222.0.64 "GET /placement/resource_providers?in_tree=82bea24d-56f2-49e8-b38b-0701e78801da" status: 200 len: 864 microversion: 1.14
