Feb 10 09:49:28.113824 n-d-828674-1 devstack@n-api.service[124718]: INFO nova.api.openstack.requestlog [None req-c383a3b8-c5be-4eb4-9bee-5e5dd067aafc tempest-FlavorsAdminTestJSON-134393908 tempest-FlavorsAdminTestJSON-134393908-project-admin] 10.222.0.18 "GET /compute/v2.1/flavors/detail" status: 200 len: 4991 microversion: 2.1 time: 0.068246
Feb 10 09:49:28.118634 n-d-828674-1 devstack@n-api.service[124718]: [pid: 124718|app: 0|req: 36/60] 10.222.0.18 () {58 vars in 1145 bytes} [Thu Feb 10 09:49:28 2022] GET /compute/v2.1/flavors/detail => generated 4991 bytes in 74 msecs (HTTP/1.1 200) 9 headers in 358 bytes (1 switches on core 0)
Feb 10 09:49:28.133667 n-d-828674-1 devstack@n-api.service[124718]: DEBUG nova.api.openstack.wsgi [None req-53c1d7a4-9131-4fb8-809b-2dbbc0c43291 tempest-AggregatesAdminNegativeTestJSON-1909182648 tempest-AggregatesAdminNegativeTestJSON-1909182648-project] Calling method '>' {{(pid=124718) _process_stack /opt/stack/nova/nova/api/openstack/wsgi.py:513}}
Feb 10 09:49:28.137188 n-d-828674-1 devstack@n-api.service[124718]: /usr/local/lib/python3.8/dist-packages/oslo_policy/policy.py:1119: UserWarning: Policy "os_compute_api:os-aggregates:delete": "rule:system_admin_api" failed scope check. The token used to make the request was project scoped but the policy requires ['system'] scope. This behavior may change in the future where using the intended scope is required
Feb 10 09:49:28.137188 n-d-828674-1 devstack@n-api.service[124718]: warnings.warn(msg)
Feb 10 09:49:28.143076 n-d-828674-1 devstack@n-api.service[124718]: DEBUG nova.policy [None req-53c1d7a4-9131-4fb8-809b-2dbbc0c43291 tempest-AggregatesAdminNegativeTestJSON-1909182648 tempest-AggregatesAdminNegativeTestJSON-1909182648-project] Policy check for os_compute_api:os-aggregates:delete failed with credentials {'is_admin': False, 'user_id': '48ad2c8c91824434922671ad0d41ee79', 'user_domain_id': 'default', 'system_scope': None, 'domain_id': None, 'project_id': '7a221dada94f4ca9acc85fc0b0dea995', 'project_domain_id': 'default', 'roles': ['reader', 'member'], 'is_admin_project': True, 'service_user_id': None, 'service_user_domain_id': None, 'service_project_id': None, 'service_project_domain_id': None, 'service_roles': []} {{(pid=124718) authorize /opt/stack/nova/nova/policy.py:199}}
Feb 10 09:49:28.146284 n-d-828674-1 devstack@n-api.service[124718]: DEBUG nova.api.openstack.wsgi [None req-53c1d7a4-9131-4fb8-809b-2dbbc0c43291 tempest-AggregatesAdminNegativeTestJSON-1909182648 tempest-AggregatesAdminNegativeTestJSON-1909182648-project] Returning 403 to user: Policy doesn't allow os_compute_api:os-aggregates:delete to be performed. {{(pid=124718) __call__ /opt/stack/nova/nova/api/openstack/wsgi.py:936}}
Feb 10 09:49:28.151487 n-d-828674-1 devstack@n-api.service[124718]: INFO nova.api.openstack.requestlog [None req-53c1d7a4-9131-4fb8-809b-2dbbc0c43291 tempest-AggregatesAdminNegativeTestJSON-1909182648 tempest-AggregatesAdminNegativeTestJSON-1909182648-project] 10.222.0.18 "DELETE /compute/v2.1/os-aggregates/7" status: 403 len: 116 microversion: 2.1 time: 0.028043
Feb 10 09:49:28.158236 n-d-828674-1 devstack@n-api.service[124718]: [pid: 124718|app: 0|req: 37/61] 10.222.0.18 () {58 vars in 1151 bytes} [Thu Feb 10 09:49:28 2022] DELETE /compute/v2.1/os-aggregates/7 => generated 116 bytes in 38 msecs (HTTP/1.1 403) 9 headers in 379 bytes (1 switches on core 0)
Feb 10 09:49:28.176439 n-d-828674-1 devstack@n-api.service[124718]: DEBUG nova.api.openstack.wsgi [None req-2426763c-2bea-44db-8619-3d16c9a098de tempest-AggregatesAdminTestJSON-606250466 tempest-AggregatesAdminTestJSON-606250466-project] Calling method '>' {{(pid=124718) _process_stack /opt/stack/nova/nova/api/openstack/wsgi.py:513}}
Feb 10 09:49:28.177418 n-d-828674-1 devstack@n-api.service[124718]: DEBUG nova.compute.api [None req-2426763c-2bea-44db-8619-3d16c9a098de tempest-AggregatesAdminTestJSON-606250466 tempest-AggregatesAdminTestJSON-606250466-project] [instance: d5e3cb94-a3f1-46e9-8b35-88364aacec64] Fetching instance by UUID {{(pid=124718) get /opt/stack/nova/nova/compute/api.py:2885}}
Feb 10 09:49:28.397869 n-d-828674-1 devstack@n-api.service[124719]: DEBUG nova.policy [None req-8c6b7bb5-5394-479d-88d1-c7a9e3763134 tempest-DeleteServersAdminTestJSON-1105784667 tempest-DeleteServersAdminTestJSON-1105784667-project] Policy check for os_compute_api:os-extended-server-attributes failed with credentials {'is_admin': False, 'user_id': '5bd4c05b102a4df096b353b9afbe1a1c', 'user_domain_id': 'default', 'system_scope': None, 'domain_id': None, 'project_id': '2cc72435b5e1440499ee6476a80322a7', 'project_domain_id': 'default', 'roles': ['reader', 'member'], 'is_admin_project': True, 'service_user_id': None, 'service_user_domain_id': None, 'service_project_id': None, 'service_project_domain_id': None, 'service_roles': []} {{(pid=124719) authorize /opt/stack/nova/nova/policy.py:199}}
Feb 10 09:49:28.437038 n-d-828674-1 devstack@n-api.service[124719]: INFO nova.api.openstack.requestlog [None req-8c6b7bb5-5394-479d-88d1-c7a9e3763134 tempest-DeleteServersAdminTestJSON-1105784667 tempest-DeleteServersAdminTestJSON-1105784667-project] 10.222.0.18 "GET /compute/v2.1/servers/271b3cc4-617c-4d22-bded-a5eeebab6f07" status: 200 len: 1342 microversion: 2.1 time: 1.692204
Feb 10 09:49:28.440928 n-d-828674-1 devstack@n-api.service[124719]: [pid: 124719|app: 0|req: 25/62] 10.222.0.18 () {58 vars in 1235 bytes} [Thu Feb 10 09:49:26 2022] GET /compute/v2.1/servers/271b3cc4-617c-4d22-bded-a5eeebab6f07 => generated 1342 bytes in 1700 msecs (HTTP/1.1 200) 9 headers in 358 bytes (1 switches on core 0)
Feb 10 09:49:28.468969 n-d-828674-1 devstack@n-api.service[124719]: DEBUG nova.api.openstack.wsgi [None req-061e4705-4522-4d2e-90be-3e24ea25ad6d tempest-FlavorsAdminTestJSON-134393908 tempest-FlavorsAdminTestJSON-134393908-project-admin] Action: 'create', calling method: >, body: {"flavor": {"ram": 512, "vcpus": 1, "disk": 10, "name": "tempest-FlavorsAdminTestJSON-flavor-800934264", "id": 207372477, "os-flavor-access:is_public": "False"}} {{(pid=124719) _process_stack /opt/stack/nova/nova/api/openstack/wsgi.py:511}}
Feb 10 09:49:28.476570 n-d-828674-1 devstack@n-api.service[124719]: /usr/local/lib/python3.8/dist-packages/oslo_policy/policy.py:1119: UserWarning: Policy "os_compute_api:os-flavor-manage:create": "rule:system_admin_api" failed scope check. The token used to make the request was project scoped but the policy requires ['system'] scope. This behavior may change in the future where using the intended scope is required
Feb 10 09:49:28.476570 n-d-828674-1 devstack@n-api.service[124719]: warnings.warn(msg)
Feb 10 09:49:28.729071 n-d-828674-1 devstack@n-api.service[124719]: INFO nova.api.openstack.requestlog [None req-061e4705-4522-4d2e-90be-3e24ea25ad6d tempest-FlavorsAdminTestJSON-134393908 tempest-FlavorsAdminTestJSON-134393908-project-admin] 10.222.0.18 "POST /compute/v2.1/flavors" status: 200 len: 426 microversion: 2.1 time: 0.286244
Feb 10 09:49:28.732839 n-d-828674-1 devstack@n-api.service[124719]: [pid: 124719|app: 0|req: 26/63] 10.222.0.18 () {60 vars in 1146 bytes} [Thu Feb 10 09:49:28 2022] POST /compute/v2.1/flavors => generated 426 bytes in 291 msecs (HTTP/1.1 200) 9 headers in 357 bytes (1 switches on core 0)
Feb 10 09:49:28.744612 n-d-828674-1 devstack@n-api.service[124719]: DEBUG nova.api.openstack.wsgi [None req-487cd9d0-2c17-4de3-8da1-c2b51c234e9d tempest-AggregatesAdminNegativeTestJSON-1522760776 tempest-AggregatesAdminNegativeTestJSON-1522760776-project-admin] Calling method '>' {{(pid=124719) _process_stack /opt/stack/nova/nova/api/openstack/wsgi.py:513}}
Feb 10 09:49:28.745485 n-d-828674-1 devstack@n-api.service[124719]: /usr/local/lib/python3.8/dist-packages/oslo_policy/policy.py:1119: UserWarning: Policy "os_compute_api:os-aggregates:delete": "rule:system_admin_api" failed scope check. The token used to make the request was project scoped but the policy requires ['system'] scope. This behavior may change in the future where using the intended scope is required
Feb 10 09:49:28.745485 n-d-828674-1 devstack@n-api.service[124719]: warnings.warn(msg)
Feb 10 09:49:28.756231 n-d-828674-1 devstack@n-api.service[124718]: DEBUG nova.policy [None req-2426763c-2bea-44db-8619-3d16c9a098de tempest-AggregatesAdminTestJSON-606250466 tempest-AggregatesAdminTestJSON-606250466-project] Policy check for os_compute_api:os-extended-server-attributes failed with credentials {'is_admin': False, 'user_id': '8fbeb41d73bc4f578f382d7297d587db', 'user_domain_id': 'default', 'system_scope': None, 'domain_id': None, 'project_id': 'c9a2b60c50c44376b323211260f35eb0', 'project_domain_id': 'default', 'roles': ['reader', 'member'], 'is_admin_project': True, 'service_user_id': None, 'service_user_domain_id': None, 'service_project_id': None, 'service_project_domain_id': None, 'service_roles': []} {{(pid=124718) authorize /opt/stack/nova/nova/policy.py:199}}
Feb 10 09:49:28.799436 n-d-828674-1 devstack@n-api.service[124718]: INFO nova.api.openstack.requestlog [None req-2426763c-2bea-44db-8619-3d16c9a098de tempest-AggregatesAdminTestJSON-606250466 tempest-AggregatesAdminTestJSON-606250466-project] 10.222.0.18 "GET /compute/v2.1/servers/d5e3cb94-a3f1-46e9-8b35-88364aacec64" status: 200 len: 1243 microversion: 2.1 time: 0.638237
Feb 10 09:49:28.803471 n-d-828674-1 devstack@n-api.service[124718]: [pid: 124718|app: 0|req: 38/64] 10.222.0.18 () {58 vars in 1235 bytes} [Thu Feb 10 09:49:28 2022] GET /compute/v2.1/servers/d5e3cb94-a3f1-46e9-8b35-88364aacec64 => generated 1243 bytes in 643 msecs (HTTP/1.1 200) 9 headers in 358 bytes (1 switches on core 0)
Feb 10 09:49:28.826147 n-d-828674-1 devstack@n-api.service[124718]: DEBUG nova.api.openstack.wsgi [None req-69087433-fe1f-4d1f-b928-e02ded3d1229 tempest-FlavorsAdminTestJSON-763451652 tempest-FlavorsAdminTestJSON-763451652-project] Action: 'create', calling method: >, body: {"server": {"name": "test", "imageRef": "8270dbf9-dc1c-4261-ba9c-730a8ec5aae1", "flavorRef": "207372477"}} {{(pid=124718) _process_stack /opt/stack/nova/nova/api/openstack/wsgi.py:511}}
Feb 10 09:49:28.864115 n-d-828674-1 devstack@n-api.service[124718]: INFO nova.api.openstack.wsgi [None req-69087433-fe1f-4d1f-b928-e02ded3d1229 tempest-FlavorsAdminTestJSON-763451652 tempest-FlavorsAdminTestJSON-763451652-project] HTTP exception thrown: Flavor 207372477 could not be found.
Feb 10 09:49:28.864719 n-d-828674-1 devstack@n-api.service[124718]: DEBUG nova.api.openstack.wsgi [None req-69087433-fe1f-4d1f-b928-e02ded3d1229 tempest-FlavorsAdminTestJSON-763451652 tempest-FlavorsAdminTestJSON-763451652-project] Returning 400 to user: Flavor 207372477 could not be found. {{(pid=124718) __call__ /opt/stack/nova/nova/api/openstack/wsgi.py:936}}
Feb 10 09:49:28.872343 n-d-828674-1 devstack@n-api.service[124718]: INFO nova.api.openstack.requestlog [None req-69087433-fe1f-4d1f-b928-e02ded3d1229 tempest-FlavorsAdminTestJSON-763451652 tempest-FlavorsAdminTestJSON-763451652-project] 10.222.0.18 "POST /compute/v2.1/servers" status: 400 len: 80 microversion: 2.1 time: 0.066285
Feb 10 09:49:28.875637 n-d-828674-1 devstack@n-api.service[124718]: [pid: 124718|app: 0|req: 39/65] 10.222.0.18 () {60 vars in 1146 bytes} [Thu Feb 10 09:49:28 2022] POST /compute/v2.1/servers => generated 80 bytes in 70 msecs (HTTP/1.1 400) 9 headers in 380 bytes (1 switches on core 0)
Feb 10 09:49:28.896342 n-d-828674-1 devstack@n-api.service[124718]: DEBUG nova.api.openstack.wsgi [None req-de52581d-be2d-45ab-9008-915d7c2f15d3 tempest-FlavorsAdminTestJSON-134393908 tempest-FlavorsAdminTestJSON-134393908-project-admin] Calling method '>' {{(pid=124718) _process_stack /opt/stack/nova/nova/api/openstack/wsgi.py:513}}
Feb 10 09:49:28.898002 n-d-828674-1 devstack@n-api.service[124718]: /usr/local/lib/python3.8/dist-packages/oslo_policy/policy.py:1119: UserWarning: Policy "os_compute_api:os-flavor-manage:delete": "rule:system_admin_api" failed scope check. The token used to make the request was project scoped but the policy requires ['system'] scope. This behavior may change in the future where using the intended scope is required
Feb 10 09:49:28.898002 n-d-828674-1 devstack@n-api.service[124718]: warnings.warn(msg)
Feb 10 09:49:29.280845 n-d-828674-1 devstack@n-api.service[124719]: INFO nova.api.openstack.requestlog [None req-487cd9d0-2c17-4de3-8da1-c2b51c234e9d tempest-AggregatesAdminNegativeTestJSON-1522760776 tempest-AggregatesAdminNegativeTestJSON-1522760776-project-admin] 10.222.0.18 "DELETE /compute/v2.1/os-aggregates/7" status: 200 len: 0 microversion: 2.1 time: 0.524320
Feb 10 09:49:29.280845 n-d-828674-1 devstack@n-api.service[124719]: [pid: 124719|app: 0|req: 27/66] 10.222.0.18 () {58 vars in 1151 bytes} [Thu Feb 10 09:49:28 2022] DELETE /compute/v2.1/os-aggregates/7 => generated 0 bytes in 526 msecs (HTTP/1.1 200) 9 headers in 355 bytes (1 switches on core 0)
Feb 10 09:49:29.280845 n-d-828674-1 devstack@n-api.service[124719]: DEBUG nova.api.openstack.wsgi [None req-5ea0efbd-a176-45ee-a495-2381bdb68055 tempest-AggregatesAdminNegativeTestJSON-1522760776 tempest-AggregatesAdminNegativeTestJSON-1522760776-project-admin] Calling method '>' {{(pid=124719) _process_stack /opt/stack/nova/nova/api/openstack/wsgi.py:513}}
Feb 10 09:49:29.280845 n-d-828674-1 devstack@n-api.service[124719]: /usr/local/lib/python3.8/dist-packages/oslo_policy/policy.py:1119: UserWarning: Policy "os_compute_api:os-aggregates:delete": "rule:system_admin_api" failed scope check. The token used to make the request was project scoped but the policy requires ['system'] scope. This behavior may change in the future where using the intended scope is required
Feb 10 09:49:29.280845 n-d-828674-1 devstack@n-api.service[124719]: warnings.warn(msg)
Feb 10 09:49:29.297718 n-d-828674-1 devstack@n-api.service[124719]: INFO nova.api.openstack.wsgi [None req-5ea0efbd-a176-45ee-a495-2381bdb68055 tempest-AggregatesAdminNegativeTestJSON-1522760776 tempest-AggregatesAdminNegativeTestJSON-1522760776-project-admin] HTTP exception thrown: Aggregate -1 could not be found.
Feb 10 09:49:29.298783 n-d-828674-1 devstack@n-api.service[124719]: DEBUG nova.api.openstack.wsgi [None req-5ea0efbd-a176-45ee-a495-2381bdb68055 tempest-AggregatesAdminNegativeTestJSON-1522760776 tempest-AggregatesAdminNegativeTestJSON-1522760776-project-admin] Returning 404 to user: Aggregate -1 could not be found. {{(pid=124719) __call__ /opt/stack/nova/nova/api/openstack/wsgi.py:936}}
Feb 10 09:49:29.309250 n-d-828674-1 devstack@n-api.service[124718]: INFO nova.api.openstack.requestlog [None req-de52581d-be2d-45ab-9008-915d7c2f15d3 tempest-FlavorsAdminTestJSON-134393908 tempest-FlavorsAdminTestJSON-134393908-project-admin] 10.222.0.18 "DELETE /compute/v2.1/flavors/207372477" status: 202 len: 0 microversion: 2.1 time: 0.426797
Feb 10 09:49:29.313238 n-d-828674-1 devstack@n-api.service[124718]: [pid: 124718|app: 0|req: 40/67] 10.222.0.18 () {58 vars in 1157 bytes} [Thu Feb 10 09:49:28 2022] DELETE /compute/v2.1/flavors/207372477 => generated 0 bytes in 432 msecs (HTTP/1.1 202) 9 headers in 361 bytes (1 switches on core 0)
Feb 10 09:49:29.325754 n-d-828674-1 devstack@n-api.service[124719]: INFO nova.api.openstack.requestlog [None req-5ea0efbd-a176-45ee-a495-2381bdb68055 tempest-AggregatesAdminNegativeTestJSON-1522760776 tempest-AggregatesAdminNegativeTestJSON-1522760776-project-admin] 10.222.0.18 "DELETE /compute/v2.1/os-aggregates/-1" status: 404 len: 78 microversion: 2.1 time: 0.059645
Feb 10 09:49:29.330510 n-d-828674-1 devstack@n-api.service[124718]: DEBUG nova.api.openstack.wsgi [None req-8483e8dd-15c3-40ce-a1b4-e16ecd30b6c0 tempest-FlavorsAdminTestJSON-134393908 tempest-FlavorsAdminTestJSON-134393908-project-admin] Calling method '>' {{(pid=124718) _process_stack /opt/stack/nova/nova/api/openstack/wsgi.py:513}}
Feb 10 09:49:29.337684 n-d-828674-1 devstack@n-api.service[124719]: [pid: 124719|app: 0|req: 28/68] 10.222.0.18 () {58 vars in 1154 bytes} [Thu Feb 10 09:49:29 2022] DELETE /compute/v2.1/os-aggregates/-1 => generated 78 bytes in 73 msecs (HTTP/1.1 404) 9 headers in 378 bytes (1 switches on core 0)
Feb 10 09:49:29.349452 n-d-828674-1 devstack@n-api.service[124719]: DEBUG nova.api.openstack.wsgi [None req-b6534491-1514-441e-aab7-221f1e2d83b5 tempest-AggregatesAdminNegativeTestJSON-1522760776 tempest-AggregatesAdminNegativeTestJSON-1522760776-project-admin] Action: 'create', calling method: >, body: {"aggregate": {"name": "tempest-test_aggregate-409159701"}} {{(pid=124719) _process_stack /opt/stack/nova/nova/api/openstack/wsgi.py:511}}
Feb 10 09:49:29.359857 n-d-828674-1 devstack@n-api.service[124719]: /usr/local/lib/python3.8/dist-packages/oslo_policy/policy.py:1119: UserWarning: Policy "os_compute_api:os-aggregates:create": "rule:system_admin_api" failed scope check. The token used to make the request was project scoped but the policy requires ['system'] scope. This behavior may change in the future where using the intended scope is required
Feb 10 09:49:29.359857 n-d-828674-1 devstack@n-api.service[124719]: warnings.warn(msg)
Feb 10 09:49:29.364033 n-d-828674-1 devstack@n-api.service[124719]: DEBUG nova.objects.aggregate [None req-b6534491-1514-441e-aab7-221f1e2d83b5 tempest-AggregatesAdminNegativeTestJSON-1522760776 tempest-AggregatesAdminNegativeTestJSON-1522760776-project-admin] Generated uuid e25f5075-4250-4c6f-8914-a85141f1ea97 for aggregate {{(pid=124719) create /opt/stack/nova/nova/objects/aggregate.py:298}}
Feb 10 09:49:29.410436 n-d-828674-1 devstack@n-api.service[124718]: INFO nova.api.openstack.requestlog [None req-8483e8dd-15c3-40ce-a1b4-e16ecd30b6c0 tempest-FlavorsAdminTestJSON-134393908 tempest-FlavorsAdminTestJSON-134393908-project-admin] 10.222.0.18 "GET /compute/v2.1/flavors/detail" status: 200 len: 4991 microversion: 2.1 time: 0.086331
Feb 10 09:49:29.414743 n-d-828674-1 devstack@n-api.service[124718]: [pid: 124718|app: 0|req: 41/69] 10.222.0.18 () {58 vars in 1145 bytes} [Thu Feb 10 09:49:29 2022] GET /compute/v2.1/flavors/detail => generated 4991 bytes in 97 msecs (HTTP/1.1 200) 9 headers in 358 bytes (1 switches on core 0)
Feb 10 09:49:29.432769 n-d-828674-1 devstack@n-api.service[124718]: DEBUG nova.api.openstack.wsgi [None req-49b2fefe-5567-42a4-8ca6-1da31b4d8a19 tempest-FlavorsAdminTestJSON-134393908 tempest-FlavorsAdminTestJSON-134393908-project-admin] Action: 'create', calling method: >, body: {"flavor": {"ram": 512, "vcpus": 1, "disk": 10, "name": "tempest-test_flavor_-1641762874", "id": 623764465, "os-flavor-access:is_public": "False"}} {{(pid=124718) _process_stack /opt/stack/nova/nova/api/openstack/wsgi.py:511}}
Feb 10 09:49:29.436040 n-d-828674-1 devstack@n-api.service[124718]: /usr/local/lib/python3.8/dist-packages/oslo_policy/policy.py:1119: UserWarning: Policy "os_compute_api:os-flavor-manage:create": "rule:system_admin_api" failed scope check. The token used to make the request was project scoped but the policy requires ['system'] scope. This behavior may change in the future where using the intended scope is required
Feb 10 09:49:29.436040 n-d-828674-1 devstack@n-api.service[124718]: warnings.warn(msg)
Feb 10 09:49:29.562601 n-d-828674-1 devstack@n-api.service[124719]: INFO nova.api.openstack.requestlog [None req-b6534491-1514-441e-aab7-221f1e2d83b5 tempest-AggregatesAdminNegativeTestJSON-1522760776 tempest-AggregatesAdminNegativeTestJSON-1522760776-project-admin] 10.222.0.18 "POST /compute/v2.1/os-aggregates" status: 200 len: 197 microversion: 2.1 time: 0.222177
Feb 10 09:49:29.570897 n-d-828674-1 devstack@n-api.service[124719]: [pid: 124719|app: 0|req: 29/70] 10.222.0.18 () {60 vars in 1163 bytes} [Thu Feb 10 09:49:29 2022] POST /compute/v2.1/os-aggregates => generated 197 bytes in 232 msecs (HTTP/1.1 200) 9 headers in 357 bytes (1 switches on core 0)
Feb 10 09:49:29.585452 n-d-828674-1 devstack@n-api.service[124719]: DEBUG nova.api.openstack.wsgi [None req-cfca893c-12f5-4088-85c0-f9afb1862bbe tempest-DeleteServersAdminTestJSON-1105784667 tempest-DeleteServersAdminTestJSON-1105784667-project] Calling method '>' {{(pid=124719) _process_stack /opt/stack/nova/nova/api/openstack/wsgi.py:513}}
Feb 10 09:49:29.590117 n-d-828674-1 devstack@n-api.service[124719]: DEBUG nova.compute.api [None req-cfca893c-12f5-4088-85c0-f9afb1862bbe tempest-DeleteServersAdminTestJSON-1105784667 tempest-DeleteServersAdminTestJSON-1105784667-project] [instance: 271b3cc4-617c-4d22-bded-a5eeebab6f07] Fetching instance by UUID {{(pid=124719) get /opt/stack/nova/nova/compute/api.py:2885}}
Feb 10 09:49:29.594474 n-d-828674-1 devstack@n-api.service[124718]: INFO nova.api.openstack.requestlog [None req-49b2fefe-5567-42a4-8ca6-1da31b4d8a19 tempest-FlavorsAdminTestJSON-134393908 tempest-FlavorsAdminTestJSON-134393908-project-admin] 10.222.0.18 "POST /compute/v2.1/flavors" status: 200 len: 412 microversion: 2.1 time: 0.162956
Feb 10 09:49:29.594474 n-d-828674-1 devstack@n-api.service[124718]: [pid: 124718|app: 0|req: 42/71] 10.222.0.18 () {60 vars in 1146 bytes} [Thu Feb 10 09:49:29 2022] POST /compute/v2.1/flavors => generated 412 bytes in 164 msecs (HTTP/1.1 200) 9 headers in 357 bytes (2 switches on core 0)
Feb 10 09:49:29.598831 n-d-828674-1 devstack@n-api.service[124718]: DEBUG nova.api.openstack.wsgi [None req-5727efd6-00b6-4ad5-bb2e-77a5be5cedcc tempest-AggregatesAdminNegativeTestJSON-1909182648 tempest-AggregatesAdminNegativeTestJSON-1909182648-project] Calling method '>' {{(pid=124718) _process_stack /opt/stack/nova/nova/api/openstack/wsgi.py:513}}
Feb 10 09:49:29.617659 n-d-828674-1 devstack@n-api.service[124718]: /usr/local/lib/python3.8/dist-packages/oslo_policy/policy.py:1119: UserWarning: Policy "os_compute_api:os-aggregates:show": "rule:system_reader_api" failed scope check. The token used to make the request was project scoped but the policy requires ['system'] scope. This behavior may change in the future where using the intended scope is required
Feb 10 09:49:29.617659 n-d-828674-1 devstack@n-api.service[124718]: warnings.warn(msg)
Feb 10 09:49:29.625158 n-d-828674-1 devstack@n-api.service[124718]: DEBUG nova.policy [None req-5727efd6-00b6-4ad5-bb2e-77a5be5cedcc tempest-AggregatesAdminNegativeTestJSON-1909182648 tempest-AggregatesAdminNegativeTestJSON-1909182648-project] Policy check for os_compute_api:os-aggregates:show failed with credentials {'is_admin': False, 'user_id': '48ad2c8c91824434922671ad0d41ee79', 'user_domain_id': 'default', 'system_scope': None, 'domain_id': None, 'project_id': '7a221dada94f4ca9acc85fc0b0dea995', 'project_domain_id': 'default', 'roles': ['reader', 'member'], 'is_admin_project': True, 'service_user_id': None, 'service_user_domain_id': None, 'service_project_id': None, 'service_project_domain_id': None, 'service_roles': []} {{(pid=124718) authorize /opt/stack/nova/nova/policy.py:199}}
Feb 10 09:49:29.625158 n-d-828674-1 devstack@n-api.service[124718]: DEBUG nova.api.openstack.wsgi [None req-5727efd6-00b6-4ad5-bb2e-77a5be5cedcc tempest-AggregatesAdminNegativeTestJSON-1909182648 tempest-AggregatesAdminNegativeTestJSON-1909182648-project] Returning 403 to user: Policy doesn't allow os_compute_api:os-aggregates:show to be performed. {{(pid=124718) __call__ /opt/stack/nova/nova/api/openstack/wsgi.py:936}}
Feb 10 09:49:29.625158 n-d-828674-1 devstack@n-api.service[124718]: INFO nova.api.openstack.requestlog [None req-5727efd6-00b6-4ad5-bb2e-77a5be5cedcc tempest-AggregatesAdminNegativeTestJSON-1909182648 tempest-AggregatesAdminNegativeTestJSON-1909182648-project] 10.222.0.18 "GET /compute/v2.1/os-aggregates/8" status: 403 len: 114 microversion: 2.1 time: 0.027455
Feb 10 09:49:29.625158 n-d-828674-1 devstack@n-api.service[124718]: [pid: 124718|app: 0|req: 43/72] 10.222.0.18 () {58 vars in 1148 bytes} [Thu Feb 10 09:49:29 2022] GET /compute/v2.1/os-aggregates/8 => generated 114 bytes in 29 msecs (HTTP/1.1 403) 9 headers in 379 bytes (1 switches on core 0)
Feb 10 09:49:29.627345 n-d-828674-1 devstack@n-api.service[124719]: DEBUG oslo_concurrency.lockutils [None req-cfca893c-12f5-4088-85c0-f9afb1862bbe tempest-DeleteServersAdminTestJSON-1105784667 tempest-DeleteServersAdminTestJSON-1105784667-project] Lock "c2a5077e-df6c-4064-b684-01821001c0ee" acquired by "nova.context.set_target_cell..get_or_set_cached_cell_and_set_connections" :: waited 0.000s {{(pid=124719) inner /usr/local/lib/python3.8/dist-packages/oslo_concurrency/lockutils.py:386}}
Feb 10 09:49:29.630841 n-d-828674-1 devstack@n-api.service[124719]: DEBUG oslo_concurrency.lockutils [None req-cfca893c-12f5-4088-85c0-f9afb1862bbe tempest-DeleteServersAdminTestJSON-1105784667 tempest-DeleteServersAdminTestJSON-1105784667-project] Lock "c2a5077e-df6c-4064-b684-01821001c0ee" "released" by "nova.context.set_target_cell..get_or_set_cached_cell_and_set_connections" :: held 0.010s {{(pid=124719) inner /usr/local/lib/python3.8/dist-packages/oslo_concurrency/lockutils.py:400}}
Feb 10 09:49:29.634000 n-d-828674-1 devstack@n-api.service[124719]: DEBUG oslo_concurrency.lockutils [None req-cfca893c-12f5-4088-85c0-f9afb1862bbe tempest-DeleteServersAdminTestJSON-1105784667 tempest-DeleteServersAdminTestJSON-1105784667-project] Lock "c2a5077e-df6c-4064-b684-01821001c0ee" acquired by "nova.context.set_target_cell..get_or_set_cached_cell_and_set_connections" :: waited 0.000s {{(pid=124719) inner /usr/local/lib/python3.8/dist-packages/oslo_concurrency/lockutils.py:386}}
Feb 10 09:49:29.635592 n-d-828674-1 devstack@n-api.service[124719]: DEBUG oslo_concurrency.lockutils [None req-cfca893c-12f5-4088-85c0-f9afb1862bbe tempest-DeleteServersAdminTestJSON-1105784667 tempest-DeleteServersAdminTestJSON-1105784667-project] Lock "c2a5077e-df6c-4064-b684-01821001c0ee" "released" by "nova.context.set_target_cell..get_or_set_cached_cell_and_set_connections" :: held 0.002s {{(pid=124719) inner /usr/local/lib/python3.8/dist-packages/oslo_concurrency/lockutils.py:400}}
Feb 10 09:49:29.639868 n-d-828674-1 devstack@n-api.service[124718]: DEBUG nova.api.openstack.wsgi [None req-239e4d4c-294d-43b5-957f-6694f9331b57 tempest-FlavorsAdminTestJSON-134393908 tempest-FlavorsAdminTestJSON-134393908-project-admin] Action: 'create', calling method: >, body: {"flavor": {"ram": 512, "vcpus": 1, "disk": 10, "name": "tempest-test_flavor_-1881713325", "id": 1590344171, "os-flavor-access:is_public": "True"}} {{(pid=124718) _process_stack /opt/stack/nova/nova/api/openstack/wsgi.py:511}}
Feb 10 09:49:30.243672 n-d-828674-1 devstack@n-api.service[124718]: INFO nova.api.openstack.requestlog [None req-239e4d4c-294d-43b5-957f-6694f9331b57 tempest-FlavorsAdminTestJSON-134393908 tempest-FlavorsAdminTestJSON-134393908-project-admin] 10.222.0.18 "POST /compute/v2.1/flavors" status: 200 len: 414 microversion: 2.1 time: 0.620709
Feb 10 09:49:30.246389 n-d-828674-1 devstack@n-api.service[124718]: [pid: 124718|app: 0|req: 44/73] 10.222.0.18 () {60 vars in 1146 bytes} [Thu Feb 10 09:49:29 2022] POST /compute/v2.1/flavors => generated 414 bytes in 624 msecs (HTTP/1.1 200) 9 headers in 357 bytes (1 switches on core 0)
Feb 10 09:49:30.273245 n-d-828674-1 devstack@n-api.service[124718]: DEBUG nova.api.openstack.wsgi [None req-8b43cb06-fc42-4b3f-b749-b7ecc4c46d33 tempest-AggregatesAdminNegativeTestJSON-1522760776 tempest-AggregatesAdminNegativeTestJSON-1522760776-project-admin] Calling method '>' {{(pid=124718) _process_stack /opt/stack/nova/nova/api/openstack/wsgi.py:513}}
Feb 10 09:49:30.277341 n-d-828674-1 devstack@n-api.service[124718]: /usr/local/lib/python3.8/dist-packages/oslo_policy/policy.py:1119: UserWarning: Policy "os_compute_api:os-aggregates:delete": "rule:system_admin_api" failed scope check. The token used to make the request was project scoped but the policy requires ['system'] scope. This behavior may change in the future where using the intended scope is required
Feb 10 09:49:30.277341 n-d-828674-1 devstack@n-api.service[124718]: warnings.warn(msg)
Feb 10 09:49:30.291967 n-d-828674-1 devstack@n-api.service[124719]: DEBUG nova.policy [None req-cfca893c-12f5-4088-85c0-f9afb1862bbe tempest-DeleteServersAdminTestJSON-1105784667 tempest-DeleteServersAdminTestJSON-1105784667-project] Policy check for os_compute_api:os-extended-server-attributes failed with credentials {'is_admin': False, 'user_id': '5bd4c05b102a4df096b353b9afbe1a1c', 'user_domain_id': 'default', 'system_scope': None, 'domain_id': None, 'project_id': '2cc72435b5e1440499ee6476a80322a7', 'project_domain_id': 'default', 'roles': ['reader', 'member'], 'is_admin_project': True, 'service_user_id': None, 'service_user_domain_id': None, 'service_project_id': None, 'service_project_domain_id': None, 'service_roles': []} {{(pid=124719) authorize /opt/stack/nova/nova/policy.py:199}}
Feb 10 09:49:30.347289 n-d-828674-1 devstack@n-api.service[124719]: INFO nova.api.openstack.requestlog [None req-cfca893c-12f5-4088-85c0-f9afb1862bbe tempest-DeleteServersAdminTestJSON-1105784667 tempest-DeleteServersAdminTestJSON-1105784667-project] 10.222.0.18 "GET /compute/v2.1/servers/271b3cc4-617c-4d22-bded-a5eeebab6f07" status: 200 len: 1342 microversion: 2.1 time: 0.769896
Feb 10 09:49:30.361471 n-d-828674-1 devstack@n-api.service[124719]: [pid: 124719|app: 0|req: 30/74] 10.222.0.18 () {58 vars in 1235 bytes} [Thu Feb 10 09:49:29 2022] GET /compute/v2.1/servers/271b3cc4-617c-4d22-bded-a5eeebab6f07 => generated 1342 bytes in 788 msecs (HTTP/1.1 200) 9 headers in 358 bytes (1 switches on core 0)
Feb 10 09:49:30.372144 n-d-828674-1 devstack@n-api.service[124719]: DEBUG nova.api.openstack.wsgi [None req-b5afe518-4d75-4f5f-81b1-c94ca593c950 tempest-AggregatesAdminTestJSON-606250466 tempest-AggregatesAdminTestJSON-606250466-project] Calling method '>' {{(pid=124719) _process_stack /opt/stack/nova/nova/api/openstack/wsgi.py:513}}
Feb 10 09:49:30.373730 n-d-828674-1 devstack@n-api.service[124719]: DEBUG nova.compute.api [None req-b5afe518-4d75-4f5f-81b1-c94ca593c950 tempest-AggregatesAdminTestJSON-606250466 tempest-AggregatesAdminTestJSON-606250466-project] [instance: d5e3cb94-a3f1-46e9-8b35-88364aacec64] Fetching instance by UUID {{(pid=124719) get /opt/stack/nova/nova/compute/api.py:2885}}
Feb 10 09:49:30.446733 n-d-828674-1 devstack@n-api.service[124718]: INFO nova.api.openstack.requestlog [None req-8b43cb06-fc42-4b3f-b749-b7ecc4c46d33 tempest-AggregatesAdminNegativeTestJSON-1522760776 tempest-AggregatesAdminNegativeTestJSON-1522760776-project-admin] 10.222.0.18 "DELETE /compute/v2.1/os-aggregates/8" status: 200 len: 0 microversion: 2.1 time: 0.197858
Feb 10 09:49:30.449201 n-d-828674-1 devstack@n-api.service[124718]: [pid: 124718|app: 0|req: 45/75] 10.222.0.18 () {58 vars in 1151 bytes} [Thu Feb 10 09:49:30 2022] DELETE /compute/v2.1/os-aggregates/8 => generated 0 bytes in 202 msecs (HTTP/1.1 200) 9 headers in 355 bytes (1 switches on core 0)
Feb 10 09:49:30.515582 n-d-828674-1 devstack@n-api.service[124718]: DEBUG nova.api.openstack.wsgi [None req-25127e6b-d9c7-4746-ae43-84c766370cde tempest-FlavorsAdminTestJSON-134393908 tempest-FlavorsAdminTestJSON-134393908-project-admin] Calling method '>' {{(pid=124718) _process_stack /opt/stack/nova/nova/api/openstack/wsgi.py:513}}
Feb 10 09:49:30.565174 n-d-828674-1 devstack@n-api.service[124719]: DEBUG nova.policy [None req-b5afe518-4d75-4f5f-81b1-c94ca593c950 tempest-AggregatesAdminTestJSON-606250466 tempest-AggregatesAdminTestJSON-606250466-project] Policy check for os_compute_api:os-extended-server-attributes failed with credentials {'is_admin': False, 'user_id': '8fbeb41d73bc4f578f382d7297d587db', 'user_domain_id': 'default', 'system_scope': None, 'domain_id': None, 'project_id': 'c9a2b60c50c44376b323211260f35eb0', 'project_domain_id': 'default', 'roles': ['reader', 'member'], 'is_admin_project': True, 'service_user_id': None, 'service_user_domain_id': None, 'service_project_id': None, 'service_project_domain_id': None, 'service_roles': []} {{(pid=124719) authorize /opt/stack/nova/nova/policy.py:199}}
Feb 10 09:49:30.581699 n-d-828674-1 devstack@n-api.service[124719]: INFO nova.api.openstack.requestlog [None req-b5afe518-4d75-4f5f-81b1-c94ca593c950 tempest-AggregatesAdminTestJSON-606250466 tempest-AggregatesAdminTestJSON-606250466-project] 10.222.0.18 "GET /compute/v2.1/servers/d5e3cb94-a3f1-46e9-8b35-88364aacec64" status: 200 len: 1243 microversion: 2.1 time: 0.215961
Feb 10 09:49:30.583870 n-d-828674-1 devstack@n-api.service[124719]: [pid: 124719|app: 0|req: 31/76] 10.222.0.18 () {58 vars in 1235 bytes} [Thu Feb 10 09:49:30 2022] GET /compute/v2.1/servers/d5e3cb94-a3f1-46e9-8b35-88364aacec64 => generated 1243 bytes in 222 msecs (HTTP/1.1 200) 9 headers in 358 bytes (1 switches on core 0)
Feb 10 09:49:30.591245 n-d-828674-1 devstack@n-api.service[124718]: INFO nova.api.openstack.requestlog [None req-25127e6b-d9c7-4746-ae43-84c766370cde tempest-FlavorsAdminTestJSON-134393908 tempest-FlavorsAdminTestJSON-134393908-project-admin] 10.222.0.18 "GET /compute/v2.1/flavors/detail?is_public=f" status: 200 len: 415 microversion: 2.1 time: 0.134277
Feb 10 09:49:30.597548 n-d-828674-1 devstack@n-api.service[124718]: [pid: 124718|app: 0|req: 46/77] 10.222.0.18 () {58 vars in 1168 bytes} [Thu Feb 10 09:49:30 2022] GET /compute/v2.1/flavors/detail?is_public=f => generated 415 bytes in 143 msecs (HTTP/1.1 200) 9 headers in 357 bytes (1 switches on core 0)
Feb 10 09:49:30.624265 n-d-828674-1 devstack@n-api.service[124719]: DEBUG nova.api.openstack.wsgi [None req-7f37f447-a869-47b3-a560-6e90557a4dc1 tempest-AggregatesAdminNegativeTestJSON-1522760776 tempest-AggregatesAdminNegativeTestJSON-1522760776-project-admin] Calling method '>' {{(pid=124719) _process_stack /opt/stack/nova/nova/api/openstack/wsgi.py:513}}
Feb 10 09:49:30.626522 n-d-828674-1 devstack@n-api.service[124718]: DEBUG nova.api.openstack.wsgi [None req-d45b244c-e10f-46ab-bc98-9b35a3b3b986 tempest-FlavorsAdminTestJSON-134393908 tempest-FlavorsAdminTestJSON-134393908-project-admin] Calling method '>' {{(pid=124718) _process_stack /opt/stack/nova/nova/api/openstack/wsgi.py:513}}
Feb 10 09:49:30.634495 n-d-828674-1 devstack@n-api.service[124719]: /usr/local/lib/python3.8/dist-packages/oslo_policy/policy.py:1119: UserWarning: Policy "os_compute_api:os-aggregates:show": "rule:system_reader_api" failed scope check. The token used to make the request was project scoped but the policy requires ['system'] scope. This behavior may change in the future where using the intended scope is required
Feb 10 09:49:30.634495 n-d-828674-1 devstack@n-api.service[124719]: warnings.warn(msg)
Feb 10 09:49:30.647925 n-d-828674-1 devstack@n-api.service[124718]: INFO nova.api.openstack.requestlog [None req-d45b244c-e10f-46ab-bc98-9b35a3b3b986 tempest-FlavorsAdminTestJSON-134393908 tempest-FlavorsAdminTestJSON-134393908-project-admin] 10.222.0.18 "GET /compute/v2.1/flavors/detail?is_public=false" status: 200 len: 415 microversion: 2.1 time: 0.045882
Feb 10 09:49:30.653430 n-d-828674-1 devstack@n-api.service[124718]: [pid: 124718|app: 0|req: 47/78] 10.222.0.18 () {58 vars in 1176 bytes} [Thu Feb 10 09:49:30 2022] GET /compute/v2.1/flavors/detail?is_public=false => generated 415 bytes in 55 msecs (HTTP/1.1 200) 9 headers in 357 bytes (1 switches on core 0)
Feb 10 09:49:30.667306 n-d-828674-1 devstack@n-api.service[124719]: INFO nova.api.openstack.wsgi [None req-7f37f447-a869-47b3-a560-6e90557a4dc1 tempest-AggregatesAdminNegativeTestJSON-1522760776 tempest-AggregatesAdminNegativeTestJSON-1522760776-project-admin] HTTP exception thrown: Aggregate -1 could not be found.
Feb 10 09:49:30.667917 n-d-828674-1 devstack@n-api.service[124719]: DEBUG nova.api.openstack.wsgi [None req-7f37f447-a869-47b3-a560-6e90557a4dc1 tempest-AggregatesAdminNegativeTestJSON-1522760776 tempest-AggregatesAdminNegativeTestJSON-1522760776-project-admin] Returning 404 to user: Aggregate -1 could not be found. {{(pid=124719) __call__ /opt/stack/nova/nova/api/openstack/wsgi.py:936}}
Feb 10 09:49:30.668757 n-d-828674-1 devstack@n-api.service[124719]: INFO nova.api.openstack.requestlog [None req-7f37f447-a869-47b3-a560-6e90557a4dc1 tempest-AggregatesAdminNegativeTestJSON-1522760776 tempest-AggregatesAdminNegativeTestJSON-1522760776-project-admin] 10.222.0.18 "GET /compute/v2.1/os-aggregates/-1" status: 404 len: 78 microversion: 2.1 time: 0.082552
Feb 10 09:49:30.669070 n-d-828674-1 devstack@n-api.service[124718]: DEBUG nova.api.openstack.wsgi [None req-977035b2-f2c1-4c28-bb10-bebbaf28f19e tempest-FlavorsAdminTestJSON-134393908 tempest-FlavorsAdminTestJSON-134393908-project-admin] Calling method '>' {{(pid=124718) _process_stack /opt/stack/nova/nova/api/openstack/wsgi.py:513}}
Feb 10 09:49:30.669330 n-d-828674-1 devstack@n-api.service[124719]: [pid: 124719|app: 0|req: 32/79] 10.222.0.18 () {58 vars in 1151 bytes} [Thu Feb 10 09:49:30 2022] GET /compute/v2.1/os-aggregates/-1 => generated 78 bytes in 85 msecs (HTTP/1.1 404) 9 headers in 378 bytes (1 switches on core 0)
Feb 10 09:49:30.687581 n-d-828674-1 devstack@n-api.service[124719]: DEBUG nova.api.openstack.wsgi [None req-2fb8eeb9-e417-4e7a-b7f3-9e720b6f83bd tempest-AggregatesAdminNegativeTestJSON-1909182648 tempest-AggregatesAdminNegativeTestJSON-1909182648-project] Calling method '>' {{(pid=124719) _process_stack /opt/stack/nova/nova/api/openstack/wsgi.py:513}}
Feb 10 09:49:30.702465 n-d-828674-1 devstack@n-api.service[124719]: /usr/local/lib/python3.8/dist-packages/oslo_policy/policy.py:1119: UserWarning: Policy "os_compute_api:os-aggregates:index": "rule:system_reader_api" failed scope check. The token used to make the request was project scoped but the policy requires ['system'] scope. This behavior may change in the future where using the intended scope is required
Feb 10 09:49:30.702465 n-d-828674-1 devstack@n-api.service[124719]: warnings.warn(msg)
Feb 10 09:49:30.708055 n-d-828674-1 devstack@n-api.service[124719]: DEBUG nova.policy [None req-2fb8eeb9-e417-4e7a-b7f3-9e720b6f83bd tempest-AggregatesAdminNegativeTestJSON-1909182648 tempest-AggregatesAdminNegativeTestJSON-1909182648-project] Policy check for os_compute_api:os-aggregates:index failed with credentials {'is_admin': False, 'user_id': '48ad2c8c91824434922671ad0d41ee79', 'user_domain_id': 'default', 'system_scope': None, 'domain_id': None, 'project_id': '7a221dada94f4ca9acc85fc0b0dea995', 'project_domain_id': 'default', 'roles': ['reader', 'member'], 'is_admin_project': True, 'service_user_id': None, 'service_user_domain_id': None, 'service_project_id': None, 'service_project_domain_id': None, 'service_roles': []} {{(pid=124719) authorize /opt/stack/nova/nova/policy.py:199}}
Feb 10 09:49:30.720317 n-d-828674-1 devstack@n-api.service[124719]: DEBUG nova.api.openstack.wsgi [None req-2fb8eeb9-e417-4e7a-b7f3-9e720b6f83bd tempest-AggregatesAdminNegativeTestJSON-1909182648 tempest-AggregatesAdminNegativeTestJSON-1909182648-project] Returning 403 to user: Policy doesn't allow os_compute_api:os-aggregates:index to be performed. {{(pid=124719) __call__ /opt/stack/nova/nova/api/openstack/wsgi.py:936}}
Feb 10 09:49:30.722415 n-d-828674-1 devstack@n-api.service[124718]: INFO nova.api.openstack.requestlog [None req-977035b2-f2c1-4c28-bb10-bebbaf28f19e tempest-FlavorsAdminTestJSON-134393908 tempest-FlavorsAdminTestJSON-134393908-project-admin] 10.222.0.18 "GET /compute/v2.1/flavors/detail?is_public=no" status: 200 len: 415 microversion: 2.1 time: 0.057314
Feb 10 09:49:30.724058 n-d-828674-1 devstack@n-api.service[124718]: [pid: 124718|app: 0|req: 48/80] 10.222.0.18 () {58 vars in 1170 bytes} [Thu Feb 10 09:49:30 2022] GET /compute/v2.1/flavors/detail?is_public=no => generated 415 bytes in 64 msecs (HTTP/1.1 200) 9 headers in 357 bytes (2 switches on core 0)
Feb 10 09:49:30.726397 n-d-828674-1 devstack@n-api.service[124719]: INFO nova.api.openstack.requestlog [None req-2fb8eeb9-e417-4e7a-b7f3-9e720b6f83bd tempest-AggregatesAdminNegativeTestJSON-1909182648 tempest-AggregatesAdminNegativeTestJSON-1909182648-project] 10.222.0.18 "GET /compute/v2.1/os-aggregates" status: 403 len: 115 microversion: 2.1 time: 0.043707
Feb 10 09:49:30.737677 n-d-828674-1 devstack@n-api.service[124718]: DEBUG nova.api.openstack.wsgi [None req-96ee36a0-f65b-45b4-83e9-b457253e36c3 tempest-FlavorsAdminTestJSON-134393908 tempest-FlavorsAdminTestJSON-134393908-project-admin] Calling method '>' {{(pid=124718) _process_stack /opt/stack/nova/nova/api/openstack/wsgi.py:513}}
Feb 10 09:49:30.742413 n-d-828674-1 devstack@n-api.service[124719]: [pid: 124719|app: 0|req: 33/81] 10.222.0.18 () {58 vars in 1142 bytes} [Thu Feb 10 09:49:30 2022] GET /compute/v2.1/os-aggregates => generated 115 bytes in 61 msecs (HTTP/1.1 403) 9 headers in 379 bytes (1 switches on core 0)
Feb 10 09:49:30.772910 n-d-828674-1 devstack@n-api.service[124718]: INFO nova.api.openstack.requestlog [None req-96ee36a0-f65b-45b4-83e9-b457253e36c3 tempest-FlavorsAdminTestJSON-134393908 tempest-FlavorsAdminTestJSON-134393908-project-admin] 10.222.0.18 "GET /compute/v2.1/flavors/detail?is_public=0" status: 200 len: 415 microversion: 2.1 time: 0.038395
Feb 10 09:49:30.786377 n-d-828674-1 devstack@n-api.service[124719]: DEBUG nova.api.openstack.wsgi [None req-907426c1-fe55-4bec-a3a7-1d9f871737be tempest-FlavorsAdminTestJSON-134393908 tempest-FlavorsAdminTestJSON-134393908-project-admin] Calling method '>' {{(pid=124719) _process_stack /opt/stack/nova/nova/api/openstack/wsgi.py:513}}
Feb 10 09:49:30.793805 n-d-828674-1 devstack@n-api.service[124718]: [pid: 124718|app: 0|req: 49/82] 10.222.0.18 () {58 vars in 1168 bytes} [Thu Feb 10 09:49:30 2022] GET /compute/v2.1/flavors/detail?is_public=0 => generated 415 bytes in 60 msecs (HTTP/1.1 200) 9 headers in 357 bytes (1 switches on core 0)
Feb 10 09:49:30.856470 n-d-828674-1 devstack@n-api.service[124719]: INFO nova.api.openstack.requestlog [None req-907426c1-fe55-4bec-a3a7-1d9f871737be tempest-FlavorsAdminTestJSON-134393908 tempest-FlavorsAdminTestJSON-134393908-project-admin] 10.222.0.18 "GET /compute/v2.1/flavors/detail?is_public=t" status: 200 len: 5395 microversion: 2.1 time: 0.075047
Feb 10 09:49:30.870219 n-d-828674-1 devstack@n-api.service[124719]: [pid: 124719|app: 0|req: 34/83] 10.222.0.18 () {58 vars in 1168 bytes} [Thu Feb 10 09:49:30 2022] GET /compute/v2.1/flavors/detail?is_public=t => generated 5395 bytes in 89 msecs (HTTP/1.1 200) 9 headers in 358 bytes (2 switches on core 0)
Feb 10 09:49:30.874456 n-d-828674-1 devstack@n-api.service[124718]: DEBUG nova.api.openstack.wsgi [None req-f11cd2e2-2ba9-4c9e-a0d3-66b92545165d tempest-FlavorsAdminTestJSON-134393908 tempest-FlavorsAdminTestJSON-134393908-project-admin] Calling method '>' {{(pid=124718) _process_stack /opt/stack/nova/nova/api/openstack/wsgi.py:513}}
Feb 10 09:49:30.902521 n-d-828674-1 devstack@n-api.service[124718]: INFO nova.api.openstack.requestlog [None req-f11cd2e2-2ba9-4c9e-a0d3-66b92545165d tempest-FlavorsAdminTestJSON-134393908 tempest-FlavorsAdminTestJSON-134393908-project-admin] 10.222.0.18 "GET /compute/v2.1/flavors/detail?is_public=true" status: 200 len: 5395 microversion: 2.1 time: 0.031222
Feb 10 09:49:30.923443 n-d-828674-1 devstack@n-api.service[124719]: DEBUG nova.api.openstack.wsgi [None req-d803a754-5c02-4847-997b-9f5b735b96c5 tempest-FlavorsAdminTestJSON-134393908 tempest-FlavorsAdminTestJSON-134393908-project-admin] Calling method '>' {{(pid=124719) _process_stack /opt/stack/nova/nova/api/openstack/wsgi.py:513}}
Feb 10 09:49:30.934999 n-d-828674-1 devstack@n-api.service[124718]: [pid: 124718|app: 0|req: 50/84] 10.222.0.18 () {58 vars in 1174 bytes} [Thu Feb 10 09:49:30 2022] GET /compute/v2.1/flavors/detail?is_public=true => generated 5395 bytes in 64 msecs (HTTP/1.1 200) 9 headers in 358 bytes (2 switches on core 0)
Feb 10 09:49:30.952023 n-d-828674-1 devstack@n-api.service[124719]: INFO nova.api.openstack.requestlog [None req-d803a754-5c02-4847-997b-9f5b735b96c5 tempest-FlavorsAdminTestJSON-134393908 tempest-FlavorsAdminTestJSON-134393908-project-admin] 10.222.0.18 "GET /compute/v2.1/flavors/detail?is_public=yes" status: 200 len: 5395 microversion: 2.1 time: 0.032494
Feb 10 09:49:30.966698 n-d-828674-1 devstack@n-api.service[124719]: [pid: 124719|app: 0|req: 35/85] 10.222.0.18 () {58 vars in 1172 bytes} [Thu Feb 10 09:49:30 2022] GET /compute/v2.1/flavors/detail?is_public=yes => generated 5395 bytes in 44 msecs (HTTP/1.1 200) 9 headers in 358 bytes (1 switches on core 0)
Feb 10 09:49:30.982885 n-d-828674-1 devstack@n-api.service[124718]: DEBUG nova.api.openstack.wsgi [None req-344aeac7-899d-4a12-967b-70243eda4cb2 tempest-FlavorsAdminTestJSON-134393908 tempest-FlavorsAdminTestJSON-134393908-project-admin] Calling method '>' {{(pid=124718) _process_stack /opt/stack/nova/nova/api/openstack/wsgi.py:513}}
Feb 10 09:49:31.043262 n-d-828674-1 devstack@n-api.service[124718]: INFO nova.api.openstack.requestlog [None req-344aeac7-899d-4a12-967b-70243eda4cb2 tempest-FlavorsAdminTestJSON-134393908 tempest-FlavorsAdminTestJSON-134393908-project-admin] 10.222.0.18 "GET /compute/v2.1/flavors/detail?is_public=1" status: 200 len: 5395 microversion: 2.1 time: 0.074794
Feb 10 09:49:31.066663 n-d-828674-1 devstack@n-api.service[124718]: [pid: 124718|app: 0|req: 51/86] 10.222.0.18 () {58 vars in 1168 bytes} [Thu Feb 10 09:49:30 2022] GET /compute/v2.1/flavors/detail?is_public=1 => generated 5395 bytes in 99 msecs (HTTP/1.1 200) 9 headers in 358 bytes (1 switches on core 0)
Feb 10 09:49:31.072451 n-d-828674-1 devstack@n-api.service[124719]: DEBUG nova.api.openstack.wsgi [None req-4117a71d-a402-46e5-9cf8-6b8372f16563 tempest-FlavorsAdminTestJSON-134393908 tempest-FlavorsAdminTestJSON-134393908-project-admin] Calling method '>' {{(pid=124719) _process_stack /opt/stack/nova/nova/api/openstack/wsgi.py:513}}
Feb 10 09:49:31.075367 n-d-828674-1 devstack@n-api.service[124719]: /usr/local/lib/python3.8/dist-packages/oslo_policy/policy.py:1119: UserWarning: Policy "os_compute_api:os-flavor-manage:delete": "rule:system_admin_api" failed scope check. The token used to make the request was project scoped but the policy requires ['system'] scope. This behavior may change in the future where using the intended scope is required
Feb 10 09:49:31.075367 n-d-828674-1 devstack@n-api.service[124719]: warnings.warn(msg)
Feb 10 09:49:31.213092 n-d-828674-1 devstack@n-api.service[124719]: INFO nova.api.openstack.requestlog [None req-4117a71d-a402-46e5-9cf8-6b8372f16563 tempest-FlavorsAdminTestJSON-134393908 tempest-FlavorsAdminTestJSON-134393908-project-admin] 10.222.0.18 "DELETE /compute/v2.1/flavors/1590344171" status: 202 len: 0 microversion: 2.1 time: 0.146230
Feb 10 09:49:31.215711 n-d-828674-1 devstack@n-api.service[124719]: [pid: 124719|app: 0|req: 36/87] 10.222.0.18 () {58 vars in 1160 bytes} [Thu Feb 10 09:49:31 2022] DELETE /compute/v2.1/flavors/1590344171 => generated 0 bytes in 148 msecs (HTTP/1.1 202) 9 headers in 361 bytes (1 switches on core 0)
Feb 10 09:49:31.221682 n-d-828674-1 devstack@n-api.service[124718]: DEBUG nova.api.openstack.wsgi [None req-82773757-7885-4cce-aeb9-4143860b2e33 tempest-FlavorsAdminTestJSON-134393908 tempest-FlavorsAdminTestJSON-134393908-project-admin] Calling method '>' {{(pid=124718) _process_stack /opt/stack/nova/nova/api/openstack/wsgi.py:513}}
Feb 10 09:49:31.277589 n-d-828674-1 devstack@n-api.service[124718]: INFO nova.api.openstack.requestlog [None req-82773757-7885-4cce-aeb9-4143860b2e33 tempest-FlavorsAdminTestJSON-134393908 tempest-FlavorsAdminTestJSON-134393908-project-admin] 10.222.0.18 "GET /compute/v2.1/flavors/detail" status: 200 len: 4991 microversion: 2.1 time: 0.048506
Feb 10 09:49:31.294717 n-d-828674-1 devstack@n-api.service[124718]: [pid: 124718|app: 0|req: 52/88] 10.222.0.18 () {58 vars in 1145 bytes} [Thu Feb 10 09:49:31 2022] GET /compute/v2.1/flavors/detail => generated 4991 bytes in 77 msecs (HTTP/1.1 200) 9 headers in 358 bytes (1 switches on core 0)
Feb 10 09:49:31.306799 n-d-828674-1 devstack@n-api.service[124719]: DEBUG nova.api.openstack.wsgi [None req-033a8dfd-f6e2-4d75-9952-221563c349a4 tempest-FlavorsAdminTestJSON-134393908 tempest-FlavorsAdminTestJSON-134393908-project-admin] Calling method '>' {{(pid=124719) _process_stack /opt/stack/nova/nova/api/openstack/wsgi.py:513}}
Feb 10 09:49:31.366986 n-d-828674-1 devstack@n-api.service[124718]: DEBUG nova.api.openstack.wsgi [None req-8232afec-c7b6-4db8-995f-22ab80357578 tempest-DeleteServersAdminTestJSON-1105784667 tempest-DeleteServersAdminTestJSON-1105784667-project] Calling method '>' {{(pid=124718) _process_stack /opt/stack/nova/nova/api/openstack/wsgi.py:513}}
Feb 10 09:49:31.367809 n-d-828674-1 devstack@n-api.service[124718]: DEBUG nova.compute.api [None req-8232afec-c7b6-4db8-995f-22ab80357578 tempest-DeleteServersAdminTestJSON-1105784667 tempest-DeleteServersAdminTestJSON-1105784667-project] [instance: 271b3cc4-617c-4d22-bded-a5eeebab6f07] Fetching instance by UUID {{(pid=124718) get /opt/stack/nova/nova/compute/api.py:2885}}
Feb 10 09:49:31.390937 n-d-828674-1 devstack@n-api.service[124718]: DEBUG oslo_concurrency.lockutils [None req-8232afec-c7b6-4db8-995f-22ab80357578 tempest-DeleteServersAdminTestJSON-1105784667 tempest-DeleteServersAdminTestJSON-1105784667-project] Lock "c2a5077e-df6c-4064-b684-01821001c0ee" acquired by "nova.context.set_target_cell..get_or_set_cached_cell_and_set_connections" :: waited 0.000s {{(pid=124718) inner /usr/local/lib/python3.8/dist-packages/oslo_concurrency/lockutils.py:386}}
Feb 10 09:49:31.395525 n-d-828674-1 devstack@n-api.service[124718]: DEBUG oslo_concurrency.lockutils [None req-8232afec-c7b6-4db8-995f-22ab80357578 tempest-DeleteServersAdminTestJSON-1105784667 tempest-DeleteServersAdminTestJSON-1105784667-project] Lock "c2a5077e-df6c-4064-b684-01821001c0ee" "released" by "nova.context.set_target_cell..get_or_set_cached_cell_and_set_connections" :: held 0.004s {{(pid=124718) inner /usr/local/lib/python3.8/dist-packages/oslo_concurrency/lockutils.py:400}}
