Feb 10 09:48:34.815344 n-d-828674-1 devstack@n-api.service[124719]: DEBUG oslo_concurrency.lockutils [None req-8308308b-a433-4023-8daf-5de6a215403c None None] Lock "00000000-0000-0000-0000-000000000000" acquired by "nova.context.set_target_cell..get_or_set_cached_cell_and_set_connections" :: waited 0.000s {{(pid=124719) inner /usr/local/lib/python3.8/dist-packages/oslo_concurrency/lockutils.py:386}}
Feb 10 09:48:34.817010 n-d-828674-1 devstack@n-api.service[124719]: DEBUG oslo_concurrency.lockutils [None req-8308308b-a433-4023-8daf-5de6a215403c None None] Lock "00000000-0000-0000-0000-000000000000" "released" by "nova.context.set_target_cell..get_or_set_cached_cell_and_set_connections" :: held 0.002s {{(pid=124719) inner /usr/local/lib/python3.8/dist-packages/oslo_concurrency/lockutils.py:400}}
Feb 10 09:48:34.818277 n-d-828674-1 devstack@n-api.service[124719]: DEBUG oslo_concurrency.lockutils [None req-8308308b-a433-4023-8daf-5de6a215403c None None] Lock "c2a5077e-df6c-4064-b684-01821001c0ee" acquired by "nova.context.set_target_cell..get_or_set_cached_cell_and_set_connections" :: waited 0.000s {{(pid=124719) inner /usr/local/lib/python3.8/dist-packages/oslo_concurrency/lockutils.py:386}}
Feb 10 09:48:34.819653 n-d-828674-1 devstack@n-api.service[124718]: DEBUG nova.context [None req-7a02e372-f571-4179-8051-54b57a755651 None None] Found 2 cells: 00000000-0000-0000-0000-000000000000(cell0),c2a5077e-df6c-4064-b684-01821001c0ee(cell1) {{(pid=124718) load_cells /opt/stack/nova/nova/context.py:464}}
Feb 10 09:48:34.821154 n-d-828674-1 devstack@n-api.service[124719]: DEBUG oslo_concurrency.lockutils [None req-8308308b-a433-4023-8daf-5de6a215403c None None] Lock "c2a5077e-df6c-4064-b684-01821001c0ee" "released" by "nova.context.set_target_cell..get_or_set_cached_cell_and_set_connections" :: held 0.002s {{(pid=124719) inner /usr/local/lib/python3.8/dist-packages/oslo_concurrency/lockutils.py:400}}
Feb 10 09:48:34.824612 n-d-828674-1 devstack@n-api.service[124718]: DEBUG oslo_concurrency.lockutils [None req-7a02e372-f571-4179-8051-54b57a755651 None None] Lock "00000000-0000-0000-0000-000000000000" acquired by "nova.context.set_target_cell..get_or_set_cached_cell_and_set_connections" :: waited 0.000s {{(pid=124718) inner /usr/local/lib/python3.8/dist-packages/oslo_concurrency/lockutils.py:386}}
Feb 10 09:48:34.826674 n-d-828674-1 devstack@n-api.service[124718]: DEBUG oslo_concurrency.lockutils [None req-7a02e372-f571-4179-8051-54b57a755651 None None] Lock "00000000-0000-0000-0000-000000000000" "released" by "nova.context.set_target_cell..get_or_set_cached_cell_and_set_connections" :: held 0.002s {{(pid=124718) inner /usr/local/lib/python3.8/dist-packages/oslo_concurrency/lockutils.py:400}}
Feb 10 09:48:34.827605 n-d-828674-1 devstack@n-api.service[124718]: DEBUG oslo_concurrency.lockutils [None req-7a02e372-f571-4179-8051-54b57a755651 None None] Lock "c2a5077e-df6c-4064-b684-01821001c0ee" acquired by "nova.context.set_target_cell..get_or_set_cached_cell_and_set_connections" :: waited 0.000s {{(pid=124718) inner /usr/local/lib/python3.8/dist-packages/oslo_concurrency/lockutils.py:386}}
Feb 10 09:48:34.829676 n-d-828674-1 devstack@n-api.service[124718]: DEBUG oslo_concurrency.lockutils [None req-7a02e372-f571-4179-8051-54b57a755651 None None] Lock "c2a5077e-df6c-4064-b684-01821001c0ee" "released" by "nova.context.set_target_cell..get_or_set_cached_cell_and_set_connections" :: held 0.002s {{(pid=124718) inner /usr/local/lib/python3.8/dist-packages/oslo_concurrency/lockutils.py:400}}
Feb 10 09:48:34.832914 n-d-828674-1 devstack@n-api.service[124719]: DEBUG oslo_db.sqlalchemy.engines [None req-8308308b-a433-4023-8daf-5de6a215403c None None] MySQL server mode set to STRICT_TRANS_TABLES,STRICT_ALL_TABLES,NO_ZERO_IN_DATE,NO_ZERO_DATE,ERROR_FOR_DIVISION_BY_ZERO,TRADITIONAL,NO_ENGINE_SUBSTITUTION {{(pid=124719) _check_effective_sql_mode /usr/local/lib/python3.8/dist-packages/oslo_db/sqlalchemy/engines.py:314}}
Feb 10 09:48:34.841327 n-d-828674-1 devstack@n-api.service[124718]: DEBUG oslo_db.sqlalchemy.engines [None req-7a02e372-f571-4179-8051-54b57a755651 None None] MySQL server mode set to STRICT_TRANS_TABLES,STRICT_ALL_TABLES,NO_ZERO_IN_DATE,NO_ZERO_DATE,ERROR_FOR_DIVISION_BY_ZERO,TRADITIONAL,NO_ENGINE_SUBSTITUTION {{(pid=124718) _check_effective_sql_mode /usr/local/lib/python3.8/dist-packages/oslo_db/sqlalchemy/engines.py:314}}
Feb 10 09:48:34.845464 n-d-828674-1 devstack@n-api.service[124718]: DEBUG oslo_db.sqlalchemy.engines [None req-7a02e372-f571-4179-8051-54b57a755651 None None] MySQL server mode set to STRICT_TRANS_TABLES,STRICT_ALL_TABLES,NO_ZERO_IN_DATE,NO_ZERO_DATE,ERROR_FOR_DIVISION_BY_ZERO,TRADITIONAL,NO_ENGINE_SUBSTITUTION {{(pid=124718) _check_effective_sql_mode /usr/local/lib/python3.8/dist-packages/oslo_db/sqlalchemy/engines.py:314}}
Feb 10 09:48:34.979261 n-d-828674-1 devstack@n-api.service[124719]: DEBUG oslo_db.sqlalchemy.engines [None req-8308308b-a433-4023-8daf-5de6a215403c None None] MySQL server mode set to STRICT_TRANS_TABLES,STRICT_ALL_TABLES,NO_ZERO_IN_DATE,NO_ZERO_DATE,ERROR_FOR_DIVISION_BY_ZERO,TRADITIONAL,NO_ENGINE_SUBSTITUTION {{(pid=124719) _check_effective_sql_mode /usr/local/lib/python3.8/dist-packages/oslo_db/sqlalchemy/engines.py:314}}
Feb 10 09:48:34.999799 n-d-828674-1 devstack@n-api.service[124719]: DEBUG oslo_db.sqlalchemy.engines [None req-8308308b-a433-4023-8daf-5de6a215403c None None] MySQL server mode set to STRICT_TRANS_TABLES,STRICT_ALL_TABLES,NO_ZERO_IN_DATE,NO_ZERO_DATE,ERROR_FOR_DIVISION_BY_ZERO,TRADITIONAL,NO_ENGINE_SUBSTITUTION {{(pid=124719) _check_effective_sql_mode /usr/local/lib/python3.8/dist-packages/oslo_db/sqlalchemy/engines.py:314}}
Feb 10 09:48:35.007334 n-d-828674-1 devstack@n-api.service[124718]: DEBUG oslo_db.sqlalchemy.engines [None req-7a02e372-f571-4179-8051-54b57a755651 None None] MySQL server mode set to STRICT_TRANS_TABLES,STRICT_ALL_TABLES,NO_ZERO_IN_DATE,NO_ZERO_DATE,ERROR_FOR_DIVISION_BY_ZERO,TRADITIONAL,NO_ENGINE_SUBSTITUTION {{(pid=124718) _check_effective_sql_mode /usr/local/lib/python3.8/dist-packages/oslo_db/sqlalchemy/engines.py:314}}
Feb 10 09:48:35.342096 n-d-828674-1 devstack@n-api.service[124718]: WARNING keystonemiddleware.auth_token [None req-7a02e372-f571-4179-8051-54b57a755651 None None] AuthToken middleware is set with keystone_authtoken.service_token_roles_required set to False. This is backwards compatible but deprecated behaviour. Please set this to True.
Feb 10 09:48:35.348777 n-d-828674-1 devstack@n-api.service[124718]: WARNING keystonemiddleware.auth_token [None req-7a02e372-f571-4179-8051-54b57a755651 None None] Configuring www_authenticate_uri to point to the public identity endpoint is required; clients may not be able to authenticate against an admin endpoint
Feb 10 09:48:35.356221 n-d-828674-1 devstack@n-api.service[124719]: WARNING keystonemiddleware.auth_token [None req-8308308b-a433-4023-8daf-5de6a215403c None None] AuthToken middleware is set with keystone_authtoken.service_token_roles_required set to False. This is backwards compatible but deprecated behaviour. Please set this to True.
Feb 10 09:48:35.362948 n-d-828674-1 devstack@n-api.service[124719]: WARNING keystonemiddleware.auth_token [None req-8308308b-a433-4023-8daf-5de6a215403c None None] Configuring www_authenticate_uri to point to the public identity endpoint is required; clients may not be able to authenticate against an admin endpoint
Feb 10 09:48:35.699850 n-d-828674-1 devstack@n-api.service[124718]: WARNING keystonemiddleware.auth_token [None req-7a02e372-f571-4179-8051-54b57a755651 None None] AuthToken middleware is set with keystone_authtoken.service_token_roles_required set to False. This is backwards compatible but deprecated behaviour. Please set this to True.
Feb 10 09:48:35.705127 n-d-828674-1 devstack@n-api.service[124718]: WARNING keystonemiddleware.auth_token [None req-7a02e372-f571-4179-8051-54b57a755651 None None] Configuring www_authenticate_uri to point to the public identity endpoint is required; clients may not be able to authenticate against an admin endpoint
Feb 10 09:48:35.711128 n-d-828674-1 devstack@n-api.service[124718]: WSGI app 0 (mountpoint='') ready in 6 seconds on interpreter 0x5616f54e49c0 pid: 124718 (default app)
Feb 10 09:48:35.725246 n-d-828674-1 devstack@n-api.service[124719]: WARNING keystonemiddleware.auth_token [None req-8308308b-a433-4023-8daf-5de6a215403c None None] AuthToken middleware is set with keystone_authtoken.service_token_roles_required set to False. This is backwards compatible but deprecated behaviour. Please set this to True.
Feb 10 09:48:35.730538 n-d-828674-1 devstack@n-api.service[124719]: WARNING keystonemiddleware.auth_token [None req-8308308b-a433-4023-8daf-5de6a215403c None None] Configuring www_authenticate_uri to point to the public identity endpoint is required; clients may not be able to authenticate against an admin endpoint
Feb 10 09:48:35.736037 n-d-828674-1 devstack@n-api.service[124719]: WSGI app 0 (mountpoint='') ready in 5 seconds on interpreter 0x5616f54e49c0 pid: 124719 (default app)
Feb 10 09:49:17.761900 n-d-828674-1 devstack@n-api.service[124718]: DEBUG nova.api.openstack.wsgi [None req-9a037b5e-8124-4beb-bbe2-6b25764692a0 tempest-DeleteServersAdminTestJSON-1105784667 tempest-DeleteServersAdminTestJSON-1105784667-project] Action: 'create', calling method: >, body: {"server": {"name": "tempest-DeleteServersAdminTestJSON-server-1457262324", "imageRef": "8270dbf9-dc1c-4261-ba9c-730a8ec5aae1", "flavorRef": "452"}} {{(pid=124718) _process_stack /opt/stack/nova/nova/api/openstack/wsgi.py:511}}
Feb 10 09:49:18.499975 n-d-828674-1 devstack@n-api.service[124719]: DEBUG nova.api.openstack.wsgi [None req-cbbcedae-5294-428a-8d0c-ff5b2f1bb33a tempest-AggregatesAdminTestV241-244737334 tempest-AggregatesAdminTestV241-244737334-project-admin] Calling method '.version_select at 0x7ff21afda820>' {{(pid=124719) _process_stack /opt/stack/nova/nova/api/openstack/wsgi.py:513}}
Feb 10 09:49:18.502852 n-d-828674-1 devstack@n-api.service[124719]: /usr/local/lib/python3.8/dist-packages/oslo_policy/policy.py:1119: UserWarning: Policy "os_compute_api:os-hypervisors:list-detail": "rule:system_reader_api" failed scope check. The token used to make the request was project scoped but the policy requires ['system'] scope. This behavior may change in the future where using the intended scope is required
Feb 10 09:49:18.502852 n-d-828674-1 devstack@n-api.service[124719]: warnings.warn(msg)
Feb 10 09:49:18.508744 n-d-828674-1 devstack@n-api.service[124719]: DEBUG nova.compute.api [None req-cbbcedae-5294-428a-8d0c-ff5b2f1bb33a tempest-AggregatesAdminTestV241-244737334 tempest-AggregatesAdminTestV241-244737334-project-admin] Found 2 cells: 00000000-0000-0000-0000-000000000000(cell0),c2a5077e-df6c-4064-b684-01821001c0ee(cell1) {{(pid=124719) load_cells /opt/stack/nova/nova/compute/api.py:304}}
Feb 10 09:49:18.509515 n-d-828674-1 devstack@n-api.service[124719]: DEBUG oslo_concurrency.lockutils [None req-cbbcedae-5294-428a-8d0c-ff5b2f1bb33a tempest-AggregatesAdminTestV241-244737334 tempest-AggregatesAdminTestV241-244737334-project-admin] Lock "c2a5077e-df6c-4064-b684-01821001c0ee" acquired by "nova.context.set_target_cell..get_or_set_cached_cell_and_set_connections" :: waited 0.000s {{(pid=124719) inner /usr/local/lib/python3.8/dist-packages/oslo_concurrency/lockutils.py:386}}
Feb 10 09:49:18.510140 n-d-828674-1 devstack@n-api.service[124719]: DEBUG oslo_concurrency.lockutils [None req-cbbcedae-5294-428a-8d0c-ff5b2f1bb33a tempest-AggregatesAdminTestV241-244737334 tempest-AggregatesAdminTestV241-244737334-project-admin] Lock "c2a5077e-df6c-4064-b684-01821001c0ee" "released" by "nova.context.set_target_cell..get_or_set_cached_cell_and_set_connections" :: held 0.001s {{(pid=124719) inner /usr/local/lib/python3.8/dist-packages/oslo_concurrency/lockutils.py:400}}
Feb 10 09:49:18.539329 n-d-828674-1 devstack@n-api.service[124719]: DEBUG oslo_concurrency.lockutils [None req-cbbcedae-5294-428a-8d0c-ff5b2f1bb33a tempest-AggregatesAdminTestV241-244737334 tempest-AggregatesAdminTestV241-244737334-project-admin] Lock "c2a5077e-df6c-4064-b684-01821001c0ee" acquired by "nova.context.set_target_cell..get_or_set_cached_cell_and_set_connections" :: waited 0.001s {{(pid=124719) inner /usr/local/lib/python3.8/dist-packages/oslo_concurrency/lockutils.py:386}}
Feb 10 09:49:18.539849 n-d-828674-1 devstack@n-api.service[124719]: DEBUG oslo_concurrency.lockutils [None req-cbbcedae-5294-428a-8d0c-ff5b2f1bb33a tempest-AggregatesAdminTestV241-244737334 tempest-AggregatesAdminTestV241-244737334-project-admin] Lock "c2a5077e-df6c-4064-b684-01821001c0ee" "released" by "nova.context.set_target_cell..get_or_set_cached_cell_and_set_connections" :: held 0.001s {{(pid=124719) inner /usr/local/lib/python3.8/dist-packages/oslo_concurrency/lockutils.py:400}}
Feb 10 09:49:18.554153 n-d-828674-1 devstack@n-api.service[124719]: DEBUG oslo_concurrency.lockutils [None req-cbbcedae-5294-428a-8d0c-ff5b2f1bb33a tempest-AggregatesAdminTestV241-244737334 tempest-AggregatesAdminTestV241-244737334-project-admin] Lock "c2a5077e-df6c-4064-b684-01821001c0ee" acquired by "nova.context.set_target_cell..get_or_set_cached_cell_and_set_connections" :: waited 0.000s {{(pid=124719) inner /usr/local/lib/python3.8/dist-packages/oslo_concurrency/lockutils.py:386}}
Feb 10 09:49:18.554668 n-d-828674-1 devstack@n-api.service[124719]: DEBUG oslo_concurrency.lockutils [None req-cbbcedae-5294-428a-8d0c-ff5b2f1bb33a tempest-AggregatesAdminTestV241-244737334 tempest-AggregatesAdminTestV241-244737334-project-admin] Lock "c2a5077e-df6c-4064-b684-01821001c0ee" "released" by "nova.context.set_target_cell..get_or_set_cached_cell_and_set_connections" :: held 0.001s {{(pid=124719) inner /usr/local/lib/python3.8/dist-packages/oslo_concurrency/lockutils.py:400}}
Feb 10 09:49:18.564121 n-d-828674-1 devstack@n-api.service[124719]: INFO nova.api.openstack.requestlog [None req-cbbcedae-5294-428a-8d0c-ff5b2f1bb33a tempest-AggregatesAdminTestV241-244737334 tempest-AggregatesAdminTestV241-244737334-project-admin] 10.222.0.18 "GET /compute/v2.1/os-hypervisors/detail" status: 200 len: 1423 microversion: 2.41 time: 1.828607
Feb 10 09:49:18.567546 n-d-828674-1 devstack@n-api.service[124719]: [pid: 124719|app: 0|req: 1/1] 10.222.0.18 () {60 vars in 1207 bytes} [Thu Feb 10 09:49:16 2022] GET /compute/v2.1/os-hypervisors/detail => generated 1423 bytes in 1834 msecs (HTTP/1.1 200) 9 headers in 360 bytes (1 switches on core 0)
Feb 10 09:49:18.630834 n-d-828674-1 devstack@n-api.service[124718]: DEBUG nova.network.neutron [None req-9a037b5e-8124-4beb-bbe2-6b25764692a0 tempest-DeleteServersAdminTestJSON-1105784667 tempest-DeleteServersAdminTestJSON-1105784667-project] validate_networks() for None {{(pid=124718) validate_networks /opt/stack/nova/nova/network/neutron.py:2623}}
Feb 10 09:49:18.744305 n-d-828674-1 devstack@n-api.service[124719]: DEBUG nova.api.openstack.wsgi [None req-17031e0a-530d-4d60-ba85-316561708a9c tempest-AZAdminV2TestJSON-1008277814 tempest-AZAdminV2TestJSON-1008277814-project-admin] Calling method '>' {{(pid=124719) _process_stack /opt/stack/nova/nova/api/openstack/wsgi.py:513}}
Feb 10 09:49:18.747027 n-d-828674-1 devstack@n-api.service[124719]: DEBUG oslo_concurrency.lockutils [None req-17031e0a-530d-4d60-ba85-316561708a9c tempest-AZAdminV2TestJSON-1008277814 tempest-AZAdminV2TestJSON-1008277814-project-admin] Lock "00000000-0000-0000-0000-000000000000" acquired by "nova.context.set_target_cell..get_or_set_cached_cell_and_set_connections" :: waited 0.000s {{(pid=124719) inner /usr/local/lib/python3.8/dist-packages/oslo_concurrency/lockutils.py:386}}
Feb 10 09:49:18.747690 n-d-828674-1 devstack@n-api.service[124719]: DEBUG oslo_concurrency.lockutils [None req-17031e0a-530d-4d60-ba85-316561708a9c tempest-AZAdminV2TestJSON-1008277814 tempest-AZAdminV2TestJSON-1008277814-project-admin] Lock "00000000-0000-0000-0000-000000000000" "released" by "nova.context.set_target_cell..get_or_set_cached_cell_and_set_connections" :: held 0.001s {{(pid=124719) inner /usr/local/lib/python3.8/dist-packages/oslo_concurrency/lockutils.py:400}}
Feb 10 09:49:18.748632 n-d-828674-1 devstack@n-api.service[124719]: DEBUG oslo_concurrency.lockutils [None req-17031e0a-530d-4d60-ba85-316561708a9c tempest-AZAdminV2TestJSON-1008277814 tempest-AZAdminV2TestJSON-1008277814-project-admin] Lock "c2a5077e-df6c-4064-b684-01821001c0ee" acquired by "nova.context.set_target_cell..get_or_set_cached_cell_and_set_connections" :: waited 0.000s {{(pid=124719) inner /usr/local/lib/python3.8/dist-packages/oslo_concurrency/lockutils.py:386}}
Feb 10 09:49:18.749691 n-d-828674-1 devstack@n-api.service[124719]: DEBUG oslo_concurrency.lockutils [None req-17031e0a-530d-4d60-ba85-316561708a9c tempest-AZAdminV2TestJSON-1008277814 tempest-AZAdminV2TestJSON-1008277814-project-admin] Lock "c2a5077e-df6c-4064-b684-01821001c0ee" "released" by "nova.context.set_target_cell..get_or_set_cached_cell_and_set_connections" :: held 0.000s {{(pid=124719) inner /usr/local/lib/python3.8/dist-packages/oslo_concurrency/lockutils.py:400}}
Feb 10 09:49:18.819119 n-d-828674-1 devstack@n-api.service[124719]: INFO nova.api.openstack.requestlog [None req-17031e0a-530d-4d60-ba85-316561708a9c tempest-AZAdminV2TestJSON-1008277814 tempest-AZAdminV2TestJSON-1008277814-project-admin] 10.222.0.18 "GET /compute/v2.1/os-availability-zone" status: 200 len: 97 microversion: 2.1 time: 0.249895
Feb 10 09:49:18.826184 n-d-828674-1 devstack@n-api.service[124719]: [pid: 124719|app: 0|req: 2/2] 10.222.0.18 () {58 vars in 1163 bytes} [Thu Feb 10 09:49:18 2022] GET /compute/v2.1/os-availability-zone => generated 97 bytes in 252 msecs (HTTP/1.1 200) 9 headers in 356 bytes (1 switches on core 0)
Feb 10 09:49:18.976301 n-d-828674-1 devstack@n-api.service[124718]: DEBUG nova.virt.hardware [None req-9a037b5e-8124-4beb-bbe2-6b25764692a0 tempest-DeleteServersAdminTestJSON-1105784667 tempest-DeleteServersAdminTestJSON-1105784667-project] Flavor limits 0:0:0 {{(pid=124718) get_cpu_topology_constraints /opt/stack/nova/nova/virt/hardware.py:343}}
Feb 10 09:49:18.976987 n-d-828674-1 devstack@n-api.service[124718]: DEBUG nova.virt.hardware [None req-9a037b5e-8124-4beb-bbe2-6b25764692a0 tempest-DeleteServersAdminTestJSON-1105784667 tempest-DeleteServersAdminTestJSON-1105784667-project] Image limits 0:0:0 {{(pid=124718) get_cpu_topology_constraints /opt/stack/nova/nova/virt/hardware.py:347}}
Feb 10 09:49:18.977193 n-d-828674-1 devstack@n-api.service[124718]: DEBUG nova.virt.hardware [None req-9a037b5e-8124-4beb-bbe2-6b25764692a0 tempest-DeleteServersAdminTestJSON-1105784667 tempest-DeleteServersAdminTestJSON-1105784667-project] Flavor pref 0:0:0 {{(pid=124718) get_cpu_topology_constraints /opt/stack/nova/nova/virt/hardware.py:383}}
Feb 10 09:49:18.977605 n-d-828674-1 devstack@n-api.service[124718]: DEBUG nova.virt.hardware [None req-9a037b5e-8124-4beb-bbe2-6b25764692a0 tempest-DeleteServersAdminTestJSON-1105784667 tempest-DeleteServersAdminTestJSON-1105784667-project] Image pref 0:0:0 {{(pid=124718) get_cpu_topology_constraints /opt/stack/nova/nova/virt/hardware.py:387}}
Feb 10 09:49:18.978041 n-d-828674-1 devstack@n-api.service[124718]: DEBUG nova.virt.hardware [None req-9a037b5e-8124-4beb-bbe2-6b25764692a0 tempest-DeleteServersAdminTestJSON-1105784667 tempest-DeleteServersAdminTestJSON-1105784667-project] Chose sockets=0, cores=0, threads=0; limits were sockets=65536, cores=65536, threads=65536 {{(pid=124718) get_cpu_topology_constraints /opt/stack/nova/nova/virt/hardware.py:425}}
Feb 10 09:49:19.022867 n-d-828674-1 devstack@n-api.service[124718]: DEBUG oslo_concurrency.lockutils [None req-9a037b5e-8124-4beb-bbe2-6b25764692a0 tempest-DeleteServersAdminTestJSON-1105784667 tempest-DeleteServersAdminTestJSON-1105784667-project] Lock "00000000-0000-0000-0000-000000000000" acquired by "nova.context.set_target_cell..get_or_set_cached_cell_and_set_connections" :: waited 0.000s {{(pid=124718) inner /usr/local/lib/python3.8/dist-packages/oslo_concurrency/lockutils.py:386}}
Feb 10 09:49:19.023355 n-d-828674-1 devstack@n-api.service[124718]: DEBUG oslo_concurrency.lockutils [None req-9a037b5e-8124-4beb-bbe2-6b25764692a0 tempest-DeleteServersAdminTestJSON-1105784667 tempest-DeleteServersAdminTestJSON-1105784667-project] Lock "00000000-0000-0000-0000-000000000000" "released" by "nova.context.set_target_cell..get_or_set_cached_cell_and_set_connections" :: held 0.002s {{(pid=124718) inner /usr/local/lib/python3.8/dist-packages/oslo_concurrency/lockutils.py:400}}
Feb 10 09:49:19.024230 n-d-828674-1 devstack@n-api.service[124718]: DEBUG oslo_concurrency.lockutils [None req-9a037b5e-8124-4beb-bbe2-6b25764692a0 tempest-DeleteServersAdminTestJSON-1105784667 tempest-DeleteServersAdminTestJSON-1105784667-project] Lock "c2a5077e-df6c-4064-b684-01821001c0ee" acquired by "nova.context.set_target_cell..get_or_set_cached_cell_and_set_connections" :: waited 0.000s {{(pid=124718) inner /usr/local/lib/python3.8/dist-packages/oslo_concurrency/lockutils.py:386}}
Feb 10 09:49:19.034092 n-d-828674-1 devstack@n-api.service[124718]: DEBUG oslo_concurrency.lockutils [None req-9a037b5e-8124-4beb-bbe2-6b25764692a0 tempest-DeleteServersAdminTestJSON-1105784667 tempest-DeleteServersAdminTestJSON-1105784667-project] Lock "c2a5077e-df6c-4064-b684-01821001c0ee" "released" by "nova.context.set_target_cell..get_or_set_cached_cell_and_set_connections" :: held 0.000s {{(pid=124718) inner /usr/local/lib/python3.8/dist-packages/oslo_concurrency/lockutils.py:400}}
Feb 10 09:49:19.095375 n-d-828674-1 devstack@n-api.service[124718]: DEBUG nova.quota [None req-9a037b5e-8124-4beb-bbe2-6b25764692a0 tempest-DeleteServersAdminTestJSON-1105784667 tempest-DeleteServersAdminTestJSON-1105784667-project] Getting quotas for project 2cc72435b5e1440499ee6476a80322a7. Resources: {'cores', 'ram', 'instances'} {{(pid=124718) _get_quotas /opt/stack/nova/nova/quota.py:387}}
Feb 10 09:49:19.117246 n-d-828674-1 devstack@n-api.service[124718]: DEBUG nova.quota [None req-9a037b5e-8124-4beb-bbe2-6b25764692a0 tempest-DeleteServersAdminTestJSON-1105784667 tempest-DeleteServersAdminTestJSON-1105784667-project] Getting quotas for user 5bd4c05b102a4df096b353b9afbe1a1c and project 2cc72435b5e1440499ee6476a80322a7. Resources: {'cores', 'ram', 'instances'} {{(pid=124718) _get_quotas /opt/stack/nova/nova/quota.py:377}}
Feb 10 09:49:19.146252 n-d-828674-1 devstack@n-api.service[124718]: DEBUG nova.compute.api [None req-9a037b5e-8124-4beb-bbe2-6b25764692a0 tempest-DeleteServersAdminTestJSON-1105784667 tempest-DeleteServersAdminTestJSON-1105784667-project] Going to run 1 instances... {{(pid=124718) _provision_instances /opt/stack/nova/nova/compute/api.py:1370}}
Feb 10 09:49:19.149775 n-d-828674-1 devstack@n-api.service[124718]: DEBUG nova.compute.api [None req-9a037b5e-8124-4beb-bbe2-6b25764692a0 tempest-DeleteServersAdminTestJSON-1105784667 tempest-DeleteServersAdminTestJSON-1105784667-project] [instance: 271b3cc4-617c-4d22-bded-a5eeebab6f07] block_device_mapping [BlockDeviceMapping(attachment_id=,boot_index=0,connection_info=None,created_at=,delete_on_termination=True,deleted=,deleted_at=,destination_type='local',device_name=None,device_type='disk',disk_bus=None,guest_format=None,id=,image_id='8270dbf9-dc1c-4261-ba9c-730a8ec5aae1',instance=,instance_uuid=,no_device=False,snapshot_id=None,source_type='image',tag=None,updated_at=,uuid=,volume_id=None,volume_size=None,volume_type=None)] {{(pid=124718) _bdm_validate_set_size_and_instance /opt/stack/nova/nova/compute/api.py:1777}}
Feb 10 09:49:19.154439 n-d-828674-1 devstack@n-api.service[124719]: DEBUG nova.api.openstack.wsgi [None req-c09ad743-247f-46b8-ad44-6a680500fab4 tempest-AZAdminNegativeTestJSON-1306948964 tempest-AZAdminNegativeTestJSON-1306948964-project] Calling method '>' {{(pid=124719) _process_stack /opt/stack/nova/nova/api/openstack/wsgi.py:513}}
Feb 10 09:49:19.155536 n-d-828674-1 devstack@n-api.service[124719]: /usr/local/lib/python3.8/dist-packages/oslo_policy/policy.py:1119: UserWarning: Policy "os_compute_api:os-availability-zone:detail": "rule:system_reader_api" failed scope check. The token used to make the request was project scoped but the policy requires ['system'] scope. This behavior may change in the future where using the intended scope is required
Feb 10 09:49:19.155536 n-d-828674-1 devstack@n-api.service[124719]: warnings.warn(msg)
Feb 10 09:49:19.156894 n-d-828674-1 devstack@n-api.service[124719]: DEBUG nova.policy [None req-c09ad743-247f-46b8-ad44-6a680500fab4 tempest-AZAdminNegativeTestJSON-1306948964 tempest-AZAdminNegativeTestJSON-1306948964-project] Policy check for os_compute_api:os-availability-zone:detail failed with credentials {'is_admin': False, 'user_id': 'b937e6ce6250447abc8e4c424df32e3d', 'user_domain_id': 'default', 'system_scope': None, 'domain_id': None, 'project_id': '9f60d1ffd6024c8e9ac82090e9f990be', 'project_domain_id': 'default', 'roles': ['reader', 'member'], 'is_admin_project': True, 'service_user_id': None, 'service_user_domain_id': None, 'service_project_id': None, 'service_project_domain_id': None, 'service_roles': []} {{(pid=124719) authorize /opt/stack/nova/nova/policy.py:199}}
Feb 10 09:49:19.157958 n-d-828674-1 devstack@n-api.service[124719]: DEBUG nova.api.openstack.wsgi [None req-c09ad743-247f-46b8-ad44-6a680500fab4 tempest-AZAdminNegativeTestJSON-1306948964 tempest-AZAdminNegativeTestJSON-1306948964-project] Returning 403 to user: Policy doesn't allow os_compute_api:os-availability-zone:detail to be performed. {{(pid=124719) __call__ /opt/stack/nova/nova/api/openstack/wsgi.py:936}}
Feb 10 09:49:19.159463 n-d-828674-1 devstack@n-api.service[124719]: INFO nova.api.openstack.requestlog [None req-c09ad743-247f-46b8-ad44-6a680500fab4 tempest-AZAdminNegativeTestJSON-1306948964 tempest-AZAdminNegativeTestJSON-1306948964-project] 10.222.0.18 "GET /compute/v2.1/os-availability-zone/detail" status: 403 len: 123 microversion: 2.1 time: 0.337264
Feb 10 09:49:19.160561 n-d-828674-1 devstack@n-api.service[124719]: [pid: 124719|app: 0|req: 3/3] 10.222.0.18 () {58 vars in 1184 bytes} [Thu Feb 10 09:49:18 2022] GET /compute/v2.1/os-availability-zone/detail => generated 123 bytes in 339 msecs (HTTP/1.1 403) 9 headers in 379 bytes (1 switches on core 0)
Feb 10 09:49:19.378032 n-d-828674-1 devstack@n-api.service[124718]: INFO nova.api.openstack.requestlog [None req-9a037b5e-8124-4beb-bbe2-6b25764692a0 tempest-DeleteServersAdminTestJSON-1105784667 tempest-DeleteServersAdminTestJSON-1105784667-project] 10.222.0.18 "POST /compute/v2.1/servers" status: 202 len: 380 microversion: 2.1 time: 3.219049
Feb 10 09:49:19.379293 n-d-828674-1 devstack@n-api.service[124718]: [pid: 124718|app: 0|req: 1/4] 10.222.0.18 () {60 vars in 1146 bytes} [Thu Feb 10 09:49:16 2022] POST /compute/v2.1/servers => generated 380 bytes in 3222 msecs (HTTP/1.1 202) 10 headers in 451 bytes (1 switches on core 0)
Feb 10 09:49:19.572942 n-d-828674-1 devstack@n-api.service[124719]: DEBUG nova.api.openstack.wsgi [None req-0d554921-aa0a-4959-bb5c-203e98ebe190 tempest-AggregatesAdminNegativeTestJSON-1522760776 tempest-AggregatesAdminNegativeTestJSON-1522760776-project-admin] Calling method '>' {{(pid=124719) _process_stack /opt/stack/nova/nova/api/openstack/wsgi.py:513}}
Feb 10 09:49:19.574380 n-d-828674-1 devstack@n-api.service[124719]: /usr/local/lib/python3.8/dist-packages/oslo_policy/policy.py:1119: UserWarning: Policy "os_compute_api:os-services:list": "rule:system_reader_api" failed scope check. The token used to make the request was project scoped but the policy requires ['system'] scope. This behavior may change in the future where using the intended scope is required
Feb 10 09:49:19.574380 n-d-828674-1 devstack@n-api.service[124719]: warnings.warn(msg)
Feb 10 09:49:19.577558 n-d-828674-1 devstack@n-api.service[124719]: DEBUG oslo_concurrency.lockutils [None req-0d554921-aa0a-4959-bb5c-203e98ebe190 tempest-AggregatesAdminNegativeTestJSON-1522760776 tempest-AggregatesAdminNegativeTestJSON-1522760776-project-admin] Lock "00000000-0000-0000-0000-000000000000" acquired by "nova.context.set_target_cell..get_or_set_cached_cell_and_set_connections" :: waited 0.000s {{(pid=124719) inner /usr/local/lib/python3.8/dist-packages/oslo_concurrency/lockutils.py:386}}
Feb 10 09:49:19.578030 n-d-828674-1 devstack@n-api.service[124719]: DEBUG oslo_concurrency.lockutils [None req-0d554921-aa0a-4959-bb5c-203e98ebe190 tempest-AggregatesAdminNegativeTestJSON-1522760776 tempest-AggregatesAdminNegativeTestJSON-1522760776-project-admin] Lock "00000000-0000-0000-0000-000000000000" "released" by "nova.context.set_target_cell..get_or_set_cached_cell_and_set_connections" :: held 0.001s {{(pid=124719) inner /usr/local/lib/python3.8/dist-packages/oslo_concurrency/lockutils.py:400}}
Feb 10 09:49:19.580787 n-d-828674-1 devstack@n-api.service[124719]: DEBUG oslo_concurrency.lockutils [None req-0d554921-aa0a-4959-bb5c-203e98ebe190 tempest-AggregatesAdminNegativeTestJSON-1522760776 tempest-AggregatesAdminNegativeTestJSON-1522760776-project-admin] Lock "c2a5077e-df6c-4064-b684-01821001c0ee" acquired by "nova.context.set_target_cell..get_or_set_cached_cell_and_set_connections" :: waited 0.002s {{(pid=124719) inner /usr/local/lib/python3.8/dist-packages/oslo_concurrency/lockutils.py:386}}
Feb 10 09:49:19.581236 n-d-828674-1 devstack@n-api.service[124719]: DEBUG oslo_concurrency.lockutils [None req-0d554921-aa0a-4959-bb5c-203e98ebe190 tempest-AggregatesAdminNegativeTestJSON-1522760776 tempest-AggregatesAdminNegativeTestJSON-1522760776-project-admin] Lock "c2a5077e-df6c-4064-b684-01821001c0ee" "released" by "nova.context.set_target_cell..get_or_set_cached_cell_and_set_connections" :: held 0.001s {{(pid=124719) inner /usr/local/lib/python3.8/dist-packages/oslo_concurrency/lockutils.py:400}}
Feb 10 09:49:19.612207 n-d-828674-1 devstack@n-api.service[124719]: INFO nova.api.openstack.requestlog [None req-0d554921-aa0a-4959-bb5c-203e98ebe190 tempest-AggregatesAdminNegativeTestJSON-1522760776 tempest-AggregatesAdminNegativeTestJSON-1522760776-project-admin] 10.222.0.18 "GET /compute/v2.1/os-services?binary=nova-compute" status: 200 len: 380 microversion: 2.1 time: 0.449822
Feb 10 09:49:19.613244 n-d-828674-1 devstack@n-api.service[124719]: [pid: 124719|app: 0|req: 4/5] 10.222.0.18 () {58 vars in 1175 bytes} [Thu Feb 10 09:49:19 2022] GET /compute/v2.1/os-services?binary=nova-compute => generated 380 bytes in 452 msecs (HTTP/1.1 200) 9 headers in 357 bytes (1 switches on core 0)
Feb 10 09:49:19.620467 n-d-828674-1 devstack@n-api.service[124719]: DEBUG nova.api.openstack.wsgi [None req-7ffb14c6-2475-45d6-aa39-d6db68b72757 tempest-AggregatesAdminTestV241-244737334 tempest-AggregatesAdminTestV241-244737334-project-admin] Action: 'create', calling method: >, body: {"aggregate": {"name": "tempest-test_aggregate-153430868"}} {{(pid=124719) _process_stack /opt/stack/nova/nova/api/openstack/wsgi.py:511}}
Feb 10 09:49:19.638511 n-d-828674-1 devstack@n-api.service[124719]: /usr/local/lib/python3.8/dist-packages/oslo_policy/policy.py:1119: UserWarning: Policy "os_compute_api:os-aggregates:create": "rule:system_admin_api" failed scope check. The token used to make the request was project scoped but the policy requires ['system'] scope. This behavior may change in the future where using the intended scope is required
Feb 10 09:49:19.638511 n-d-828674-1 devstack@n-api.service[124719]: warnings.warn(msg)
Feb 10 09:49:19.640011 n-d-828674-1 devstack@n-api.service[124719]: DEBUG nova.objects.aggregate [None req-7ffb14c6-2475-45d6-aa39-d6db68b72757 tempest-AggregatesAdminTestV241-244737334 tempest-AggregatesAdminTestV241-244737334-project-admin] Generated uuid 1575f2e0-ca2a-43db-b22d-4738c3577ad3 for aggregate {{(pid=124719) create /opt/stack/nova/nova/objects/aggregate.py:298}}
Feb 10 09:49:19.848272 n-d-828674-1 devstack@n-api.service[124719]: INFO nova.api.openstack.requestlog [None req-7ffb14c6-2475-45d6-aa39-d6db68b72757 tempest-AggregatesAdminTestV241-244737334 tempest-AggregatesAdminTestV241-244737334-project-admin] 10.222.0.18 "POST /compute/v2.1/os-aggregates" status: 200 len: 245 microversion: 2.41 time: 0.229488
Feb 10 09:49:19.853334 n-d-828674-1 devstack@n-api.service[124719]: [pid: 124719|app: 0|req: 5/6] 10.222.0.18 () {62 vars in 1204 bytes} [Thu Feb 10 09:49:19 2022] POST /compute/v2.1/os-aggregates => generated 245 bytes in 240 msecs (HTTP/1.1 200) 9 headers in 359 bytes (1 switches on core 0)
Feb 10 09:49:19.872210 n-d-828674-1 devstack@n-api.service[124719]: DEBUG nova.api.openstack.wsgi [None req-18767710-60be-4a40-9e2b-6d252e4d14f2 tempest-AZAdminV2TestJSON-1008277814 tempest-AZAdminV2TestJSON-1008277814-project-admin] Calling method '>' {{(pid=124719) _process_stack /opt/stack/nova/nova/api/openstack/wsgi.py:513}}
Feb 10 09:49:19.875165 n-d-828674-1 devstack@n-api.service[124719]: /usr/local/lib/python3.8/dist-packages/oslo_policy/policy.py:1119: UserWarning: Policy "os_compute_api:os-availability-zone:detail": "rule:system_reader_api" failed scope check. The token used to make the request was project scoped but the policy requires ['system'] scope. This behavior may change in the future where using the intended scope is required
Feb 10 09:49:19.875165 n-d-828674-1 devstack@n-api.service[124719]: warnings.warn(msg)
Feb 10 09:49:19.883720 n-d-828674-1 devstack@n-api.service[124719]: DEBUG oslo_concurrency.lockutils [None req-18767710-60be-4a40-9e2b-6d252e4d14f2 tempest-AZAdminV2TestJSON-1008277814 tempest-AZAdminV2TestJSON-1008277814-project-admin] Lock "00000000-0000-0000-0000-000000000000" acquired by "nova.context.set_target_cell..get_or_set_cached_cell_and_set_connections" :: waited 0.000s {{(pid=124719) inner /usr/local/lib/python3.8/dist-packages/oslo_concurrency/lockutils.py:386}}
Feb 10 09:49:19.886771 n-d-828674-1 devstack@n-api.service[124719]: DEBUG oslo_concurrency.lockutils [None req-18767710-60be-4a40-9e2b-6d252e4d14f2 tempest-AZAdminV2TestJSON-1008277814 tempest-AZAdminV2TestJSON-1008277814-project-admin] Lock "00000000-0000-0000-0000-000000000000" "released" by "nova.context.set_target_cell..get_or_set_cached_cell_and_set_connections" :: held 0.003s {{(pid=124719) inner /usr/local/lib/python3.8/dist-packages/oslo_concurrency/lockutils.py:400}}
Feb 10 09:49:19.888405 n-d-828674-1 devstack@n-api.service[124719]: DEBUG oslo_concurrency.lockutils [None req-18767710-60be-4a40-9e2b-6d252e4d14f2 tempest-AZAdminV2TestJSON-1008277814 tempest-AZAdminV2TestJSON-1008277814-project-admin] Lock "c2a5077e-df6c-4064-b684-01821001c0ee" acquired by "nova.context.set_target_cell..get_or_set_cached_cell_and_set_connections" :: waited 0.000s {{(pid=124719) inner /usr/local/lib/python3.8/dist-packages/oslo_concurrency/lockutils.py:386}}
Feb 10 09:49:19.889168 n-d-828674-1 devstack@n-api.service[124719]: DEBUG oslo_concurrency.lockutils [None req-18767710-60be-4a40-9e2b-6d252e4d14f2 tempest-AZAdminV2TestJSON-1008277814 tempest-AZAdminV2TestJSON-1008277814-project-admin] Lock "c2a5077e-df6c-4064-b684-01821001c0ee" "released" by "nova.context.set_target_cell..get_or_set_cached_cell_and_set_connections" :: held 0.001s {{(pid=124719) inner /usr/local/lib/python3.8/dist-packages/oslo_concurrency/lockutils.py:400}}
Feb 10 09:49:19.982757 n-d-828674-1 devstack@n-api.service[124718]: DEBUG nova.api.openstack.wsgi [None req-c7a01088-050e-47ea-86b9-90eedc0038da tempest-AggregatesAdminTestJSON-181569142 tempest-AggregatesAdminTestJSON-181569142-project-admin] Calling method '.version_select at 0x7ff21a5cc1f0>' {{(pid=124718) _process_stack /opt/stack/nova/nova/api/openstack/wsgi.py:513}}
Feb 10 09:49:19.984453 n-d-828674-1 devstack@n-api.service[124718]: /usr/local/lib/python3.8/dist-packages/oslo_policy/policy.py:1119: UserWarning: Policy "os_compute_api:os-hypervisors:list-detail": "rule:system_reader_api" failed scope check. The token used to make the request was project scoped but the policy requires ['system'] scope. This behavior may change in the future where using the intended scope is required
Feb 10 09:49:19.984453 n-d-828674-1 devstack@n-api.service[124718]: warnings.warn(msg)
Feb 10 09:49:19.998945 n-d-828674-1 devstack@n-api.service[124718]: DEBUG nova.compute.api [None req-c7a01088-050e-47ea-86b9-90eedc0038da tempest-AggregatesAdminTestJSON-181569142 tempest-AggregatesAdminTestJSON-181569142-project-admin] Found 2 cells: 00000000-0000-0000-0000-000000000000(cell0),c2a5077e-df6c-4064-b684-01821001c0ee(cell1) {{(pid=124718) load_cells /opt/stack/nova/nova/compute/api.py:304}}
Feb 10 09:49:20.001549 n-d-828674-1 devstack@n-api.service[124718]: DEBUG oslo_concurrency.lockutils [None req-c7a01088-050e-47ea-86b9-90eedc0038da tempest-AggregatesAdminTestJSON-181569142 tempest-AggregatesAdminTestJSON-181569142-project-admin] Lock "c2a5077e-df6c-4064-b684-01821001c0ee" acquired by "nova.context.set_target_cell..get_or_set_cached_cell_and_set_connections" :: waited 0.000s {{(pid=124718) inner /usr/local/lib/python3.8/dist-packages/oslo_concurrency/lockutils.py:386}}
Feb 10 09:49:20.003433 n-d-828674-1 devstack@n-api.service[124718]: DEBUG oslo_concurrency.lockutils [None req-c7a01088-050e-47ea-86b9-90eedc0038da tempest-AggregatesAdminTestJSON-181569142 tempest-AggregatesAdminTestJSON-181569142-project-admin] Lock "c2a5077e-df6c-4064-b684-01821001c0ee" "released" by "nova.context.set_target_cell..get_or_set_cached_cell_and_set_connections" :: held 0.000s {{(pid=124718) inner /usr/local/lib/python3.8/dist-packages/oslo_concurrency/lockutils.py:400}}
Feb 10 09:49:20.021688 n-d-828674-1 devstack@n-api.service[124719]: INFO nova.api.openstack.requestlog [None req-18767710-60be-4a40-9e2b-6d252e4d14f2 tempest-AZAdminV2TestJSON-1008277814 tempest-AZAdminV2TestJSON-1008277814-project-admin] 10.222.0.18 "GET /compute/v2.1/os-availability-zone/detail" status: 200 len: 612 microversion: 2.1 time: 0.156888
Feb 10 09:49:20.035683 n-d-828674-1 devstack@n-api.service[124719]: [pid: 124719|app: 0|req: 6/7] 10.222.0.18 () {58 vars in 1184 bytes} [Thu Feb 10 09:49:19 2022] GET /compute/v2.1/os-availability-zone/detail => generated 612 bytes in 181 msecs (HTTP/1.1 200) 9 headers in 357 bytes (1 switches on core 0)
Feb 10 09:49:20.046774 n-d-828674-1 devstack@n-api.service[124719]: DEBUG nova.api.openstack.wsgi [None req-6ec15fda-baf5-46c5-9692-a3001520e11d tempest-DeleteServersAdminTestJSON-1105784667 tempest-DeleteServersAdminTestJSON-1105784667-project] Calling method '>' {{(pid=124719) _process_stack /opt/stack/nova/nova/api/openstack/wsgi.py:513}}
Feb 10 09:49:20.048311 n-d-828674-1 devstack@n-api.service[124719]: DEBUG nova.compute.api [None req-6ec15fda-baf5-46c5-9692-a3001520e11d tempest-DeleteServersAdminTestJSON-1105784667 tempest-DeleteServersAdminTestJSON-1105784667-project] [instance: 271b3cc4-617c-4d22-bded-a5eeebab6f07] Fetching instance by UUID {{(pid=124719) get /opt/stack/nova/nova/compute/api.py:2885}}
Feb 10 09:49:20.088996 n-d-828674-1 devstack@n-api.service[124718]: DEBUG oslo_concurrency.lockutils [None req-c7a01088-050e-47ea-86b9-90eedc0038da tempest-AggregatesAdminTestJSON-181569142 tempest-AggregatesAdminTestJSON-181569142-project-admin] Lock "c2a5077e-df6c-4064-b684-01821001c0ee" acquired by "nova.context.set_target_cell..get_or_set_cached_cell_and_set_connections" :: waited 0.000s {{(pid=124718) inner /usr/local/lib/python3.8/dist-packages/oslo_concurrency/lockutils.py:386}}
Feb 10 09:49:20.089354 n-d-828674-1 devstack@n-api.service[124718]: DEBUG oslo_concurrency.lockutils [None req-c7a01088-050e-47ea-86b9-90eedc0038da tempest-AggregatesAdminTestJSON-181569142 tempest-AggregatesAdminTestJSON-181569142-project-admin] Lock "c2a5077e-df6c-4064-b684-01821001c0ee" "released" by "nova.context.set_target_cell..get_or_set_cached_cell_and_set_connections" :: held 0.001s {{(pid=124718) inner /usr/local/lib/python3.8/dist-packages/oslo_concurrency/lockutils.py:400}}
Feb 10 09:49:20.119369 n-d-828674-1 devstack@n-api.service[124718]: DEBUG oslo_concurrency.lockutils [None req-c7a01088-050e-47ea-86b9-90eedc0038da tempest-AggregatesAdminTestJSON-181569142 tempest-AggregatesAdminTestJSON-181569142-project-admin] Lock "c2a5077e-df6c-4064-b684-01821001c0ee" acquired by "nova.context.set_target_cell..get_or_set_cached_cell_and_set_connections" :: waited 0.000s {{(pid=124718) inner /usr/local/lib/python3.8/dist-packages/oslo_concurrency/lockutils.py:386}}
Feb 10 09:49:20.119369 n-d-828674-1 devstack@n-api.service[124718]: DEBUG oslo_concurrency.lockutils [None req-c7a01088-050e-47ea-86b9-90eedc0038da tempest-AggregatesAdminTestJSON-181569142 tempest-AggregatesAdminTestJSON-181569142-project-admin] Lock "c2a5077e-df6c-4064-b684-01821001c0ee" "released" by "nova.context.set_target_cell..get_or_set_cached_cell_and_set_connections" :: held 0.001s {{(pid=124718) inner /usr/local/lib/python3.8/dist-packages/oslo_concurrency/lockutils.py:400}}
Feb 10 09:49:20.134560 n-d-828674-1 devstack@n-api.service[124718]: INFO nova.api.openstack.requestlog [None req-c7a01088-050e-47ea-86b9-90eedc0038da tempest-AggregatesAdminTestJSON-181569142 tempest-AggregatesAdminTestJSON-181569142-project-admin] 10.222.0.18 "GET /compute/v2.1/os-hypervisors/detail" status: 200 len: 1503 microversion: 2.1 time: 0.753847
Feb 10 09:49:20.145271 n-d-828674-1 devstack@n-api.service[124718]: [pid: 124718|app: 0|req: 2/8] 10.222.0.18 () {58 vars in 1166 bytes} [Thu Feb 10 09:49:19 2022] GET /compute/v2.1/os-hypervisors/detail => generated 1503 bytes in 765 msecs (HTTP/1.1 200) 9 headers in 358 bytes (1 switches on core 0)
Feb 10 09:49:20.151187 n-d-828674-1 devstack@n-api.service[124718]: DEBUG nova.api.openstack.wsgi [None req-aad5eee4-fb7d-437c-a2c0-8623f42bfebf tempest-AggregatesAdminTestV241-244737334 tempest-AggregatesAdminTestV241-244737334-project-admin] Action: 'update', calling method: >, body: {"aggregate": {"name": "tempest-test_aggregate-242074721"}} {{(pid=124718) _process_stack /opt/stack/nova/nova/api/openstack/wsgi.py:511}}
Feb 10 09:49:20.298673 n-d-828674-1 devstack@n-api.service[124718]: /usr/local/lib/python3.8/dist-packages/oslo_policy/policy.py:1119: UserWarning: Policy "os_compute_api:os-aggregates:update": "rule:system_admin_api" failed scope check. The token used to make the request was project scoped but the policy requires ['system'] scope. This behavior may change in the future where using the intended scope is required
Feb 10 09:49:20.298673 n-d-828674-1 devstack@n-api.service[124718]: warnings.warn(msg)
Feb 10 09:49:20.463325 n-d-828674-1 devstack@n-api.service[124718]: INFO nova.api.openstack.requestlog [None req-aad5eee4-fb7d-437c-a2c0-8623f42bfebf tempest-AggregatesAdminTestV241-244737334 tempest-AggregatesAdminTestV241-244737334-project-admin] 10.222.0.18 "PUT /compute/v2.1/os-aggregates/1" status: 200 len: 298 microversion: 2.41 time: 0.312648
Feb 10 09:49:20.464978 n-d-828674-1 devstack@n-api.service[124718]: [pid: 124718|app: 0|req: 3/9] 10.222.0.18 () {62 vars in 1209 bytes} [Thu Feb 10 09:49:20 2022] PUT /compute/v2.1/os-aggregates/1 => generated 298 bytes in 319 msecs (HTTP/1.1 200) 9 headers in 359 bytes (1 switches on core 0)
Feb 10 09:49:20.476531 n-d-828674-1 devstack@n-api.service[124718]: DEBUG nova.api.openstack.wsgi [None req-106c8f73-fbf3-4733-9f2b-f778c37632d0 tempest-AggregatesAdminTestV241-244737334 tempest-AggregatesAdminTestV241-244737334-project-admin] Calling method '>' {{(pid=124718) _process_stack /opt/stack/nova/nova/api/openstack/wsgi.py:513}}
Feb 10 09:49:20.477702 n-d-828674-1 devstack@n-api.service[124718]: /usr/local/lib/python3.8/dist-packages/oslo_policy/policy.py:1119: UserWarning: Policy "os_compute_api:os-aggregates:show": "rule:system_reader_api" failed scope check. The token used to make the request was project scoped but the policy requires ['system'] scope. This behavior may change in the future where using the intended scope is required
Feb 10 09:49:20.477702 n-d-828674-1 devstack@n-api.service[124718]: warnings.warn(msg)
Feb 10 09:49:20.488371 n-d-828674-1 devstack@n-api.service[124718]: INFO nova.api.openstack.requestlog [None req-106c8f73-fbf3-4733-9f2b-f778c37632d0 tempest-AggregatesAdminTestV241-244737334 tempest-AggregatesAdminTestV241-244737334-project-admin] 10.222.0.18 "GET /compute/v2.1/os-aggregates/1" status: 200 len: 298 microversion: 2.41 time: 0.016448
Feb 10 09:49:20.491975 n-d-828674-1 devstack@n-api.service[124718]: [pid: 124718|app: 0|req: 4/10] 10.222.0.18 () {60 vars in 1189 bytes} [Thu Feb 10 09:49:20 2022] GET /compute/v2.1/os-aggregates/1 => generated 298 bytes in 21 msecs (HTTP/1.1 200) 9 headers in 359 bytes (1 switches on core 0)
Feb 10 09:49:20.504745 n-d-828674-1 devstack@n-api.service[124718]: DEBUG nova.api.openstack.wsgi [None req-6bdc7cfd-c18f-4931-be35-46f2445bb9a6 tempest-AggregatesAdminTestV241-244737334 tempest-AggregatesAdminTestV241-244737334-project-admin] Action: 'action', calling method: >, body: {"add_host": {"host": "n-h1-828674-1"}} {{(pid=124718) _process_stack /opt/stack/nova/nova/api/openstack/wsgi.py:511}}
Feb 10 09:49:20.525042 n-d-828674-1 devstack@n-api.service[124718]: /usr/local/lib/python3.8/dist-packages/oslo_policy/policy.py:1119: UserWarning: Policy "os_compute_api:os-aggregates:add_host": "rule:system_admin_api" failed scope check. The token used to make the request was project scoped but the policy requires ['system'] scope. This behavior may change in the future where using the intended scope is required
Feb 10 09:49:20.525042 n-d-828674-1 devstack@n-api.service[124718]: warnings.warn(msg)
Feb 10 09:49:20.547422 n-d-828674-1 devstack@n-api.service[124718]: DEBUG oslo_concurrency.lockutils [None req-6bdc7cfd-c18f-4931-be35-46f2445bb9a6 tempest-AggregatesAdminTestV241-244737334 tempest-AggregatesAdminTestV241-244737334-project-admin] Lock "c2a5077e-df6c-4064-b684-01821001c0ee" acquired by "nova.context.set_target_cell..get_or_set_cached_cell_and_set_connections" :: waited 0.000s {{(pid=124718) inner /usr/local/lib/python3.8/dist-packages/oslo_concurrency/lockutils.py:386}}
Feb 10 09:49:20.553056 n-d-828674-1 devstack@n-api.service[124718]: DEBUG oslo_concurrency.lockutils [None req-6bdc7cfd-c18f-4931-be35-46f2445bb9a6 tempest-AggregatesAdminTestV241-244737334 tempest-AggregatesAdminTestV241-244737334-project-admin] Lock "c2a5077e-df6c-4064-b684-01821001c0ee" "released" by "nova.context.set_target_cell..get_or_set_cached_cell_and_set_connections" :: held 0.005s {{(pid=124718) inner /usr/local/lib/python3.8/dist-packages/oslo_concurrency/lockutils.py:400}}
Feb 10 09:49:21.350288 n-d-828674-1 devstack@n-api.service[124719]: DEBUG nova.policy [None req-6ec15fda-baf5-46c5-9692-a3001520e11d tempest-DeleteServersAdminTestJSON-1105784667 tempest-DeleteServersAdminTestJSON-1105784667-project] Policy check for os_compute_api:os-extended-server-attributes failed with credentials {'is_admin': False, 'user_id': '5bd4c05b102a4df096b353b9afbe1a1c', 'user_domain_id': 'default', 'system_scope': None, 'domain_id': None, 'project_id': '2cc72435b5e1440499ee6476a80322a7', 'project_domain_id': 'default', 'roles': ['reader', 'member'], 'is_admin_project': True, 'service_user_id': None, 'service_user_domain_id': None, 'service_project_id': None, 'service_project_domain_id': None, 'service_roles': []} {{(pid=124719) authorize /opt/stack/nova/nova/policy.py:199}}
Feb 10 09:49:21.372082 n-d-828674-1 devstack@n-api.service[124719]: INFO nova.api.openstack.requestlog [None req-6ec15fda-baf5-46c5-9692-a3001520e11d tempest-DeleteServersAdminTestJSON-1105784667 tempest-DeleteServersAdminTestJSON-1105784667-project] 10.222.0.18 "GET /compute/v2.1/servers/271b3cc4-617c-4d22-bded-a5eeebab6f07" status: 200 len: 1220 microversion: 2.1 time: 1.334624
Feb 10 09:49:21.382397 n-d-828674-1 devstack@n-api.service[124719]: [pid: 124719|app: 0|req: 7/11] 10.222.0.18 () {58 vars in 1235 bytes} [Thu Feb 10 09:49:20 2022] GET /compute/v2.1/servers/271b3cc4-617c-4d22-bded-a5eeebab6f07 => generated 1220 bytes in 1346 msecs (HTTP/1.1 200) 9 headers in 358 bytes (1 switches on core 0)
Feb 10 09:49:21.614988 n-d-828674-1 devstack@n-api.service[124718]: INFO nova.api.openstack.requestlog [None req-6bdc7cfd-c18f-4931-be35-46f2445bb9a6 tempest-AggregatesAdminTestV241-244737334 tempest-AggregatesAdminTestV241-244737334-project-admin] 10.222.0.18 "POST /compute/v2.1/os-aggregates/1/action" status: 200 len: 313 microversion: 2.41 time: 1.115127
Feb 10 09:49:21.617066 n-d-828674-1 devstack@n-api.service[124718]: [pid: 124718|app: 0|req: 5/12] 10.222.0.18 () {62 vars in 1231 bytes} [Thu Feb 10 09:49:20 2022] POST /compute/v2.1/os-aggregates/1/action => generated 313 bytes in 1119 msecs (HTTP/1.1 200) 9 headers in 359 bytes (1 switches on core 0)
Feb 10 09:49:21.642311 n-d-828674-1 devstack@n-api.service[124719]: DEBUG nova.api.openstack.wsgi [None req-4408f0c2-9a87-42ae-a7ba-104da72b0e2d tempest-AggregatesAdminTestV241-244737334 tempest-AggregatesAdminTestV241-244737334-project-admin] Action: 'action', calling method: >, body: {"remove_host": {"host": "n-h1-828674-1"}} {{(pid=124719) _process_stack /opt/stack/nova/nova/api/openstack/wsgi.py:511}}
Feb 10 09:49:21.644065 n-d-828674-1 devstack@n-api.service[124719]: /usr/local/lib/python3.8/dist-packages/oslo_policy/policy.py:1119: UserWarning: Policy "os_compute_api:os-aggregates:remove_host": "rule:system_admin_api" failed scope check. The token used to make the request was project scoped but the policy requires ['system'] scope. This behavior may change in the future where using the intended scope is required
Feb 10 09:49:21.644065 n-d-828674-1 devstack@n-api.service[124719]: warnings.warn(msg)
