Mar 23 10:48:31.133054 n-d-828599-3 devstack@n-api.service[130221]: [pid: 130221|app: 0|req: 73/111] 10.222.0.31 () {58 vars in 1151 bytes} [Wed Mar 23 10:48:31 2022] DELETE /compute/v2.1/os-aggregates/7 => generated 0 bytes in 86 msecs (HTTP/1.1 200) 9 headers in 355 bytes (1 switches on core 0)
Mar 23 10:48:31.133366 n-d-828599-3 devstack@n-api.service[130220]: [pid: 130220|app: 0|req: 39/112] 10.222.0.31 () {58 vars in 1168 bytes} [Wed Mar 23 10:48:31 2022] GET /compute/v2.1/flavors/detail?is_public=0 => generated 418 bytes in 57 msecs (HTTP/1.1 200) 9 headers in 357 bytes (1 switches on core 0)
Mar 23 10:48:31.149506 n-d-828599-3 devstack@n-api.service[130221]: DEBUG nova.api.openstack.wsgi [None req-cbb062ca-6a19-498a-8dbd-df660bd93397 tempest-FlavorsAdminTestJSON-160308875 tempest-FlavorsAdminTestJSON-160308875-project-admin] Calling method '>' {{(pid=130221) _process_stack /opt/stack/nova/nova/api/openstack/wsgi.py:513}}
Mar 23 10:48:31.150926 n-d-828599-3 devstack@n-api.service[130220]: DEBUG nova.api.openstack.wsgi [None req-6eed5ffa-0044-4e1f-8702-708345cc32ad tempest-AggregatesAdminNegativeTestJSON-558853861 tempest-AggregatesAdminNegativeTestJSON-558853861-project-admin] Calling method '>' {{(pid=130220) _process_stack /opt/stack/nova/nova/api/openstack/wsgi.py:513}}
Mar 23 10:48:31.151950 n-d-828599-3 devstack@n-api.service[130220]: /usr/local/lib/python3.8/dist-packages/oslo_policy/policy.py:1119: UserWarning: Policy "os_compute_api:os-aggregates:delete": "rule:context_is_admin" failed scope check. The token used to make the request was project scoped but the policy requires ['system'] scope. This behavior may change in the future where using the intended scope is required
Mar 23 10:48:31.151950 n-d-828599-3 devstack@n-api.service[130220]: warnings.warn(msg)
Mar 23 10:48:31.234890 n-d-828599-3 devstack@n-api.service[130220]: INFO nova.api.openstack.wsgi [None req-6eed5ffa-0044-4e1f-8702-708345cc32ad tempest-AggregatesAdminNegativeTestJSON-558853861 tempest-AggregatesAdminNegativeTestJSON-558853861-project-admin] HTTP exception thrown: Aggregate -1 could not be found.
Mar 23 10:48:31.235793 n-d-828599-3 devstack@n-api.service[130220]: DEBUG nova.api.openstack.wsgi [None req-6eed5ffa-0044-4e1f-8702-708345cc32ad tempest-AggregatesAdminNegativeTestJSON-558853861 tempest-AggregatesAdminNegativeTestJSON-558853861-project-admin] Returning 404 to user: Aggregate -1 could not be found. {{(pid=130220) __call__ /opt/stack/nova/nova/api/openstack/wsgi.py:936}}
Mar 23 10:48:31.245098 n-d-828599-3 devstack@n-api.service[130220]: INFO nova.api.openstack.requestlog [None req-6eed5ffa-0044-4e1f-8702-708345cc32ad tempest-AggregatesAdminNegativeTestJSON-558853861 tempest-AggregatesAdminNegativeTestJSON-558853861-project-admin] 10.222.0.31 "DELETE /compute/v2.1/os-aggregates/-1" status: 404 len: 78 microversion: 2.1 time: 0.099617
Mar 23 10:48:31.254909 n-d-828599-3 devstack@n-api.service[130220]: [pid: 130220|app: 0|req: 40/113] 10.222.0.31 () {58 vars in 1154 bytes} [Wed Mar 23 10:48:31 2022] DELETE /compute/v2.1/os-aggregates/-1 => generated 78 bytes in 115 msecs (HTTP/1.1 404) 9 headers in 378 bytes (2 switches on core 0)
Mar 23 10:48:31.260041 n-d-828599-3 devstack@n-api.service[130221]: INFO nova.api.openstack.requestlog [None req-cbb062ca-6a19-498a-8dbd-df660bd93397 tempest-FlavorsAdminTestJSON-160308875 tempest-FlavorsAdminTestJSON-160308875-project-admin] 10.222.0.31 "GET /compute/v2.1/flavors/detail?is_public=t" status: 200 len: 5394 microversion: 2.1 time: 0.121698
Mar 23 10:48:31.261317 n-d-828599-3 devstack@n-api.service[130221]: [pid: 130221|app: 0|req: 74/114] 10.222.0.31 () {58 vars in 1168 bytes} [Wed Mar 23 10:48:31 2022] GET /compute/v2.1/flavors/detail?is_public=t => generated 5394 bytes in 124 msecs (HTTP/1.1 200) 9 headers in 358 bytes (1 switches on core 0)
Mar 23 10:48:31.275755 n-d-828599-3 devstack@n-api.service[130220]: DEBUG nova.api.openstack.wsgi [None req-63413e72-6f04-48f8-a038-71e0764b219b tempest-AggregatesAdminNegativeTestJSON-558853861 tempest-AggregatesAdminNegativeTestJSON-558853861-project-admin] Action: 'create', calling method: >, body: {"aggregate": {"name": "tempest-test_aggregate-1169487464"}} {{(pid=130220) _process_stack /opt/stack/nova/nova/api/openstack/wsgi.py:511}}
Mar 23 10:48:31.279121 n-d-828599-3 devstack@n-api.service[130220]: /usr/local/lib/python3.8/dist-packages/oslo_policy/policy.py:1119: UserWarning: Policy "os_compute_api:os-aggregates:create": "rule:context_is_admin" failed scope check. The token used to make the request was project scoped but the policy requires ['system'] scope. This behavior may change in the future where using the intended scope is required
Mar 23 10:48:31.279121 n-d-828599-3 devstack@n-api.service[130220]: warnings.warn(msg)
Mar 23 10:48:31.283201 n-d-828599-3 devstack@n-api.service[130221]: DEBUG nova.api.openstack.wsgi [None req-2065dc3f-14be-4bb5-bc32-60c1217b679b tempest-FlavorsAdminTestJSON-160308875 tempest-FlavorsAdminTestJSON-160308875-project-admin] Calling method '>' {{(pid=130221) _process_stack /opt/stack/nova/nova/api/openstack/wsgi.py:513}}
Mar 23 10:48:31.283943 n-d-828599-3 devstack@n-api.service[130220]: DEBUG nova.objects.aggregate [None req-63413e72-6f04-48f8-a038-71e0764b219b tempest-AggregatesAdminNegativeTestJSON-558853861 tempest-AggregatesAdminNegativeTestJSON-558853861-project-admin] Generated uuid 52594613-2fae-47e8-8011-d3312806dd23 for aggregate {{(pid=130220) create /opt/stack/nova/nova/objects/aggregate.py:298}}
Mar 23 10:48:31.343370 n-d-828599-3 devstack@n-api.service[130220]: INFO nova.api.openstack.requestlog [None req-63413e72-6f04-48f8-a038-71e0764b219b tempest-AggregatesAdminNegativeTestJSON-558853861 tempest-AggregatesAdminNegativeTestJSON-558853861-project-admin] 10.222.0.31 "POST /compute/v2.1/os-aggregates" status: 200 len: 198 microversion: 2.1 time: 0.084352
Mar 23 10:48:31.345011 n-d-828599-3 devstack@n-api.service[130220]: [pid: 130220|app: 0|req: 41/115] 10.222.0.31 () {60 vars in 1163 bytes} [Wed Mar 23 10:48:31 2022] POST /compute/v2.1/os-aggregates => generated 198 bytes in 87 msecs (HTTP/1.1 200) 9 headers in 357 bytes (2 switches on core 0)
Mar 23 10:48:31.371198 n-d-828599-3 devstack@n-api.service[130221]: INFO nova.api.openstack.requestlog [None req-2065dc3f-14be-4bb5-bc32-60c1217b679b tempest-FlavorsAdminTestJSON-160308875 tempest-FlavorsAdminTestJSON-160308875-project-admin] 10.222.0.31 "GET /compute/v2.1/flavors/detail?is_public=true" status: 200 len: 5394 microversion: 2.1 time: 0.094993
Mar 23 10:48:31.375074 n-d-828599-3 devstack@n-api.service[130221]: [pid: 130221|app: 0|req: 75/116] 10.222.0.31 () {58 vars in 1174 bytes} [Wed Mar 23 10:48:31 2022] GET /compute/v2.1/flavors/detail?is_public=true => generated 5394 bytes in 100 msecs (HTTP/1.1 200) 9 headers in 358 bytes (1 switches on core 0)
Mar 23 10:48:31.394625 n-d-828599-3 devstack@n-api.service[130220]: DEBUG nova.api.openstack.wsgi [None req-7ef5c64a-c3f0-4eda-97f1-a1329ce65665 tempest-AggregatesAdminNegativeTestJSON-1675489959 tempest-AggregatesAdminNegativeTestJSON-1675489959-project] Calling method '>' {{(pid=130220) _process_stack /opt/stack/nova/nova/api/openstack/wsgi.py:513}}
Mar 23 10:48:31.401387 n-d-828599-3 devstack@n-api.service[130220]: /usr/local/lib/python3.8/dist-packages/oslo_policy/policy.py:1119: UserWarning: Policy "os_compute_api:os-aggregates:show": "rule:context_is_admin" failed scope check. The token used to make the request was project scoped but the policy requires ['system'] scope. This behavior may change in the future where using the intended scope is required
Mar 23 10:48:31.401387 n-d-828599-3 devstack@n-api.service[130220]: warnings.warn(msg)
Mar 23 10:48:31.403038 n-d-828599-3 devstack@n-api.service[130221]: DEBUG nova.api.openstack.wsgi [None req-deb4c0b2-48c4-48a4-9d98-329ddb9f2c5b tempest-FlavorsAdminTestJSON-160308875 tempest-FlavorsAdminTestJSON-160308875-project-admin] Calling method '>' {{(pid=130221) _process_stack /opt/stack/nova/nova/api/openstack/wsgi.py:513}}
Mar 23 10:48:31.403186 n-d-828599-3 devstack@n-api.service[130220]: DEBUG nova.policy [None req-7ef5c64a-c3f0-4eda-97f1-a1329ce65665 tempest-AggregatesAdminNegativeTestJSON-1675489959 tempest-AggregatesAdminNegativeTestJSON-1675489959-project] Policy check for os_compute_api:os-aggregates:show failed with credentials {'is_admin': False, 'user_id': 'a16907b29ed94b2ab7679e003476a164', 'user_domain_id': 'default', 'system_scope': None, 'domain_id': None, 'project_id': '86a8b95d8fa74e65a5f793dc22069a4b', 'project_domain_id': 'default', 'roles': ['reader', 'member'], 'is_admin_project': True, 'service_user_id': None, 'service_user_domain_id': None, 'service_project_id': None, 'service_project_domain_id': None, 'service_roles': []} {{(pid=130220) authorize /opt/stack/nova/nova/policy.py:199}}
Mar 23 10:48:31.405837 n-d-828599-3 devstack@n-api.service[130220]: DEBUG nova.api.openstack.wsgi [None req-7ef5c64a-c3f0-4eda-97f1-a1329ce65665 tempest-AggregatesAdminNegativeTestJSON-1675489959 tempest-AggregatesAdminNegativeTestJSON-1675489959-project] Returning 403 to user: Policy doesn't allow os_compute_api:os-aggregates:show to be performed. {{(pid=130220) __call__ /opt/stack/nova/nova/api/openstack/wsgi.py:936}}
Mar 23 10:48:31.412239 n-d-828599-3 devstack@n-api.service[130220]: INFO nova.api.openstack.requestlog [None req-7ef5c64a-c3f0-4eda-97f1-a1329ce65665 tempest-AggregatesAdminNegativeTestJSON-1675489959 tempest-AggregatesAdminNegativeTestJSON-1675489959-project] 10.222.0.31 "GET /compute/v2.1/os-aggregates/8" status: 403 len: 114 microversion: 2.1 time: 0.047148
Mar 23 10:48:31.413747 n-d-828599-3 devstack@n-api.service[130220]: [pid: 130220|app: 0|req: 42/117] 10.222.0.31 () {58 vars in 1148 bytes} [Wed Mar 23 10:48:31 2022] GET /compute/v2.1/os-aggregates/8 => generated 114 bytes in 51 msecs (HTTP/1.1 403) 9 headers in 379 bytes (1 switches on core 0)
Mar 23 10:48:31.424075 n-d-828599-3 devstack@n-api.service[130220]: DEBUG nova.api.openstack.wsgi [None req-7aab9445-0a24-4f1a-89c3-874370bf3592 tempest-AggregatesAdminNegativeTestJSON-558853861 tempest-AggregatesAdminNegativeTestJSON-558853861-project-admin] Calling method '>' {{(pid=130220) _process_stack /opt/stack/nova/nova/api/openstack/wsgi.py:513}}
Mar 23 10:48:31.425518 n-d-828599-3 devstack@n-api.service[130220]: /usr/local/lib/python3.8/dist-packages/oslo_policy/policy.py:1119: UserWarning: Policy "os_compute_api:os-aggregates:delete": "rule:context_is_admin" failed scope check. The token used to make the request was project scoped but the policy requires ['system'] scope. This behavior may change in the future where using the intended scope is required
Mar 23 10:48:31.425518 n-d-828599-3 devstack@n-api.service[130220]: warnings.warn(msg)
Mar 23 10:48:31.464428 n-d-828599-3 devstack@n-api.service[130221]: INFO nova.api.openstack.requestlog [None req-deb4c0b2-48c4-48a4-9d98-329ddb9f2c5b tempest-FlavorsAdminTestJSON-160308875 tempest-FlavorsAdminTestJSON-160308875-project-admin] 10.222.0.31 "GET /compute/v2.1/flavors/detail?is_public=yes" status: 200 len: 5394 microversion: 2.1 time: 0.077823
Mar 23 10:48:31.467324 n-d-828599-3 devstack@n-api.service[130221]: [pid: 130221|app: 0|req: 76/118] 10.222.0.31 () {58 vars in 1172 bytes} [Wed Mar 23 10:48:31 2022] GET /compute/v2.1/flavors/detail?is_public=yes => generated 5394 bytes in 82 msecs (HTTP/1.1 200) 9 headers in 358 bytes (2 switches on core 0)
Mar 23 10:48:31.480124 n-d-828599-3 devstack@n-api.service[130221]: DEBUG nova.api.openstack.wsgi [None req-8d0b77e3-2bcb-417e-aaff-3372ded032c0 tempest-FlavorsAdminTestJSON-160308875 tempest-FlavorsAdminTestJSON-160308875-project-admin] Calling method '>' {{(pid=130221) _process_stack /opt/stack/nova/nova/api/openstack/wsgi.py:513}}
Mar 23 10:48:31.498374 n-d-828599-3 devstack@n-api.service[130220]: INFO nova.api.openstack.requestlog [None req-7aab9445-0a24-4f1a-89c3-874370bf3592 tempest-AggregatesAdminNegativeTestJSON-558853861 tempest-AggregatesAdminNegativeTestJSON-558853861-project-admin] 10.222.0.31 "DELETE /compute/v2.1/os-aggregates/8" status: 200 len: 0 microversion: 2.1 time: 0.079571
Mar 23 10:48:31.504831 n-d-828599-3 devstack@n-api.service[130220]: [pid: 130220|app: 0|req: 43/119] 10.222.0.31 () {58 vars in 1151 bytes} [Wed Mar 23 10:48:31 2022] DELETE /compute/v2.1/os-aggregates/8 => generated 0 bytes in 87 msecs (HTTP/1.1 200) 9 headers in 355 bytes (1 switches on core 0)
Mar 23 10:48:31.516965 n-d-828599-3 devstack@n-api.service[130220]: DEBUG nova.api.openstack.wsgi [None req-378dde0f-1738-4147-beb7-d394890163e5 tempest-AggregatesAdminNegativeTestJSON-558853861 tempest-AggregatesAdminNegativeTestJSON-558853861-project-admin] Calling method '>' {{(pid=130220) _process_stack /opt/stack/nova/nova/api/openstack/wsgi.py:513}}
Mar 23 10:48:31.519529 n-d-828599-3 devstack@n-api.service[130220]: /usr/local/lib/python3.8/dist-packages/oslo_policy/policy.py:1119: UserWarning: Policy "os_compute_api:os-aggregates:show": "rule:context_is_admin" failed scope check. The token used to make the request was project scoped but the policy requires ['system'] scope. This behavior may change in the future where using the intended scope is required
Mar 23 10:48:31.519529 n-d-828599-3 devstack@n-api.service[130220]: warnings.warn(msg)
Mar 23 10:48:31.526482 n-d-828599-3 devstack@n-api.service[130220]: INFO nova.api.openstack.wsgi [None req-378dde0f-1738-4147-beb7-d394890163e5 tempest-AggregatesAdminNegativeTestJSON-558853861 tempest-AggregatesAdminNegativeTestJSON-558853861-project-admin] HTTP exception thrown: Aggregate -1 could not be found.
Mar 23 10:48:31.527274 n-d-828599-3 devstack@n-api.service[130220]: DEBUG nova.api.openstack.wsgi [None req-378dde0f-1738-4147-beb7-d394890163e5 tempest-AggregatesAdminNegativeTestJSON-558853861 tempest-AggregatesAdminNegativeTestJSON-558853861-project-admin] Returning 404 to user: Aggregate -1 could not be found. {{(pid=130220) __call__ /opt/stack/nova/nova/api/openstack/wsgi.py:936}}
Mar 23 10:48:31.528181 n-d-828599-3 devstack@n-api.service[130220]: INFO nova.api.openstack.requestlog [None req-378dde0f-1738-4147-beb7-d394890163e5 tempest-AggregatesAdminNegativeTestJSON-558853861 tempest-AggregatesAdminNegativeTestJSON-558853861-project-admin] 10.222.0.31 "GET /compute/v2.1/os-aggregates/-1" status: 404 len: 78 microversion: 2.1 time: 0.020405
Mar 23 10:48:31.529519 n-d-828599-3 devstack@n-api.service[130220]: [pid: 130220|app: 0|req: 44/120] 10.222.0.31 () {58 vars in 1151 bytes} [Wed Mar 23 10:48:31 2022] GET /compute/v2.1/os-aggregates/-1 => generated 78 bytes in 23 msecs (HTTP/1.1 404) 9 headers in 378 bytes (1 switches on core 0)
Mar 23 10:48:31.542509 n-d-828599-3 devstack@n-api.service[130221]: INFO nova.api.openstack.requestlog [None req-8d0b77e3-2bcb-417e-aaff-3372ded032c0 tempest-FlavorsAdminTestJSON-160308875 tempest-FlavorsAdminTestJSON-160308875-project-admin] 10.222.0.31 "GET /compute/v2.1/flavors/detail?is_public=1" status: 200 len: 5394 microversion: 2.1 time: 0.066753
Mar 23 10:48:31.542744 n-d-828599-3 devstack@n-api.service[130220]: DEBUG nova.api.openstack.wsgi [None req-d21671b7-444d-4253-b10b-7f1d9276404e tempest-AggregatesAdminNegativeTestJSON-1675489959 tempest-AggregatesAdminNegativeTestJSON-1675489959-project] Calling method '>' {{(pid=130220) _process_stack /opt/stack/nova/nova/api/openstack/wsgi.py:513}}
Mar 23 10:48:31.544386 n-d-828599-3 devstack@n-api.service[130220]: /usr/local/lib/python3.8/dist-packages/oslo_policy/policy.py:1119: UserWarning: Policy "os_compute_api:os-aggregates:index": "rule:context_is_admin" failed scope check. The token used to make the request was project scoped but the policy requires ['system'] scope. This behavior may change in the future where using the intended scope is required
Mar 23 10:48:31.544386 n-d-828599-3 devstack@n-api.service[130220]: warnings.warn(msg)
Mar 23 10:48:31.545468 n-d-828599-3 devstack@n-api.service[130220]: DEBUG nova.policy [None req-d21671b7-444d-4253-b10b-7f1d9276404e tempest-AggregatesAdminNegativeTestJSON-1675489959 tempest-AggregatesAdminNegativeTestJSON-1675489959-project] Policy check for os_compute_api:os-aggregates:index failed with credentials {'is_admin': False, 'user_id': 'a16907b29ed94b2ab7679e003476a164', 'user_domain_id': 'default', 'system_scope': None, 'domain_id': None, 'project_id': '86a8b95d8fa74e65a5f793dc22069a4b', 'project_domain_id': 'default', 'roles': ['reader', 'member'], 'is_admin_project': True, 'service_user_id': None, 'service_user_domain_id': None, 'service_project_id': None, 'service_project_domain_id': None, 'service_roles': []} {{(pid=130220) authorize /opt/stack/nova/nova/policy.py:199}}
Mar 23 10:48:31.546385 n-d-828599-3 devstack@n-api.service[130220]: DEBUG nova.api.openstack.wsgi [None req-d21671b7-444d-4253-b10b-7f1d9276404e tempest-AggregatesAdminNegativeTestJSON-1675489959 tempest-AggregatesAdminNegativeTestJSON-1675489959-project] Returning 403 to user: Policy doesn't allow os_compute_api:os-aggregates:index to be performed. {{(pid=130220) __call__ /opt/stack/nova/nova/api/openstack/wsgi.py:936}}
Mar 23 10:48:31.548891 n-d-828599-3 devstack@n-api.service[130220]: INFO nova.api.openstack.requestlog [None req-d21671b7-444d-4253-b10b-7f1d9276404e tempest-AggregatesAdminNegativeTestJSON-1675489959 tempest-AggregatesAdminNegativeTestJSON-1675489959-project] 10.222.0.31 "GET /compute/v2.1/os-aggregates" status: 403 len: 115 microversion: 2.1 time: 0.013470
Mar 23 10:48:31.549711 n-d-828599-3 devstack@n-api.service[130220]: [pid: 130220|app: 0|req: 45/121] 10.222.0.31 () {58 vars in 1142 bytes} [Wed Mar 23 10:48:31 2022] GET /compute/v2.1/os-aggregates => generated 115 bytes in 16 msecs (HTTP/1.1 403) 9 headers in 379 bytes (2 switches on core 0)
Mar 23 10:48:31.575120 n-d-828599-3 devstack@n-api.service[130220]: DEBUG nova.api.openstack.wsgi [None req-e7f27ea7-40e5-42f2-9612-fd7afbb230c2 tempest-FlavorsAdminTestJSON-160308875 tempest-FlavorsAdminTestJSON-160308875-project-admin] Calling method '>' {{(pid=130220) _process_stack /opt/stack/nova/nova/api/openstack/wsgi.py:513}}
Mar 23 10:48:31.575696 n-d-828599-3 devstack@n-api.service[130221]: [pid: 130221|app: 0|req: 77/122] 10.222.0.31 () {58 vars in 1168 bytes} [Wed Mar 23 10:48:31 2022] GET /compute/v2.1/flavors/detail?is_public=1 => generated 5394 bytes in 101 msecs (HTTP/1.1 200) 9 headers in 358 bytes (2 switches on core 0)
Mar 23 10:48:31.576792 n-d-828599-3 devstack@n-api.service[130220]: /usr/local/lib/python3.8/dist-packages/oslo_policy/policy.py:1119: UserWarning: Policy "os_compute_api:os-flavor-manage:delete": "rule:context_is_admin" failed scope check. The token used to make the request was project scoped but the policy requires ['system'] scope. This behavior may change in the future where using the intended scope is required
Mar 23 10:48:31.576792 n-d-828599-3 devstack@n-api.service[130220]: warnings.warn(msg)
Mar 23 10:48:31.632561 n-d-828599-3 devstack@n-api.service[130220]: INFO nova.api.openstack.requestlog [None req-e7f27ea7-40e5-42f2-9612-fd7afbb230c2 tempest-FlavorsAdminTestJSON-160308875 tempest-FlavorsAdminTestJSON-160308875-project-admin] 10.222.0.31 "DELETE /compute/v2.1/flavors/1861622593" status: 202 len: 0 microversion: 2.1 time: 0.061589
Mar 23 10:48:31.639757 n-d-828599-3 devstack@n-api.service[130220]: [pid: 130220|app: 0|req: 46/123] 10.222.0.31 () {58 vars in 1160 bytes} [Wed Mar 23 10:48:31 2022] DELETE /compute/v2.1/flavors/1861622593 => generated 0 bytes in 70 msecs (HTTP/1.1 202) 9 headers in 361 bytes (1 switches on core 0)
Mar 23 10:48:31.649079 n-d-828599-3 devstack@n-api.service[130221]: DEBUG nova.api.openstack.wsgi [None req-aa3a9e4d-817a-44f6-9f1a-8e7264bbe806 tempest-FlavorsAdminTestJSON-160308875 tempest-FlavorsAdminTestJSON-160308875-project-admin] Calling method '>' {{(pid=130221) _process_stack /opt/stack/nova/nova/api/openstack/wsgi.py:513}}
Mar 23 10:48:31.716811 n-d-828599-3 devstack@n-api.service[130221]: INFO nova.api.openstack.requestlog [None req-aa3a9e4d-817a-44f6-9f1a-8e7264bbe806 tempest-FlavorsAdminTestJSON-160308875 tempest-FlavorsAdminTestJSON-160308875-project-admin] 10.222.0.31 "GET /compute/v2.1/flavors/detail" status: 200 len: 4991 microversion: 2.1 time: 0.063435
Mar 23 10:48:31.733698 n-d-828599-3 devstack@n-api.service[130221]: [pid: 130221|app: 0|req: 78/124] 10.222.0.31 () {58 vars in 1145 bytes} [Wed Mar 23 10:48:31 2022] GET /compute/v2.1/flavors/detail => generated 4991 bytes in 95 msecs (HTTP/1.1 200) 9 headers in 358 bytes (1 switches on core 0)
Mar 23 10:48:31.738801 n-d-828599-3 devstack@n-api.service[130220]: DEBUG nova.api.openstack.wsgi [None req-0df2c7fa-91e8-4ba0-b142-adee6942368e tempest-FlavorsAdminTestJSON-160308875 tempest-FlavorsAdminTestJSON-160308875-project-admin] Calling method '>' {{(pid=130220) _process_stack /opt/stack/nova/nova/api/openstack/wsgi.py:513}}
Mar 23 10:48:31.818736 n-d-828599-3 devstack@n-api.service[130220]: INFO nova.api.openstack.requestlog [None req-0df2c7fa-91e8-4ba0-b142-adee6942368e tempest-FlavorsAdminTestJSON-160308875 tempest-FlavorsAdminTestJSON-160308875-project-admin] 10.222.0.31 "DELETE /compute/v2.1/flavors/1879167214" status: 202 len: 0 microversion: 2.1 time: 0.085000
Mar 23 10:48:31.831502 n-d-828599-3 devstack@n-api.service[130220]: [pid: 130220|app: 0|req: 47/125] 10.222.0.31 () {58 vars in 1160 bytes} [Wed Mar 23 10:48:31 2022] DELETE /compute/v2.1/flavors/1879167214 => generated 0 bytes in 99 msecs (HTTP/1.1 202) 9 headers in 361 bytes (2 switches on core 0)
Mar 23 10:48:31.841541 n-d-828599-3 devstack@n-api.service[130221]: DEBUG nova.api.openstack.wsgi [None req-cea59245-c4d7-4f80-8a01-94bb034f0365 tempest-FlavorsAdminTestJSON-160308875 tempest-FlavorsAdminTestJSON-160308875-project-admin] Calling method '>' {{(pid=130221) _process_stack /opt/stack/nova/nova/api/openstack/wsgi.py:513}}
Mar 23 10:48:31.909821 n-d-828599-3 devstack@n-api.service[130221]: INFO nova.api.openstack.requestlog [None req-cea59245-c4d7-4f80-8a01-94bb034f0365 tempest-FlavorsAdminTestJSON-160308875 tempest-FlavorsAdminTestJSON-160308875-project-admin] 10.222.0.31 "GET /compute/v2.1/flavors/detail" status: 200 len: 4991 microversion: 2.1 time: 0.072756
Mar 23 10:48:31.924564 n-d-828599-3 devstack@n-api.service[130221]: [pid: 130221|app: 0|req: 79/126] 10.222.0.31 () {58 vars in 1145 bytes} [Wed Mar 23 10:48:31 2022] GET /compute/v2.1/flavors/detail => generated 4991 bytes in 79 msecs (HTTP/1.1 200) 9 headers in 358 bytes (1 switches on core 0)
Mar 23 10:48:31.935311 n-d-828599-3 devstack@n-api.service[130220]: DEBUG nova.api.openstack.wsgi [None req-e4592172-040b-4125-88f0-3e48ea065488 tempest-FlavorsAdminTestJSON-160308875 tempest-FlavorsAdminTestJSON-160308875-project-admin] Action: 'create', calling method: >, body: {"flavor": {"ram": 512, "vcpus": 1, "disk": 10, "name": "tempest-test_flavor_-1404649763", "id": 1631097007, "os-flavor-access:is_public": "False"}} {{(pid=130220) _process_stack /opt/stack/nova/nova/api/openstack/wsgi.py:511}}
Mar 23 10:48:31.947449 n-d-828599-3 devstack@n-api.service[130220]: /usr/local/lib/python3.8/dist-packages/oslo_policy/policy.py:1119: UserWarning: Policy "os_compute_api:os-flavor-manage:create": "rule:context_is_admin" failed scope check. The token used to make the request was project scoped but the policy requires ['system'] scope. This behavior may change in the future where using the intended scope is required
Mar 23 10:48:31.947449 n-d-828599-3 devstack@n-api.service[130220]: warnings.warn(msg)
Mar 23 10:48:31.994178 n-d-828599-3 devstack@n-api.service[130220]: INFO nova.api.openstack.requestlog [None req-e4592172-040b-4125-88f0-3e48ea065488 tempest-FlavorsAdminTestJSON-160308875 tempest-FlavorsAdminTestJSON-160308875-project-admin] 10.222.0.31 "POST /compute/v2.1/flavors" status: 200 len: 415 microversion: 2.1 time: 0.066421
Mar 23 10:48:32.023768 n-d-828599-3 devstack@n-api.service[130220]: [pid: 130220|app: 0|req: 48/127] 10.222.0.31 () {60 vars in 1146 bytes} [Wed Mar 23 10:48:31 2022] POST /compute/v2.1/flavors => generated 415 bytes in 92 msecs (HTTP/1.1 200) 9 headers in 357 bytes (1 switches on core 0)
Mar 23 10:48:32.023962 n-d-828599-3 devstack@n-api.service[130221]: DEBUG nova.api.openstack.wsgi [None req-4cbe9d06-143d-4764-99e8-925abb0c9a29 tempest-AggregatesAdminTestJSON-248176316 tempest-AggregatesAdminTestJSON-248176316-project] Calling method '>' {{(pid=130221) _process_stack /opt/stack/nova/nova/api/openstack/wsgi.py:513}}
Mar 23 10:48:32.023962 n-d-828599-3 devstack@n-api.service[130221]: DEBUG nova.compute.api [None req-4cbe9d06-143d-4764-99e8-925abb0c9a29 tempest-AggregatesAdminTestJSON-248176316 tempest-AggregatesAdminTestJSON-248176316-project] [instance: f323a23f-480c-4046-9083-fee9b5ea2f28] Fetching instance by UUID {{(pid=130221) get /opt/stack/nova/nova/compute/api.py:2918}}
Mar 23 10:48:32.041984 n-d-828599-3 devstack@n-api.service[130220]: DEBUG nova.api.openstack.wsgi [None req-6b3d3300-b215-411b-adaa-f181d55cb7fb tempest-FlavorsAdminTestJSON-160308875 tempest-FlavorsAdminTestJSON-160308875-project-admin] Calling method '>' {{(pid=130220) _process_stack /opt/stack/nova/nova/api/openstack/wsgi.py:513}}
Mar 23 10:48:32.170018 n-d-828599-3 devstack@n-api.service[130220]: INFO nova.api.openstack.requestlog [None req-6b3d3300-b215-411b-adaa-f181d55cb7fb tempest-FlavorsAdminTestJSON-160308875 tempest-FlavorsAdminTestJSON-160308875-project-admin] 10.222.0.31 "GET /compute/v2.1/flavors/detail" status: 200 len: 4991 microversion: 2.1 time: 0.144562
Mar 23 10:48:32.182056 n-d-828599-3 devstack@n-api.service[130220]: [pid: 130220|app: 0|req: 49/128] 10.222.0.31 () {58 vars in 1145 bytes} [Wed Mar 23 10:48:32 2022] GET /compute/v2.1/flavors/detail => generated 4991 bytes in 157 msecs (HTTP/1.1 200) 9 headers in 358 bytes (1 switches on core 0)
Mar 23 10:48:32.218918 n-d-828599-3 devstack@n-api.service[130220]: DEBUG nova.api.openstack.wsgi [None req-ca5b1b34-18c2-4e34-b18e-f996fbe874b3 tempest-DeleteServersAdminTestJSON-1040889992 tempest-DeleteServersAdminTestJSON-1040889992-project] Calling method '>' {{(pid=130220) _process_stack /opt/stack/nova/nova/api/openstack/wsgi.py:513}}
Mar 23 10:48:32.219960 n-d-828599-3 devstack@n-api.service[130220]: DEBUG nova.compute.api [None req-ca5b1b34-18c2-4e34-b18e-f996fbe874b3 tempest-DeleteServersAdminTestJSON-1040889992 tempest-DeleteServersAdminTestJSON-1040889992-project] [instance: ab868078-310e-4995-a61f-17cf3f40f23f] Fetching instance by UUID {{(pid=130220) get /opt/stack/nova/nova/compute/api.py:2918}}
Mar 23 10:48:32.234824 n-d-828599-3 devstack@n-api.service[130220]: DEBUG oslo_concurrency.lockutils [None req-ca5b1b34-18c2-4e34-b18e-f996fbe874b3 tempest-DeleteServersAdminTestJSON-1040889992 tempest-DeleteServersAdminTestJSON-1040889992-project] Lock "a918a92d-e040-43fc-a398-fe8d7ce92a15" acquired by "nova.context.set_target_cell..get_or_set_cached_cell_and_set_connections" :: waited 0.000s {{(pid=130220) inner /usr/local/lib/python3.8/dist-packages/oslo_concurrency/lockutils.py:386}}
Mar 23 10:48:32.235333 n-d-828599-3 devstack@n-api.service[130220]: DEBUG oslo_concurrency.lockutils [None req-ca5b1b34-18c2-4e34-b18e-f996fbe874b3 tempest-DeleteServersAdminTestJSON-1040889992 tempest-DeleteServersAdminTestJSON-1040889992-project] Lock "a918a92d-e040-43fc-a398-fe8d7ce92a15" "released" by "nova.context.set_target_cell..get_or_set_cached_cell_and_set_connections" :: held 0.001s {{(pid=130220) inner /usr/local/lib/python3.8/dist-packages/oslo_concurrency/lockutils.py:400}}
Mar 23 10:48:32.250135 n-d-828599-3 devstack@n-api.service[130220]: DEBUG oslo_concurrency.lockutils [None req-ca5b1b34-18c2-4e34-b18e-f996fbe874b3 tempest-DeleteServersAdminTestJSON-1040889992 tempest-DeleteServersAdminTestJSON-1040889992-project] Lock "a918a92d-e040-43fc-a398-fe8d7ce92a15" acquired by "nova.context.set_target_cell..get_or_set_cached_cell_and_set_connections" :: waited 0.000s {{(pid=130220) inner /usr/local/lib/python3.8/dist-packages/oslo_concurrency/lockutils.py:386}}
Mar 23 10:48:32.250599 n-d-828599-3 devstack@n-api.service[130220]: DEBUG oslo_concurrency.lockutils [None req-ca5b1b34-18c2-4e34-b18e-f996fbe874b3 tempest-DeleteServersAdminTestJSON-1040889992 tempest-DeleteServersAdminTestJSON-1040889992-project] Lock "a918a92d-e040-43fc-a398-fe8d7ce92a15" "released" by "nova.context.set_target_cell..get_or_set_cached_cell_and_set_connections" :: held 0.001s {{(pid=130220) inner /usr/local/lib/python3.8/dist-packages/oslo_concurrency/lockutils.py:400}}
Mar 23 10:48:32.875400 n-d-828599-3 devstack@n-api.service[130221]: DEBUG nova.policy [None req-4cbe9d06-143d-4764-99e8-925abb0c9a29 tempest-AggregatesAdminTestJSON-248176316 tempest-AggregatesAdminTestJSON-248176316-project] Policy check for os_compute_api:os-extended-server-attributes failed with credentials {'is_admin': False, 'user_id': '193795ab5395462c843ee8c44e542446', 'user_domain_id': 'default', 'system_scope': None, 'domain_id': None, 'project_id': '8f275866e9334b9bbf45b7f2595688d8', 'project_domain_id': 'default', 'roles': ['reader', 'member'], 'is_admin_project': True, 'service_user_id': None, 'service_user_domain_id': None, 'service_project_id': None, 'service_project_domain_id': None, 'service_roles': []} {{(pid=130221) authorize /opt/stack/nova/nova/policy.py:199}}
Mar 23 10:48:32.899500 n-d-828599-3 devstack@n-api.service[130221]: INFO nova.api.openstack.requestlog [None req-4cbe9d06-143d-4764-99e8-925abb0c9a29 tempest-AggregatesAdminTestJSON-248176316 tempest-AggregatesAdminTestJSON-248176316-project] 10.222.0.31 "GET /compute/v2.1/servers/f323a23f-480c-4046-9083-fee9b5ea2f28" status: 200 len: 1243 microversion: 2.1 time: 0.884922
Mar 23 10:48:32.907840 n-d-828599-3 devstack@n-api.service[130221]: [pid: 130221|app: 0|req: 80/129] 10.222.0.31 () {58 vars in 1235 bytes} [Wed Mar 23 10:48:32 2022] GET /compute/v2.1/servers/f323a23f-480c-4046-9083-fee9b5ea2f28 => generated 1243 bytes in 894 msecs (HTTP/1.1 200) 9 headers in 358 bytes (1 switches on core 0)
Mar 23 10:48:32.930568 n-d-828599-3 devstack@n-api.service[130221]: DEBUG nova.api.openstack.wsgi [None req-2ccad4ab-53b6-4e9d-92d4-490e0922b0b5 tempest-FlavorsAdminTestJSON-1051350613 tempest-FlavorsAdminTestJSON-1051350613-project] Calling method '>' {{(pid=130221) _process_stack /opt/stack/nova/nova/api/openstack/wsgi.py:513}}
Mar 23 10:48:33.081334 n-d-828599-3 devstack@n-api.service[130221]: INFO nova.api.openstack.requestlog [None req-2ccad4ab-53b6-4e9d-92d4-490e0922b0b5 tempest-FlavorsAdminTestJSON-1051350613 tempest-FlavorsAdminTestJSON-1051350613-project] 10.222.0.31 "GET /compute/v2.1/flavors/detail" status: 200 len: 4991 microversion: 2.1 time: 0.170334
Mar 23 10:48:33.083496 n-d-828599-3 devstack@n-api.service[130221]: [pid: 130221|app: 0|req: 81/130] 10.222.0.31 () {58 vars in 1145 bytes} [Wed Mar 23 10:48:32 2022] GET /compute/v2.1/flavors/detail => generated 4991 bytes in 175 msecs (HTTP/1.1 200) 9 headers in 358 bytes (1 switches on core 0)
Mar 23 10:48:33.134014 n-d-828599-3 devstack@n-api.service[130221]: DEBUG nova.api.openstack.wsgi [None req-28675235-18bf-4972-9eea-83d75de2cd3e tempest-FlavorsAdminTestJSON-160308875 tempest-FlavorsAdminTestJSON-160308875-project-admin] Calling method '>' {{(pid=130221) _process_stack /opt/stack/nova/nova/api/openstack/wsgi.py:513}}
Mar 23 10:48:33.138558 n-d-828599-3 devstack@n-api.service[130221]: /usr/local/lib/python3.8/dist-packages/oslo_policy/policy.py:1119: UserWarning: Policy "os_compute_api:os-flavor-manage:delete": "rule:context_is_admin" failed scope check. The token used to make the request was project scoped but the policy requires ['system'] scope. This behavior may change in the future where using the intended scope is required
Mar 23 10:48:33.138558 n-d-828599-3 devstack@n-api.service[130221]: warnings.warn(msg)
Mar 23 10:48:33.166311 n-d-828599-3 devstack@n-api.service[130220]: DEBUG nova.policy [None req-ca5b1b34-18c2-4e34-b18e-f996fbe874b3 tempest-DeleteServersAdminTestJSON-1040889992 tempest-DeleteServersAdminTestJSON-1040889992-project] Policy check for os_compute_api:os-extended-server-attributes failed with credentials {'is_admin': False, 'user_id': '388dd0e9e24e4f99a75fe4da8883512f', 'user_domain_id': 'default', 'system_scope': None, 'domain_id': None, 'project_id': 'e2391855fb2b472080a7d4fecebeb5f6', 'project_domain_id': 'default', 'roles': ['reader', 'member'], 'is_admin_project': True, 'service_user_id': None, 'service_user_domain_id': None, 'service_project_id': None, 'service_project_domain_id': None, 'service_roles': []} {{(pid=130220) authorize /opt/stack/nova/nova/policy.py:199}}
Mar 23 10:48:33.184745 n-d-828599-3 devstack@n-api.service[130220]: INFO nova.api.openstack.requestlog [None req-ca5b1b34-18c2-4e34-b18e-f996fbe874b3 tempest-DeleteServersAdminTestJSON-1040889992 tempest-DeleteServersAdminTestJSON-1040889992-project] 10.222.0.31 "GET /compute/v2.1/servers/ab868078-310e-4995-a61f-17cf3f40f23f" status: 200 len: 1320 microversion: 2.1 time: 1.001270
Mar 23 10:48:33.195984 n-d-828599-3 devstack@n-api.service[130220]: [pid: 130220|app: 0|req: 50/131] 10.222.0.31 () {58 vars in 1235 bytes} [Wed Mar 23 10:48:32 2022] GET /compute/v2.1/servers/ab868078-310e-4995-a61f-17cf3f40f23f => generated 1320 bytes in 1013 msecs (HTTP/1.1 200) 9 headers in 358 bytes (1 switches on core 0)
Mar 23 10:48:33.215238 n-d-828599-3 devstack@n-api.service[130221]: INFO nova.api.openstack.requestlog [None req-28675235-18bf-4972-9eea-83d75de2cd3e tempest-FlavorsAdminTestJSON-160308875 tempest-FlavorsAdminTestJSON-160308875-project-admin] 10.222.0.31 "DELETE /compute/v2.1/flavors/1631097007" status: 202 len: 0 microversion: 2.1 time: 0.120435
Mar 23 10:48:33.217231 n-d-828599-3 devstack@n-api.service[130221]: [pid: 130221|app: 0|req: 82/132] 10.222.0.31 () {58 vars in 1160 bytes} [Wed Mar 23 10:48:33 2022] DELETE /compute/v2.1/flavors/1631097007 => generated 0 bytes in 123 msecs (HTTP/1.1 202) 9 headers in 361 bytes (1 switches on core 0)
Mar 23 10:48:33.224287 n-d-828599-3 devstack@n-api.service[130220]: DEBUG nova.api.openstack.wsgi [None req-9b1fa048-4cac-46e4-bd62-6b2aaf1c5370 tempest-FlavorsAdminTestJSON-160308875 tempest-FlavorsAdminTestJSON-160308875-project-admin] Calling method '>' {{(pid=130220) _process_stack /opt/stack/nova/nova/api/openstack/wsgi.py:513}}
Mar 23 10:48:33.288346 n-d-828599-3 devstack@n-api.service[130220]: INFO nova.api.openstack.requestlog [None req-9b1fa048-4cac-46e4-bd62-6b2aaf1c5370 tempest-FlavorsAdminTestJSON-160308875 tempest-FlavorsAdminTestJSON-160308875-project-admin] 10.222.0.31 "GET /compute/v2.1/flavors/detail" status: 200 len: 4991 microversion: 2.1 time: 0.067861
Mar 23 10:48:33.299031 n-d-828599-3 devstack@n-api.service[130220]: [pid: 130220|app: 0|req: 51/133] 10.222.0.31 () {58 vars in 1145 bytes} [Wed Mar 23 10:48:33 2022] GET /compute/v2.1/flavors/detail => generated 4991 bytes in 79 msecs (HTTP/1.1 200) 9 headers in 358 bytes (1 switches on core 0)
Mar 23 10:48:33.323692 n-d-828599-3 devstack@n-api.service[130221]: DEBUG nova.api.openstack.wsgi [None req-ee364bf0-5dd3-47b9-9268-7b6c80bb5f7e tempest-FlavorsAdminTestJSON-160308875 tempest-FlavorsAdminTestJSON-160308875-project-admin] Action: 'create', calling method: >, body: {"flavor": {"ram": 512, "vcpus": 1, "disk": 10, "name": "tempest-test_flavor_-389325535", "id": 1048813207, "os-flavor-access:is_public": "True"}} {{(pid=130221) _process_stack /opt/stack/nova/nova/api/openstack/wsgi.py:511}}
Mar 23 10:48:33.327597 n-d-828599-3 devstack@n-api.service[130221]: /usr/local/lib/python3.8/dist-packages/oslo_policy/policy.py:1119: UserWarning: Policy "os_compute_api:os-flavor-manage:create": "rule:context_is_admin" failed scope check. The token used to make the request was project scoped but the policy requires ['system'] scope. This behavior may change in the future where using the intended scope is required
Mar 23 10:48:33.327597 n-d-828599-3 devstack@n-api.service[130221]: warnings.warn(msg)
Mar 23 10:48:33.395088 n-d-828599-3 devstack@n-api.service[130221]: INFO nova.api.openstack.requestlog [None req-ee364bf0-5dd3-47b9-9268-7b6c80bb5f7e tempest-FlavorsAdminTestJSON-160308875 tempest-FlavorsAdminTestJSON-160308875-project-admin] 10.222.0.31 "POST /compute/v2.1/flavors" status: 200 len: 413 microversion: 2.1 time: 0.079322
Mar 23 10:48:33.400484 n-d-828599-3 devstack@n-api.service[130221]: [pid: 130221|app: 0|req: 83/134] 10.222.0.31 () {60 vars in 1146 bytes} [Wed Mar 23 10:48:33 2022] POST /compute/v2.1/flavors => generated 413 bytes in 86 msecs (HTTP/1.1 200) 9 headers in 357 bytes (1 switches on core 0)
Mar 23 10:48:33.412611 n-d-828599-3 devstack@n-api.service[130220]: DEBUG nova.api.openstack.wsgi [None req-2321668d-f126-4439-9c3f-16fbac99b7a5 tempest-FlavorsAdminTestJSON-1051350613 tempest-FlavorsAdminTestJSON-1051350613-project] Calling method '>' {{(pid=130220) _process_stack /opt/stack/nova/nova/api/openstack/wsgi.py:513}}
Mar 23 10:48:33.457196 n-d-828599-3 devstack@n-api.service[130220]: INFO nova.api.openstack.requestlog [None req-2321668d-f126-4439-9c3f-16fbac99b7a5 tempest-FlavorsAdminTestJSON-1051350613 tempest-FlavorsAdminTestJSON-1051350613-project] 10.222.0.31 "GET /compute/v2.1/flavors/detail" status: 200 len: 5394 microversion: 2.1 time: 0.049698
Mar 23 10:48:33.475339 n-d-828599-3 devstack@n-api.service[130221]: DEBUG nova.api.openstack.wsgi [None req-26f5218f-7a4e-48ed-8606-15885fe659a8 tempest-FlavorsAdminTestJSON-160308875 tempest-FlavorsAdminTestJSON-160308875-project-admin] Calling method '>' {{(pid=130221) _process_stack /opt/stack/nova/nova/api/openstack/wsgi.py:513}}
Mar 23 10:48:33.481547 n-d-828599-3 devstack@n-api.service[130220]: [pid: 130220|app: 0|req: 52/135] 10.222.0.31 () {58 vars in 1145 bytes} [Wed Mar 23 10:48:33 2022] GET /compute/v2.1/flavors/detail => generated 5394 bytes in 75 msecs (HTTP/1.1 200) 9 headers in 358 bytes (1 switches on core 0)
Mar 23 10:48:33.515231 n-d-828599-3 devstack@n-api.service[130221]: INFO nova.api.openstack.requestlog [None req-26f5218f-7a4e-48ed-8606-15885fe659a8 tempest-FlavorsAdminTestJSON-160308875 tempest-FlavorsAdminTestJSON-160308875-project-admin] 10.222.0.31 "DELETE /compute/v2.1/flavors/1048813207" status: 202 len: 0 microversion: 2.1 time: 0.042966
Mar 23 10:48:33.527433 n-d-828599-3 devstack@n-api.service[130220]: DEBUG nova.api.openstack.wsgi [None req-dfc56e1f-6311-4db7-b905-a0a20d882066 tempest-FlavorsAdminTestJSON-160308875 tempest-FlavorsAdminTestJSON-160308875-project-admin] Calling method '>' {{(pid=130220) _process_stack /opt/stack/nova/nova/api/openstack/wsgi.py:513}}
Mar 23 10:48:33.533074 n-d-828599-3 devstack@n-api.service[130221]: [pid: 130221|app: 0|req: 84/136] 10.222.0.31 () {58 vars in 1160 bytes} [Wed Mar 23 10:48:33 2022] DELETE /compute/v2.1/flavors/1048813207 => generated 0 bytes in 63 msecs (HTTP/1.1 202) 9 headers in 361 bytes (1 switches on core 0)
Mar 23 10:48:33.554943 n-d-828599-3 devstack@n-api.service[130220]: INFO nova.api.openstack.requestlog [None req-dfc56e1f-6311-4db7-b905-a0a20d882066 tempest-FlavorsAdminTestJSON-160308875 tempest-FlavorsAdminTestJSON-160308875-project-admin] 10.222.0.31 "GET /compute/v2.1/flavors/detail" status: 200 len: 4991 microversion: 2.1 time: 0.031579
Mar 23 10:48:33.568539 n-d-828599-3 devstack@n-api.service[130220]: [pid: 130220|app: 0|req: 53/137] 10.222.0.31 () {58 vars in 1145 bytes} [Wed Mar 23 10:48:33 2022] GET /compute/v2.1/flavors/detail => generated 4991 bytes in 47 msecs (HTTP/1.1 200) 9 headers in 358 bytes (1 switches on core 0)
Mar 23 10:48:34.253710 n-d-828599-3 devstack@n-api.service[130221]: DEBUG nova.api.openstack.wsgi [req-b96e8124-9cbf-4d5b-89f7-10a5c71e221c req-93a91022-9984-49e8-ad42-7bd1dd9f652d service nova] Action: 'create', calling method: >, body: {"events": [{"name": "network-changed", "server_uuid": "ab868078-310e-4995-a61f-17cf3f40f23f", "tag": "582679f0-d583-4c19-ab9a-5dcebc511c63"}]} {{(pid=130221) _process_stack /opt/stack/nova/nova/api/openstack/wsgi.py:511}}
Mar 23 10:48:34.299034 n-d-828599-3 devstack@n-api.service[130221]: DEBUG oslo_concurrency.lockutils [req-b96e8124-9cbf-4d5b-89f7-10a5c71e221c req-93a91022-9984-49e8-ad42-7bd1dd9f652d service nova] Lock "a918a92d-e040-43fc-a398-fe8d7ce92a15" acquired by "nova.context.set_target_cell..get_or_set_cached_cell_and_set_connections" :: waited 0.000s {{(pid=130221) inner /usr/local/lib/python3.8/dist-packages/oslo_concurrency/lockutils.py:386}}
Mar 23 10:48:34.302239 n-d-828599-3 devstack@n-api.service[130221]: DEBUG oslo_concurrency.lockutils [req-b96e8124-9cbf-4d5b-89f7-10a5c71e221c req-93a91022-9984-49e8-ad42-7bd1dd9f652d service nova] Lock "a918a92d-e040-43fc-a398-fe8d7ce92a15" "released" by "nova.context.set_target_cell..get_or_set_cached_cell_and_set_connections" :: held 0.002s {{(pid=130221) inner /usr/local/lib/python3.8/dist-packages/oslo_concurrency/lockutils.py:400}}
Mar 23 10:48:34.395450 n-d-828599-3 devstack@n-api.service[130221]: INFO nova.api.openstack.compute.server_external_events [req-b96e8124-9cbf-4d5b-89f7-10a5c71e221c req-93a91022-9984-49e8-ad42-7bd1dd9f652d service nova] Creating event network-changed:582679f0-d583-4c19-ab9a-5dcebc511c63 for instance ab868078-310e-4995-a61f-17cf3f40f23f on n-h2-828599-3
Mar 23 10:48:34.398169 n-d-828599-3 devstack@n-api.service[130221]: DEBUG oslo_concurrency.lockutils [req-b96e8124-9cbf-4d5b-89f7-10a5c71e221c req-93a91022-9984-49e8-ad42-7bd1dd9f652d service nova] Acquired lock "compute-rpcapi-router" {{(pid=130221) lock /usr/local/lib/python3.8/dist-packages/oslo_concurrency/lockutils.py:294}}
Mar 23 10:48:34.413507 n-d-828599-3 devstack@n-api.service[130220]: DEBUG nova.api.openstack.wsgi [None req-c807e482-582c-4141-ac25-95ef8de50beb tempest-HypervisorAdminNegativeUnderV252Test-981460760 tempest-HypervisorAdminNegativeUnderV252Test-981460760-project-admin] Calling method '.version_select at 0x7fcc3be2ad30>' {{(pid=130220) _process_stack /opt/stack/nova/nova/api/openstack/wsgi.py:513}}
Mar 23 10:48:34.416787 n-d-828599-3 devstack@n-api.service[130220]: /usr/local/lib/python3.8/dist-packages/oslo_policy/policy.py:1119: UserWarning: Policy "os_compute_api:os-hypervisors:list": "rule:context_is_admin" failed scope check. The token used to make the request was project scoped but the policy requires ['system'] scope. This behavior may change in the future where using the intended scope is required
Mar 23 10:48:34.416787 n-d-828599-3 devstack@n-api.service[130220]: warnings.warn(msg)
Mar 23 10:48:34.419024 n-d-828599-3 devstack@n-api.service[130220]: DEBUG oslo_concurrency.lockutils [None req-c807e482-582c-4141-ac25-95ef8de50beb tempest-HypervisorAdminNegativeUnderV252Test-981460760 tempest-HypervisorAdminNegativeUnderV252Test-981460760-project-admin] Lock "a918a92d-e040-43fc-a398-fe8d7ce92a15" acquired by "nova.context.set_target_cell..get_or_set_cached_cell_and_set_connections" :: waited 0.000s {{(pid=130220) inner /usr/local/lib/python3.8/dist-packages/oslo_concurrency/lockutils.py:386}}
Mar 23 10:48:34.420450 n-d-828599-3 devstack@n-api.service[130221]: DEBUG oslo_concurrency.lockutils [None req-3685fe2a-158b-4df5-91b7-069045cff92c None None] Lock "00000000-0000-0000-0000-000000000000" acquired by "nova.context.set_target_cell..get_or_set_cached_cell_and_set_connections" :: waited 0.000s {{(pid=130221) inner /usr/local/lib/python3.8/dist-packages/oslo_concurrency/lockutils.py:386}}
Mar 23 10:48:34.426278 n-d-828599-3 devstack@n-api.service[130220]: DEBUG oslo_concurrency.lockutils [None req-c807e482-582c-4141-ac25-95ef8de50beb tempest-HypervisorAdminNegativeUnderV252Test-981460760 tempest-HypervisorAdminNegativeUnderV252Test-981460760-project-admin] Lock "a918a92d-e040-43fc-a398-fe8d7ce92a15" "released" by "nova.context.set_target_cell..get_or_set_cached_cell_and_set_connections" :: held 0.005s {{(pid=130220) inner /usr/local/lib/python3.8/dist-packages/oslo_concurrency/lockutils.py:400}}
Mar 23 10:48:34.429047 n-d-828599-3 devstack@n-api.service[130221]: DEBUG oslo_concurrency.lockutils [None req-3685fe2a-158b-4df5-91b7-069045cff92c None None] Lock "00000000-0000-0000-0000-000000000000" "released" by "nova.context.set_target_cell..get_or_set_cached_cell_and_set_connections" :: held 0.021s {{(pid=130221) inner /usr/local/lib/python3.8/dist-packages/oslo_concurrency/lockutils.py:400}}
Mar 23 10:48:34.437212 n-d-828599-3 devstack@n-api.service[130221]: DEBUG oslo_concurrency.lockutils [None req-3685fe2a-158b-4df5-91b7-069045cff92c None None] Lock "a918a92d-e040-43fc-a398-fe8d7ce92a15" acquired by "nova.context.set_target_cell..get_or_set_cached_cell_and_set_connections" :: waited 0.000s {{(pid=130221) inner /usr/local/lib/python3.8/dist-packages/oslo_concurrency/lockutils.py:386}}
Mar 23 10:48:34.440057 n-d-828599-3 devstack@n-api.service[130221]: DEBUG oslo_concurrency.lockutils [None req-3685fe2a-158b-4df5-91b7-069045cff92c None None] Lock "a918a92d-e040-43fc-a398-fe8d7ce92a15" "released" by "nova.context.set_target_cell..get_or_set_cached_cell_and_set_connections" :: held 0.006s {{(pid=130221) inner /usr/local/lib/python3.8/dist-packages/oslo_concurrency/lockutils.py:400}}
Mar 23 10:48:34.477908 n-d-828599-3 devstack@n-api.service[130221]: INFO nova.compute.rpcapi [None req-3685fe2a-158b-4df5-91b7-069045cff92c None None] Automatically selected compute RPC version 6.0 from minimum service version 61
Mar 23 10:48:34.481119 n-d-828599-3 devstack@n-api.service[130221]: DEBUG oslo_concurrency.lockutils [None req-3685fe2a-158b-4df5-91b7-069045cff92c None None] Releasing lock "compute-rpcapi-router" {{(pid=130221) lock /usr/local/lib/python3.8/dist-packages/oslo_concurrency/lockutils.py:312}}
Mar 23 10:48:34.497151 n-d-828599-3 devstack@n-api.service[130220]: DEBUG oslo_concurrency.lockutils [None req-c807e482-582c-4141-ac25-95ef8de50beb tempest-HypervisorAdminNegativeUnderV252Test-981460760 tempest-HypervisorAdminNegativeUnderV252Test-981460760-project-admin] Lock "a918a92d-e040-43fc-a398-fe8d7ce92a15" acquired by "nova.context.set_target_cell..get_or_set_cached_cell_and_set_connections" :: waited 0.000s {{(pid=130220) inner /usr/local/lib/python3.8/dist-packages/oslo_concurrency/lockutils.py:386}}
Mar 23 10:48:34.499741 n-d-828599-3 devstack@n-api.service[130220]: DEBUG oslo_concurrency.lockutils [None req-c807e482-582c-4141-ac25-95ef8de50beb tempest-HypervisorAdminNegativeUnderV252Test-981460760 tempest-HypervisorAdminNegativeUnderV252Test-981460760-project-admin] Lock "a918a92d-e040-43fc-a398-fe8d7ce92a15" "released" by "nova.context.set_target_cell..get_or_set_cached_cell_and_set_connections" :: held 0.003s {{(pid=130220) inner /usr/local/lib/python3.8/dist-packages/oslo_concurrency/lockutils.py:400}}
Mar 23 10:48:34.537293 n-d-828599-3 devstack@n-api.service[130220]: DEBUG oslo_concurrency.lockutils [None req-c807e482-582c-4141-ac25-95ef8de50beb tempest-HypervisorAdminNegativeUnderV252Test-981460760 tempest-HypervisorAdminNegativeUnderV252Test-981460760-project-admin] Lock "a918a92d-e040-43fc-a398-fe8d7ce92a15" acquired by "nova.context.set_target_cell..get_or_set_cached_cell_and_set_connections" :: waited 0.000s {{(pid=130220) inner /usr/local/lib/python3.8/dist-packages/oslo_concurrency/lockutils.py:386}}
Mar 23 10:48:34.539895 n-d-828599-3 devstack@n-api.service[130220]: DEBUG oslo_concurrency.lockutils [None req-c807e482-582c-4141-ac25-95ef8de50beb tempest-HypervisorAdminNegativeUnderV252Test-981460760 tempest-HypervisorAdminNegativeUnderV252Test-981460760-project-admin] Lock "a918a92d-e040-43fc-a398-fe8d7ce92a15" "released" by "nova.context.set_target_cell..get_or_set_cached_cell_and_set_connections" :: held 0.001s {{(pid=130220) inner /usr/local/lib/python3.8/dist-packages/oslo_concurrency/lockutils.py:400}}
Mar 23 10:48:34.544531 n-d-828599-3 devstack@n-api.service[130221]: INFO nova.api.openstack.requestlog [None req-3685fe2a-158b-4df5-91b7-069045cff92c None None] 10.222.0.31 "POST /compute/v2.1/os-server-external-events" status: 200 len: 179 microversion: 2.1 time: 0.877856
Mar 23 10:48:34.545744 n-d-828599-3 devstack@n-api.service[130221]: [pid: 130221|app: 0|req: 85/138] 10.222.0.31 () {64 vars in 1317 bytes} [Wed Mar 23 10:48:33 2022] POST /compute/v2.1/os-server-external-events => generated 179 bytes in 880 msecs (HTTP/1.1 200) 9 headers in 357 bytes (1 switches on core 0)
Mar 23 10:48:34.553463 n-d-828599-3 devstack@n-api.service[130221]: DEBUG nova.api.openstack.wsgi [None req-481f89a1-b4cb-4b09-ac8c-04b748965285 tempest-AggregatesAdminTestJSON-248176316 tempest-AggregatesAdminTestJSON-248176316-project] Calling method '>' {{(pid=130221) _process_stack /opt/stack/nova/nova/api/openstack/wsgi.py:513}}
Mar 23 10:48:34.554179 n-d-828599-3 devstack@n-api.service[130221]: DEBUG nova.compute.api [None req-481f89a1-b4cb-4b09-ac8c-04b748965285 tempest-AggregatesAdminTestJSON-248176316 tempest-AggregatesAdminTestJSON-248176316-project] [instance: f323a23f-480c-4046-9083-fee9b5ea2f28] Fetching instance by UUID {{(pid=130221) get /opt/stack/nova/nova/compute/api.py:2918}}
Mar 23 10:48:34.579614 n-d-828599-3 devstack@n-api.service[130221]: DEBUG oslo_concurrency.lockutils [None req-481f89a1-b4cb-4b09-ac8c-04b748965285 tempest-AggregatesAdminTestJSON-248176316 tempest-AggregatesAdminTestJSON-248176316-project] Lock "a918a92d-e040-43fc-a398-fe8d7ce92a15" acquired by "nova.context.set_target_cell..get_or_set_cached_cell_and_set_connections" :: waited 0.000s {{(pid=130221) inner /usr/local/lib/python3.8/dist-packages/oslo_concurrency/lockutils.py:386}}
Mar 23 10:48:34.579817 n-d-828599-3 devstack@n-api.service[130220]: INFO nova.api.openstack.requestlog [None req-c807e482-582c-4141-ac25-95ef8de50beb tempest-HypervisorAdminNegativeUnderV252Test-981460760 tempest-HypervisorAdminNegativeUnderV252Test-981460760-project-admin] 10.222.0.31 "GET /compute/v2.1/os-hypervisors" status: 200 len: 191 microversion: 2.1 time: 0.813808
