Feb 09 21:24:20.446325 n-d-828598-1 devstack@placement-api.service[103722]: DEBUG placement.objects.resource_provider [req-af3adaac-1bc0-42c3-9657-a0cec2c442aa req-e76f49ca-d52c-4381-b434-9dab30988b69 service placement] Setting aggregates for provider 4327f6e3-78f4-4530-99d6-8418d48ae507. Successfully disassociated aggregate 7da80193-1f6e-46d1-8e83-e2ffbb3b3346. {{(pid=103722) _set_aggregates /opt/stack/placement/placement/objects/resource_provider.py:403}}
Feb 09 21:24:20.454898 n-d-828598-1 devstack@placement-api.service[103722]: INFO placement.requestlog [req-af3adaac-1bc0-42c3-9657-a0cec2c442aa req-e76f49ca-d52c-4381-b434-9dab30988b69 service placement] 10.222.0.47 "PUT /placement/resource_providers/4327f6e3-78f4-4530-99d6-8418d48ae507/aggregates" status: 200 len: 53 microversion: 1.19
Feb 09 21:24:20.455406 n-d-828598-1 devstack@placement-api.service[103722]: [pid: 103722|app: 0|req: 29/58] 10.222.0.47 () {64 vars in 1477 bytes} [Wed Feb 9 21:24:20 2022] PUT /placement/resource_providers/4327f6e3-78f4-4530-99d6-8418d48ae507/aggregates => generated 53 bytes in 24 msecs (HTTP/1.1 200) 8 headers in 295 bytes (2 switches on core 0)
Feb 09 21:24:21.195032 n-d-828598-1 devstack@placement-api.service[103721]: DEBUG placement.requestlog [None req-4e54d8af-aed2-4efd-b2c4-6c479a57b66a None None] Starting request: 10.222.0.47 "GET /placement/" {{(pid=103721) __call__ /opt/stack/placement/placement/requestlog.py:55}}
Feb 09 21:24:21.196081 n-d-828598-1 devstack@placement-api.service[103721]: INFO placement.requestlog [None req-4e54d8af-aed2-4efd-b2c4-6c479a57b66a None None] 10.222.0.47 "GET /placement/" status: 200 len: 136 microversion: 1.0
Feb 09 21:24:21.197428 n-d-828598-1 devstack@placement-api.service[103721]: [pid: 103721|app: 0|req: 30/59] 10.222.0.47 () {54 vars in 907 bytes} [Wed Feb 9 21:24:21 2022] GET /placement => generated 136 bytes in 3 msecs (HTTP/1.1 200) 6 headers in 224 bytes (1 switches on core 0)
Feb 09 21:24:21.211191 n-d-828598-1 devstack@placement-api.service[103722]: DEBUG placement.requestlog [req-8ba1dc3a-fa62-48d1-bac2-b445dc136e84 req-a13e4cbe-6604-4c2a-b5ec-4f18945760ec None None] Starting request: 10.222.0.47 "GET /placement/resource_providers?name=n-h1-828598-1" {{(pid=103722) __call__ /opt/stack/placement/placement/requestlog.py:55}}
Feb 09 21:24:21.360970 n-d-828598-1 devstack@placement-api.service[103722]: INFO placement.requestlog [req-8ba1dc3a-fa62-48d1-bac2-b445dc136e84 req-a13e4cbe-6604-4c2a-b5ec-4f18945760ec service placement] 10.222.0.47 "GET /placement/resource_providers?name=n-h1-828598-1" status: 200 len: 440 microversion: 1.0
Feb 09 21:24:21.362746 n-d-828598-1 devstack@placement-api.service[103722]: [pid: 103722|app: 0|req: 30/60] 10.222.0.47 () {58 vars in 1274 bytes} [Wed Feb 9 21:24:21 2022] GET /placement/resource_providers?name=n-h1-828598-1 => generated 440 bytes in 152 msecs (HTTP/1.1 200) 6 headers in 224 bytes (1 switches on core 0)
Feb 09 21:24:21.369878 n-d-828598-1 devstack@placement-api.service[103721]: DEBUG placement.requestlog [req-8ba1dc3a-fa62-48d1-bac2-b445dc136e84 req-7b826981-ad5a-45b7-b39c-ff0242dad374 None None] Starting request: 10.222.0.47 "GET /placement/resource_providers/4327f6e3-78f4-4530-99d6-8418d48ae507/aggregates" {{(pid=103721) __call__ /opt/stack/placement/placement/requestlog.py:55}}
Feb 09 21:24:21.401802 n-d-828598-1 devstack@placement-api.service[103721]: INFO placement.requestlog [req-8ba1dc3a-fa62-48d1-bac2-b445dc136e84 req-7b826981-ad5a-45b7-b39c-ff0242dad374 service placement] 10.222.0.47 "GET /placement/resource_providers/4327f6e3-78f4-4530-99d6-8418d48ae507/aggregates" status: 200 len: 53 microversion: 1.19
Feb 09 21:24:21.402187 n-d-828598-1 devstack@placement-api.service[103721]: [pid: 103721|app: 0|req: 31/61] 10.222.0.47 () {60 vars in 1425 bytes} [Wed Feb 9 21:24:21 2022] GET /placement/resource_providers/4327f6e3-78f4-4530-99d6-8418d48ae507/aggregates => generated 53 bytes in 33 msecs (HTTP/1.1 200) 8 headers in 295 bytes (1 switches on core 0)
Feb 09 21:24:21.410003 n-d-828598-1 devstack@placement-api.service[103722]: DEBUG placement.requestlog [req-8ba1dc3a-fa62-48d1-bac2-b445dc136e84 req-45d150f7-cce5-4ef0-ba3f-4b448caf865e None None] Starting request: 10.222.0.47 "PUT /placement/resource_providers/4327f6e3-78f4-4530-99d6-8418d48ae507/aggregates" {{(pid=103722) __call__ /opt/stack/placement/placement/requestlog.py:55}}
Feb 09 21:24:21.430652 n-d-828598-1 devstack@placement-api.service[103722]: DEBUG placement.objects.resource_provider [req-8ba1dc3a-fa62-48d1-bac2-b445dc136e84 req-45d150f7-cce5-4ef0-ba3f-4b448caf865e service placement] _ensure_aggregate() did not find aggregate f1a00567-51bf-4026-baa4-563bee6fb29b. Attempting to create it. {{(pid=103722) _ensure_aggregate /opt/stack/placement/placement/objects/resource_provider.py:320}}
Feb 09 21:24:21.432295 n-d-828598-1 devstack@placement-api.service[103722]: DEBUG placement.objects.resource_provider [req-8ba1dc3a-fa62-48d1-bac2-b445dc136e84 req-45d150f7-cce5-4ef0-ba3f-4b448caf865e service placement] _ensure_aggregate() created new aggregate f1a00567-51bf-4026-baa4-563bee6fb29b (id=3). {{(pid=103722) _ensure_aggregate /opt/stack/placement/placement/objects/resource_provider.py:326}}
Feb 09 21:24:21.434196 n-d-828598-1 devstack@placement-api.service[103722]: DEBUG placement.objects.resource_provider [req-8ba1dc3a-fa62-48d1-bac2-b445dc136e84 req-45d150f7-cce5-4ef0-ba3f-4b448caf865e service placement] Setting aggregates for provider 4327f6e3-78f4-4530-99d6-8418d48ae507. Successfully associated aggregate f1a00567-51bf-4026-baa4-563bee6fb29b. {{(pid=103722) _set_aggregates /opt/stack/placement/placement/objects/resource_provider.py:388}}
Feb 09 21:24:21.442752 n-d-828598-1 devstack@placement-api.service[103722]: INFO placement.requestlog [req-8ba1dc3a-fa62-48d1-bac2-b445dc136e84 req-45d150f7-cce5-4ef0-ba3f-4b448caf865e service placement] 10.222.0.47 "PUT /placement/resource_providers/4327f6e3-78f4-4530-99d6-8418d48ae507/aggregates" status: 200 len: 91 microversion: 1.19
Feb 09 21:24:21.443148 n-d-828598-1 devstack@placement-api.service[103722]: [pid: 103722|app: 0|req: 31/62] 10.222.0.47 () {64 vars in 1477 bytes} [Wed Feb 9 21:24:21 2022] PUT /placement/resource_providers/4327f6e3-78f4-4530-99d6-8418d48ae507/aggregates => generated 91 bytes in 33 msecs (HTTP/1.1 200) 8 headers in 295 bytes (2 switches on core 0)
Feb 09 21:24:21.537887 n-d-828598-1 devstack@placement-api.service[103721]: DEBUG placement.requestlog [req-5192caa1-8010-4dde-927f-3696b48d2fd7 req-995c0407-d032-4640-ae91-a833ef081fdc None None] Starting request: 10.222.0.47 "GET /placement/resource_providers?name=n-h1-828598-1" {{(pid=103721) __call__ /opt/stack/placement/placement/requestlog.py:55}}
Feb 09 21:24:21.554905 n-d-828598-1 devstack@placement-api.service[103721]: INFO placement.requestlog [req-5192caa1-8010-4dde-927f-3696b48d2fd7 req-995c0407-d032-4640-ae91-a833ef081fdc service placement] 10.222.0.47 "GET /placement/resource_providers?name=n-h1-828598-1" status: 200 len: 440 microversion: 1.0
Feb 09 21:24:21.555598 n-d-828598-1 devstack@placement-api.service[103721]: [pid: 103721|app: 0|req: 32/63] 10.222.0.47 () {58 vars in 1274 bytes} [Wed Feb 9 21:24:21 2022] GET /placement/resource_providers?name=n-h1-828598-1 => generated 440 bytes in 18 msecs (HTTP/1.1 200) 6 headers in 224 bytes (1 switches on core 0)
Feb 09 21:24:21.563942 n-d-828598-1 devstack@placement-api.service[103722]: DEBUG placement.requestlog [req-5192caa1-8010-4dde-927f-3696b48d2fd7 req-307086cf-dc36-4b6b-a73a-3e0faf832046 None None] Starting request: 10.222.0.47 "GET /placement/resource_providers/4327f6e3-78f4-4530-99d6-8418d48ae507/aggregates" {{(pid=103722) __call__ /opt/stack/placement/placement/requestlog.py:55}}
Feb 09 21:24:21.576091 n-d-828598-1 devstack@placement-api.service[103721]: DEBUG placement.requestlog [req-233f5569-c9cc-491d-96df-15d6d4520930 req-a76b2558-e9d7-4e76-8f0a-a8e3579da454 None None] Starting request: 10.222.0.105 "DELETE /placement/allocations/6e35633d-f19e-42e2-b17f-059e90c20a65" {{(pid=103721) __call__ /opt/stack/placement/placement/requestlog.py:55}}
Feb 09 21:24:21.579005 n-d-828598-1 devstack@placement-api.service[103722]: INFO placement.requestlog [req-5192caa1-8010-4dde-927f-3696b48d2fd7 req-307086cf-dc36-4b6b-a73a-3e0faf832046 service placement] 10.222.0.47 "GET /placement/resource_providers/4327f6e3-78f4-4530-99d6-8418d48ae507/aggregates" status: 200 len: 91 microversion: 1.19
Feb 09 21:24:21.579468 n-d-828598-1 devstack@placement-api.service[103722]: [pid: 103722|app: 0|req: 32/64] 10.222.0.47 () {60 vars in 1425 bytes} [Wed Feb 9 21:24:21 2022] GET /placement/resource_providers/4327f6e3-78f4-4530-99d6-8418d48ae507/aggregates => generated 91 bytes in 16 msecs (HTTP/1.1 200) 8 headers in 295 bytes (1 switches on core 0)
Feb 09 21:24:21.586203 n-d-828598-1 devstack@placement-api.service[103722]: DEBUG placement.requestlog [req-5192caa1-8010-4dde-927f-3696b48d2fd7 req-a68450b4-9de1-4d01-bed0-ba8c751d6460 None None] Starting request: 10.222.0.47 "PUT /placement/resource_providers/4327f6e3-78f4-4530-99d6-8418d48ae507/aggregates" {{(pid=103722) __call__ /opt/stack/placement/placement/requestlog.py:55}}
Feb 09 21:24:21.608958 n-d-828598-1 devstack@placement-api.service[103722]: DEBUG placement.objects.resource_provider [req-5192caa1-8010-4dde-927f-3696b48d2fd7 req-a68450b4-9de1-4d01-bed0-ba8c751d6460 service placement] Setting aggregates for provider 4327f6e3-78f4-4530-99d6-8418d48ae507. Successfully disassociated aggregate f1a00567-51bf-4026-baa4-563bee6fb29b. {{(pid=103722) _set_aggregates /opt/stack/placement/placement/objects/resource_provider.py:403}}
Feb 09 21:24:21.617126 n-d-828598-1 devstack@placement-api.service[103722]: INFO placement.requestlog [req-5192caa1-8010-4dde-927f-3696b48d2fd7 req-a68450b4-9de1-4d01-bed0-ba8c751d6460 service placement] 10.222.0.47 "PUT /placement/resource_providers/4327f6e3-78f4-4530-99d6-8418d48ae507/aggregates" status: 200 len: 54 microversion: 1.19
Feb 09 21:24:21.617841 n-d-828598-1 devstack@placement-api.service[103722]: [pid: 103722|app: 0|req: 33/65] 10.222.0.47 () {64 vars in 1477 bytes} [Wed Feb 9 21:24:21 2022] PUT /placement/resource_providers/4327f6e3-78f4-4530-99d6-8418d48ae507/aggregates => generated 54 bytes in 32 msecs (HTTP/1.1 200) 8 headers in 295 bytes (2 switches on core 0)
Feb 09 21:24:21.622790 n-d-828598-1 devstack@placement-api.service[103721]: DEBUG placement.handlers.allocation [req-233f5569-c9cc-491d-96df-15d6d4520930 req-a76b2558-e9d7-4e76-8f0a-a8e3579da454 service placement] Successfully deleted allocations [, , ] {{(pid=103721) delete_allocations /opt/stack/placement/placement/handlers/allocation.py:627}}
Feb 09 21:24:21.623347 n-d-828598-1 devstack@placement-api.service[103721]: INFO placement.requestlog [req-233f5569-c9cc-491d-96df-15d6d4520930 req-a76b2558-e9d7-4e76-8f0a-a8e3579da454 service placement] 10.222.0.105 "DELETE /placement/allocations/6e35633d-f19e-42e2-b17f-059e90c20a65" status: 204 len: 0 microversion: 1.0
Feb 09 21:24:21.623817 n-d-828598-1 devstack@placement-api.service[103721]: [pid: 103721|app: 0|req: 33/66] 10.222.0.105 () {60 vars in 1356 bytes} [Wed Feb 9 21:24:21 2022] DELETE /placement/allocations/6e35633d-f19e-42e2-b17f-059e90c20a65 => generated 0 bytes in 48 msecs (HTTP/1.1 204) 5 headers in 198 bytes (2 switches on core 0)
Feb 09 21:24:21.899536 n-d-828598-1 devstack@placement-api.service[103722]: DEBUG placement.requestlog [req-c7923691-5fd2-4425-b3bb-3039e360bb92 req-50f8e008-6023-4fd2-be0a-6c497e61bec0 None None] Starting request: 10.222.0.47 "GET /placement/resource_providers?name=n-h1-828598-1" {{(pid=103722) __call__ /opt/stack/placement/placement/requestlog.py:55}}
Feb 09 21:24:21.925745 n-d-828598-1 devstack@placement-api.service[103722]: INFO placement.requestlog [req-c7923691-5fd2-4425-b3bb-3039e360bb92 req-50f8e008-6023-4fd2-be0a-6c497e61bec0 service placement] 10.222.0.47 "GET /placement/resource_providers?name=n-h1-828598-1" status: 200 len: 441 microversion: 1.0
Feb 09 21:24:21.926864 n-d-828598-1 devstack@placement-api.service[103722]: [pid: 103722|app: 0|req: 34/67] 10.222.0.47 () {58 vars in 1274 bytes} [Wed Feb 9 21:24:21 2022] GET /placement/resource_providers?name=n-h1-828598-1 => generated 441 bytes in 28 msecs (HTTP/1.1 200) 6 headers in 224 bytes (1 switches on core 0)
Feb 09 21:24:21.943154 n-d-828598-1 devstack@placement-api.service[103721]: DEBUG placement.requestlog [req-c7923691-5fd2-4425-b3bb-3039e360bb92 req-7fb471bd-949d-4066-8339-b590a28331ce None None] Starting request: 10.222.0.47 "GET /placement/resource_providers/4327f6e3-78f4-4530-99d6-8418d48ae507/aggregates" {{(pid=103721) __call__ /opt/stack/placement/placement/requestlog.py:55}}
Feb 09 21:24:21.967697 n-d-828598-1 devstack@placement-api.service[103721]: INFO placement.requestlog [req-c7923691-5fd2-4425-b3bb-3039e360bb92 req-7fb471bd-949d-4066-8339-b590a28331ce service placement] 10.222.0.47 "GET /placement/resource_providers/4327f6e3-78f4-4530-99d6-8418d48ae507/aggregates" status: 200 len: 54 microversion: 1.19
Feb 09 21:24:21.968301 n-d-828598-1 devstack@placement-api.service[103721]: [pid: 103721|app: 0|req: 34/68] 10.222.0.47 () {60 vars in 1425 bytes} [Wed Feb 9 21:24:21 2022] GET /placement/resource_providers/4327f6e3-78f4-4530-99d6-8418d48ae507/aggregates => generated 54 bytes in 26 msecs (HTTP/1.1 200) 8 headers in 295 bytes (1 switches on core 0)
Feb 09 21:24:21.976396 n-d-828598-1 devstack@placement-api.service[103722]: DEBUG placement.requestlog [req-c7923691-5fd2-4425-b3bb-3039e360bb92 req-1f9d265e-2919-40b8-808f-69173e8f3dfd None None] Starting request: 10.222.0.47 "PUT /placement/resource_providers/4327f6e3-78f4-4530-99d6-8418d48ae507/aggregates" {{(pid=103722) __call__ /opt/stack/placement/placement/requestlog.py:55}}
Feb 09 21:24:22.003348 n-d-828598-1 devstack@placement-api.service[103722]: DEBUG placement.objects.resource_provider [req-c7923691-5fd2-4425-b3bb-3039e360bb92 req-1f9d265e-2919-40b8-808f-69173e8f3dfd service placement] _ensure_aggregate() did not find aggregate c22b9934-f17d-4756-9dd4-87841bd46654. Attempting to create it. {{(pid=103722) _ensure_aggregate /opt/stack/placement/placement/objects/resource_provider.py:320}}
Feb 09 21:24:22.005534 n-d-828598-1 devstack@placement-api.service[103722]: DEBUG placement.objects.resource_provider [req-c7923691-5fd2-4425-b3bb-3039e360bb92 req-1f9d265e-2919-40b8-808f-69173e8f3dfd service placement] _ensure_aggregate() created new aggregate c22b9934-f17d-4756-9dd4-87841bd46654 (id=4). {{(pid=103722) _ensure_aggregate /opt/stack/placement/placement/objects/resource_provider.py:326}}
Feb 09 21:24:22.007581 n-d-828598-1 devstack@placement-api.service[103722]: DEBUG placement.objects.resource_provider [req-c7923691-5fd2-4425-b3bb-3039e360bb92 req-1f9d265e-2919-40b8-808f-69173e8f3dfd service placement] Setting aggregates for provider 4327f6e3-78f4-4530-99d6-8418d48ae507. Successfully associated aggregate c22b9934-f17d-4756-9dd4-87841bd46654. {{(pid=103722) _set_aggregates /opt/stack/placement/placement/objects/resource_provider.py:388}}
Feb 09 21:24:22.018337 n-d-828598-1 devstack@placement-api.service[103722]: INFO placement.requestlog [req-c7923691-5fd2-4425-b3bb-3039e360bb92 req-1f9d265e-2919-40b8-808f-69173e8f3dfd service placement] 10.222.0.47 "PUT /placement/resource_providers/4327f6e3-78f4-4530-99d6-8418d48ae507/aggregates" status: 200 len: 92 microversion: 1.19
Feb 09 21:24:22.019707 n-d-828598-1 devstack@placement-api.service[103722]: [pid: 103722|app: 0|req: 35/69] 10.222.0.47 () {64 vars in 1477 bytes} [Wed Feb 9 21:24:21 2022] PUT /placement/resource_providers/4327f6e3-78f4-4530-99d6-8418d48ae507/aggregates => generated 92 bytes in 43 msecs (HTTP/1.1 200) 8 headers in 295 bytes (1 switches on core 0)
Feb 09 21:24:22.104251 n-d-828598-1 devstack@placement-api.service[103721]: DEBUG placement.requestlog [req-87c3a6d1-fc2b-456f-8a79-cffd3c459228 req-508e42d3-c023-487c-b0a8-6cfa56abff1b None None] Starting request: 10.222.0.47 "GET /placement/resource_providers?name=n-h1-828598-1" {{(pid=103721) __call__ /opt/stack/placement/placement/requestlog.py:55}}
Feb 09 21:24:22.119441 n-d-828598-1 devstack@placement-api.service[103721]: INFO placement.requestlog [req-87c3a6d1-fc2b-456f-8a79-cffd3c459228 req-508e42d3-c023-487c-b0a8-6cfa56abff1b service placement] 10.222.0.47 "GET /placement/resource_providers?name=n-h1-828598-1" status: 200 len: 441 microversion: 1.0
Feb 09 21:24:22.120413 n-d-828598-1 devstack@placement-api.service[103721]: [pid: 103721|app: 0|req: 35/70] 10.222.0.47 () {58 vars in 1274 bytes} [Wed Feb 9 21:24:22 2022] GET /placement/resource_providers?name=n-h1-828598-1 => generated 441 bytes in 16 msecs (HTTP/1.1 200) 6 headers in 224 bytes (1 switches on core 0)
Feb 09 21:24:22.126768 n-d-828598-1 devstack@placement-api.service[103722]: DEBUG placement.requestlog [req-87c3a6d1-fc2b-456f-8a79-cffd3c459228 req-ccf85afa-2ef8-4004-8474-011fb25645ac None None] Starting request: 10.222.0.47 "GET /placement/resource_providers/4327f6e3-78f4-4530-99d6-8418d48ae507/aggregates" {{(pid=103722) __call__ /opt/stack/placement/placement/requestlog.py:55}}
Feb 09 21:24:22.147493 n-d-828598-1 devstack@placement-api.service[103722]: INFO placement.requestlog [req-87c3a6d1-fc2b-456f-8a79-cffd3c459228 req-ccf85afa-2ef8-4004-8474-011fb25645ac service placement] 10.222.0.47 "GET /placement/resource_providers/4327f6e3-78f4-4530-99d6-8418d48ae507/aggregates" status: 200 len: 92 microversion: 1.19
Feb 09 21:24:22.148269 n-d-828598-1 devstack@placement-api.service[103722]: [pid: 103722|app: 0|req: 36/71] 10.222.0.47 () {60 vars in 1425 bytes} [Wed Feb 9 21:24:22 2022] GET /placement/resource_providers/4327f6e3-78f4-4530-99d6-8418d48ae507/aggregates => generated 92 bytes in 22 msecs (HTTP/1.1 200) 8 headers in 295 bytes (1 switches on core 0)
Feb 09 21:24:22.156136 n-d-828598-1 devstack@placement-api.service[103721]: DEBUG placement.requestlog [req-87c3a6d1-fc2b-456f-8a79-cffd3c459228 req-921bb934-e730-4021-8595-c9ccec67980c None None] Starting request: 10.222.0.47 "PUT /placement/resource_providers/4327f6e3-78f4-4530-99d6-8418d48ae507/aggregates" {{(pid=103721) __call__ /opt/stack/placement/placement/requestlog.py:55}}
Feb 09 21:24:22.173510 n-d-828598-1 devstack@placement-api.service[103721]: DEBUG placement.objects.resource_provider [req-87c3a6d1-fc2b-456f-8a79-cffd3c459228 req-921bb934-e730-4021-8595-c9ccec67980c service placement] Setting aggregates for provider 4327f6e3-78f4-4530-99d6-8418d48ae507. Successfully disassociated aggregate c22b9934-f17d-4756-9dd4-87841bd46654. {{(pid=103721) _set_aggregates /opt/stack/placement/placement/objects/resource_provider.py:403}}
Feb 09 21:24:22.188973 n-d-828598-1 devstack@placement-api.service[103721]: INFO placement.requestlog [req-87c3a6d1-fc2b-456f-8a79-cffd3c459228 req-921bb934-e730-4021-8595-c9ccec67980c service placement] 10.222.0.47 "PUT /placement/resource_providers/4327f6e3-78f4-4530-99d6-8418d48ae507/aggregates" status: 200 len: 54 microversion: 1.19
Feb 09 21:24:22.190851 n-d-828598-1 devstack@placement-api.service[103721]: [pid: 103721|app: 0|req: 36/72] 10.222.0.47 () {64 vars in 1477 bytes} [Wed Feb 9 21:24:22 2022] PUT /placement/resource_providers/4327f6e3-78f4-4530-99d6-8418d48ae507/aggregates => generated 54 bytes in 35 msecs (HTTP/1.1 200) 8 headers in 295 bytes (1 switches on core 0)
Feb 09 21:24:22.608162 n-d-828598-1 devstack@placement-api.service[103722]: DEBUG placement.requestlog [req-9ae7e383-8bbf-41d2-b2ec-aac1d884b061 req-130f1457-8fa1-4cb2-b7e2-eef8531bc83f None None] Starting request: 10.222.0.47 "GET /placement/allocation_candidates?limit=1000&resources=DISK_GB%3A1%2CMEMORY_MB%3A1024%2CVCPU%3A1&root_required=%21COMPUTE_STATUS_DISABLED" {{(pid=103722) __call__ /opt/stack/placement/placement/requestlog.py:55}}
Feb 09 21:24:22.646337 n-d-828598-1 devstack@placement-api.service[103722]: DEBUG placement.objects.research_context [req-9ae7e383-8bbf-41d2-b2ec-aac1d884b061 req-130f1457-8fa1-4cb2-b7e2-eef8531bc83f service placement] getting providers with 1 DISK_GB {{(pid=103722) __init__ /opt/stack/placement/placement/objects/research_context.py:126}}
Feb 09 21:24:22.652652 n-d-828598-1 devstack@placement-api.service[103722]: DEBUG placement.objects.research_context [req-9ae7e383-8bbf-41d2-b2ec-aac1d884b061 req-130f1457-8fa1-4cb2-b7e2-eef8531bc83f service placement] getting providers with 1024 MEMORY_MB {{(pid=103722) __init__ /opt/stack/placement/placement/objects/research_context.py:126}}
Feb 09 21:24:22.658416 n-d-828598-1 devstack@placement-api.service[103722]: DEBUG placement.objects.research_context [req-9ae7e383-8bbf-41d2-b2ec-aac1d884b061 req-130f1457-8fa1-4cb2-b7e2-eef8531bc83f service placement] getting providers with 1 VCPU {{(pid=103722) __init__ /opt/stack/placement/placement/objects/research_context.py:126}}
Feb 09 21:24:22.664092 n-d-828598-1 devstack@placement-api.service[103722]: DEBUG placement.objects.research_context [req-9ae7e383-8bbf-41d2-b2ec-aac1d884b061 req-130f1457-8fa1-4cb2-b7e2-eef8531bc83f service placement] found 2 providers with available 1 DISK_GB {{(pid=103722) get_provider_ids_matching /opt/stack/placement/placement/objects/research_context.py:549}}
Feb 09 21:24:22.664358 n-d-828598-1 devstack@placement-api.service[103722]: DEBUG placement.objects.research_context [req-9ae7e383-8bbf-41d2-b2ec-aac1d884b061 req-130f1457-8fa1-4cb2-b7e2-eef8531bc83f service placement] found 2 providers with available 1024 MEMORY_MB {{(pid=103722) get_provider_ids_matching /opt/stack/placement/placement/objects/research_context.py:549}}
Feb 09 21:24:22.664815 n-d-828598-1 devstack@placement-api.service[103722]: DEBUG placement.objects.research_context [req-9ae7e383-8bbf-41d2-b2ec-aac1d884b061 req-130f1457-8fa1-4cb2-b7e2-eef8531bc83f service placement] found 2 providers after filtering by previous result {{(pid=103722) get_provider_ids_matching /opt/stack/placement/placement/objects/research_context.py:580}}
Feb 09 21:24:22.665068 n-d-828598-1 devstack@placement-api.service[103722]: DEBUG placement.objects.research_context [req-9ae7e383-8bbf-41d2-b2ec-aac1d884b061 req-130f1457-8fa1-4cb2-b7e2-eef8531bc83f service placement] found 2 providers with available 1 VCPU {{(pid=103722) get_provider_ids_matching /opt/stack/placement/placement/objects/research_context.py:549}}
Feb 09 21:24:22.665321 n-d-828598-1 devstack@placement-api.service[103722]: DEBUG placement.objects.research_context [req-9ae7e383-8bbf-41d2-b2ec-aac1d884b061 req-130f1457-8fa1-4cb2-b7e2-eef8531bc83f service placement] found 2 providers after filtering by previous result {{(pid=103722) get_provider_ids_matching /opt/stack/placement/placement/objects/research_context.py:580}}
Feb 09 21:24:22.678280 n-d-828598-1 devstack@placement-api.service[103722]: DEBUG placement.objects.allocation_candidate [req-9ae7e383-8bbf-41d2-b2ec-aac1d884b061 req-130f1457-8fa1-4cb2-b7e2-eef8531bc83f service placement] RequestGroup(use_same_provider=False, resources={DISK_GB:1, MEMORY_MB:1024, VCPU:1}, traits=[], aggregates=[]) (suffix '') returned 2 matches {{(pid=103722) _get_by_requests /opt/stack/placement/placement/objects/allocation_candidate.py:145}}
Feb 09 21:24:22.678992 n-d-828598-1 devstack@placement-api.service[103722]: DEBUG placement.objects.allocation_candidate [req-9ae7e383-8bbf-41d2-b2ec-aac1d884b061 req-130f1457-8fa1-4cb2-b7e2-eef8531bc83f service placement] Merging candidates yields 2 allocation requests and 2 provider summaries {{(pid=103722) _merge_candidates /opt/stack/placement/placement/objects/allocation_candidate.py:783}}
Feb 09 21:24:22.681751 n-d-828598-1 devstack@placement-api.service[103722]: INFO placement.requestlog [req-9ae7e383-8bbf-41d2-b2ec-aac1d884b061 req-130f1457-8fa1-4cb2-b7e2-eef8531bc83f service placement] 10.222.0.47 "GET /placement/allocation_candidates?limit=1000&resources=DISK_GB%3A1%2CMEMORY_MB%3A1024%2CVCPU%3A1&root_required=%21COMPUTE_STATUS_DISABLED" status: 200 len: 1309 microversion: 1.36
Feb 09 21:24:22.682988 n-d-828598-1 devstack@placement-api.service[103722]: [pid: 103722|app: 0|req: 37/73] 10.222.0.47 () {60 vars in 1506 bytes} [Wed Feb 9 21:24:22 2022] GET /placement/allocation_candidates?limit=1000&resources=DISK_GB%3A1%2CMEMORY_MB%3A1024%2CVCPU%3A1&root_required=%21COMPUTE_STATUS_DISABLED => generated 1309 bytes in 75 msecs (HTTP/1.1 200) 8 headers in 297 bytes (1 switches on core 0)
Feb 09 21:24:22.744330 n-d-828598-1 devstack@placement-api.service[103721]: DEBUG placement.requestlog [req-9ae7e383-8bbf-41d2-b2ec-aac1d884b061 req-227cc6c8-c867-4ec1-9747-b22c15a11a7c None None] Starting request: 10.222.0.47 "GET /placement/allocations/791145be-e762-4c2c-b838-271d23a619fb" {{(pid=103721) __call__ /opt/stack/placement/placement/requestlog.py:55}}
Feb 09 21:24:22.765947 n-d-828598-1 devstack@placement-api.service[103722]: DEBUG placement.requestlog [req-d4d6c892-8539-4121-abec-ace4e9116219 req-5f01b76c-030e-465a-8c4c-10bc83962758 None None] Starting request: 10.222.0.47 "GET /placement/allocation_candidates?limit=1000&resources=DISK_GB%3A1%2CMEMORY_MB%3A1024%2CVCPU%3A1&root_required=%21COMPUTE_STATUS_DISABLED" {{(pid=103722) __call__ /opt/stack/placement/placement/requestlog.py:55}}
Feb 09 21:24:22.769222 n-d-828598-1 devstack@placement-api.service[103721]: INFO placement.requestlog [req-9ae7e383-8bbf-41d2-b2ec-aac1d884b061 req-227cc6c8-c867-4ec1-9747-b22c15a11a7c service placement] 10.222.0.47 "GET /placement/allocations/791145be-e762-4c2c-b838-271d23a619fb" status: 200 len: 19 microversion: 1.28
Feb 09 21:24:22.769619 n-d-828598-1 devstack@placement-api.service[103721]: [pid: 103721|app: 0|req: 37/74] 10.222.0.47 () {60 vars in 1380 bytes} [Wed Feb 9 21:24:22 2022] GET /placement/allocations/791145be-e762-4c2c-b838-271d23a619fb => generated 19 bytes in 26 msecs (HTTP/1.1 200) 8 headers in 295 bytes (1 switches on core 0)
Feb 09 21:24:22.777796 n-d-828598-1 devstack@placement-api.service[103721]: DEBUG placement.requestlog [req-9ae7e383-8bbf-41d2-b2ec-aac1d884b061 req-13b3d360-a4a1-41e4-97cb-a945f9f93239 None None] Starting request: 10.222.0.47 "PUT /placement/allocations/791145be-e762-4c2c-b838-271d23a619fb" {{(pid=103721) __call__ /opt/stack/placement/placement/requestlog.py:55}}
Feb 09 21:24:22.804013 n-d-828598-1 devstack@placement-api.service[103722]: DEBUG placement.objects.research_context [req-d4d6c892-8539-4121-abec-ace4e9116219 req-5f01b76c-030e-465a-8c4c-10bc83962758 service placement] getting providers with 1 DISK_GB {{(pid=103722) __init__ /opt/stack/placement/placement/objects/research_context.py:126}}
Feb 09 21:24:22.822755 n-d-828598-1 devstack@placement-api.service[103722]: DEBUG placement.objects.research_context [req-d4d6c892-8539-4121-abec-ace4e9116219 req-5f01b76c-030e-465a-8c4c-10bc83962758 service placement] getting providers with 1024 MEMORY_MB {{(pid=103722) __init__ /opt/stack/placement/placement/objects/research_context.py:126}}
Feb 09 21:24:22.842041 n-d-828598-1 devstack@placement-api.service[103722]: DEBUG placement.objects.research_context [req-d4d6c892-8539-4121-abec-ace4e9116219 req-5f01b76c-030e-465a-8c4c-10bc83962758 service placement] getting providers with 1 VCPU {{(pid=103722) __init__ /opt/stack/placement/placement/objects/research_context.py:126}}
Feb 09 21:24:22.849484 n-d-828598-1 devstack@placement-api.service[103722]: DEBUG placement.objects.research_context [req-d4d6c892-8539-4121-abec-ace4e9116219 req-5f01b76c-030e-465a-8c4c-10bc83962758 service placement] found 2 providers with available 1 DISK_GB {{(pid=103722) get_provider_ids_matching /opt/stack/placement/placement/objects/research_context.py:549}}
Feb 09 21:24:22.849843 n-d-828598-1 devstack@placement-api.service[103722]: DEBUG placement.objects.research_context [req-d4d6c892-8539-4121-abec-ace4e9116219 req-5f01b76c-030e-465a-8c4c-10bc83962758 service placement] found 2 providers with available 1024 MEMORY_MB {{(pid=103722) get_provider_ids_matching /opt/stack/placement/placement/objects/research_context.py:549}}
Feb 09 21:24:22.850219 n-d-828598-1 devstack@placement-api.service[103722]: DEBUG placement.objects.research_context [req-d4d6c892-8539-4121-abec-ace4e9116219 req-5f01b76c-030e-465a-8c4c-10bc83962758 service placement] found 2 providers after filtering by previous result {{(pid=103722) get_provider_ids_matching /opt/stack/placement/placement/objects/research_context.py:580}}
Feb 09 21:24:22.853519 n-d-828598-1 devstack@placement-api.service[103722]: DEBUG placement.objects.research_context [req-d4d6c892-8539-4121-abec-ace4e9116219 req-5f01b76c-030e-465a-8c4c-10bc83962758 service placement] found 2 providers with available 1 VCPU {{(pid=103722) get_provider_ids_matching /opt/stack/placement/placement/objects/research_context.py:549}}
Feb 09 21:24:22.853909 n-d-828598-1 devstack@placement-api.service[103722]: DEBUG placement.objects.research_context [req-d4d6c892-8539-4121-abec-ace4e9116219 req-5f01b76c-030e-465a-8c4c-10bc83962758 service placement] found 2 providers after filtering by previous result {{(pid=103722) get_provider_ids_matching /opt/stack/placement/placement/objects/research_context.py:580}}
Feb 09 21:24:22.880933 n-d-828598-1 devstack@placement-api.service[103721]: DEBUG placement.handlers.allocation [req-9ae7e383-8bbf-41d2-b2ec-aac1d884b061 req-13b3d360-a4a1-41e4-97cb-a945f9f93239 service placement] Successfully wrote allocations [, , ] {{(pid=103721) _update_consumers_and_create_allocations /opt/stack/placement/placement/handlers/allocation.py:462}}
Feb 09 21:24:22.894813 n-d-828598-1 devstack@placement-api.service[103722]: DEBUG placement.objects.allocation_candidate [req-d4d6c892-8539-4121-abec-ace4e9116219 req-5f01b76c-030e-465a-8c4c-10bc83962758 service placement] RequestGroup(use_same_provider=False, resources={DISK_GB:1, MEMORY_MB:1024, VCPU:1}, traits=[], aggregates=[]) (suffix '') returned 2 matches {{(pid=103722) _get_by_requests /opt/stack/placement/placement/objects/allocation_candidate.py:145}}
Feb 09 21:24:22.895225 n-d-828598-1 devstack@placement-api.service[103722]: DEBUG placement.objects.allocation_candidate [req-d4d6c892-8539-4121-abec-ace4e9116219 req-5f01b76c-030e-465a-8c4c-10bc83962758 service placement] Merging candidates yields 2 allocation requests and 2 provider summaries {{(pid=103722) _merge_candidates /opt/stack/placement/placement/objects/allocation_candidate.py:783}}
Feb 09 21:24:22.896569 n-d-828598-1 devstack@placement-api.service[103721]: INFO placement.requestlog [req-9ae7e383-8bbf-41d2-b2ec-aac1d884b061 req-13b3d360-a4a1-41e4-97cb-a945f9f93239 service placement] 10.222.0.47 "PUT /placement/allocations/791145be-e762-4c2c-b838-271d23a619fb" status: 204 len: 0 microversion: 1.36
Feb 09 21:24:22.901481 n-d-828598-1 devstack@placement-api.service[103722]: INFO placement.requestlog [req-d4d6c892-8539-4121-abec-ace4e9116219 req-5f01b76c-030e-465a-8c4c-10bc83962758 service placement] 10.222.0.47 "GET /placement/allocation_candidates?limit=1000&resources=DISK_GB%3A1%2CMEMORY_MB%3A1024%2CVCPU%3A1&root_required=%21COMPUTE_STATUS_DISABLED" status: 200 len: 1309 microversion: 1.36
Feb 09 21:24:22.901762 n-d-828598-1 devstack@placement-api.service[103722]: [pid: 103722|app: 0|req: 38/76] 10.222.0.47 () {60 vars in 1506 bytes} [Wed Feb 9 21:24:22 2022] GET /placement/allocation_candidates?limit=1000&resources=DISK_GB%3A1%2CMEMORY_MB%3A1024%2CVCPU%3A1&root_required=%21COMPUTE_STATUS_DISABLED => generated 1309 bytes in 136 msecs (HTTP/1.1 200) 8 headers in 297 bytes (2 switches on core 0)
Feb 09 21:24:22.919516 n-d-828598-1 devstack@placement-api.service[103721]: [pid: 103721|app: 0|req: 38/76] 10.222.0.47 () {64 vars in 1433 bytes} [Wed Feb 9 21:24:22 2022] PUT /placement/allocations/791145be-e762-4c2c-b838-271d23a619fb => generated 0 bytes in 120 msecs (HTTP/1.1 204) 5 headers in 199 bytes (1 switches on core 0)
Feb 09 21:24:22.990147 n-d-828598-1 devstack@placement-api.service[103722]: DEBUG placement.requestlog [req-d4d6c892-8539-4121-abec-ace4e9116219 req-cd2c30af-bd3a-4f99-9f5e-ffdf0e48f707 None None] Starting request: 10.222.0.47 "GET /placement/allocations/18d4b2fc-82e8-440f-98c6-d816c74b3576" {{(pid=103722) __call__ /opt/stack/placement/placement/requestlog.py:55}}
Feb 09 21:24:23.008990 n-d-828598-1 devstack@placement-api.service[103722]: INFO placement.requestlog [req-d4d6c892-8539-4121-abec-ace4e9116219 req-cd2c30af-bd3a-4f99-9f5e-ffdf0e48f707 service placement] 10.222.0.47 "GET /placement/allocations/18d4b2fc-82e8-440f-98c6-d816c74b3576" status: 200 len: 19 microversion: 1.28
Feb 09 21:24:23.009818 n-d-828598-1 devstack@placement-api.service[103722]: [pid: 103722|app: 0|req: 39/77] 10.222.0.47 () {60 vars in 1380 bytes} [Wed Feb 9 21:24:22 2022] GET /placement/allocations/18d4b2fc-82e8-440f-98c6-d816c74b3576 => generated 19 bytes in 20 msecs (HTTP/1.1 200) 8 headers in 295 bytes (1 switches on core 0)
Feb 09 21:24:23.018310 n-d-828598-1 devstack@placement-api.service[103721]: DEBUG placement.requestlog [req-d4d6c892-8539-4121-abec-ace4e9116219 req-5c226b19-c21d-4ddd-b5b1-9df85d0b0579 None None] Starting request: 10.222.0.47 "PUT /placement/allocations/18d4b2fc-82e8-440f-98c6-d816c74b3576" {{(pid=103721) __call__ /opt/stack/placement/placement/requestlog.py:55}}
Feb 09 21:24:23.175176 n-d-828598-1 devstack@placement-api.service[103721]: DEBUG placement.handlers.allocation [req-d4d6c892-8539-4121-abec-ace4e9116219 req-5c226b19-c21d-4ddd-b5b1-9df85d0b0579 service placement] Successfully wrote allocations [, , ] {{(pid=103721) _update_consumers_and_create_allocations /opt/stack/placement/placement/handlers/allocation.py:462}}
Feb 09 21:24:23.181077 n-d-828598-1 devstack@placement-api.service[103721]: INFO placement.requestlog [req-d4d6c892-8539-4121-abec-ace4e9116219 req-5c226b19-c21d-4ddd-b5b1-9df85d0b0579 service placement] 10.222.0.47 "PUT /placement/allocations/18d4b2fc-82e8-440f-98c6-d816c74b3576" status: 204 len: 0 microversion: 1.36
Feb 09 21:24:23.181557 n-d-828598-1 devstack@placement-api.service[103721]: [pid: 103721|app: 0|req: 39/78] 10.222.0.47 () {64 vars in 1433 bytes} [Wed Feb 9 21:24:23 2022] PUT /placement/allocations/18d4b2fc-82e8-440f-98c6-d816c74b3576 => generated 0 bytes in 164 msecs (HTTP/1.1 204) 5 headers in 199 bytes (2 switches on core 0)
Feb 09 21:24:23.370043 n-d-828598-1 devstack@placement-api.service[103722]: DEBUG placement.requestlog [req-9ae7e383-8bbf-41d2-b2ec-aac1d884b061 req-b98bd233-5751-4e59-b122-4ce8d8679fea None None] Starting request: 10.222.0.64 "GET /placement/allocations/791145be-e762-4c2c-b838-271d23a619fb" {{(pid=103722) __call__ /opt/stack/placement/placement/requestlog.py:55}}
Feb 09 21:24:23.399094 n-d-828598-1 devstack@placement-api.service[103722]: INFO placement.requestlog [req-9ae7e383-8bbf-41d2-b2ec-aac1d884b061 req-b98bd233-5751-4e59-b122-4ce8d8679fea service placement] 10.222.0.64 "GET /placement/allocations/791145be-e762-4c2c-b838-271d23a619fb" status: 200 len: 259 microversion: 1.28
Feb 09 21:24:23.400189 n-d-828598-1 devstack@placement-api.service[103722]: [pid: 103722|app: 0|req: 40/79] 10.222.0.64 () {60 vars in 1377 bytes} [Wed Feb 9 21:24:23 2022] GET /placement/allocations/791145be-e762-4c2c-b838-271d23a619fb => generated 259 bytes in 31 msecs (HTTP/1.1 200) 8 headers in 296 bytes (1 switches on core 0)
Feb 09 21:24:23.640688 n-d-828598-1 devstack@placement-api.service[103721]: DEBUG placement.requestlog [req-d4d6c892-8539-4121-abec-ace4e9116219 req-2f759b54-c68c-4f19-ac6d-d15ed2e28df8 None None] Starting request: 10.222.0.64 "GET /placement/allocations/18d4b2fc-82e8-440f-98c6-d816c74b3576" {{(pid=103721) __call__ /opt/stack/placement/placement/requestlog.py:55}}
Feb 09 21:24:23.659463 n-d-828598-1 devstack@placement-api.service[103721]: INFO placement.requestlog [req-d4d6c892-8539-4121-abec-ace4e9116219 req-2f759b54-c68c-4f19-ac6d-d15ed2e28df8 service placement] 10.222.0.64 "GET /placement/allocations/18d4b2fc-82e8-440f-98c6-d816c74b3576" status: 200 len: 259 microversion: 1.28
Feb 09 21:24:23.660025 n-d-828598-1 devstack@placement-api.service[103721]: [pid: 103721|app: 0|req: 40/80] 10.222.0.64 () {60 vars in 1377 bytes} [Wed Feb 9 21:24:23 2022] GET /placement/allocations/18d4b2fc-82e8-440f-98c6-d816c74b3576 => generated 259 bytes in 20 msecs (HTTP/1.1 200) 8 headers in 296 bytes (1 switches on core 0)
Feb 09 21:24:23.732849 n-d-828598-1 devstack@placement-api.service[103722]: DEBUG placement.requestlog [req-0309ed87-c38f-4737-8170-2f52356b730a req-3b43fee1-5c6d-4390-918c-e5c97abbdf30 None None] Starting request: 10.222.0.47 "GET /placement/resource_providers?name=n-h1-828598-1" {{(pid=103722) __call__ /opt/stack/placement/placement/requestlog.py:55}}
Feb 09 21:24:23.761250 n-d-828598-1 devstack@placement-api.service[103722]: INFO placement.requestlog [req-0309ed87-c38f-4737-8170-2f52356b730a req-3b43fee1-5c6d-4390-918c-e5c97abbdf30 service placement] 10.222.0.47 "GET /placement/resource_providers?name=n-h1-828598-1" status: 200 len: 441 microversion: 1.0
Feb 09 21:24:23.761749 n-d-828598-1 devstack@placement-api.service[103722]: [pid: 103722|app: 0|req: 41/81] 10.222.0.47 () {58 vars in 1274 bytes} [Wed Feb 9 21:24:23 2022] GET /placement/resource_providers?name=n-h1-828598-1 => generated 441 bytes in 33 msecs (HTTP/1.1 200) 6 headers in 224 bytes (1 switches on core 0)
Feb 09 21:24:23.769338 n-d-828598-1 devstack@placement-api.service[103721]: DEBUG placement.requestlog [req-0309ed87-c38f-4737-8170-2f52356b730a req-86cc0f99-826e-44b4-9558-9b13b90ba787 None None] Starting request: 10.222.0.47 "GET /placement/resource_providers/4327f6e3-78f4-4530-99d6-8418d48ae507/aggregates" {{(pid=103721) __call__ /opt/stack/placement/placement/requestlog.py:55}}
Feb 09 21:24:23.789580 n-d-828598-1 devstack@placement-api.service[103721]: INFO placement.requestlog [req-0309ed87-c38f-4737-8170-2f52356b730a req-86cc0f99-826e-44b4-9558-9b13b90ba787 service placement] 10.222.0.47 "GET /placement/resource_providers/4327f6e3-78f4-4530-99d6-8418d48ae507/aggregates" status: 200 len: 54 microversion: 1.19
Feb 09 21:24:23.795676 n-d-828598-1 devstack@placement-api.service[103721]: [pid: 103721|app: 0|req: 41/82] 10.222.0.47 () {60 vars in 1425 bytes} [Wed Feb 9 21:24:23 2022] GET /placement/resource_providers/4327f6e3-78f4-4530-99d6-8418d48ae507/aggregates => generated 54 bytes in 27 msecs (HTTP/1.1 200) 8 headers in 295 bytes (1 switches on core 0)
Feb 09 21:24:23.803640 n-d-828598-1 devstack@placement-api.service[103722]: DEBUG placement.requestlog [req-0309ed87-c38f-4737-8170-2f52356b730a req-3c0c5ab6-cf2d-429a-8c7e-063e3486d7e7 None None] Starting request: 10.222.0.47 "PUT /placement/resource_providers/4327f6e3-78f4-4530-99d6-8418d48ae507/aggregates" {{(pid=103722) __call__ /opt/stack/placement/placement/requestlog.py:55}}
Feb 09 21:24:23.832298 n-d-828598-1 devstack@placement-api.service[103722]: DEBUG placement.objects.resource_provider [req-0309ed87-c38f-4737-8170-2f52356b730a req-3c0c5ab6-cf2d-429a-8c7e-063e3486d7e7 service placement] _ensure_aggregate() did not find aggregate c3bc5ebe-7fa5-41b8-8f19-53e93e393054. Attempting to create it. {{(pid=103722) _ensure_aggregate /opt/stack/placement/placement/objects/resource_provider.py:320}}
Feb 09 21:24:23.834736 n-d-828598-1 devstack@placement-api.service[103722]: DEBUG placement.objects.resource_provider [req-0309ed87-c38f-4737-8170-2f52356b730a req-3c0c5ab6-cf2d-429a-8c7e-063e3486d7e7 service placement] _ensure_aggregate() created new aggregate c3bc5ebe-7fa5-41b8-8f19-53e93e393054 (id=5). {{(pid=103722) _ensure_aggregate /opt/stack/placement/placement/objects/resource_provider.py:326}}
Feb 09 21:24:23.837406 n-d-828598-1 devstack@placement-api.service[103722]: DEBUG placement.objects.resource_provider [req-0309ed87-c38f-4737-8170-2f52356b730a req-3c0c5ab6-cf2d-429a-8c7e-063e3486d7e7 service placement] Setting aggregates for provider 4327f6e3-78f4-4530-99d6-8418d48ae507. Successfully associated aggregate c3bc5ebe-7fa5-41b8-8f19-53e93e393054. {{(pid=103722) _set_aggregates /opt/stack/placement/placement/objects/resource_provider.py:388}}
Feb 09 21:24:23.846225 n-d-828598-1 devstack@placement-api.service[103722]: INFO placement.requestlog [req-0309ed87-c38f-4737-8170-2f52356b730a req-3c0c5ab6-cf2d-429a-8c7e-063e3486d7e7 service placement] 10.222.0.47 "PUT /placement/resource_providers/4327f6e3-78f4-4530-99d6-8418d48ae507/aggregates" status: 200 len: 92 microversion: 1.19
Feb 09 21:24:23.846811 n-d-828598-1 devstack@placement-api.service[103722]: [pid: 103722|app: 0|req: 42/83] 10.222.0.47 () {64 vars in 1477 bytes} [Wed Feb 9 21:24:23 2022] PUT /placement/resource_providers/4327f6e3-78f4-4530-99d6-8418d48ae507/aggregates => generated 92 bytes in 44 msecs (HTTP/1.1 200) 8 headers in 295 bytes (1 switches on core 0)
Feb 09 21:24:24.169232 n-d-828598-1 devstack@placement-api.service[103721]: DEBUG placement.requestlog [req-cca3f16a-71bb-4214-8124-e50e94151185 req-b63c86fa-64b7-4dc3-a146-2ef155e50631 None None] Starting request: 10.222.0.47 "GET /placement/resource_providers?name=n-h1-828598-1" {{(pid=103721) __call__ /opt/stack/placement/placement/requestlog.py:55}}
Feb 09 21:24:24.181443 n-d-828598-1 devstack@placement-api.service[103721]: INFO placement.requestlog [req-cca3f16a-71bb-4214-8124-e50e94151185 req-b63c86fa-64b7-4dc3-a146-2ef155e50631 service placement] 10.222.0.47 "GET /placement/resource_providers?name=n-h1-828598-1" status: 200 len: 441 microversion: 1.0
Feb 09 21:24:24.186526 n-d-828598-1 devstack@placement-api.service[103721]: [pid: 103721|app: 0|req: 42/84] 10.222.0.47 () {58 vars in 1274 bytes} [Wed Feb 9 21:24:24 2022] GET /placement/resource_providers?name=n-h1-828598-1 => generated 441 bytes in 18 msecs (HTTP/1.1 200) 6 headers in 224 bytes (1 switches on core 0)
Feb 09 21:24:24.195210 n-d-828598-1 devstack@placement-api.service[103722]: DEBUG placement.requestlog [req-cca3f16a-71bb-4214-8124-e50e94151185 req-36d011d6-c9ba-4b66-907d-8547e0ee1ec7 None None] Starting request: 10.222.0.47 "GET /placement/resource_providers/4327f6e3-78f4-4530-99d6-8418d48ae507/aggregates" {{(pid=103722) __call__ /opt/stack/placement/placement/requestlog.py:55}}
Feb 09 21:24:24.224984 n-d-828598-1 devstack@placement-api.service[103722]: INFO placement.requestlog [req-cca3f16a-71bb-4214-8124-e50e94151185 req-36d011d6-c9ba-4b66-907d-8547e0ee1ec7 service placement] 10.222.0.47 "GET /placement/resource_providers/4327f6e3-78f4-4530-99d6-8418d48ae507/aggregates" status: 200 len: 92 microversion: 1.19
Feb 09 21:24:24.225558 n-d-828598-1 devstack@placement-api.service[103722]: [pid: 103722|app: 0|req: 43/85] 10.222.0.47 () {60 vars in 1425 bytes} [Wed Feb 9 21:24:24 2022] GET /placement/resource_providers/4327f6e3-78f4-4530-99d6-8418d48ae507/aggregates => generated 92 bytes in 31 msecs (HTTP/1.1 200) 8 headers in 295 bytes (1 switches on core 0)
Feb 09 21:24:24.236337 n-d-828598-1 devstack@placement-api.service[103721]: DEBUG placement.requestlog [req-cca3f16a-71bb-4214-8124-e50e94151185 req-7505a8ce-5876-43c2-a14c-14703ea46be9 None None] Starting request: 10.222.0.47 "PUT /placement/resource_providers/4327f6e3-78f4-4530-99d6-8418d48ae507/aggregates" {{(pid=103721) __call__ /opt/stack/placement/placement/requestlog.py:55}}
Feb 09 21:24:24.277192 n-d-828598-1 devstack@placement-api.service[103721]: DEBUG placement.objects.resource_provider [req-cca3f16a-71bb-4214-8124-e50e94151185 req-7505a8ce-5876-43c2-a14c-14703ea46be9 service placement] Setting aggregates for provider 4327f6e3-78f4-4530-99d6-8418d48ae507. Successfully disassociated aggregate c3bc5ebe-7fa5-41b8-8f19-53e93e393054. {{(pid=103721) _set_aggregates /opt/stack/placement/placement/objects/resource_provider.py:403}}
Feb 09 21:24:24.286178 n-d-828598-1 devstack@placement-api.service[103721]: INFO placement.requestlog [req-cca3f16a-71bb-4214-8124-e50e94151185 req-7505a8ce-5876-43c2-a14c-14703ea46be9 service placement] 10.222.0.47 "PUT /placement/resource_providers/4327f6e3-78f4-4530-99d6-8418d48ae507/aggregates" status: 200 len: 54 microversion: 1.19
Feb 09 21:24:24.286710 n-d-828598-1 devstack@placement-api.service[103721]: [pid: 103721|app: 0|req: 43/86] 10.222.0.47 () {64 vars in 1477 bytes} [Wed Feb 9 21:24:24 2022] PUT /placement/resource_providers/4327f6e3-78f4-4530-99d6-8418d48ae507/aggregates => generated 54 bytes in 51 msecs (HTTP/1.1 200) 8 headers in 295 bytes (2 switches on core 0)
Feb 09 21:24:27.338952 n-d-828598-1 devstack@placement-api.service[103722]: DEBUG placement.requestlog [None req-9b345e1d-498e-4633-b7e3-7f3e43b89d54 None None] Starting request: 10.222.0.47 "GET /placement/" {{(pid=103722) __call__ /opt/stack/placement/placement/requestlog.py:55}}
Feb 09 21:24:27.341349 n-d-828598-1 devstack@placement-api.service[103722]: INFO placement.requestlog [None req-9b345e1d-498e-4633-b7e3-7f3e43b89d54 None None] 10.222.0.47 "GET /placement/" status: 200 len: 136 microversion: 1.0
Feb 09 21:24:27.344874 n-d-828598-1 devstack@placement-api.service[103722]: [pid: 103722|app: 0|req: 44/87] 10.222.0.47 () {54 vars in 907 bytes} [Wed Feb 9 21:24:27 2022] GET /placement => generated 136 bytes in 6 msecs (HTTP/1.1 200) 6 headers in 224 bytes (1 switches on core 0)
Feb 09 21:24:27.355380 n-d-828598-1 devstack@placement-api.service[103721]: DEBUG placement.requestlog [req-7f6b8cd8-653d-4c1c-a65a-0584964fbeb4 req-59c70184-8541-4e84-9d3c-bfc18f215218 None None] Starting request: 10.222.0.47 "GET /placement/resource_providers/93e60302-b174-4cdb-ab01-f63f6b8de2c2/traits" {{(pid=103721) __call__ /opt/stack/placement/placement/requestlog.py:55}}
Feb 09 21:24:27.805148 n-d-828598-1 devstack@placement-api.service[103721]: INFO placement.requestlog [req-7f6b8cd8-653d-4c1c-a65a-0584964fbeb4 req-59c70184-8541-4e84-9d3c-bfc18f215218 service placement] 10.222.0.47 "GET /placement/resource_providers/93e60302-b174-4cdb-ab01-f63f6b8de2c2/traits" status: 200 len: 211 microversion: 1.6
Feb 09 21:24:27.808258 n-d-828598-1 devstack@placement-api.service[103721]: [pid: 103721|app: 0|req: 44/88] 10.222.0.47 () {60 vars in 1412 bytes} [Wed Feb 9 21:24:27 2022] GET /placement/resource_providers/93e60302-b174-4cdb-ab01-f63f6b8de2c2/traits => generated 211 bytes in 453 msecs (HTTP/1.1 200) 6 headers in 224 bytes (1 switches on core 0)
Feb 09 21:24:29.561457 n-d-828598-1 devstack@placement-api.service[103722]: DEBUG placement.requestlog [None req-e7cfd436-7ef7-43d8-a303-12450c1cbbce None None] Starting request: 10.222.0.47 "GET /placement/" {{(pid=103722) __call__ /opt/stack/placement/placement/requestlog.py:55}}
Feb 09 21:24:29.563465 n-d-828598-1 devstack@placement-api.service[103722]: INFO placement.requestlog [None req-e7cfd436-7ef7-43d8-a303-12450c1cbbce None None] 10.222.0.47 "GET /placement/" status: 200 len: 136 microversion: 1.0
Feb 09 21:24:29.564286 n-d-828598-1 devstack@placement-api.service[103722]: [pid: 103722|app: 0|req: 45/89] 10.222.0.47 () {54 vars in 916 bytes} [Wed Feb 9 21:24:29 2022] GET /placement => generated 136 bytes in 3 msecs (HTTP/1.1 200) 6 headers in 224 bytes (1 switches on core 0)
Feb 09 21:24:29.580439 n-d-828598-1 devstack@placement-api.service[103721]: DEBUG placement.requestlog [req-7f6b8cd8-653d-4c1c-a65a-0584964fbeb4 req-9468d4cd-d81d-4170-9ed9-a10e5ba45fc7 None None] Starting request: 10.222.0.47 "GET /placement/allocations/7fedefbc-d2b5-4b0c-846a-50677db13b94" {{(pid=103721) __call__ /opt/stack/placement/placement/requestlog.py:55}}
Feb 09 21:24:30.013898 n-d-828598-1 devstack@placement-api.service[103721]: INFO placement.requestlog [req-7f6b8cd8-653d-4c1c-a65a-0584964fbeb4 req-9468d4cd-d81d-4170-9ed9-a10e5ba45fc7 service placement] 10.222.0.47 "GET /placement/allocations/7fedefbc-d2b5-4b0c-846a-50677db13b94" status: 200 len: 258 microversion: 1.28
Feb 09 21:24:30.021692 n-d-828598-1 devstack@placement-api.service[103722]: DEBUG placement.requestlog [req-7f6b8cd8-653d-4c1c-a65a-0584964fbeb4 req-97c57b69-68b2-4186-ac4c-6b2c015ecc66 None None] Starting request: 10.222.0.47 "GET /placement/allocations/7fedefbc-d2b5-4b0c-846a-50677db13b94" {{(pid=103722) __call__ /opt/stack/placement/placement/requestlog.py:55}}
Feb 09 21:24:30.022560 n-d-828598-1 devstack@placement-api.service[103721]: [pid: 103721|app: 0|req: 45/90] 10.222.0.47 () {60 vars in 1380 bytes} [Wed Feb 9 21:24:29 2022] GET /placement/allocations/7fedefbc-d2b5-4b0c-846a-50677db13b94 => generated 258 bytes in 443 msecs (HTTP/1.1 200) 8 headers in 296 bytes (1 switches on core 0)
Feb 09 21:24:30.050786 n-d-828598-1 devstack@placement-api.service[103722]: INFO placement.requestlog [req-7f6b8cd8-653d-4c1c-a65a-0584964fbeb4 req-97c57b69-68b2-4186-ac4c-6b2c015ecc66 service placement] 10.222.0.47 "GET /placement/allocations/7fedefbc-d2b5-4b0c-846a-50677db13b94" status: 200 len: 258 microversion: 1.28
Feb 09 21:24:30.051082 n-d-828598-1 devstack@placement-api.service[103722]: [pid: 103722|app: 0|req: 46/91] 10.222.0.47 () {60 vars in 1380 bytes} [Wed Feb 9 21:24:30 2022] GET /placement/allocations/7fedefbc-d2b5-4b0c-846a-50677db13b94 => generated 258 bytes in 30 msecs (HTTP/1.1 200) 8 headers in 296 bytes (1 switches on core 0)
Feb 09 21:24:30.057205 n-d-828598-1 devstack@placement-api.service[103721]: DEBUG placement.requestlog [req-7f6b8cd8-653d-4c1c-a65a-0584964fbeb4 req-5a950669-95ff-429c-9ab8-33eb33658fc5 None None] Starting request: 10.222.0.47 "GET /placement/allocations/9db7a153-e3c9-46d3-a208-c32986495b6b" {{(pid=103721) __call__ /opt/stack/placement/placement/requestlog.py:55}}
Feb 09 21:24:30.092684 n-d-828598-1 devstack@placement-api.service[103721]: INFO placement.requestlog [req-7f6b8cd8-653d-4c1c-a65a-0584964fbeb4 req-5a950669-95ff-429c-9ab8-33eb33658fc5 service placement] 10.222.0.47 "GET /placement/allocations/9db7a153-e3c9-46d3-a208-c32986495b6b" status: 200 len: 19 microversion: 1.28
Feb 09 21:24:30.099448 n-d-828598-1 devstack@placement-api.service[103722]: DEBUG placement.requestlog [req-7f6b8cd8-653d-4c1c-a65a-0584964fbeb4 req-69e65060-5101-46ea-9088-30e0009f95b5 None None] Starting request: 10.222.0.47 "POST /placement/allocations" {{(pid=103722) __call__ /opt/stack/placement/placement/requestlog.py:55}}
