Feb 09 16:36:46.665651 n-d-828570-1 neutron-server[103196]: DEBUG neutron.plugins.ml2.rpc [None req-a26c5251-2cd6-4e1b-afa8-4e712dc0c374 None None] Device eb294f9a-fc7d-4603-832d-8b16502c314c details requested by agent hyperv_n-h2-828570-1 with host n-h2-828570-1 {{(pid=103196) get_device_details /opt/stack/neutron/neutron/plugins/ml2/rpc.py:102}}
Feb 09 16:36:46.684377 n-d-828570-1 neutron-server[103194]: INFO neutron.wsgi [req-222c3f32-1e35-4b89-afd9-d10d8eb97331 req-3b6ed1de-39f9-41c6-be55-01c9189086af service neutron] 10.222.0.95 "GET /v2.0/networks/34439f36-1ee2-494f-9522-480f650f9b27?fields=segments HTTP/1.1" status: 200 len: 212 time: 0.1705096
Feb 09 16:36:46.835945 n-d-828570-1 neutron-server[103196]: DEBUG neutron.plugins.ml2.db [None req-a26c5251-2cd6-4e1b-afa8-4e712dc0c374 None None] For port eb294f9a-fc7d-4603-832d-8b16502c314c, host n-h2-828570-1, got binding levels [PortBindingLevel(driver='hyperv',host='n-h2-828570-1',level=0,port_id=eb294f9a-fc7d-4603-832d-8b16502c314c,segment=NetworkSegment(c3ec693c-5981-4017-8280-bd90c9343066),segment_id=c3ec693c-5981-4017-8280-bd90c9343066)] {{(pid=103196) get_binding_level_objs /opt/stack/neutron/neutron/plugins/ml2/db.py:74}}
Feb 09 16:36:46.860689 n-d-828570-1 neutron-server[103196]: DEBUG neutron.plugins.ml2.rpc [None req-a26c5251-2cd6-4e1b-afa8-4e712dc0c374 None None] Returning: {'device': 'eb294f9a-fc7d-4603-832d-8b16502c314c', 'network_id': 'e8d421b0-3507-4082-9d4a-0d97dd5470c1', 'port_id': 'eb294f9a-fc7d-4603-832d-8b16502c314c', 'mac_address': 'fa:16:3e:bc:c7:6d', 'admin_state_up': True, 'network_type': 'vlan', 'segmentation_id': 438, 'physical_network': 'physnet1', 'mtu': 1500, 'fixed_ips': [{'subnet_id': '64e1127b-5e73-4c58-ac2a-31820c78ac9d', 'ip_address': '192.168.233.216'}], 'device_owner': 'compute:tempest-test_az-375717616', 'allowed_address_pairs': [], 'port_security_enabled': True, 'qos_policy_id': None, 'network_qos_policy_id': None, 'profile': {}, 'propagate_uplink_status': False} {{(pid=103196) _get_device_details /opt/stack/neutron/neutron/plugins/ml2/rpc.py:184}}
Feb 09 16:36:46.888020 n-d-828570-1 neutron-server[103194]: INFO neutron.wsgi [req-222c3f32-1e35-4b89-afd9-d10d8eb97331 req-089542a0-750d-4f24-8f9d-7b6ddb69a88a service neutron] 10.222.0.95 "GET /v2.0/networks/34439f36-1ee2-494f-9522-480f650f9b27?fields=provider%3Aphysical_network&fields=provider%3Anetwork_type HTTP/1.1" status: 200 len: 281 time: 0.1962430
Feb 09 16:36:46.949439 n-d-828570-1 neutron-server[103196]: DEBUG neutron.plugins.ml2.plugin [None req-a26c5251-2cd6-4e1b-afa8-4e712dc0c374 None None] Current status of the port eb294f9a-fc7d-4603-832d-8b16502c314c is: DOWN; New status is: BUILD {{(pid=103196) _update_individual_port_db_status /opt/stack/neutron/neutron/plugins/ml2/plugin.py:2232}}
Feb 09 16:36:46.950125 n-d-828570-1 neutron-server[103196]: DEBUG neutron_lib.callbacks.manager [None req-a26c5251-2cd6-4e1b-afa8-4e712dc0c374 None None] Publish callbacks ['neutron.plugins.ml2.plugin.SecurityGroupDbMixin._ensure_default_security_group_handler-1963157'] for port (eb294f9a-fc7d-4603-832d-8b16502c314c), before_update {{(pid=103196) _notify_loop /usr/local/lib/python3.8/dist-packages/neutron_lib/callbacks/manager.py:176}}
Feb 09 16:36:46.974368 n-d-828570-1 neutron-server[103196]: DEBUG neutron.notifiers.nova [None req-a26c5251-2cd6-4e1b-afa8-4e712dc0c374 None None] Ignoring state change previous_port_status: DOWN current_port_status: BUILD port_id eb294f9a-fc7d-4603-832d-8b16502c314c {{(pid=103196) record_port_status_changed /opt/stack/neutron/neutron/notifiers/nova.py:233}}
Feb 09 16:36:47.009880 n-d-828570-1 neutron-server[103196]: DEBUG neutron.plugins.ml2.db [None req-a26c5251-2cd6-4e1b-afa8-4e712dc0c374 None None] For port eb294f9a-fc7d-4603-832d-8b16502c314c, host n-h2-828570-1, got binding levels [PortBindingLevel(driver='hyperv',host='n-h2-828570-1',level=0,port_id=eb294f9a-fc7d-4603-832d-8b16502c314c,segment=NetworkSegment(c3ec693c-5981-4017-8280-bd90c9343066),segment_id=c3ec693c-5981-4017-8280-bd90c9343066)] {{(pid=103196) get_binding_level_objs /opt/stack/neutron/neutron/plugins/ml2/db.py:74}}
Feb 09 16:36:47.016357 n-d-828570-1 neutron-server[103196]: DEBUG neutron_lib.callbacks.manager [None req-a26c5251-2cd6-4e1b-afa8-4e712dc0c374 None None] Publish callbacks ['neutron.plugins.ml2.plugin.SecurityGroupServerNotifierRpcMixin._notify_sg_on_port_change-1963065', 'neutron.plugins.ml2.ovo_rpc._ObjectChangeHandler.handle_event-43264', 'neutron.api.rpc.agentnotifiers.dhcp_rpc_agent_api.DhcpAgentNotifyAPI._native_event_send_dhcp_notification-573334', 'neutron.db.l3_db.L3RpcNotifierMixin._notify_gateway_port_ip_changed-8755908272141', 'neutron.db.l3_dvrscheduler_db._notify_l3_agent_port_update-8755907737299', 'neutron.db.l3_hascheduler_db._notify_l3_agent_ha_port_update-8755907737317'] for port (eb294f9a-fc7d-4603-832d-8b16502c314c), after_update {{(pid=103196) _notify_loop /usr/local/lib/python3.8/dist-packages/neutron_lib/callbacks/manager.py:176}}
Feb 09 16:36:47.087692 n-d-828570-1 neutron-server[103194]: DEBUG neutron.pecan_wsgi.hooks.policy_enforcement [req-c9a19980-92ad-49c0-a742-c3aa4311cfb1 req-486d194a-7de4-4b08-ba39-3d7c67a9b703 tempest-ImagesTestJSON-1656455449 tempest-ImagesTestJSON-1656455449-project] Attributes excluded by policy engine: ['standard_attr_id', 'binding:profile', 'binding:host_id', 'binding:vif_type', 'binding:vif_details'] {{(pid=103194) _exclude_attributes_by_policy /opt/stack/neutron/neutron/pecan_wsgi/hooks/policy_enforcement.py:255}}
Feb 09 16:36:47.088529 n-d-828570-1 neutron-server[103196]: DEBUG neutron.api.rpc.handlers.resources_rpc [None req-a26c5251-2cd6-4e1b-afa8-4e712dc0c374 None None] Pushing event updated for resources: {'Port': ['ID=eb294f9a-fc7d-4603-832d-8b16502c314c,revision_number=4']} {{(pid=103196) push /opt/stack/neutron/neutron/api/rpc/handlers/resources_rpc.py:237}}
Feb 09 16:36:47.090693 n-d-828570-1 neutron-server[103194]: INFO neutron.wsgi [req-c9a19980-92ad-49c0-a742-c3aa4311cfb1 req-486d194a-7de4-4b08-ba39-3d7c67a9b703 tempest-ImagesTestJSON-1656455449 tempest-ImagesTestJSON-1656455449-project] 10.222.0.115 "GET /v2.0/ports?device_id=fa6d7fab-f8e2-4f8e-89a1-bd6facc7368d HTTP/1.1" status: 200 len: 945 time: 0.1611600
Feb 09 16:36:47.120702 n-d-828570-1 neutron-server[103194]: DEBUG neutron.pecan_wsgi.hooks.policy_enforcement [req-fb516313-95a5-46e3-9ea2-d4d127bb1c42 req-91f46504-9995-4092-ae96-00a1cc719801 service neutron] Attributes excluded by policy engine: ['standard_attr_id'] {{(pid=103194) _exclude_attributes_by_policy /opt/stack/neutron/neutron/pecan_wsgi/hooks/policy_enforcement.py:255}}
Feb 09 16:36:47.125300 n-d-828570-1 neutron-server[103194]: INFO neutron.wsgi [req-fb516313-95a5-46e3-9ea2-d4d127bb1c42 req-91f46504-9995-4092-ae96-00a1cc719801 service neutron] 10.222.0.95 "GET /v2.0/ports?tenant_id=566e415d263e43f5b63af2b735d312d2&device_id=6cff2175-9d2c-4ce2-bc1e-6f6086e35597 HTTP/1.1" status: 200 len: 1125 time: 0.1435409
Feb 09 16:36:47.233863 n-d-828570-1 neutron-server[103196]: DEBUG neutron.plugins.ml2.db [None req-a26c5251-2cd6-4e1b-afa8-4e712dc0c374 None None] get_ports_and_sgs() called for port_ids ['eb294f9a-fc7d-4603-832d-8b16502c314c'] {{(pid=103196) get_ports_and_sgs /opt/stack/neutron/neutron/plugins/ml2/db.py:156}}
Feb 09 16:36:47.294519 n-d-828570-1 neutron-server[103194]: INFO neutron.wsgi [req-c9a19980-92ad-49c0-a742-c3aa4311cfb1 req-4b27c5af-2f83-462c-bc4e-143f1d0089a9 tempest-ImagesTestJSON-1656455449 tempest-ImagesTestJSON-1656455449-project] 10.222.0.115 "GET /v2.0/security-groups?id=621270ec-4100-44cf-a131-2bc7439090e8&fields=id&fields=name HTTP/1.1" status: 200 len: 286 time: 0.1956661
Feb 09 16:36:47.386148 n-d-828570-1 neutron-server[103194]: DEBUG neutron.pecan_wsgi.hooks.policy_enforcement [req-fb516313-95a5-46e3-9ea2-d4d127bb1c42 req-c2b2de2b-4ea3-4bb0-97b8-fdaa6b9fab26 service neutron] Attributes excluded by policy engine: ['standard_attr_id', 'vlan_transparent'] {{(pid=103194) _exclude_attributes_by_policy /opt/stack/neutron/neutron/pecan_wsgi/hooks/policy_enforcement.py:255}}
Feb 09 16:36:47.389641 n-d-828570-1 neutron-server[103194]: INFO neutron.wsgi [req-fb516313-95a5-46e3-9ea2-d4d127bb1c42 req-c2b2de2b-4ea3-4bb0-97b8-fdaa6b9fab26 service neutron] 10.222.0.95 "GET /v2.0/networks?id=34439f36-1ee2-494f-9522-480f650f9b27 HTTP/1.1" status: 200 len: 921 time: 0.2512312
Feb 09 16:36:47.541325 n-d-828570-1 neutron-server[103194]: INFO neutron.wsgi [req-fb516313-95a5-46e3-9ea2-d4d127bb1c42 req-0a3797d2-3800-489c-add8-7dd582e89fc2 service neutron] 10.222.0.95 "GET /v2.0/floatingips?fixed_ip_address=172.20.0.8&port_id=3dcac538-8d17-4034-85f0-ba5b9c9b4852 HTTP/1.1" status: 200 len: 217 time: 0.1454198
Feb 09 16:36:47.580610 n-d-828570-1 neutron-server[103195]: DEBUG neutron.wsgi [-] (103195) accepted ('10.222.0.115', 50690) {{(pid=103195) server /usr/local/lib/python3.8/dist-packages/eventlet/wsgi.py:1004}}
Feb 09 16:36:47.655112 n-d-828570-1 neutron-server[103194]: DEBUG neutron.pecan_wsgi.hooks.policy_enforcement [req-fb516313-95a5-46e3-9ea2-d4d127bb1c42 req-4b71f0c8-3522-42f5-b5d3-3b450b09d7a3 service neutron] Attributes excluded by policy engine: ['standard_attr_id', 'shared'] {{(pid=103194) _exclude_attributes_by_policy /opt/stack/neutron/neutron/pecan_wsgi/hooks/policy_enforcement.py:255}}
Feb 09 16:36:47.659389 n-d-828570-1 neutron-server[103194]: INFO neutron.wsgi [req-fb516313-95a5-46e3-9ea2-d4d127bb1c42 req-4b71f0c8-3522-42f5-b5d3-3b450b09d7a3 service neutron] 10.222.0.95 "GET /v2.0/subnets?id=b68a802c-e942-4cb6-8764-0bcfaa251255 HTTP/1.1" status: 200 len: 860 time: 0.1084957
Feb 09 16:36:47.708416 n-d-828570-1 neutron-server[103194]: INFO neutron.wsgi [req-fb516313-95a5-46e3-9ea2-d4d127bb1c42 req-71f72dc9-711e-4ced-8355-57a5438ed30c service neutron] 10.222.0.95 "GET /v2.0/ports?network_id=34439f36-1ee2-494f-9522-480f650f9b27&device_owner=network%3Adhcp HTTP/1.1" status: 200 len: 210 time: 0.0374768
Feb 09 16:36:47.723694 n-d-828570-1 neutron-server[103194]: DEBUG neutron.pecan_wsgi.hooks.policy_enforcement [req-a399a23e-cd7f-495d-952a-66030bef1f51 req-9be1eb32-8fce-4932-95c9-0cb8e405bc97 tempest-LiveMigrationNegativeTest-1760763556 tempest-LiveMigrationNegativeTest-1760763556-project] Attributes excluded by policy engine: ['standard_attr_id', 'binding:profile', 'binding:host_id', 'binding:vif_type', 'binding:vif_details'] {{(pid=103194) _exclude_attributes_by_policy /opt/stack/neutron/neutron/pecan_wsgi/hooks/policy_enforcement.py:255}}
Feb 09 16:36:47.726338 n-d-828570-1 neutron-server[103194]: INFO neutron.wsgi [req-a399a23e-cd7f-495d-952a-66030bef1f51 req-9be1eb32-8fce-4932-95c9-0cb8e405bc97 tempest-LiveMigrationNegativeTest-1760763556 tempest-LiveMigrationNegativeTest-1760763556-project] 10.222.0.115 "GET /v2.0/ports?device_id=134cb52c-17d4-4d53-b2a7-312ae1938f75 HTTP/1.1" status: 200 len: 970 time: 0.1595354
Feb 09 16:36:47.784282 n-d-828570-1 neutron-server[103195]: DEBUG neutron_lib.callbacks.manager [None req-33205e73-1ba3-46dc-8371-c582df5075bc admin admin] Publish callbacks [] for security_group (None), before_create {{(pid=103195) _notify_loop /usr/local/lib/python3.8/dist-packages/neutron_lib/callbacks/manager.py:176}}
Feb 09 16:36:47.913197 n-d-828570-1 neutron-server[103195]: DEBUG neutron_lib.callbacks.manager [None req-33205e73-1ba3-46dc-8371-c582df5075bc admin admin] Publish callbacks [] for security_group (cf09fffd-347a-4b50-86fb-4ed6f5e9018e), precommit_create {{(pid=103195) _notify_loop /usr/local/lib/python3.8/dist-packages/neutron_lib/callbacks/manager.py:176}}
Feb 09 16:36:47.920140 n-d-828570-1 neutron-server[103195]: DEBUG neutron_lib.callbacks.manager [None req-33205e73-1ba3-46dc-8371-c582df5075bc admin admin] Publish callbacks ['neutron.plugins.ml2.ovo_rpc._ObjectChangeHandler.handle_event-556257'] for security_group (cf09fffd-347a-4b50-86fb-4ed6f5e9018e), after_create {{(pid=103195) _notify_loop /usr/local/lib/python3.8/dist-packages/neutron_lib/callbacks/manager.py:176}}
Feb 09 16:36:47.921558 n-d-828570-1 neutron-server[103194]: INFO neutron.wsgi [req-a399a23e-cd7f-495d-952a-66030bef1f51 req-52d7b2f7-c1ac-41b2-8657-dbcfc2c447b7 tempest-LiveMigrationNegativeTest-1760763556 tempest-LiveMigrationNegativeTest-1760763556-project] 10.222.0.115 "GET /v2.0/security-groups?id=c01052fd-815d-4039-ae00-c3e756012011&fields=id&fields=name HTTP/1.1" status: 200 len: 286 time: 0.1782756
Feb 09 16:36:47.950854 n-d-828570-1 neutron-server[103194]: INFO neutron.wsgi [req-fb516313-95a5-46e3-9ea2-d4d127bb1c42 req-198524a0-0421-4521-aa4f-0276a1ffdb34 service neutron] 10.222.0.95 "GET /v2.0/networks/34439f36-1ee2-494f-9522-480f650f9b27?fields=segments HTTP/1.1" status: 200 len: 212 time: 0.2227225
Feb 09 16:36:48.026602 n-d-828570-1 neutron-server[103195]: DEBUG neutron.api.rpc.handlers.resources_rpc [None req-33205e73-1ba3-46dc-8371-c582df5075bc admin admin] Pushing event updated for resources: {'SecurityGroup': ['ID=cf09fffd-347a-4b50-86fb-4ed6f5e9018e,revision_number=1']} {{(pid=103195) push /opt/stack/neutron/neutron/api/rpc/handlers/resources_rpc.py:237}}
Feb 09 16:36:48.038751 n-d-828570-1 neutron-server[103195]: INFO neutron.wsgi [None req-33205e73-1ba3-46dc-8371-c582df5075bc admin admin] 10.222.0.115 "GET /v2.0/security-groups?tenant_id=f3d8a31961a647958411041a7b9248c9&name=default HTTP/1.1" status: 200 len: 2996 time: 0.4515657
Feb 09 16:36:48.038751 n-d-828570-1 neutron-server[103195]: DEBUG neutron.wsgi [-] (103195) accepted ('10.222.0.115', 50698) {{(pid=103195) server /usr/local/lib/python3.8/dist-packages/eventlet/wsgi.py:1004}}
Feb 09 16:36:48.170375 n-d-828570-1 neutron-server[103195]: DEBUG neutron_lib.callbacks.manager [None req-eac2ee7b-1790-4f4c-8480-c462ae36165a admin admin] Publish callbacks [] for security_group (cf09fffd-347a-4b50-86fb-4ed6f5e9018e), before_delete {{(pid=103195) _notify_loop /usr/local/lib/python3.8/dist-packages/neutron_lib/callbacks/manager.py:176}}
Feb 09 16:36:48.196524 n-d-828570-1 neutron-server[103194]: INFO neutron.wsgi [req-fb516313-95a5-46e3-9ea2-d4d127bb1c42 req-89e405c5-7e66-43ec-8f9b-08419aef8080 service neutron] 10.222.0.95 "GET /v2.0/networks/34439f36-1ee2-494f-9522-480f650f9b27?fields=provider%3Aphysical_network&fields=provider%3Anetwork_type HTTP/1.1" status: 200 len: 281 time: 0.2389338
Feb 09 16:36:48.248924 n-d-828570-1 neutron-server[103195]: DEBUG neutron_lib.callbacks.manager [None req-eac2ee7b-1790-4f4c-8480-c462ae36165a admin admin] Publish callbacks [] for security_group (cf09fffd-347a-4b50-86fb-4ed6f5e9018e), precommit_delete {{(pid=103195) _notify_loop /usr/local/lib/python3.8/dist-packages/neutron_lib/callbacks/manager.py:176}}
Feb 09 16:36:48.323395 n-d-828570-1 neutron-server[103195]: DEBUG neutron.pecan_wsgi.hooks.policy_enforcement [req-feb742f4-4ea0-4051-8dcf-1b17eabe5128 req-e336cbbc-c945-4e67-83f2-8e2c86a37ded tempest-LiveAutoBlockMigrationV225Test-362161209 tempest-LiveAutoBlockMigrationV225Test-362161209-project] Attributes excluded by policy engine: ['standard_attr_id', 'binding:profile', 'binding:host_id', 'binding:vif_type', 'binding:vif_details'] {{(pid=103195) _exclude_attributes_by_policy /opt/stack/neutron/neutron/pecan_wsgi/hooks/policy_enforcement.py:255}}
Feb 09 16:36:48.325887 n-d-828570-1 neutron-server[103195]: INFO neutron.wsgi [req-feb742f4-4ea0-4051-8dcf-1b17eabe5128 req-e336cbbc-c945-4e67-83f2-8e2c86a37ded tempest-LiveAutoBlockMigrationV225Test-362161209 tempest-LiveAutoBlockMigrationV225Test-362161209-project] 10.222.0.115 "GET /v2.0/ports?device_id=6cff2175-9d2c-4ce2-bc1e-6f6086e35597 HTTP/1.1" status: 200 len: 943 time: 0.1293178
Feb 09 16:36:48.362338 n-d-828570-1 neutron-server[103195]: DEBUG neutron_lib.callbacks.manager [None req-eac2ee7b-1790-4f4c-8480-c462ae36165a admin admin] Publish callbacks ['neutron.plugins.ml2.ovo_rpc._ObjectChangeHandler.handle_event-556257'] for security_group (cf09fffd-347a-4b50-86fb-4ed6f5e9018e), after_delete {{(pid=103195) _notify_loop /usr/local/lib/python3.8/dist-packages/neutron_lib/callbacks/manager.py:176}}
Feb 09 16:36:48.364996 n-d-828570-1 neutron-server[103195]: DEBUG neutron_lib.callbacks.manager [None req-eac2ee7b-1790-4f4c-8480-c462ae36165a admin admin] Publish callbacks [] for security_group (None), before_response {{(pid=103195) _notify_loop /usr/local/lib/python3.8/dist-packages/neutron_lib/callbacks/manager.py:176}}
Feb 09 16:36:48.366216 n-d-828570-1 neutron-server[103195]: INFO neutron.wsgi [None req-eac2ee7b-1790-4f4c-8480-c462ae36165a admin admin] 10.222.0.115 "DELETE /v2.0/security-groups/cf09fffd-347a-4b50-86fb-4ed6f5e9018e HTTP/1.1" status: 204 len: 168 time: 0.3275650
Feb 09 16:36:48.377810 n-d-828570-1 neutron-server[103195]: DEBUG neutron.api.rpc.handlers.resources_rpc [None req-eac2ee7b-1790-4f4c-8480-c462ae36165a admin admin] Pushing event deleted for resources: {'SecurityGroup': ['ID=cf09fffd-347a-4b50-86fb-4ed6f5e9018e,revision_number=None']} {{(pid=103195) push /opt/stack/neutron/neutron/api/rpc/handlers/resources_rpc.py:237}}
Feb 09 16:36:48.412938 n-d-828570-1 neutron-server[103195]: INFO neutron.wsgi [req-feb742f4-4ea0-4051-8dcf-1b17eabe5128 req-487dd81d-0a41-49d1-9a35-5c0c590414a1 tempest-LiveAutoBlockMigrationV225Test-362161209 tempest-LiveAutoBlockMigrationV225Test-362161209-project] 10.222.0.115 "GET /v2.0/security-groups?id=4832d3b8-471c-4b78-ab9c-02520dd06558&fields=id&fields=name HTTP/1.1" status: 200 len: 286 time: 0.0758221
Feb 09 16:36:48.466043 n-d-828570-1 neutron-server[103195]: DEBUG neutron.wsgi [-] (103195) accepted ('10.222.0.115', 50716) {{(pid=103195) server /usr/local/lib/python3.8/dist-packages/eventlet/wsgi.py:1004}}
Feb 09 16:36:48.633802 n-d-828570-1 neutron-server[103195]: DEBUG neutron_lib.callbacks.manager [None req-bf66bd07-6886-4e92-a938-31b807e17504 admin admin] Publish callbacks [] for security_group (None), before_create {{(pid=103195) _notify_loop /usr/local/lib/python3.8/dist-packages/neutron_lib/callbacks/manager.py:176}}
Feb 09 16:36:48.695754 n-d-828570-1 neutron-server[103196]: DEBUG neutron.plugins.ml2.rpc [None req-a26c5251-2cd6-4e1b-afa8-4e712dc0c374 None None] Device eb294f9a-fc7d-4603-832d-8b16502c314c up at agent hyperv_n-h2-828570-1 {{(pid=103196) update_device_up /opt/stack/neutron/neutron/plugins/ml2/rpc.py:296}}
Feb 09 16:36:48.809645 n-d-828570-1 neutron-server[103196]: DEBUG neutron.db.provisioning_blocks [None req-a26c5251-2cd6-4e1b-afa8-4e712dc0c374 None None] Provisioning for port eb294f9a-fc7d-4603-832d-8b16502c314c completed by entity L2. {{(pid=103196) provisioning_complete /opt/stack/neutron/neutron/db/provisioning_blocks.py:133}}
Feb 09 16:36:48.822274 n-d-828570-1 neutron-server[103196]: DEBUG neutron.db.provisioning_blocks [None req-a26c5251-2cd6-4e1b-afa8-4e712dc0c374 None None] Provisioning complete for port eb294f9a-fc7d-4603-832d-8b16502c314c triggered by entity L2. {{(pid=103196) provisioning_complete /opt/stack/neutron/neutron/db/provisioning_blocks.py:139}}
Feb 09 16:36:48.823463 n-d-828570-1 neutron-server[103196]: DEBUG neutron_lib.callbacks.manager [None req-a26c5251-2cd6-4e1b-afa8-4e712dc0c374 None None] Publish callbacks ['neutron.plugins.ml2.plugin.Ml2Plugin._port_provisioned-1918402'] for port (eb294f9a-fc7d-4603-832d-8b16502c314c), provisioning_complete {{(pid=103196) _notify_loop /usr/local/lib/python3.8/dist-packages/neutron_lib/callbacks/manager.py:176}}
Feb 09 16:36:48.939287 n-d-828570-1 neutron-server[103195]: DEBUG neutron_lib.callbacks.manager [None req-bf66bd07-6886-4e92-a938-31b807e17504 admin admin] Publish callbacks [] for security_group (c64713d5-1e71-47de-982b-dc540a09aba6), precommit_create {{(pid=103195) _notify_loop /usr/local/lib/python3.8/dist-packages/neutron_lib/callbacks/manager.py:176}}
Feb 09 16:36:48.956760 n-d-828570-1 neutron-server[103195]: DEBUG neutron_lib.callbacks.manager [None req-bf66bd07-6886-4e92-a938-31b807e17504 admin admin] Publish callbacks ['neutron.plugins.ml2.ovo_rpc._ObjectChangeHandler.handle_event-556257'] for security_group (c64713d5-1e71-47de-982b-dc540a09aba6), after_create {{(pid=103195) _notify_loop /usr/local/lib/python3.8/dist-packages/neutron_lib/callbacks/manager.py:176}}
Feb 09 16:36:49.010657 n-d-828570-1 neutron-server[103195]: DEBUG neutron.api.rpc.handlers.resources_rpc [None req-bf66bd07-6886-4e92-a938-31b807e17504 admin admin] Pushing event updated for resources: {'SecurityGroup': ['ID=c64713d5-1e71-47de-982b-dc540a09aba6,revision_number=1']} {{(pid=103195) push /opt/stack/neutron/neutron/api/rpc/handlers/resources_rpc.py:237}}
Feb 09 16:36:49.048269 n-d-828570-1 neutron-server[103195]: INFO neutron.wsgi [None req-bf66bd07-6886-4e92-a938-31b807e17504 admin admin] 10.222.0.115 "GET /v2.0/security-groups?tenant_id=aa4c88cea2e24e33838a9f4e435f9738&name=default HTTP/1.1" status: 200 len: 2996 time: 0.5808554
Feb 09 16:36:49.050984 n-d-828570-1 neutron-server[103195]: DEBUG neutron.wsgi [-] (103195) accepted ('10.222.0.115', 50738) {{(pid=103195) server /usr/local/lib/python3.8/dist-packages/eventlet/wsgi.py:1004}}
Feb 09 16:36:49.161141 n-d-828570-1 neutron-server[103195]: DEBUG neutron_lib.callbacks.manager [None req-f5c70d1a-8071-425b-b736-f41594a8bd55 admin admin] Publish callbacks [] for security_group (c64713d5-1e71-47de-982b-dc540a09aba6), before_delete {{(pid=103195) _notify_loop /usr/local/lib/python3.8/dist-packages/neutron_lib/callbacks/manager.py:176}}
Feb 09 16:36:49.253131 n-d-828570-1 neutron-server[103195]: DEBUG neutron_lib.callbacks.manager [None req-f5c70d1a-8071-425b-b736-f41594a8bd55 admin admin] Publish callbacks [] for security_group (c64713d5-1e71-47de-982b-dc540a09aba6), precommit_delete {{(pid=103195) _notify_loop /usr/local/lib/python3.8/dist-packages/neutron_lib/callbacks/manager.py:176}}
Feb 09 16:36:49.336599 n-d-828570-1 neutron-server[103196]: DEBUG neutron.plugins.ml2.plugin [None req-a26c5251-2cd6-4e1b-afa8-4e712dc0c374 None None] Current status of the port eb294f9a-fc7d-4603-832d-8b16502c314c is: BUILD; New status is: ACTIVE {{(pid=103196) _update_individual_port_db_status /opt/stack/neutron/neutron/plugins/ml2/plugin.py:2232}}
Feb 09 16:36:49.338231 n-d-828570-1 neutron-server[103196]: DEBUG neutron_lib.callbacks.manager [None req-a26c5251-2cd6-4e1b-afa8-4e712dc0c374 None None] Publish callbacks ['neutron.plugins.ml2.plugin.SecurityGroupDbMixin._ensure_default_security_group_handler-1963157'] for port (eb294f9a-fc7d-4603-832d-8b16502c314c), before_update {{(pid=103196) _notify_loop /usr/local/lib/python3.8/dist-packages/neutron_lib/callbacks/manager.py:176}}
Feb 09 16:36:49.374127 n-d-828570-1 neutron-server[103195]: DEBUG neutron.wsgi [-] (103195) accepted ('10.222.0.115', 50752) {{(pid=103195) server /usr/local/lib/python3.8/dist-packages/eventlet/wsgi.py:1004}}
Feb 09 16:36:49.412951 n-d-828570-1 neutron-server[103195]: DEBUG neutron_lib.callbacks.manager [None req-255b9b81-5370-4d7e-a79e-7f5acde967ac admin admin] Publish callbacks [] for security_group (None), before_create {{(pid=103195) _notify_loop /usr/local/lib/python3.8/dist-packages/neutron_lib/callbacks/manager.py:176}}
Feb 09 16:36:49.429629 n-d-828570-1 neutron-server[103194]: DEBUG neutron.pecan_wsgi.hooks.policy_enforcement [req-882f3de8-7dd6-423b-ad31-9353c2dc14e9 req-3de7ebd4-6ee5-4cf9-bbb2-75b7c03a7d0a tempest-LiveMigrationNegativeTest-1760763556 tempest-LiveMigrationNegativeTest-1760763556-project] Attributes excluded by policy engine: ['standard_attr_id', 'binding:profile', 'binding:host_id', 'binding:vif_type', 'binding:vif_details'] {{(pid=103194) _exclude_attributes_by_policy /opt/stack/neutron/neutron/pecan_wsgi/hooks/policy_enforcement.py:255}}
Feb 09 16:36:49.441710 n-d-828570-1 neutron-server[103194]: INFO neutron.wsgi [req-882f3de8-7dd6-423b-ad31-9353c2dc14e9 req-3de7ebd4-6ee5-4cf9-bbb2-75b7c03a7d0a tempest-LiveMigrationNegativeTest-1760763556 tempest-LiveMigrationNegativeTest-1760763556-project] 10.222.0.115 "GET /v2.0/ports?device_id=134cb52c-17d4-4d53-b2a7-312ae1938f75 HTTP/1.1" status: 200 len: 970 time: 0.1394985
Feb 09 16:36:49.500964 n-d-828570-1 neutron-server[103195]: DEBUG neutron_lib.callbacks.manager [None req-f5c70d1a-8071-425b-b736-f41594a8bd55 admin admin] Publish callbacks ['neutron.plugins.ml2.ovo_rpc._ObjectChangeHandler.handle_event-556257'] for security_group (c64713d5-1e71-47de-982b-dc540a09aba6), after_delete {{(pid=103195) _notify_loop /usr/local/lib/python3.8/dist-packages/neutron_lib/callbacks/manager.py:176}}
Feb 09 16:36:49.508476 n-d-828570-1 neutron-server[103195]: DEBUG neutron_lib.callbacks.manager [None req-f5c70d1a-8071-425b-b736-f41594a8bd55 admin admin] Publish callbacks [] for security_group (None), before_response {{(pid=103195) _notify_loop /usr/local/lib/python3.8/dist-packages/neutron_lib/callbacks/manager.py:176}}
Feb 09 16:36:49.519045 n-d-828570-1 neutron-server[103195]: INFO neutron.wsgi [None req-f5c70d1a-8071-425b-b736-f41594a8bd55 admin admin] 10.222.0.115 "DELETE /v2.0/security-groups/c64713d5-1e71-47de-982b-dc540a09aba6 HTTP/1.1" status: 204 len: 168 time: 0.4661398
Feb 09 16:36:49.572356 n-d-828570-1 neutron-server[103194]: INFO neutron.wsgi [req-882f3de8-7dd6-423b-ad31-9353c2dc14e9 req-2e4ca92b-e537-41fc-99cd-df1800bd975f tempest-LiveMigrationNegativeTest-1760763556 tempest-LiveMigrationNegativeTest-1760763556-project] 10.222.0.115 "GET /v2.0/security-groups?id=c01052fd-815d-4039-ae00-c3e756012011&fields=id&fields=name HTTP/1.1" status: 200 len: 286 time: 0.1294949
Feb 09 16:36:49.586543 n-d-828570-1 neutron-server[103195]: DEBUG neutron.api.rpc.handlers.resources_rpc [None req-f5c70d1a-8071-425b-b736-f41594a8bd55 admin admin] Pushing event deleted for resources: {'SecurityGroup': ['ID=c64713d5-1e71-47de-982b-dc540a09aba6,revision_number=None']} {{(pid=103195) push /opt/stack/neutron/neutron/api/rpc/handlers/resources_rpc.py:237}}
Feb 09 16:36:49.599845 n-d-828570-1 neutron-server[103194]: DEBUG neutron.wsgi [-] (103194) accepted ('10.222.0.115', 50766) {{(pid=103194) server /usr/local/lib/python3.8/dist-packages/eventlet/wsgi.py:1004}}
Feb 09 16:36:49.713348 n-d-828570-1 neutron-server[103196]: DEBUG neutron.notifiers.nova [-] Sending events: [{'server_uuid': '134cb52c-17d4-4d53-b2a7-312ae1938f75', 'name': 'network-vif-plugged', 'status': 'completed', 'tag': 'eb294f9a-fc7d-4603-832d-8b16502c314c'}] {{(pid=103196) send_events /opt/stack/neutron/neutron/notifiers/nova.py:271}}
Feb 09 16:36:49.719042 n-d-828570-1 neutron-server[103196]: DEBUG novaclient.v2.client [-] REQ: curl -g -i --cacert "/opt/stack/data/ca-bundle.pem" -X POST http://10.222.0.115/compute/v2.1/os-server-external-events -H "Accept: application/json" -H "Content-Type: application/json" -H "User-Agent: python-novaclient" -H "X-Auth-Token: {SHA256}7845dc3deb7a51be1c2fb5ff53c13e949ac33d38dfd42f4fde4abd3c80fc9b45" -H "X-OpenStack-Nova-API-Version: 2.1" -H "X-OpenStack-Request-ID: req-e3c071ae-c75b-4290-9d81-a5c43fe34e58" -d '{"events": [{"server_uuid": "134cb52c-17d4-4d53-b2a7-312ae1938f75", "name": "network-vif-plugged", "status": "completed", "tag": "eb294f9a-fc7d-4603-832d-8b16502c314c"}]}' {{(pid=103196) _http_log_request /usr/local/lib/python3.8/dist-packages/keystoneauth1/session.py:519}}
Feb 09 16:36:49.733094 n-d-828570-1 neutron-server[103195]: DEBUG neutron_lib.callbacks.manager [None req-255b9b81-5370-4d7e-a79e-7f5acde967ac admin admin] Publish callbacks [] for security_group (c9d1b09c-f92f-4748-8760-aa3ecb5975a3), precommit_create {{(pid=103195) _notify_loop /usr/local/lib/python3.8/dist-packages/neutron_lib/callbacks/manager.py:176}}
Feb 09 16:36:49.742300 n-d-828570-1 neutron-server[103195]: DEBUG neutron_lib.callbacks.manager [None req-255b9b81-5370-4d7e-a79e-7f5acde967ac admin admin] Publish callbacks ['neutron.plugins.ml2.ovo_rpc._ObjectChangeHandler.handle_event-556257'] for security_group (c9d1b09c-f92f-4748-8760-aa3ecb5975a3), after_create {{(pid=103195) _notify_loop /usr/local/lib/python3.8/dist-packages/neutron_lib/callbacks/manager.py:176}}
Feb 09 16:36:49.747831 n-d-828570-1 neutron-server[103196]: DEBUG neutron.plugins.ml2.db [None req-a26c5251-2cd6-4e1b-afa8-4e712dc0c374 None None] For port eb294f9a-fc7d-4603-832d-8b16502c314c, host n-h2-828570-1, got binding levels [PortBindingLevel(driver='hyperv',host='n-h2-828570-1',level=0,port_id=eb294f9a-fc7d-4603-832d-8b16502c314c,segment=NetworkSegment(c3ec693c-5981-4017-8280-bd90c9343066),segment_id=c3ec693c-5981-4017-8280-bd90c9343066)] {{(pid=103196) get_binding_level_objs /opt/stack/neutron/neutron/plugins/ml2/db.py:74}}
Feb 09 16:36:49.759062 n-d-828570-1 neutron-server[103196]: DEBUG neutron_lib.callbacks.manager [None req-a26c5251-2cd6-4e1b-afa8-4e712dc0c374 None None] Publish callbacks ['neutron.plugins.ml2.plugin.SecurityGroupServerNotifierRpcMixin._notify_sg_on_port_change-1963065', 'neutron.plugins.ml2.ovo_rpc._ObjectChangeHandler.handle_event-43264', 'neutron.api.rpc.agentnotifiers.dhcp_rpc_agent_api.DhcpAgentNotifyAPI._native_event_send_dhcp_notification-573334', 'neutron.db.l3_db.L3RpcNotifierMixin._notify_gateway_port_ip_changed-8755908272141', 'neutron.db.l3_dvrscheduler_db._notify_l3_agent_port_update-8755907737299', 'neutron.db.l3_hascheduler_db._notify_l3_agent_ha_port_update-8755907737317'] for port (eb294f9a-fc7d-4603-832d-8b16502c314c), after_update {{(pid=103196) _notify_loop /usr/local/lib/python3.8/dist-packages/neutron_lib/callbacks/manager.py:176}}
Feb 09 16:36:49.810311 n-d-828570-1 neutron-server[103194]: DEBUG neutron.pecan_wsgi.hooks.policy_enforcement [req-4f3b5bbb-eee6-4a56-97fa-dfa337902be9 req-15d9cfab-8178-4232-b803-a4c1b2055bf5 tempest-LiveAutoBlockMigrationV225Test-362161209 tempest-LiveAutoBlockMigrationV225Test-362161209-project] Attributes excluded by policy engine: ['standard_attr_id', 'binding:profile', 'binding:host_id', 'binding:vif_type', 'binding:vif_details'] {{(pid=103194) _exclude_attributes_by_policy /opt/stack/neutron/neutron/pecan_wsgi/hooks/policy_enforcement.py:255}}
Feb 09 16:36:49.818852 n-d-828570-1 neutron-server[103194]: INFO neutron.wsgi [req-4f3b5bbb-eee6-4a56-97fa-dfa337902be9 req-15d9cfab-8178-4232-b803-a4c1b2055bf5 tempest-LiveAutoBlockMigrationV225Test-362161209 tempest-LiveAutoBlockMigrationV225Test-362161209-project] 10.222.0.115 "GET /v2.0/ports?device_id=6cff2175-9d2c-4ce2-bc1e-6f6086e35597 HTTP/1.1" status: 200 len: 943 time: 0.1205566
Feb 09 16:36:49.847238 n-d-828570-1 neutron-server[103194]: DEBUG neutron.wsgi [-] (103194) accepted ('10.222.0.115', 50778) {{(pid=103194) server /usr/local/lib/python3.8/dist-packages/eventlet/wsgi.py:1004}}
Feb 09 16:36:49.859081 n-d-828570-1 neutron-server[103195]: INFO neutron.wsgi [None req-255b9b81-5370-4d7e-a79e-7f5acde967ac admin admin] 10.222.0.115 "GET /v2.0/security-groups?tenant_id=b176b569f47d4910982421c7bc445d93&name=default HTTP/1.1" status: 200 len: 2996 time: 0.4828763
Feb 09 16:36:49.861742 n-d-828570-1 neutron-server[103195]: DEBUG neutron.api.rpc.handlers.resources_rpc [None req-255b9b81-5370-4d7e-a79e-7f5acde967ac admin admin] Pushing event updated for resources: {'SecurityGroup': ['ID=c9d1b09c-f92f-4748-8760-aa3ecb5975a3,revision_number=1']} {{(pid=103195) push /opt/stack/neutron/neutron/api/rpc/handlers/resources_rpc.py:237}}
Feb 09 16:36:49.890482 n-d-828570-1 neutron-server[103196]: DEBUG novaclient.v2.client [-] RESP: [200] Connection: close Content-Length: 183 Content-Type: application/json Date: Wed, 09 Feb 2022 16:36:49 GMT OpenStack-API-Version: compute 2.1 Server: Apache/2.4.41 (Ubuntu) Vary: OpenStack-API-Version,X-OpenStack-Nova-API-Version X-OpenStack-Nova-API-Version: 2.1 x-compute-request-id: req-e0d81524-04ab-4dae-aed3-36d342ebe0bb x-openstack-request-id: req-e0d81524-04ab-4dae-aed3-36d342ebe0bb {{(pid=103196) _http_log_response /usr/local/lib/python3.8/dist-packages/keystoneauth1/session.py:550}}
Feb 09 16:36:49.890482 n-d-828570-1 neutron-server[103196]: DEBUG novaclient.v2.client [-] RESP BODY: {"events": [{"server_uuid": "134cb52c-17d4-4d53-b2a7-312ae1938f75", "name": "network-vif-plugged", "status": "completed", "tag": "eb294f9a-fc7d-4603-832d-8b16502c314c", "code": 200}]} {{(pid=103196) _http_log_response /usr/local/lib/python3.8/dist-packages/keystoneauth1/session.py:582}}
Feb 09 16:36:49.890482 n-d-828570-1 neutron-server[103196]: DEBUG novaclient.v2.client [-] POST call to compute for http://10.222.0.115/compute/v2.1/os-server-external-events used request id req-e0d81524-04ab-4dae-aed3-36d342ebe0bb {{(pid=103196) request /usr/local/lib/python3.8/dist-packages/keystoneauth1/session.py:954}}
Feb 09 16:36:49.890482 n-d-828570-1 neutron-server[103196]: INFO neutron.notifiers.nova [-] Nova event response: {'server_uuid': '134cb52c-17d4-4d53-b2a7-312ae1938f75', 'name': 'network-vif-plugged', 'status': 'completed', 'tag': 'eb294f9a-fc7d-4603-832d-8b16502c314c', 'code': 200}
Feb 09 16:36:49.934600 n-d-828570-1 neutron-server[103196]: DEBUG neutron.api.rpc.handlers.resources_rpc [None req-a26c5251-2cd6-4e1b-afa8-4e712dc0c374 None None] Pushing event updated for resources: {'Port': ['ID=eb294f9a-fc7d-4603-832d-8b16502c314c,revision_number=5']} {{(pid=103196) push /opt/stack/neutron/neutron/api/rpc/handlers/resources_rpc.py:237}}
Feb 09 16:36:49.969277 n-d-828570-1 neutron-server[103194]: DEBUG neutron_lib.callbacks.manager [None req-5f21dabd-2d0a-4f4f-84e8-0813b9d0b15b admin admin] Publish callbacks [] for security_group (None), before_create {{(pid=103194) _notify_loop /usr/local/lib/python3.8/dist-packages/neutron_lib/callbacks/manager.py:176}}
Feb 09 16:36:50.009380 n-d-828570-1 neutron-server[103194]: INFO neutron.wsgi [req-4f3b5bbb-eee6-4a56-97fa-dfa337902be9 req-d038e04d-9d8d-4058-8558-0d04d3c7b2af tempest-LiveAutoBlockMigrationV225Test-362161209 tempest-LiveAutoBlockMigrationV225Test-362161209-project] 10.222.0.115 "GET /v2.0/security-groups?id=4832d3b8-471c-4b78-ab9c-02520dd06558&fields=id&fields=name HTTP/1.1" status: 200 len: 286 time: 0.1881168
Feb 09 16:36:50.075111 n-d-828570-1 neutron-server[103194]: DEBUG neutron_lib.callbacks.manager [None req-9189d517-95f6-413d-9c06-dde40f01ea41 admin admin] Publish callbacks [] for security_group (c9d1b09c-f92f-4748-8760-aa3ecb5975a3), before_delete {{(pid=103194) _notify_loop /usr/local/lib/python3.8/dist-packages/neutron_lib/callbacks/manager.py:176}}
Feb 09 16:36:50.113043 n-d-828570-1 neutron-server[103195]: DEBUG neutron.pecan_wsgi.hooks.policy_enforcement [req-84d1fa98-6759-43e5-b485-7117766c644f req-f89433a5-5e90-45ca-af15-fcf319c4e73f service neutron] Attributes excluded by policy engine: ['standard_attr_id'] {{(pid=103195) _exclude_attributes_by_policy /opt/stack/neutron/neutron/pecan_wsgi/hooks/policy_enforcement.py:255}}
Feb 09 16:36:50.114795 n-d-828570-1 neutron-server[103195]: INFO neutron.wsgi [req-84d1fa98-6759-43e5-b485-7117766c644f req-f89433a5-5e90-45ca-af15-fcf319c4e73f service neutron] 10.222.0.46 "GET /v2.0/ports?device_id=134cb52c-17d4-4d53-b2a7-312ae1938f75 HTTP/1.1" status: 200 len: 1153 time: 0.1179652
Feb 09 16:36:50.119224 n-d-828570-1 neutron-server[103194]: DEBUG neutron_lib.callbacks.manager [None req-9189d517-95f6-413d-9c06-dde40f01ea41 admin admin] Publish callbacks [] for security_group (c9d1b09c-f92f-4748-8760-aa3ecb5975a3), precommit_delete {{(pid=103194) _notify_loop /usr/local/lib/python3.8/dist-packages/neutron_lib/callbacks/manager.py:176}}
Feb 09 16:36:50.254114 n-d-828570-1 neutron-server[103195]: INFO neutron.wsgi [req-84d1fa98-6759-43e5-b485-7117766c644f req-b9223a02-e8fc-47fc-a610-61508555e8f6 service neutron] 10.222.0.46 "GET /v2.0/security-groups?id=c01052fd-815d-4039-ae00-c3e756012011&fields=id&fields=name HTTP/1.1" status: 200 len: 286 time: 0.1332862
Feb 09 16:36:50.372480 n-d-828570-1 neutron-server[103196]: DEBUG neutron_lib.callbacks.manager [None req-b63cc388-a266-44ce-a4a2-04e2afb123b0 None None] Publish callbacks ['neutron.services.segments.db._update_segment_host_mapping_for_agent-8755908229551', 'neutron.plugins.ml2.plugin.Ml2Plugin._retry_binding_revived_agents-1918380'] for agent (ada7eb4b-d9f7-41fc-a425-b21d0605ce46), after_update {{(pid=103196) _notify_loop /usr/local/lib/python3.8/dist-packages/neutron_lib/callbacks/manager.py:176}}
Feb 09 16:36:50.395016 n-d-828570-1 neutron-server[103194]: DEBUG neutron_lib.callbacks.manager [None req-5f21dabd-2d0a-4f4f-84e8-0813b9d0b15b admin admin] Publish callbacks [] for security_group (4dd9f907-5fe3-4b02-ad87-886148174091), precommit_create {{(pid=103194) _notify_loop /usr/local/lib/python3.8/dist-packages/neutron_lib/callbacks/manager.py:176}}
Feb 09 16:36:50.398711 n-d-828570-1 neutron-server[103194]: DEBUG neutron_lib.callbacks.manager [None req-9189d517-95f6-413d-9c06-dde40f01ea41 admin admin] Publish callbacks ['neutron.plugins.ml2.ovo_rpc._ObjectChangeHandler.handle_event-556257'] for security_group (c9d1b09c-f92f-4748-8760-aa3ecb5975a3), after_delete {{(pid=103194) _notify_loop /usr/local/lib/python3.8/dist-packages/neutron_lib/callbacks/manager.py:176}}
Feb 09 16:36:50.402763 n-d-828570-1 neutron-server[103194]: DEBUG neutron_lib.callbacks.manager [None req-9189d517-95f6-413d-9c06-dde40f01ea41 admin admin] Publish callbacks [] for security_group (None), before_response {{(pid=103194) _notify_loop /usr/local/lib/python3.8/dist-packages/neutron_lib/callbacks/manager.py:176}}
Feb 09 16:36:50.407025 n-d-828570-1 neutron-server[103194]: INFO neutron.wsgi [None req-9189d517-95f6-413d-9c06-dde40f01ea41 admin admin] 10.222.0.115 "DELETE /v2.0/security-groups/c9d1b09c-f92f-4748-8760-aa3ecb5975a3 HTTP/1.1" status: 204 len: 168 time: 0.5521133
Feb 09 16:36:50.411180 n-d-828570-1 neutron-server[103194]: DEBUG neutron_lib.callbacks.manager [None req-5f21dabd-2d0a-4f4f-84e8-0813b9d0b15b admin admin] Publish callbacks ['neutron.plugins.ml2.ovo_rpc._ObjectChangeHandler.handle_event-556257'] for security_group (4dd9f907-5fe3-4b02-ad87-886148174091), after_create {{(pid=103194) _notify_loop /usr/local/lib/python3.8/dist-packages/neutron_lib/callbacks/manager.py:176}}
Feb 09 16:36:50.428117 n-d-828570-1 neutron-server[103194]: DEBUG neutron.api.rpc.handlers.resources_rpc [None req-9189d517-95f6-413d-9c06-dde40f01ea41 admin admin] Pushing event deleted for resources: {'SecurityGroup': ['ID=c9d1b09c-f92f-4748-8760-aa3ecb5975a3,revision_number=None']} {{(pid=103194) push /opt/stack/neutron/neutron/api/rpc/handlers/resources_rpc.py:237}}
Feb 09 16:36:50.451575 n-d-828570-1 neutron-server[103194]: DEBUG neutron.api.rpc.callbacks.version_manager [None req-9189d517-95f6-413d-9c06-dde40f01ea41 admin admin] Version for resource type AddressGroup changed None to 1.2 on consumer Open vSwitch agent@n-d-828570-1 {{(pid=103194) _set_version /opt/stack/neutron/neutron/api/rpc/callbacks/version_manager.py:113}}
Feb 09 16:36:50.452718 n-d-828570-1 neutron-server[103194]: DEBUG neutron.api.rpc.callbacks.version_manager [None req-9189d517-95f6-413d-9c06-dde40f01ea41 admin admin] Version for resource type ConntrackHelper changed None to 1.0 on consumer Open vSwitch agent@n-d-828570-1 {{(pid=103194) _set_version /opt/stack/neutron/neutron/api/rpc/callbacks/version_manager.py:113}}
Feb 09 16:36:50.453240 n-d-828570-1 neutron-server[103194]: DEBUG neutron.api.rpc.callbacks.version_manager [None req-9189d517-95f6-413d-9c06-dde40f01ea41 admin admin] Version for resource type LocalIPAssociation changed None to 1.0 on consumer Open vSwitch agent@n-d-828570-1 {{(pid=103194) _set_version /opt/stack/neutron/neutron/api/rpc/callbacks/version_manager.py:113}}
Feb 09 16:36:50.453781 n-d-828570-1 neutron-server[103194]: DEBUG neutron.api.rpc.callbacks.version_manager [None req-9189d517-95f6-413d-9c06-dde40f01ea41 admin admin] Version for resource type Log changed None to 1.0 on consumer Open vSwitch agent@n-d-828570-1 {{(pid=103194) _set_version /opt/stack/neutron/neutron/api/rpc/callbacks/version_manager.py:113}}
Feb 09 16:36:50.454305 n-d-828570-1 neutron-server[103194]: DEBUG neutron.api.rpc.callbacks.version_manager [None req-9189d517-95f6-413d-9c06-dde40f01ea41 admin admin] Version for resource type Network changed None to 1.1 on consumer Open vSwitch agent@n-d-828570-1 {{(pid=103194) _set_version /opt/stack/neutron/neutron/api/rpc/callbacks/version_manager.py:113}}
Feb 09 16:36:50.456119 n-d-828570-1 neutron-server[103194]: DEBUG neutron.api.rpc.callbacks.version_manager [None req-9189d517-95f6-413d-9c06-dde40f01ea41 admin admin] Version for resource type Port changed None to 1.7 on consumer Open vSwitch agent@n-d-828570-1 {{(pid=103194) _set_version /opt/stack/neutron/neutron/api/rpc/callbacks/version_manager.py:113}}
Feb 09 16:36:50.456644 n-d-828570-1 neutron-server[103194]: DEBUG neutron.api.rpc.callbacks.version_manager [None req-9189d517-95f6-413d-9c06-dde40f01ea41 admin admin] Version for resource type PortForwarding changed None to 1.2 on consumer Open vSwitch agent@n-d-828570-1 {{(pid=103194) _set_version /opt/stack/neutron/neutron/api/rpc/callbacks/version_manager.py:113}}
Feb 09 16:36:50.457306 n-d-828570-1 neutron-server[103194]: DEBUG neutron.api.rpc.callbacks.version_manager [None req-9189d517-95f6-413d-9c06-dde40f01ea41 admin admin] Version for resource type QosPolicy changed None to 1.10 on consumer Open vSwitch agent@n-d-828570-1 {{(pid=103194) _set_version /opt/stack/neutron/neutron/api/rpc/callbacks/version_manager.py:113}}
Feb 09 16:36:50.457822 n-d-828570-1 neutron-server[103194]: DEBUG neutron.api.rpc.callbacks.version_manager [None req-9189d517-95f6-413d-9c06-dde40f01ea41 admin admin] Version for resource type SecurityGroup changed None to 1.5 on consumer Open vSwitch agent@n-d-828570-1 {{(pid=103194) _set_version /opt/stack/neutron/neutron/api/rpc/callbacks/version_manager.py:113}}
Feb 09 16:36:50.458341 n-d-828570-1 neutron-server[103194]: DEBUG neutron.api.rpc.callbacks.version_manager [None req-9189d517-95f6-413d-9c06-dde40f01ea41 admin admin] Version for resource type SecurityGroupRule changed None to 1.2 on consumer Open vSwitch agent@n-d-828570-1 {{(pid=103194) _set_version /opt/stack/neutron/neutron/api/rpc/callbacks/version_manager.py:113}}
Feb 09 16:36:50.458863 n-d-828570-1 neutron-server[103194]: DEBUG neutron.api.rpc.callbacks.version_manager [None req-9189d517-95f6-413d-9c06-dde40f01ea41 admin admin] Version for resource type SubPort changed None to 1.0 on consumer Open vSwitch agent@n-d-828570-1 {{(pid=103194) _set_version /opt/stack/neutron/neutron/api/rpc/callbacks/version_manager.py:113}}
Feb 09 16:36:50.462867 n-d-828570-1 neutron-server[103194]: DEBUG neutron.api.rpc.callbacks.version_manager [None req-9189d517-95f6-413d-9c06-dde40f01ea41 admin admin] Version for resource type Subnet changed None to 1.1 on consumer Open vSwitch agent@n-d-828570-1 {{(pid=103194) _set_version /opt/stack/neutron/neutron/api/rpc/callbacks/version_manager.py:113}}
Feb 09 16:36:50.462976 n-d-828570-1 neutron-server[103195]: DEBUG neutron.wsgi [-] (103195) accepted ('10.222.0.115', 50818) {{(pid=103195) server /usr/local/lib/python3.8/dist-packages/eventlet/wsgi.py:1004}}
Feb 09 16:36:50.463491 n-d-828570-1 neutron-server[103194]: DEBUG neutron.api.rpc.callbacks.version_manager [None req-9189d517-95f6-413d-9c06-dde40f01ea41 admin admin] Version for resource type Trunk changed None to 1.1 on consumer Open vSwitch agent@n-d-828570-1 {{(pid=103194) _set_version /opt/stack/neutron/neutron/api/rpc/callbacks/version_manager.py:113}}
Feb 09 16:36:50.474243 n-d-828570-1 neutron-server[103194]: INFO neutron.wsgi [None req-5f21dabd-2d0a-4f4f-84e8-0813b9d0b15b admin admin] 10.222.0.115 "GET /v2.0/security-groups?tenant_id=ca912b18afdc4ffb899c4a263a6a84a4&name=default HTTP/1.1" status: 200 len: 2996 time: 0.8732314
Feb 09 16:36:50.480733 n-d-828570-1 neutron-server[103194]: DEBUG neutron.wsgi [-] (103194) accepted ('10.222.0.115', 50820) {{(pid=103194) server /usr/local/lib/python3.8/dist-packages/eventlet/wsgi.py:1004}}
Feb 09 16:36:50.522871 n-d-828570-1 neutron-server[103195]: DEBUG neutron_lib.callbacks.manager [None req-40b44b97-f319-4c86-96a1-d69339b20fe9 admin admin] Publish callbacks [] for security_group (None), before_create {{(pid=103195) _notify_loop /usr/local/lib/python3.8/dist-packages/neutron_lib/callbacks/manager.py:176}}
Feb 09 16:36:50.531082 n-d-828570-1 neutron-server[103194]: DEBUG neutron.api.rpc.handlers.resources_rpc [None req-5f21dabd-2d0a-4f4f-84e8-0813b9d0b15b admin admin] Pushing event updated for resources: {'SecurityGroup': ['ID=4dd9f907-5fe3-4b02-ad87-886148174091,revision_number=1']} {{(pid=103194) push /opt/stack/neutron/neutron/api/rpc/handlers/resources_rpc.py:237}}
Feb 09 16:36:50.579254 n-d-828570-1 neutron-server[103194]: DEBUG neutron_lib.callbacks.manager [None req-e0be569f-1f1d-4469-89fd-6c763e3d15b8 admin admin] Publish callbacks [] for security_group (4dd9f907-5fe3-4b02-ad87-886148174091), before_delete {{(pid=103194) _notify_loop /usr/local/lib/python3.8/dist-packages/neutron_lib/callbacks/manager.py:176}}
Feb 09 16:36:50.617408 n-d-828570-1 neutron-server[103194]: DEBUG neutron_lib.callbacks.manager [None req-e0be569f-1f1d-4469-89fd-6c763e3d15b8 admin admin] Publish callbacks [] for security_group (4dd9f907-5fe3-4b02-ad87-886148174091), precommit_delete {{(pid=103194) _notify_loop /usr/local/lib/python3.8/dist-packages/neutron_lib/callbacks/manager.py:176}}
Feb 09 16:36:50.725481 n-d-828570-1 neutron-server[103194]: DEBUG neutron_lib.callbacks.manager [None req-e0be569f-1f1d-4469-89fd-6c763e3d15b8 admin admin] Publish callbacks ['neutron.plugins.ml2.ovo_rpc._ObjectChangeHandler.handle_event-556257'] for security_group (4dd9f907-5fe3-4b02-ad87-886148174091), after_delete {{(pid=103194) _notify_loop /usr/local/lib/python3.8/dist-packages/neutron_lib/callbacks/manager.py:176}}
Feb 09 16:36:50.736094 n-d-828570-1 neutron-server[103195]: DEBUG neutron_lib.callbacks.manager [None req-40b44b97-f319-4c86-96a1-d69339b20fe9 admin admin] Publish callbacks [] for security_group (cb42bef2-34ef-4436-b1ec-2b2026c2eba3), precommit_create {{(pid=103195) _notify_loop /usr/local/lib/python3.8/dist-packages/neutron_lib/callbacks/manager.py:176}}
Feb 09 16:36:50.737339 n-d-828570-1 neutron-server[103194]: DEBUG neutron_lib.callbacks.manager [None req-e0be569f-1f1d-4469-89fd-6c763e3d15b8 admin admin] Publish callbacks [] for security_group (None), before_response {{(pid=103194) _notify_loop /usr/local/lib/python3.8/dist-packages/neutron_lib/callbacks/manager.py:176}}
Feb 09 16:36:50.742473 n-d-828570-1 neutron-server[103194]: INFO neutron.wsgi [None req-e0be569f-1f1d-4469-89fd-6c763e3d15b8 admin admin] 10.222.0.115 "DELETE /v2.0/security-groups/4dd9f907-5fe3-4b02-ad87-886148174091 HTTP/1.1" status: 204 len: 168 time: 0.2577450
Feb 09 16:36:50.746254 n-d-828570-1 neutron-server[103195]: DEBUG neutron_lib.callbacks.manager [None req-40b44b97-f319-4c86-96a1-d69339b20fe9 admin admin] Publish callbacks ['neutron.plugins.ml2.ovo_rpc._ObjectChangeHandler.handle_event-556257'] for security_group (cb42bef2-34ef-4436-b1ec-2b2026c2eba3), after_create {{(pid=103195) _notify_loop /usr/local/lib/python3.8/dist-packages/neutron_lib/callbacks/manager.py:176}}
Feb 09 16:36:50.755146 n-d-828570-1 neutron-server[103194]: DEBUG neutron.api.rpc.handlers.resources_rpc [None req-e0be569f-1f1d-4469-89fd-6c763e3d15b8 admin admin] Pushing event deleted for resources: {'SecurityGroup': ['ID=4dd9f907-5fe3-4b02-ad87-886148174091,revision_number=None']} {{(pid=103194) push /opt/stack/neutron/neutron/api/rpc/handlers/resources_rpc.py:237}}
Feb 09 16:36:50.907213 n-d-828570-1 neutron-server[103196]: DEBUG neutron.plugins.ml2.rpc [None req-ca3dd3f0-3be7-42cc-8b1f-b826de47dfc9 None None] Device 3dcac538-8d17-4034-85f0-ba5b9c9b4852 details requested by agent hyperv_n-h1-828570-1 with host n-h1-828570-1 {{(pid=103196) get_device_details /opt/stack/neutron/neutron/plugins/ml2/rpc.py:102}}
Feb 09 16:36:50.938161 n-d-828570-1 neutron-server[103195]: DEBUG neutron.api.rpc.handlers.resources_rpc [None req-40b44b97-f319-4c86-96a1-d69339b20fe9 admin admin] Pushing event updated for resources: {'SecurityGroup': ['ID=cb42bef2-34ef-4436-b1ec-2b2026c2eba3,revision_number=1']} {{(pid=103195) push /opt/stack/neutron/neutron/api/rpc/handlers/resources_rpc.py:237}}
Feb 09 16:36:50.950937 n-d-828570-1 neutron-server[103195]: INFO neutron.wsgi [None req-40b44b97-f319-4c86-96a1-d69339b20fe9 admin admin] 10.222.0.115 "GET /v2.0/security-groups?tenant_id=7545706aa3c247af8a5518dcf08299d3&name=default HTTP/1.1" status: 200 len: 2996 time: 0.4863925
Feb 09 16:36:50.954277 n-d-828570-1 neutron-server[103195]: DEBUG neutron.api.rpc.callbacks.version_manager [None req-40b44b97-f319-4c86-96a1-d69339b20fe9 admin admin] Version for resource type AddressGroup changed None to 1.2 on consumer Open vSwitch agent@n-d-828570-1 {{(pid=103195) _set_version /opt/stack/neutron/neutron/api/rpc/callbacks/version_manager.py:113}}
Feb 09 16:36:50.955368 n-d-828570-1 neutron-server[103195]: DEBUG neutron.api.rpc.callbacks.version_manager [None req-40b44b97-f319-4c86-96a1-d69339b20fe9 admin admin] Version for resource type ConntrackHelper changed None to 1.0 on consumer Open vSwitch agent@n-d-828570-1 {{(pid=103195) _set_version /opt/stack/neutron/neutron/api/rpc/callbacks/version_manager.py:113}}
Feb 09 16:36:50.956210 n-d-828570-1 neutron-server[103194]: DEBUG neutron.wsgi [-] (103194) accepted ('10.222.0.115', 50856) {{(pid=103194) server /usr/local/lib/python3.8/dist-packages/eventlet/wsgi.py:1004}}
Feb 09 16:36:50.974227 n-d-828570-1 neutron-server[103195]: DEBUG neutron.api.rpc.callbacks.version_manager [None req-40b44b97-f319-4c86-96a1-d69339b20fe9 admin admin] Version for resource type LocalIPAssociation changed None to 1.0 on consumer Open vSwitch agent@n-d-828570-1 {{(pid=103195) _set_version /opt/stack/neutron/neutron/api/rpc/callbacks/version_manager.py:113}}
Feb 09 16:36:50.974491 n-d-828570-1 neutron-server[103195]: DEBUG neutron.api.rpc.callbacks.version_manager [None req-40b44b97-f319-4c86-96a1-d69339b20fe9 admin admin] Version for resource type Log changed None to 1.0 on consumer Open vSwitch agent@n-d-828570-1 {{(pid=103195) _set_version /opt/stack/neutron/neutron/api/rpc/callbacks/version_manager.py:113}}
