Feb 09 16:36:51.697745 n-d-828570-1 devstack@n-api.service[124208]: DEBUG nova.api.openstack.wsgi [None req-e484b0aa-b12a-436e-b8b1-02ad994934fa tempest-AggregatesAdminNegativeTestJSON-1535111647 tempest-AggregatesAdminNegativeTestJSON-1535111647-project-admin] Action: 'action', calling method: >, body: {"remove_host": {"host": "nonexist_host"}} {{(pid=124208) _process_stack /opt/stack/nova/nova/api/openstack/wsgi.py:511}}
Feb 09 16:36:51.699820 n-d-828570-1 devstack@n-api.service[124208]: /usr/local/lib/python3.8/dist-packages/oslo_policy/policy.py:1119: UserWarning: Policy "os_compute_api:os-aggregates:remove_host": "rule:system_admin_api" failed scope check. The token used to make the request was project scoped but the policy requires ['system'] scope. This behavior may change in the future where using the intended scope is required
Feb 09 16:36:51.699820 n-d-828570-1 devstack@n-api.service[124208]: warnings.warn(msg)
Feb 09 16:36:51.701907 n-d-828570-1 devstack@n-api.service[124209]: DEBUG nova.policy [None req-7389e7f3-e04f-4b4b-9dfa-b2a83b2376d9 tempest-LiveAutoBlockMigrationV225Test-362161209 tempest-LiveAutoBlockMigrationV225Test-362161209-project] Policy check for os_compute_api:servers:show:host_status:unknown-only failed with credentials {'is_admin': False, 'user_id': '85e3fdf860ff44cc9ffe57a9fb19cd4f', 'user_domain_id': 'default', 'system_scope': None, 'domain_id': None, 'project_id': '566e415d263e43f5b63af2b735d312d2', 'project_domain_id': 'default', 'roles': ['reader', 'member'], 'is_admin_project': True, 'service_user_id': None, 'service_user_domain_id': None, 'service_project_id': None, 'service_project_domain_id': None, 'service_roles': []} {{(pid=124209) authorize /opt/stack/nova/nova/policy.py:199}}
Feb 09 16:36:51.703192 n-d-828570-1 devstack@n-api.service[124209]: INFO nova.api.openstack.requestlog [None req-7389e7f3-e04f-4b4b-9dfa-b2a83b2376d9 tempest-LiveAutoBlockMigrationV225Test-362161209 tempest-LiveAutoBlockMigrationV225Test-362161209-project] 10.222.0.115 "GET /compute/v2.1/servers/6cff2175-9d2c-4ce2-bc1e-6f6086e35597" status: 200 len: 1365 microversion: 2.25 time: 0.435017
Feb 09 16:36:51.715183 n-d-828570-1 devstack@n-api.service[124208]: DEBUG oslo_concurrency.lockutils [None req-e484b0aa-b12a-436e-b8b1-02ad994934fa tempest-AggregatesAdminNegativeTestJSON-1535111647 tempest-AggregatesAdminNegativeTestJSON-1535111647-project-admin] Lock "00000000-0000-0000-0000-000000000000" acquired by "nova.context.set_target_cell..get_or_set_cached_cell_and_set_connections" :: waited 0.000s {{(pid=124208) inner /usr/local/lib/python3.8/dist-packages/oslo_concurrency/lockutils.py:386}}
Feb 09 16:36:51.715183 n-d-828570-1 devstack@n-api.service[124208]: DEBUG oslo_concurrency.lockutils [None req-e484b0aa-b12a-436e-b8b1-02ad994934fa tempest-AggregatesAdminNegativeTestJSON-1535111647 tempest-AggregatesAdminNegativeTestJSON-1535111647-project-admin] Lock "00000000-0000-0000-0000-000000000000" "released" by "nova.context.set_target_cell..get_or_set_cached_cell_and_set_connections" :: held 0.001s {{(pid=124208) inner /usr/local/lib/python3.8/dist-packages/oslo_concurrency/lockutils.py:400}}
Feb 09 16:36:51.716085 n-d-828570-1 devstack@n-api.service[124209]: [pid: 124209|app: 0|req: 149/338] 10.222.0.115 () {60 vars in 1281 bytes} [Wed Feb 9 16:36:51 2022] GET /compute/v2.1/servers/6cff2175-9d2c-4ce2-bc1e-6f6086e35597 => generated 1365 bytes in 449 msecs (HTTP/1.1 200) 9 headers in 360 bytes (1 switches on core 0)
Feb 09 16:36:51.725242 n-d-828570-1 devstack@n-api.service[124208]: DEBUG oslo_concurrency.lockutils [None req-e484b0aa-b12a-436e-b8b1-02ad994934fa tempest-AggregatesAdminNegativeTestJSON-1535111647 tempest-AggregatesAdminNegativeTestJSON-1535111647-project-admin] Lock "22c0855e-f344-46b3-830d-6049cfd87db3" acquired by "nova.context.set_target_cell..get_or_set_cached_cell_and_set_connections" :: waited 0.000s {{(pid=124208) inner /usr/local/lib/python3.8/dist-packages/oslo_concurrency/lockutils.py:386}}
Feb 09 16:36:51.726211 n-d-828570-1 devstack@n-api.service[124208]: DEBUG oslo_concurrency.lockutils [None req-e484b0aa-b12a-436e-b8b1-02ad994934fa tempest-AggregatesAdminNegativeTestJSON-1535111647 tempest-AggregatesAdminNegativeTestJSON-1535111647-project-admin] Lock "22c0855e-f344-46b3-830d-6049cfd87db3" "released" by "nova.context.set_target_cell..get_or_set_cached_cell_and_set_connections" :: held 0.001s {{(pid=124208) inner /usr/local/lib/python3.8/dist-packages/oslo_concurrency/lockutils.py:400}}
Feb 09 16:36:51.776189 n-d-828570-1 devstack@n-api.service[124208]: ERROR nova.api.openstack.compute.aggregates [None req-e484b0aa-b12a-436e-b8b1-02ad994934fa tempest-AggregatesAdminNegativeTestJSON-1535111647 tempest-AggregatesAdminNegativeTestJSON-1535111647-project-admin] Failed to remove host nonexist_host from aggregate 17. Error: Compute host nonexist_host could not be found.: nova.exception.ComputeHostNotFound: Compute host nonexist_host could not be found.
Feb 09 16:36:51.777210 n-d-828570-1 devstack@n-api.service[124208]: INFO nova.api.openstack.wsgi [None req-e484b0aa-b12a-436e-b8b1-02ad994934fa tempest-AggregatesAdminNegativeTestJSON-1535111647 tempest-AggregatesAdminNegativeTestJSON-1535111647-project-admin] HTTP exception thrown: Cannot remove host nonexist_host in aggregate 17
Feb 09 16:36:51.778268 n-d-828570-1 devstack@n-api.service[124208]: DEBUG nova.api.openstack.wsgi [None req-e484b0aa-b12a-436e-b8b1-02ad994934fa tempest-AggregatesAdminNegativeTestJSON-1535111647 tempest-AggregatesAdminNegativeTestJSON-1535111647-project-admin] Returning 404 to user: Cannot remove host nonexist_host in aggregate 17 {{(pid=124208) __call__ /opt/stack/nova/nova/api/openstack/wsgi.py:936}}
Feb 09 16:36:51.781831 n-d-828570-1 devstack@n-api.service[124208]: INFO nova.api.openstack.requestlog [None req-e484b0aa-b12a-436e-b8b1-02ad994934fa tempest-AggregatesAdminNegativeTestJSON-1535111647 tempest-AggregatesAdminNegativeTestJSON-1535111647-project-admin] 10.222.0.115 "POST /compute/v2.1/os-aggregates/17/action" status: 404 len: 94 microversion: 2.1 time: 0.086214
Feb 09 16:36:51.785243 n-d-828570-1 devstack@n-api.service[124208]: [pid: 124208|app: 0|req: 190/339] 10.222.0.115 () {60 vars in 1198 bytes} [Wed Feb 9 16:36:51 2022] POST /compute/v2.1/os-aggregates/17/action => generated 94 bytes in 92 msecs (HTTP/1.1 404) 9 headers in 378 bytes (1 switches on core 0)
Feb 09 16:36:51.808690 n-d-828570-1 devstack@n-api.service[124209]: DEBUG nova.api.openstack.wsgi [None req-a1b7a4e0-e2ac-4db7-b35a-5a8207f9c4be tempest-AggregatesAdminNegativeTestJSON-1535111647 tempest-AggregatesAdminNegativeTestJSON-1535111647-project-admin] Calling method '>' {{(pid=124209) _process_stack /opt/stack/nova/nova/api/openstack/wsgi.py:513}}
Feb 09 16:36:51.810920 n-d-828570-1 devstack@n-api.service[124209]: /usr/local/lib/python3.8/dist-packages/oslo_policy/policy.py:1119: UserWarning: Policy "os_compute_api:os-aggregates:delete": "rule:system_admin_api" failed scope check. The token used to make the request was project scoped but the policy requires ['system'] scope. This behavior may change in the future where using the intended scope is required
Feb 09 16:36:51.810920 n-d-828570-1 devstack@n-api.service[124209]: warnings.warn(msg)
Feb 09 16:36:51.865828 n-d-828570-1 devstack@n-api.service[124209]: INFO nova.api.openstack.requestlog [None req-a1b7a4e0-e2ac-4db7-b35a-5a8207f9c4be tempest-AggregatesAdminNegativeTestJSON-1535111647 tempest-AggregatesAdminNegativeTestJSON-1535111647-project-admin] 10.222.0.115 "DELETE /compute/v2.1/os-aggregates/17" status: 200 len: 0 microversion: 2.1 time: 0.065711
Feb 09 16:36:51.867140 n-d-828570-1 devstack@n-api.service[124209]: [pid: 124209|app: 0|req: 150/340] 10.222.0.115 () {58 vars in 1159 bytes} [Wed Feb 9 16:36:51 2022] DELETE /compute/v2.1/os-aggregates/17 => generated 0 bytes in 78 msecs (HTTP/1.1 200) 9 headers in 355 bytes (1 switches on core 0)
Feb 09 16:36:52.242027 n-d-828570-1 devstack@n-api.service[124208]: DEBUG nova.api.openstack.wsgi [None req-456f58e8-8eee-40d3-81bd-15afc646a3a5 tempest-LiveMigrationNegativeTest-1760763556 tempest-LiveMigrationNegativeTest-1760763556-project] Calling method '>' {{(pid=124208) _process_stack /opt/stack/nova/nova/api/openstack/wsgi.py:513}}
Feb 09 16:36:52.244004 n-d-828570-1 devstack@n-api.service[124208]: DEBUG nova.compute.api [None req-456f58e8-8eee-40d3-81bd-15afc646a3a5 tempest-LiveMigrationNegativeTest-1760763556 tempest-LiveMigrationNegativeTest-1760763556-project] [instance: 134cb52c-17d4-4d53-b2a7-312ae1938f75] Fetching instance by UUID {{(pid=124208) get /opt/stack/nova/nova/compute/api.py:2866}}
Feb 09 16:36:52.261733 n-d-828570-1 devstack@n-api.service[124208]: DEBUG oslo_concurrency.lockutils [None req-456f58e8-8eee-40d3-81bd-15afc646a3a5 tempest-LiveMigrationNegativeTest-1760763556 tempest-LiveMigrationNegativeTest-1760763556-project] Lock "22c0855e-f344-46b3-830d-6049cfd87db3" acquired by "nova.context.set_target_cell..get_or_set_cached_cell_and_set_connections" :: waited 0.000s {{(pid=124208) inner /usr/local/lib/python3.8/dist-packages/oslo_concurrency/lockutils.py:386}}
Feb 09 16:36:52.263634 n-d-828570-1 devstack@n-api.service[124208]: DEBUG oslo_concurrency.lockutils [None req-456f58e8-8eee-40d3-81bd-15afc646a3a5 tempest-LiveMigrationNegativeTest-1760763556 tempest-LiveMigrationNegativeTest-1760763556-project] Lock "22c0855e-f344-46b3-830d-6049cfd87db3" "released" by "nova.context.set_target_cell..get_or_set_cached_cell_and_set_connections" :: held 0.001s {{(pid=124208) inner /usr/local/lib/python3.8/dist-packages/oslo_concurrency/lockutils.py:400}}
Feb 09 16:36:52.266058 n-d-828570-1 devstack@n-api.service[124208]: DEBUG oslo_concurrency.lockutils [None req-456f58e8-8eee-40d3-81bd-15afc646a3a5 tempest-LiveMigrationNegativeTest-1760763556 tempest-LiveMigrationNegativeTest-1760763556-project] Lock "22c0855e-f344-46b3-830d-6049cfd87db3" acquired by "nova.context.set_target_cell..get_or_set_cached_cell_and_set_connections" :: waited 0.000s {{(pid=124208) inner /usr/local/lib/python3.8/dist-packages/oslo_concurrency/lockutils.py:386}}
Feb 09 16:36:52.267622 n-d-828570-1 devstack@n-api.service[124208]: DEBUG oslo_concurrency.lockutils [None req-456f58e8-8eee-40d3-81bd-15afc646a3a5 tempest-LiveMigrationNegativeTest-1760763556 tempest-LiveMigrationNegativeTest-1760763556-project] Lock "22c0855e-f344-46b3-830d-6049cfd87db3" "released" by "nova.context.set_target_cell..get_or_set_cached_cell_and_set_connections" :: held 0.002s {{(pid=124208) inner /usr/local/lib/python3.8/dist-packages/oslo_concurrency/lockutils.py:400}}
Feb 09 16:36:52.514688 n-d-828570-1 devstack@n-api.service[124208]: DEBUG nova.policy [None req-456f58e8-8eee-40d3-81bd-15afc646a3a5 tempest-LiveMigrationNegativeTest-1760763556 tempest-LiveMigrationNegativeTest-1760763556-project] Policy check for os_compute_api:os-extended-server-attributes failed with credentials {'is_admin': False, 'user_id': '7a51c0b4442543f38a9312135a40043c', 'user_domain_id': 'default', 'system_scope': None, 'domain_id': None, 'project_id': 'c0112686b7a0420db3f12cb29a6d3be2', 'project_domain_id': 'default', 'roles': ['reader', 'member'], 'is_admin_project': True, 'service_user_id': None, 'service_user_domain_id': None, 'service_project_id': None, 'service_project_domain_id': None, 'service_roles': []} {{(pid=124208) authorize /opt/stack/nova/nova/policy.py:199}}
Feb 09 16:36:52.528525 n-d-828570-1 devstack@n-api.service[124208]: INFO nova.api.openstack.requestlog [None req-456f58e8-8eee-40d3-81bd-15afc646a3a5 tempest-LiveMigrationNegativeTest-1760763556 tempest-LiveMigrationNegativeTest-1760763556-project] 10.222.0.115 "GET /compute/v2.1/servers/134cb52c-17d4-4d53-b2a7-312ae1938f75" status: 200 len: 1472 microversion: 2.1 time: 0.300758
Feb 09 16:36:52.529839 n-d-828570-1 devstack@n-api.service[124208]: [pid: 124208|app: 0|req: 191/341] 10.222.0.115 () {58 vars in 1240 bytes} [Wed Feb 9 16:36:52 2022] GET /compute/v2.1/servers/134cb52c-17d4-4d53-b2a7-312ae1938f75 => generated 1472 bytes in 312 msecs (HTTP/1.1 200) 9 headers in 358 bytes (1 switches on core 0)
Feb 09 16:36:52.570481 n-d-828570-1 devstack@n-api.service[124208]: DEBUG nova.api.openstack.wsgi [None req-f7caaac4-ff5c-4f2e-8506-f1ab6fedb0c6 tempest-ImagesTestJSON-1656455449 tempest-ImagesTestJSON-1656455449-project] Calling method '.version_select at 0x7f34bee798b0>' {{(pid=124208) _process_stack /opt/stack/nova/nova/api/openstack/wsgi.py:513}}
Feb 09 16:36:52.660175 n-d-828570-1 devstack@n-api.service[124208]: INFO nova.api.openstack.requestlog [None req-f7caaac4-ff5c-4f2e-8506-f1ab6fedb0c6 tempest-ImagesTestJSON-1656455449 tempest-ImagesTestJSON-1656455449-project] 10.222.0.115 "GET /compute/v2.1/images/20b27859-9138-430d-9302-0a58cebe1d38" status: 200 len: 1419 microversion: 2.1 time: 0.096702
Feb 09 16:36:52.664431 n-d-828570-1 devstack@n-api.service[124208]: [pid: 124208|app: 0|req: 192/342] 10.222.0.115 () {58 vars in 1237 bytes} [Wed Feb 9 16:36:52 2022] GET /compute/v2.1/images/20b27859-9138-430d-9302-0a58cebe1d38 => generated 1419 bytes in 102 msecs (HTTP/1.1 200) 9 headers in 358 bytes (1 switches on core 0)
Feb 09 16:36:52.726799 n-d-828570-1 devstack@n-api.service[124208]: DEBUG nova.api.openstack.wsgi [None req-2ad2fff8-8ce8-452c-88fe-86fb21f3c605 tempest-LiveAutoBlockMigrationV225Test-362161209 tempest-LiveAutoBlockMigrationV225Test-362161209-project] Calling method '>' {{(pid=124208) _process_stack /opt/stack/nova/nova/api/openstack/wsgi.py:513}}
Feb 09 16:36:52.728357 n-d-828570-1 devstack@n-api.service[124208]: DEBUG nova.compute.api [None req-2ad2fff8-8ce8-452c-88fe-86fb21f3c605 tempest-LiveAutoBlockMigrationV225Test-362161209 tempest-LiveAutoBlockMigrationV225Test-362161209-project] [instance: 6cff2175-9d2c-4ce2-bc1e-6f6086e35597] Fetching instance by UUID {{(pid=124208) get /opt/stack/nova/nova/compute/api.py:2866}}
Feb 09 16:36:52.740340 n-d-828570-1 devstack@n-api.service[124208]: DEBUG oslo_concurrency.lockutils [None req-2ad2fff8-8ce8-452c-88fe-86fb21f3c605 tempest-LiveAutoBlockMigrationV225Test-362161209 tempest-LiveAutoBlockMigrationV225Test-362161209-project] Lock "22c0855e-f344-46b3-830d-6049cfd87db3" acquired by "nova.context.set_target_cell..get_or_set_cached_cell_and_set_connections" :: waited 0.000s {{(pid=124208) inner /usr/local/lib/python3.8/dist-packages/oslo_concurrency/lockutils.py:386}}
Feb 09 16:36:52.741147 n-d-828570-1 devstack@n-api.service[124208]: DEBUG oslo_concurrency.lockutils [None req-2ad2fff8-8ce8-452c-88fe-86fb21f3c605 tempest-LiveAutoBlockMigrationV225Test-362161209 tempest-LiveAutoBlockMigrationV225Test-362161209-project] Lock "22c0855e-f344-46b3-830d-6049cfd87db3" "released" by "nova.context.set_target_cell..get_or_set_cached_cell_and_set_connections" :: held 0.001s {{(pid=124208) inner /usr/local/lib/python3.8/dist-packages/oslo_concurrency/lockutils.py:400}}
Feb 09 16:36:52.742964 n-d-828570-1 devstack@n-api.service[124208]: DEBUG oslo_concurrency.lockutils [None req-2ad2fff8-8ce8-452c-88fe-86fb21f3c605 tempest-LiveAutoBlockMigrationV225Test-362161209 tempest-LiveAutoBlockMigrationV225Test-362161209-project] Lock "22c0855e-f344-46b3-830d-6049cfd87db3" acquired by "nova.context.set_target_cell..get_or_set_cached_cell_and_set_connections" :: waited 0.000s {{(pid=124208) inner /usr/local/lib/python3.8/dist-packages/oslo_concurrency/lockutils.py:386}}
Feb 09 16:36:52.744122 n-d-828570-1 devstack@n-api.service[124208]: DEBUG oslo_concurrency.lockutils [None req-2ad2fff8-8ce8-452c-88fe-86fb21f3c605 tempest-LiveAutoBlockMigrationV225Test-362161209 tempest-LiveAutoBlockMigrationV225Test-362161209-project] Lock "22c0855e-f344-46b3-830d-6049cfd87db3" "released" by "nova.context.set_target_cell..get_or_set_cached_cell_and_set_connections" :: held 0.001s {{(pid=124208) inner /usr/local/lib/python3.8/dist-packages/oslo_concurrency/lockutils.py:400}}
Feb 09 16:36:53.002611 n-d-828570-1 devstack@n-api.service[124209]: DEBUG nova.api.openstack.wsgi [None req-b169e4e7-36ba-4aae-a73b-a9ec96a07e54 tempest-LiveMigrationNegativeTest-862685360 tempest-LiveMigrationNegativeTest-862685360-project-admin] Action: 'action', calling method: >, body: {"os-migrateLive": {"host": "tempest-host-1818164801", "block_migration": true, "disk_over_commit": false}} {{(pid=124209) _process_stack /opt/stack/nova/nova/api/openstack/wsgi.py:511}}
Feb 09 16:36:53.009469 n-d-828570-1 devstack@n-api.service[124209]: DEBUG nova.compute.api [None req-b169e4e7-36ba-4aae-a73b-a9ec96a07e54 tempest-LiveMigrationNegativeTest-862685360 tempest-LiveMigrationNegativeTest-862685360-project-admin] [instance: 134cb52c-17d4-4d53-b2a7-312ae1938f75] Fetching instance by UUID {{(pid=124209) get /opt/stack/nova/nova/compute/api.py:2866}}
Feb 09 16:36:53.033862 n-d-828570-1 devstack@n-api.service[124208]: DEBUG nova.policy [None req-2ad2fff8-8ce8-452c-88fe-86fb21f3c605 tempest-LiveAutoBlockMigrationV225Test-362161209 tempest-LiveAutoBlockMigrationV225Test-362161209-project] Policy check for os_compute_api:os-extended-server-attributes failed with credentials {'is_admin': False, 'user_id': '85e3fdf860ff44cc9ffe57a9fb19cd4f', 'user_domain_id': 'default', 'system_scope': None, 'domain_id': None, 'project_id': '566e415d263e43f5b63af2b735d312d2', 'project_domain_id': 'default', 'roles': ['reader', 'member'], 'is_admin_project': True, 'service_user_id': None, 'service_user_domain_id': None, 'service_project_id': None, 'service_project_domain_id': None, 'service_roles': []} {{(pid=124208) authorize /opt/stack/nova/nova/policy.py:199}}
Feb 09 16:36:53.056627 n-d-828570-1 devstack@n-api.service[124209]: DEBUG oslo_concurrency.lockutils [None req-b169e4e7-36ba-4aae-a73b-a9ec96a07e54 tempest-LiveMigrationNegativeTest-862685360 tempest-LiveMigrationNegativeTest-862685360-project-admin] Lock "22c0855e-f344-46b3-830d-6049cfd87db3" acquired by "nova.context.set_target_cell..get_or_set_cached_cell_and_set_connections" :: waited 0.000s {{(pid=124209) inner /usr/local/lib/python3.8/dist-packages/oslo_concurrency/lockutils.py:386}}
Feb 09 16:36:53.061660 n-d-828570-1 devstack@n-api.service[124209]: DEBUG oslo_concurrency.lockutils [None req-b169e4e7-36ba-4aae-a73b-a9ec96a07e54 tempest-LiveMigrationNegativeTest-862685360 tempest-LiveMigrationNegativeTest-862685360-project-admin] Lock "22c0855e-f344-46b3-830d-6049cfd87db3" "released" by "nova.context.set_target_cell..get_or_set_cached_cell_and_set_connections" :: held 0.005s {{(pid=124209) inner /usr/local/lib/python3.8/dist-packages/oslo_concurrency/lockutils.py:400}}
Feb 09 16:36:53.063554 n-d-828570-1 devstack@n-api.service[124209]: DEBUG oslo_concurrency.lockutils [None req-b169e4e7-36ba-4aae-a73b-a9ec96a07e54 tempest-LiveMigrationNegativeTest-862685360 tempest-LiveMigrationNegativeTest-862685360-project-admin] Lock "22c0855e-f344-46b3-830d-6049cfd87db3" acquired by "nova.context.set_target_cell..get_or_set_cached_cell_and_set_connections" :: waited 0.000s {{(pid=124209) inner /usr/local/lib/python3.8/dist-packages/oslo_concurrency/lockutils.py:386}}
Feb 09 16:36:53.074989 n-d-828570-1 devstack@n-api.service[124209]: DEBUG oslo_concurrency.lockutils [None req-b169e4e7-36ba-4aae-a73b-a9ec96a07e54 tempest-LiveMigrationNegativeTest-862685360 tempest-LiveMigrationNegativeTest-862685360-project-admin] Lock "22c0855e-f344-46b3-830d-6049cfd87db3" "released" by "nova.context.set_target_cell..get_or_set_cached_cell_and_set_connections" :: held 0.011s {{(pid=124209) inner /usr/local/lib/python3.8/dist-packages/oslo_concurrency/lockutils.py:400}}
Feb 09 16:36:53.082726 n-d-828570-1 devstack@n-api.service[124208]: DEBUG nova.policy [None req-2ad2fff8-8ce8-452c-88fe-86fb21f3c605 tempest-LiveAutoBlockMigrationV225Test-362161209 tempest-LiveAutoBlockMigrationV225Test-362161209-project] Policy check for os_compute_api:servers:show:host_status failed with credentials {'is_admin': False, 'user_id': '85e3fdf860ff44cc9ffe57a9fb19cd4f', 'user_domain_id': 'default', 'system_scope': None, 'domain_id': None, 'project_id': '566e415d263e43f5b63af2b735d312d2', 'project_domain_id': 'default', 'roles': ['reader', 'member'], 'is_admin_project': True, 'service_user_id': None, 'service_user_domain_id': None, 'service_project_id': None, 'service_project_domain_id': None, 'service_roles': []} {{(pid=124208) authorize /opt/stack/nova/nova/policy.py:199}}
Feb 09 16:36:53.086944 n-d-828570-1 devstack@n-api.service[124208]: DEBUG nova.policy [None req-2ad2fff8-8ce8-452c-88fe-86fb21f3c605 tempest-LiveAutoBlockMigrationV225Test-362161209 tempest-LiveAutoBlockMigrationV225Test-362161209-project] Policy check for os_compute_api:servers:show:host_status:unknown-only failed with credentials {'is_admin': False, 'user_id': '85e3fdf860ff44cc9ffe57a9fb19cd4f', 'user_domain_id': 'default', 'system_scope': None, 'domain_id': None, 'project_id': '566e415d263e43f5b63af2b735d312d2', 'project_domain_id': 'default', 'roles': ['reader', 'member'], 'is_admin_project': True, 'service_user_id': None, 'service_user_domain_id': None, 'service_project_id': None, 'service_project_domain_id': None, 'service_roles': []} {{(pid=124208) authorize /opt/stack/nova/nova/policy.py:199}}
Feb 09 16:36:53.089334 n-d-828570-1 devstack@n-api.service[124208]: INFO nova.api.openstack.requestlog [None req-2ad2fff8-8ce8-452c-88fe-86fb21f3c605 tempest-LiveAutoBlockMigrationV225Test-362161209 tempest-LiveAutoBlockMigrationV225Test-362161209-project] 10.222.0.115 "GET /compute/v2.1/servers/6cff2175-9d2c-4ce2-bc1e-6f6086e35597" status: 200 len: 1365 microversion: 2.25 time: 0.370154
Feb 09 16:36:53.091041 n-d-828570-1 devstack@n-api.service[124208]: [pid: 124208|app: 0|req: 193/343] 10.222.0.115 () {60 vars in 1281 bytes} [Wed Feb 9 16:36:52 2022] GET /compute/v2.1/servers/6cff2175-9d2c-4ce2-bc1e-6f6086e35597 => generated 1365 bytes in 373 msecs (HTTP/1.1 200) 9 headers in 360 bytes (1 switches on core 0)
Feb 09 16:36:53.279267 n-d-828570-1 devstack@n-api.service[124209]: DEBUG nova.objects.instance [None req-b169e4e7-36ba-4aae-a73b-a9ec96a07e54 tempest-LiveMigrationNegativeTest-862685360 tempest-LiveMigrationNegativeTest-862685360-project-admin] Lazy-loading 'flavor' on Instance uuid 134cb52c-17d4-4d53-b2a7-312ae1938f75 {{(pid=124209) obj_load_attr /opt/stack/nova/nova/objects/instance.py:1099}}
Feb 09 16:36:53.371602 n-d-828570-1 devstack@n-api.service[124209]: DEBUG nova.compute.api [None req-b169e4e7-36ba-4aae-a73b-a9ec96a07e54 tempest-LiveMigrationNegativeTest-862685360 tempest-LiveMigrationNegativeTest-862685360-project-admin] [instance: 134cb52c-17d4-4d53-b2a7-312ae1938f75] Going to try to live migrate instance to tempest-host-1818164801 {{(pid=124209) live_migrate /opt/stack/nova/nova/compute/api.py:5256}}
Feb 09 16:36:53.394173 n-d-828570-1 devstack@n-api.service[124209]: INFO nova.api.openstack.wsgi [None req-b169e4e7-36ba-4aae-a73b-a9ec96a07e54 tempest-LiveMigrationNegativeTest-862685360 tempest-LiveMigrationNegativeTest-862685360-project-admin] HTTP exception thrown: Compute host tempest-host-1818164801 could not be found.
Feb 09 16:36:53.395040 n-d-828570-1 devstack@n-api.service[124209]: DEBUG nova.api.openstack.wsgi [None req-b169e4e7-36ba-4aae-a73b-a9ec96a07e54 tempest-LiveMigrationNegativeTest-862685360 tempest-LiveMigrationNegativeTest-862685360-project-admin] Returning 400 to user: Compute host tempest-host-1818164801 could not be found. {{(pid=124209) __call__ /opt/stack/nova/nova/api/openstack/wsgi.py:936}}
Feb 09 16:36:53.396210 n-d-828570-1 devstack@n-api.service[124209]: INFO nova.api.openstack.requestlog [None req-b169e4e7-36ba-4aae-a73b-a9ec96a07e54 tempest-LiveMigrationNegativeTest-862685360 tempest-LiveMigrationNegativeTest-862685360-project-admin] 10.222.0.115 "POST /compute/v2.1/servers/134cb52c-17d4-4d53-b2a7-312ae1938f75/action" status: 400 len: 100 microversion: 2.1 time: 0.841277
Feb 09 16:36:53.397023 n-d-828570-1 devstack@n-api.service[124209]: [pid: 124209|app: 0|req: 151/344] 10.222.0.115 () {60 vars in 1283 bytes} [Wed Feb 9 16:36:52 2022] POST /compute/v2.1/servers/134cb52c-17d4-4d53-b2a7-312ae1938f75/action => generated 100 bytes in 843 msecs (HTTP/1.1 400) 9 headers in 381 bytes (1 switches on core 0)
Feb 09 16:36:53.415869 n-d-828570-1 devstack@n-api.service[124208]: DEBUG nova.api.openstack.wsgi [None req-9b3c895c-e5f3-464b-abeb-159e75777e18 tempest-LiveMigrationNegativeTest-1760763556 tempest-LiveMigrationNegativeTest-1760763556-project] Calling method '>' {{(pid=124208) _process_stack /opt/stack/nova/nova/api/openstack/wsgi.py:513}}
Feb 09 16:36:53.417032 n-d-828570-1 devstack@n-api.service[124208]: DEBUG nova.compute.api [None req-9b3c895c-e5f3-464b-abeb-159e75777e18 tempest-LiveMigrationNegativeTest-1760763556 tempest-LiveMigrationNegativeTest-1760763556-project] [instance: 134cb52c-17d4-4d53-b2a7-312ae1938f75] Fetching instance by UUID {{(pid=124208) get /opt/stack/nova/nova/compute/api.py:2866}}
Feb 09 16:36:53.465009 n-d-828570-1 devstack@n-api.service[124208]: DEBUG oslo_concurrency.lockutils [None req-9b3c895c-e5f3-464b-abeb-159e75777e18 tempest-LiveMigrationNegativeTest-1760763556 tempest-LiveMigrationNegativeTest-1760763556-project] Lock "22c0855e-f344-46b3-830d-6049cfd87db3" acquired by "nova.context.set_target_cell..get_or_set_cached_cell_and_set_connections" :: waited 0.000s {{(pid=124208) inner /usr/local/lib/python3.8/dist-packages/oslo_concurrency/lockutils.py:386}}
Feb 09 16:36:53.465814 n-d-828570-1 devstack@n-api.service[124208]: DEBUG oslo_concurrency.lockutils [None req-9b3c895c-e5f3-464b-abeb-159e75777e18 tempest-LiveMigrationNegativeTest-1760763556 tempest-LiveMigrationNegativeTest-1760763556-project] Lock "22c0855e-f344-46b3-830d-6049cfd87db3" "released" by "nova.context.set_target_cell..get_or_set_cached_cell_and_set_connections" :: held 0.001s {{(pid=124208) inner /usr/local/lib/python3.8/dist-packages/oslo_concurrency/lockutils.py:400}}
Feb 09 16:36:53.473460 n-d-828570-1 devstack@n-api.service[124208]: DEBUG oslo_concurrency.lockutils [None req-9b3c895c-e5f3-464b-abeb-159e75777e18 tempest-LiveMigrationNegativeTest-1760763556 tempest-LiveMigrationNegativeTest-1760763556-project] Lock "22c0855e-f344-46b3-830d-6049cfd87db3" acquired by "nova.context.set_target_cell..get_or_set_cached_cell_and_set_connections" :: waited 0.000s {{(pid=124208) inner /usr/local/lib/python3.8/dist-packages/oslo_concurrency/lockutils.py:386}}
Feb 09 16:36:53.477171 n-d-828570-1 devstack@n-api.service[124208]: DEBUG oslo_concurrency.lockutils [None req-9b3c895c-e5f3-464b-abeb-159e75777e18 tempest-LiveMigrationNegativeTest-1760763556 tempest-LiveMigrationNegativeTest-1760763556-project] Lock "22c0855e-f344-46b3-830d-6049cfd87db3" "released" by "nova.context.set_target_cell..get_or_set_cached_cell_and_set_connections" :: held 0.009s {{(pid=124208) inner /usr/local/lib/python3.8/dist-packages/oslo_concurrency/lockutils.py:400}}
Feb 09 16:36:53.680655 n-d-828570-1 devstack@n-api.service[124209]: DEBUG nova.api.openstack.wsgi [None req-e9360c26-5e6c-47db-8343-f6e6ab1d2812 tempest-ImagesTestJSON-1656455449 tempest-ImagesTestJSON-1656455449-project] Calling method '.version_select at 0x7f34beeed9d0>' {{(pid=124209) _process_stack /opt/stack/nova/nova/api/openstack/wsgi.py:513}}
Feb 09 16:36:53.790227 n-d-828570-1 devstack@n-api.service[124209]: INFO nova.api.openstack.requestlog [None req-e9360c26-5e6c-47db-8343-f6e6ab1d2812 tempest-ImagesTestJSON-1656455449 tempest-ImagesTestJSON-1656455449-project] 10.222.0.115 "GET /compute/v2.1/images/20b27859-9138-430d-9302-0a58cebe1d38" status: 200 len: 1419 microversion: 2.1 time: 0.114514
Feb 09 16:36:53.796149 n-d-828570-1 devstack@n-api.service[124209]: [pid: 124209|app: 0|req: 152/345] 10.222.0.115 () {58 vars in 1237 bytes} [Wed Feb 9 16:36:53 2022] GET /compute/v2.1/images/20b27859-9138-430d-9302-0a58cebe1d38 => generated 1419 bytes in 120 msecs (HTTP/1.1 200) 9 headers in 358 bytes (1 switches on core 0)
Feb 09 16:36:53.996734 n-d-828570-1 devstack@n-api.service[124209]: DEBUG nova.api.openstack.wsgi [req-fa9f688f-ddbf-4dc5-8265-06cffb427693 req-678fd7ac-6262-47e8-99b2-6c01bc7d6fd1 service nova] Action: 'create', calling method: >, body: {"events": [{"server_uuid": "6cff2175-9d2c-4ce2-bc1e-6f6086e35597", "name": "network-vif-plugged", "status": "completed", "tag": "3dcac538-8d17-4034-85f0-ba5b9c9b4852"}]} {{(pid=124209) _process_stack /opt/stack/nova/nova/api/openstack/wsgi.py:511}}
Feb 09 16:36:53.998330 n-d-828570-1 devstack@n-api.service[124209]: /usr/local/lib/python3.8/dist-packages/oslo_policy/policy.py:1119: UserWarning: Policy "os_compute_api:os-server-external-events:create": "rule:system_admin_api" failed scope check. The token used to make the request was project scoped but the policy requires ['system'] scope. This behavior may change in the future where using the intended scope is required
Feb 09 16:36:53.998330 n-d-828570-1 devstack@n-api.service[124209]: warnings.warn(msg)
Feb 09 16:36:54.014601 n-d-828570-1 devstack@n-api.service[124209]: DEBUG oslo_concurrency.lockutils [req-fa9f688f-ddbf-4dc5-8265-06cffb427693 req-678fd7ac-6262-47e8-99b2-6c01bc7d6fd1 service nova] Lock "22c0855e-f344-46b3-830d-6049cfd87db3" acquired by "nova.context.set_target_cell..get_or_set_cached_cell_and_set_connections" :: waited 0.000s {{(pid=124209) inner /usr/local/lib/python3.8/dist-packages/oslo_concurrency/lockutils.py:386}}
Feb 09 16:36:54.015543 n-d-828570-1 devstack@n-api.service[124209]: DEBUG oslo_concurrency.lockutils [req-fa9f688f-ddbf-4dc5-8265-06cffb427693 req-678fd7ac-6262-47e8-99b2-6c01bc7d6fd1 service nova] Lock "22c0855e-f344-46b3-830d-6049cfd87db3" "released" by "nova.context.set_target_cell..get_or_set_cached_cell_and_set_connections" :: held 0.001s {{(pid=124209) inner /usr/local/lib/python3.8/dist-packages/oslo_concurrency/lockutils.py:400}}
Feb 09 16:36:54.034338 n-d-828570-1 devstack@n-api.service[124208]: DEBUG nova.policy [None req-9b3c895c-e5f3-464b-abeb-159e75777e18 tempest-LiveMigrationNegativeTest-1760763556 tempest-LiveMigrationNegativeTest-1760763556-project] Policy check for os_compute_api:os-extended-server-attributes failed with credentials {'is_admin': False, 'user_id': '7a51c0b4442543f38a9312135a40043c', 'user_domain_id': 'default', 'system_scope': None, 'domain_id': None, 'project_id': 'c0112686b7a0420db3f12cb29a6d3be2', 'project_domain_id': 'default', 'roles': ['reader', 'member'], 'is_admin_project': True, 'service_user_id': None, 'service_user_domain_id': None, 'service_project_id': None, 'service_project_domain_id': None, 'service_roles': []} {{(pid=124208) authorize /opt/stack/nova/nova/policy.py:199}}
Feb 09 16:36:54.057591 n-d-828570-1 devstack@n-api.service[124209]: INFO nova.api.openstack.compute.server_external_events [req-fa9f688f-ddbf-4dc5-8265-06cffb427693 req-678fd7ac-6262-47e8-99b2-6c01bc7d6fd1 service nova] Creating event network-vif-plugged:3dcac538-8d17-4034-85f0-ba5b9c9b4852 for instance 6cff2175-9d2c-4ce2-bc1e-6f6086e35597 on n-h1-828570-1
Feb 09 16:36:54.063662 n-d-828570-1 devstack@n-api.service[124208]: INFO nova.api.openstack.requestlog [None req-9b3c895c-e5f3-464b-abeb-159e75777e18 tempest-LiveMigrationNegativeTest-1760763556 tempest-LiveMigrationNegativeTest-1760763556-project] 10.222.0.115 "GET /compute/v2.1/servers/134cb52c-17d4-4d53-b2a7-312ae1938f75" status: 200 len: 1472 microversion: 2.1 time: 0.658871
Feb 09 16:36:54.072797 n-d-828570-1 devstack@n-api.service[124208]: [pid: 124208|app: 0|req: 194/346] 10.222.0.115 () {58 vars in 1240 bytes} [Wed Feb 9 16:36:53 2022] GET /compute/v2.1/servers/134cb52c-17d4-4d53-b2a7-312ae1938f75 => generated 1472 bytes in 668 msecs (HTTP/1.1 200) 9 headers in 358 bytes (1 switches on core 0)
Feb 09 16:36:54.074145 n-d-828570-1 devstack@n-api.service[124209]: INFO nova.api.openstack.requestlog [req-fa9f688f-ddbf-4dc5-8265-06cffb427693 req-678fd7ac-6262-47e8-99b2-6c01bc7d6fd1 service nova] 10.222.0.115 "POST /compute/v2.1/os-server-external-events" status: 200 len: 183 microversion: 2.1 time: 0.078464
Feb 09 16:36:54.074807 n-d-828570-1 devstack@n-api.service[124209]: [pid: 124209|app: 0|req: 153/347] 10.222.0.115 () {64 vars in 1322 bytes} [Wed Feb 9 16:36:53 2022] POST /compute/v2.1/os-server-external-events => generated 183 bytes in 82 msecs (HTTP/1.1 200) 9 headers in 357 bytes (2 switches on core 0)
Feb 09 16:36:54.122433 n-d-828570-1 devstack@n-api.service[124208]: DEBUG nova.api.openstack.wsgi [None req-ad84bf68-bca3-4480-8dd2-6a96c66d49b2 tempest-LiveAutoBlockMigrationV225Test-362161209 tempest-LiveAutoBlockMigrationV225Test-362161209-project] Calling method '>' {{(pid=124208) _process_stack /opt/stack/nova/nova/api/openstack/wsgi.py:513}}
Feb 09 16:36:54.150434 n-d-828570-1 devstack@n-api.service[124208]: DEBUG nova.compute.api [None req-ad84bf68-bca3-4480-8dd2-6a96c66d49b2 tempest-LiveAutoBlockMigrationV225Test-362161209 tempest-LiveAutoBlockMigrationV225Test-362161209-project] [instance: 6cff2175-9d2c-4ce2-bc1e-6f6086e35597] Fetching instance by UUID {{(pid=124208) get /opt/stack/nova/nova/compute/api.py:2866}}
Feb 09 16:36:54.157186 n-d-828570-1 devstack@n-api.service[124208]: DEBUG oslo_concurrency.lockutils [None req-ad84bf68-bca3-4480-8dd2-6a96c66d49b2 tempest-LiveAutoBlockMigrationV225Test-362161209 tempest-LiveAutoBlockMigrationV225Test-362161209-project] Lock "22c0855e-f344-46b3-830d-6049cfd87db3" acquired by "nova.context.set_target_cell..get_or_set_cached_cell_and_set_connections" :: waited 0.000s {{(pid=124208) inner /usr/local/lib/python3.8/dist-packages/oslo_concurrency/lockutils.py:386}}
Feb 09 16:36:54.158216 n-d-828570-1 devstack@n-api.service[124208]: DEBUG oslo_concurrency.lockutils [None req-ad84bf68-bca3-4480-8dd2-6a96c66d49b2 tempest-LiveAutoBlockMigrationV225Test-362161209 tempest-LiveAutoBlockMigrationV225Test-362161209-project] Lock "22c0855e-f344-46b3-830d-6049cfd87db3" "released" by "nova.context.set_target_cell..get_or_set_cached_cell_and_set_connections" :: held 0.001s {{(pid=124208) inner /usr/local/lib/python3.8/dist-packages/oslo_concurrency/lockutils.py:400}}
Feb 09 16:36:54.163947 n-d-828570-1 devstack@n-api.service[124208]: DEBUG oslo_concurrency.lockutils [None req-ad84bf68-bca3-4480-8dd2-6a96c66d49b2 tempest-LiveAutoBlockMigrationV225Test-362161209 tempest-LiveAutoBlockMigrationV225Test-362161209-project] Lock "22c0855e-f344-46b3-830d-6049cfd87db3" acquired by "nova.context.set_target_cell..get_or_set_cached_cell_and_set_connections" :: waited 0.000s {{(pid=124208) inner /usr/local/lib/python3.8/dist-packages/oslo_concurrency/lockutils.py:386}}
Feb 09 16:36:54.165048 n-d-828570-1 devstack@n-api.service[124208]: DEBUG oslo_concurrency.lockutils [None req-ad84bf68-bca3-4480-8dd2-6a96c66d49b2 tempest-LiveAutoBlockMigrationV225Test-362161209 tempest-LiveAutoBlockMigrationV225Test-362161209-project] Lock "22c0855e-f344-46b3-830d-6049cfd87db3" "released" by "nova.context.set_target_cell..get_or_set_cached_cell_and_set_connections" :: held 0.005s {{(pid=124208) inner /usr/local/lib/python3.8/dist-packages/oslo_concurrency/lockutils.py:400}}
Feb 09 16:36:54.606151 n-d-828570-1 devstack@n-api.service[124208]: DEBUG nova.policy [None req-ad84bf68-bca3-4480-8dd2-6a96c66d49b2 tempest-LiveAutoBlockMigrationV225Test-362161209 tempest-LiveAutoBlockMigrationV225Test-362161209-project] Policy check for os_compute_api:os-extended-server-attributes failed with credentials {'is_admin': False, 'user_id': '85e3fdf860ff44cc9ffe57a9fb19cd4f', 'user_domain_id': 'default', 'system_scope': None, 'domain_id': None, 'project_id': '566e415d263e43f5b63af2b735d312d2', 'project_domain_id': 'default', 'roles': ['reader', 'member'], 'is_admin_project': True, 'service_user_id': None, 'service_user_domain_id': None, 'service_project_id': None, 'service_project_domain_id': None, 'service_roles': []} {{(pid=124208) authorize /opt/stack/nova/nova/policy.py:199}}
Feb 09 16:36:54.615734 n-d-828570-1 devstack@n-api.service[124208]: DEBUG nova.policy [None req-ad84bf68-bca3-4480-8dd2-6a96c66d49b2 tempest-LiveAutoBlockMigrationV225Test-362161209 tempest-LiveAutoBlockMigrationV225Test-362161209-project] Policy check for os_compute_api:servers:show:host_status failed with credentials {'is_admin': False, 'user_id': '85e3fdf860ff44cc9ffe57a9fb19cd4f', 'user_domain_id': 'default', 'system_scope': None, 'domain_id': None, 'project_id': '566e415d263e43f5b63af2b735d312d2', 'project_domain_id': 'default', 'roles': ['reader', 'member'], 'is_admin_project': True, 'service_user_id': None, 'service_user_domain_id': None, 'service_project_id': None, 'service_project_domain_id': None, 'service_roles': []} {{(pid=124208) authorize /opt/stack/nova/nova/policy.py:199}}
Feb 09 16:36:54.621501 n-d-828570-1 devstack@n-api.service[124208]: DEBUG nova.policy [None req-ad84bf68-bca3-4480-8dd2-6a96c66d49b2 tempest-LiveAutoBlockMigrationV225Test-362161209 tempest-LiveAutoBlockMigrationV225Test-362161209-project] Policy check for os_compute_api:servers:show:host_status:unknown-only failed with credentials {'is_admin': False, 'user_id': '85e3fdf860ff44cc9ffe57a9fb19cd4f', 'user_domain_id': 'default', 'system_scope': None, 'domain_id': None, 'project_id': '566e415d263e43f5b63af2b735d312d2', 'project_domain_id': 'default', 'roles': ['reader', 'member'], 'is_admin_project': True, 'service_user_id': None, 'service_user_domain_id': None, 'service_project_id': None, 'service_project_domain_id': None, 'service_roles': []} {{(pid=124208) authorize /opt/stack/nova/nova/policy.py:199}}
Feb 09 16:36:54.628743 n-d-828570-1 devstack@n-api.service[124208]: INFO nova.api.openstack.requestlog [None req-ad84bf68-bca3-4480-8dd2-6a96c66d49b2 tempest-LiveAutoBlockMigrationV225Test-362161209 tempest-LiveAutoBlockMigrationV225Test-362161209-project] 10.222.0.115 "GET /compute/v2.1/servers/6cff2175-9d2c-4ce2-bc1e-6f6086e35597" status: 200 len: 1365 microversion: 2.25 time: 0.519080
Feb 09 16:36:54.629678 n-d-828570-1 devstack@n-api.service[124208]: [pid: 124208|app: 0|req: 195/348] 10.222.0.115 () {60 vars in 1281 bytes} [Wed Feb 9 16:36:54 2022] GET /compute/v2.1/servers/6cff2175-9d2c-4ce2-bc1e-6f6086e35597 => generated 1365 bytes in 524 msecs (HTTP/1.1 200) 9 headers in 360 bytes (1 switches on core 0)
Feb 09 16:36:54.823995 n-d-828570-1 devstack@n-api.service[124209]: DEBUG nova.api.openstack.wsgi [None req-42b3fe8f-a764-4011-a4e3-d2d21472eeaa tempest-ImagesTestJSON-1656455449 tempest-ImagesTestJSON-1656455449-project] Calling method '.version_select at 0x7f34bedd1d30>' {{(pid=124209) _process_stack /opt/stack/nova/nova/api/openstack/wsgi.py:513}}
Feb 09 16:36:54.868048 n-d-828570-1 devstack@n-api.service[124208]: DEBUG nova.api.openstack.wsgi [None req-50e1dd03-fb07-44d0-b84c-b6c4e62781ad tempest-LiveMigrationNegativeTest-1760763556 tempest-LiveMigrationNegativeTest-1760763556-project] Action: 'create', calling method: >, body: {"server": {"name": "tempest-LiveMigrationNegativeTest-server-1861709135", "imageRef": "14edb8b8-6e20-4a20-917e-92576007c904", "flavorRef": "452"}} {{(pid=124208) _process_stack /opt/stack/nova/nova/api/openstack/wsgi.py:511}}
Feb 09 16:36:54.933608 n-d-828570-1 devstack@n-api.service[124209]: INFO nova.api.openstack.requestlog [None req-42b3fe8f-a764-4011-a4e3-d2d21472eeaa tempest-ImagesTestJSON-1656455449 tempest-ImagesTestJSON-1656455449-project] 10.222.0.115 "GET /compute/v2.1/images/20b27859-9138-430d-9302-0a58cebe1d38" status: 200 len: 1419 microversion: 2.1 time: 0.127635
Feb 09 16:36:54.934396 n-d-828570-1 devstack@n-api.service[124209]: [pid: 124209|app: 0|req: 154/349] 10.222.0.115 () {58 vars in 1237 bytes} [Wed Feb 9 16:36:54 2022] GET /compute/v2.1/images/20b27859-9138-430d-9302-0a58cebe1d38 => generated 1419 bytes in 131 msecs (HTTP/1.1 200) 9 headers in 358 bytes (1 switches on core 0)
Feb 09 16:36:55.017997 n-d-828570-1 devstack@n-api.service[124208]: DEBUG nova.network.neutron [None req-50e1dd03-fb07-44d0-b84c-b6c4e62781ad tempest-LiveMigrationNegativeTest-1760763556 tempest-LiveMigrationNegativeTest-1760763556-project] validate_networks() for None {{(pid=124208) validate_networks /opt/stack/nova/nova/network/neutron.py:2554}}
Feb 09 16:36:55.670209 n-d-828570-1 devstack@n-api.service[124209]: DEBUG nova.api.openstack.wsgi [None req-5fe84644-38ad-4de0-9357-ea0e30be52d5 tempest-LiveAutoBlockMigrationV225Test-362161209 tempest-LiveAutoBlockMigrationV225Test-362161209-project] Calling method '>' {{(pid=124209) _process_stack /opt/stack/nova/nova/api/openstack/wsgi.py:513}}
Feb 09 16:36:55.673655 n-d-828570-1 devstack@n-api.service[124209]: DEBUG nova.compute.api [None req-5fe84644-38ad-4de0-9357-ea0e30be52d5 tempest-LiveAutoBlockMigrationV225Test-362161209 tempest-LiveAutoBlockMigrationV225Test-362161209-project] [instance: 6cff2175-9d2c-4ce2-bc1e-6f6086e35597] Fetching instance by UUID {{(pid=124209) get /opt/stack/nova/nova/compute/api.py:2866}}
Feb 09 16:36:55.713194 n-d-828570-1 devstack@n-api.service[124209]: DEBUG oslo_concurrency.lockutils [None req-5fe84644-38ad-4de0-9357-ea0e30be52d5 tempest-LiveAutoBlockMigrationV225Test-362161209 tempest-LiveAutoBlockMigrationV225Test-362161209-project] Lock "22c0855e-f344-46b3-830d-6049cfd87db3" acquired by "nova.context.set_target_cell..get_or_set_cached_cell_and_set_connections" :: waited 0.000s {{(pid=124209) inner /usr/local/lib/python3.8/dist-packages/oslo_concurrency/lockutils.py:386}}
Feb 09 16:36:55.714425 n-d-828570-1 devstack@n-api.service[124209]: DEBUG oslo_concurrency.lockutils [None req-5fe84644-38ad-4de0-9357-ea0e30be52d5 tempest-LiveAutoBlockMigrationV225Test-362161209 tempest-LiveAutoBlockMigrationV225Test-362161209-project] Lock "22c0855e-f344-46b3-830d-6049cfd87db3" "released" by "nova.context.set_target_cell..get_or_set_cached_cell_and_set_connections" :: held 0.002s {{(pid=124209) inner /usr/local/lib/python3.8/dist-packages/oslo_concurrency/lockutils.py:400}}
Feb 09 16:36:55.718238 n-d-828570-1 devstack@n-api.service[124209]: DEBUG oslo_concurrency.lockutils [None req-5fe84644-38ad-4de0-9357-ea0e30be52d5 tempest-LiveAutoBlockMigrationV225Test-362161209 tempest-LiveAutoBlockMigrationV225Test-362161209-project] Lock "22c0855e-f344-46b3-830d-6049cfd87db3" acquired by "nova.context.set_target_cell..get_or_set_cached_cell_and_set_connections" :: waited 0.000s {{(pid=124209) inner /usr/local/lib/python3.8/dist-packages/oslo_concurrency/lockutils.py:386}}
Feb 09 16:36:55.722397 n-d-828570-1 devstack@n-api.service[124209]: DEBUG oslo_concurrency.lockutils [None req-5fe84644-38ad-4de0-9357-ea0e30be52d5 tempest-LiveAutoBlockMigrationV225Test-362161209 tempest-LiveAutoBlockMigrationV225Test-362161209-project] Lock "22c0855e-f344-46b3-830d-6049cfd87db3" "released" by "nova.context.set_target_cell..get_or_set_cached_cell_and_set_connections" :: held 0.003s {{(pid=124209) inner /usr/local/lib/python3.8/dist-packages/oslo_concurrency/lockutils.py:400}}
Feb 09 16:36:55.858898 n-d-828570-1 devstack@n-api.service[124208]: DEBUG nova.virt.hardware [None req-50e1dd03-fb07-44d0-b84c-b6c4e62781ad tempest-LiveMigrationNegativeTest-1760763556 tempest-LiveMigrationNegativeTest-1760763556-project] Flavor limits 0:0:0 {{(pid=124208) get_cpu_topology_constraints /opt/stack/nova/nova/virt/hardware.py:343}}
Feb 09 16:36:55.859429 n-d-828570-1 devstack@n-api.service[124208]: DEBUG nova.virt.hardware [None req-50e1dd03-fb07-44d0-b84c-b6c4e62781ad tempest-LiveMigrationNegativeTest-1760763556 tempest-LiveMigrationNegativeTest-1760763556-project] Image limits 0:0:0 {{(pid=124208) get_cpu_topology_constraints /opt/stack/nova/nova/virt/hardware.py:347}}
Feb 09 16:36:55.859858 n-d-828570-1 devstack@n-api.service[124208]: DEBUG nova.virt.hardware [None req-50e1dd03-fb07-44d0-b84c-b6c4e62781ad tempest-LiveMigrationNegativeTest-1760763556 tempest-LiveMigrationNegativeTest-1760763556-project] Flavor pref 0:0:0 {{(pid=124208) get_cpu_topology_constraints /opt/stack/nova/nova/virt/hardware.py:383}}
Feb 09 16:36:55.860279 n-d-828570-1 devstack@n-api.service[124208]: DEBUG nova.virt.hardware [None req-50e1dd03-fb07-44d0-b84c-b6c4e62781ad tempest-LiveMigrationNegativeTest-1760763556 tempest-LiveMigrationNegativeTest-1760763556-project] Image pref 0:0:0 {{(pid=124208) get_cpu_topology_constraints /opt/stack/nova/nova/virt/hardware.py:387}}
Feb 09 16:36:55.860779 n-d-828570-1 devstack@n-api.service[124208]: DEBUG nova.virt.hardware [None req-50e1dd03-fb07-44d0-b84c-b6c4e62781ad tempest-LiveMigrationNegativeTest-1760763556 tempest-LiveMigrationNegativeTest-1760763556-project] Chose sockets=0, cores=0, threads=0; limits were sockets=65536, cores=65536, threads=65536 {{(pid=124208) get_cpu_topology_constraints /opt/stack/nova/nova/virt/hardware.py:425}}
Feb 09 16:36:55.892168 n-d-828570-1 devstack@n-api.service[124208]: DEBUG oslo_concurrency.lockutils [None req-50e1dd03-fb07-44d0-b84c-b6c4e62781ad tempest-LiveMigrationNegativeTest-1760763556 tempest-LiveMigrationNegativeTest-1760763556-project] Lock "00000000-0000-0000-0000-000000000000" acquired by "nova.context.set_target_cell..get_or_set_cached_cell_and_set_connections" :: waited 0.000s {{(pid=124208) inner /usr/local/lib/python3.8/dist-packages/oslo_concurrency/lockutils.py:386}}
Feb 09 16:36:55.892623 n-d-828570-1 devstack@n-api.service[124208]: DEBUG oslo_concurrency.lockutils [None req-50e1dd03-fb07-44d0-b84c-b6c4e62781ad tempest-LiveMigrationNegativeTest-1760763556 tempest-LiveMigrationNegativeTest-1760763556-project] Lock "00000000-0000-0000-0000-000000000000" "released" by "nova.context.set_target_cell..get_or_set_cached_cell_and_set_connections" :: held 0.001s {{(pid=124208) inner /usr/local/lib/python3.8/dist-packages/oslo_concurrency/lockutils.py:400}}
Feb 09 16:36:55.898597 n-d-828570-1 devstack@n-api.service[124208]: DEBUG oslo_concurrency.lockutils [None req-50e1dd03-fb07-44d0-b84c-b6c4e62781ad tempest-LiveMigrationNegativeTest-1760763556 tempest-LiveMigrationNegativeTest-1760763556-project] Lock "22c0855e-f344-46b3-830d-6049cfd87db3" acquired by "nova.context.set_target_cell..get_or_set_cached_cell_and_set_connections" :: waited 0.000s {{(pid=124208) inner /usr/local/lib/python3.8/dist-packages/oslo_concurrency/lockutils.py:386}}
Feb 09 16:36:55.899344 n-d-828570-1 devstack@n-api.service[124208]: DEBUG oslo_concurrency.lockutils [None req-50e1dd03-fb07-44d0-b84c-b6c4e62781ad tempest-LiveMigrationNegativeTest-1760763556 tempest-LiveMigrationNegativeTest-1760763556-project] Lock "22c0855e-f344-46b3-830d-6049cfd87db3" "released" by "nova.context.set_target_cell..get_or_set_cached_cell_and_set_connections" :: held 0.001s {{(pid=124208) inner /usr/local/lib/python3.8/dist-packages/oslo_concurrency/lockutils.py:400}}
Feb 09 16:36:55.975651 n-d-828570-1 devstack@n-api.service[124208]: DEBUG nova.quota [None req-50e1dd03-fb07-44d0-b84c-b6c4e62781ad tempest-LiveMigrationNegativeTest-1760763556 tempest-LiveMigrationNegativeTest-1760763556-project] Getting quotas for project c0112686b7a0420db3f12cb29a6d3be2. Resources: {'cores', 'ram', 'instances'} {{(pid=124208) _get_quotas /opt/stack/nova/nova/quota.py:387}}
Feb 09 16:36:55.993703 n-d-828570-1 devstack@n-api.service[124208]: DEBUG nova.quota [None req-50e1dd03-fb07-44d0-b84c-b6c4e62781ad tempest-LiveMigrationNegativeTest-1760763556 tempest-LiveMigrationNegativeTest-1760763556-project] Getting quotas for user 7a51c0b4442543f38a9312135a40043c and project c0112686b7a0420db3f12cb29a6d3be2. Resources: {'cores', 'ram', 'instances'} {{(pid=124208) _get_quotas /opt/stack/nova/nova/quota.py:377}}
Feb 09 16:36:56.042805 n-d-828570-1 devstack@n-api.service[124208]: DEBUG nova.compute.api [None req-50e1dd03-fb07-44d0-b84c-b6c4e62781ad tempest-LiveMigrationNegativeTest-1760763556 tempest-LiveMigrationNegativeTest-1760763556-project] Going to run 1 instances... {{(pid=124208) _provision_instances /opt/stack/nova/nova/compute/api.py:1351}}
Feb 09 16:36:56.047483 n-d-828570-1 devstack@n-api.service[124208]: DEBUG nova.compute.api [None req-50e1dd03-fb07-44d0-b84c-b6c4e62781ad tempest-LiveMigrationNegativeTest-1760763556 tempest-LiveMigrationNegativeTest-1760763556-project] [instance: fd2451a9-5d25-49d0-9102-97f41fcfbfa6] block_device_mapping [BlockDeviceMapping(attachment_id=,boot_index=0,connection_info=None,created_at=,delete_on_termination=True,deleted=,deleted_at=,destination_type='local',device_name=None,device_type='disk',disk_bus=None,guest_format=None,id=,image_id='14edb8b8-6e20-4a20-917e-92576007c904',instance=,instance_uuid=,no_device=False,snapshot_id=None,source_type='image',tag=None,updated_at=,uuid=,volume_id=None,volume_size=None,volume_type=None)] {{(pid=124208) _bdm_validate_set_size_and_instance /opt/stack/nova/nova/compute/api.py:1758}}
Feb 09 16:36:56.155664 n-d-828570-1 devstack@n-api.service[124208]: INFO nova.api.openstack.requestlog [None req-50e1dd03-fb07-44d0-b84c-b6c4e62781ad tempest-LiveMigrationNegativeTest-1760763556 tempest-LiveMigrationNegativeTest-1760763556-project] 10.222.0.115 "POST /compute/v2.1/servers" status: 202 len: 382 microversion: 2.1 time: 1.291264
Feb 09 16:36:56.158227 n-d-828570-1 devstack@n-api.service[124208]: [pid: 124208|app: 0|req: 196/350] 10.222.0.115 () {60 vars in 1151 bytes} [Wed Feb 9 16:36:54 2022] POST /compute/v2.1/servers => generated 382 bytes in 1294 msecs (HTTP/1.1 202) 10 headers in 452 bytes (1 switches on core 0)
Feb 09 16:36:56.163771 n-d-828570-1 devstack@n-api.service[124208]: DEBUG nova.api.openstack.wsgi [None req-08740888-a261-44ff-b841-3bc3405cace6 tempest-ImagesTestJSON-1656455449 tempest-ImagesTestJSON-1656455449-project] Calling method '.version_select at 0x7f34bee364c0>' {{(pid=124208) _process_stack /opt/stack/nova/nova/api/openstack/wsgi.py:513}}
