Feb 09 16:06:41.205179 n-d-828542-1 devstack@placement-api.service[103670]: INFO placement.requestlog [req-e8df6206-619f-4c2f-8868-029bf6ad1c12 req-3f0e8c55-e74a-4c04-ac43-106c38bf1c4c service placement] 10.222.0.13 "GET /placement/resource_providers/f36740bd-f167-4427-ba5a-f0c06e5257dc/aggregates" status: 200 len: 54 microversion: 1.19
Feb 09 16:06:41.205738 n-d-828542-1 devstack@placement-api.service[103670]: [pid: 103670|app: 0|req: 440/872] 10.222.0.13 () {60 vars in 1431 bytes} [Wed Feb 9 16:06:41 2022] GET /placement/resource_providers/f36740bd-f167-4427-ba5a-f0c06e5257dc/aggregates => generated 54 bytes in 24 msecs (HTTP/1.1 200) 8 headers in 295 bytes (1 switches on core 0)
Feb 09 16:06:41.213461 n-d-828542-1 devstack@placement-api.service[103671]: DEBUG placement.requestlog [req-e8df6206-619f-4c2f-8868-029bf6ad1c12 req-c43bf593-b8c3-4e5b-af19-b71a962f6fb7 None None] Starting request: 10.222.0.13 "GET /placement/resource_providers/f36740bd-f167-4427-ba5a-f0c06e5257dc/traits" {{(pid=103671) __call__ /opt/stack/placement/placement/requestlog.py:55}}
Feb 09 16:06:41.242313 n-d-828542-1 devstack@placement-api.service[103671]: INFO placement.requestlog [req-e8df6206-619f-4c2f-8868-029bf6ad1c12 req-c43bf593-b8c3-4e5b-af19-b71a962f6fb7 service placement] 10.222.0.13 "GET /placement/resource_providers/f36740bd-f167-4427-ba5a-f0c06e5257dc/traits" status: 200 len: 212 microversion: 1.6
Feb 09 16:06:41.243125 n-d-828542-1 devstack@placement-api.service[103671]: [pid: 103671|app: 0|req: 433/873] 10.222.0.13 () {60 vars in 1418 bytes} [Wed Feb 9 16:06:41 2022] GET /placement/resource_providers/f36740bd-f167-4427-ba5a-f0c06e5257dc/traits => generated 212 bytes in 30 msecs (HTTP/1.1 200) 6 headers in 224 bytes (1 switches on core 0)
Feb 09 16:06:50.871583 n-d-828542-1 devstack@placement-api.service[103670]: DEBUG placement.requestlog [req-63fd2f43-d090-40d8-8885-4cd749b821d7 req-afd3c64b-2a19-4aab-85fe-b53720903478 None None] Starting request: 10.222.0.73 "DELETE /placement/allocations/9842b7f8-9f11-4160-87f7-9cd7b4822198" {{(pid=103670) __call__ /opt/stack/placement/placement/requestlog.py:55}}
Feb 09 16:06:51.148906 n-d-828542-1 devstack@placement-api.service[103670]: DEBUG placement.handlers.allocation [req-63fd2f43-d090-40d8-8885-4cd749b821d7 req-afd3c64b-2a19-4aab-85fe-b53720903478 service placement] Successfully deleted allocations [, , ] {{(pid=103670) delete_allocations /opt/stack/placement/placement/handlers/allocation.py:627}}
Feb 09 16:06:51.149691 n-d-828542-1 devstack@placement-api.service[103670]: INFO placement.requestlog [req-63fd2f43-d090-40d8-8885-4cd749b821d7 req-afd3c64b-2a19-4aab-85fe-b53720903478 service placement] 10.222.0.73 "DELETE /placement/allocations/9842b7f8-9f11-4160-87f7-9cd7b4822198" status: 204 len: 0 microversion: 1.0
Feb 09 16:06:51.150076 n-d-828542-1 devstack@placement-api.service[103670]: [pid: 103670|app: 0|req: 441/874] 10.222.0.73 () {60 vars in 1355 bytes} [Wed Feb 9 16:06:50 2022] DELETE /placement/allocations/9842b7f8-9f11-4160-87f7-9cd7b4822198 => generated 0 bytes in 279 msecs (HTTP/1.1 204) 5 headers in 198 bytes (1 switches on core 0)
Feb 09 16:06:59.548465 n-d-828542-1 devstack@placement-api.service[103671]: DEBUG placement.requestlog [req-5d139b48-a7a3-47ec-aa4e-f4aa01f3e1c2 req-fbfb9250-0a2e-4928-a3af-71bd47607c07 None None] Starting request: 10.222.0.73 "DELETE /placement/allocations/7bdc75f3-5b47-4a1a-8054-a21f0a0ca5d0" {{(pid=103671) __call__ /opt/stack/placement/placement/requestlog.py:55}}
Feb 09 16:06:59.787761 n-d-828542-1 devstack@placement-api.service[103671]: DEBUG placement.handlers.allocation [req-5d139b48-a7a3-47ec-aa4e-f4aa01f3e1c2 req-fbfb9250-0a2e-4928-a3af-71bd47607c07 service placement] Successfully deleted allocations [, , ] {{(pid=103671) delete_allocations /opt/stack/placement/placement/handlers/allocation.py:627}}
Feb 09 16:06:59.788333 n-d-828542-1 devstack@placement-api.service[103671]: INFO placement.requestlog [req-5d139b48-a7a3-47ec-aa4e-f4aa01f3e1c2 req-fbfb9250-0a2e-4928-a3af-71bd47607c07 service placement] 10.222.0.73 "DELETE /placement/allocations/7bdc75f3-5b47-4a1a-8054-a21f0a0ca5d0" status: 204 len: 0 microversion: 1.0
Feb 09 16:06:59.788740 n-d-828542-1 devstack@placement-api.service[103671]: [pid: 103671|app: 0|req: 434/875] 10.222.0.73 () {60 vars in 1355 bytes} [Wed Feb 9 16:06:59 2022] DELETE /placement/allocations/7bdc75f3-5b47-4a1a-8054-a21f0a0ca5d0 => generated 0 bytes in 241 msecs (HTTP/1.1 204) 5 headers in 198 bytes (1 switches on core 0)
Feb 09 16:07:10.100420 n-d-828542-1 devstack@placement-api.service[103670]: DEBUG placement.requestlog [req-f732962f-461a-4bf7-a349-18e5597ced02 req-d72852b7-3439-4d35-9493-0f8937d62e8d None None] Starting request: 10.222.0.53 "GET /placement/allocation_candidates?limit=1000&resources=DISK_GB%3A1%2CMEMORY_MB%3A1024%2CVCPU%3A1&root_required=%21COMPUTE_STATUS_DISABLED" {{(pid=103670) __call__ /opt/stack/placement/placement/requestlog.py:55}}
Feb 09 16:07:10.179509 n-d-828542-1 devstack@placement-api.service[103670]: DEBUG placement.objects.research_context [req-f732962f-461a-4bf7-a349-18e5597ced02 req-d72852b7-3439-4d35-9493-0f8937d62e8d service placement] getting providers with 1 DISK_GB {{(pid=103670) __init__ /opt/stack/placement/placement/objects/research_context.py:126}}
Feb 09 16:07:10.188733 n-d-828542-1 devstack@placement-api.service[103670]: DEBUG placement.objects.research_context [req-f732962f-461a-4bf7-a349-18e5597ced02 req-d72852b7-3439-4d35-9493-0f8937d62e8d service placement] getting providers with 1024 MEMORY_MB {{(pid=103670) __init__ /opt/stack/placement/placement/objects/research_context.py:126}}
Feb 09 16:07:10.195874 n-d-828542-1 devstack@placement-api.service[103670]: DEBUG placement.objects.research_context [req-f732962f-461a-4bf7-a349-18e5597ced02 req-d72852b7-3439-4d35-9493-0f8937d62e8d service placement] getting providers with 1 VCPU {{(pid=103670) __init__ /opt/stack/placement/placement/objects/research_context.py:126}}
Feb 09 16:07:10.204213 n-d-828542-1 devstack@placement-api.service[103670]: DEBUG placement.objects.research_context [req-f732962f-461a-4bf7-a349-18e5597ced02 req-d72852b7-3439-4d35-9493-0f8937d62e8d service placement] found 2 providers with available 1 DISK_GB {{(pid=103670) get_provider_ids_matching /opt/stack/placement/placement/objects/research_context.py:549}}
Feb 09 16:07:10.204678 n-d-828542-1 devstack@placement-api.service[103670]: DEBUG placement.objects.research_context [req-f732962f-461a-4bf7-a349-18e5597ced02 req-d72852b7-3439-4d35-9493-0f8937d62e8d service placement] found 2 providers with available 1024 MEMORY_MB {{(pid=103670) get_provider_ids_matching /opt/stack/placement/placement/objects/research_context.py:549}}
Feb 09 16:07:10.205096 n-d-828542-1 devstack@placement-api.service[103670]: DEBUG placement.objects.research_context [req-f732962f-461a-4bf7-a349-18e5597ced02 req-d72852b7-3439-4d35-9493-0f8937d62e8d service placement] found 2 providers after filtering by previous result {{(pid=103670) get_provider_ids_matching /opt/stack/placement/placement/objects/research_context.py:580}}
Feb 09 16:07:10.205986 n-d-828542-1 devstack@placement-api.service[103670]: DEBUG placement.objects.research_context [req-f732962f-461a-4bf7-a349-18e5597ced02 req-d72852b7-3439-4d35-9493-0f8937d62e8d service placement] found 2 providers with available 1 VCPU {{(pid=103670) get_provider_ids_matching /opt/stack/placement/placement/objects/research_context.py:549}}
Feb 09 16:07:10.206419 n-d-828542-1 devstack@placement-api.service[103670]: DEBUG placement.objects.research_context [req-f732962f-461a-4bf7-a349-18e5597ced02 req-d72852b7-3439-4d35-9493-0f8937d62e8d service placement] found 2 providers after filtering by previous result {{(pid=103670) get_provider_ids_matching /opt/stack/placement/placement/objects/research_context.py:580}}
Feb 09 16:07:10.223801 n-d-828542-1 devstack@placement-api.service[103670]: DEBUG placement.objects.allocation_candidate [req-f732962f-461a-4bf7-a349-18e5597ced02 req-d72852b7-3439-4d35-9493-0f8937d62e8d service placement] RequestGroup(use_same_provider=False, resources={DISK_GB:1, MEMORY_MB:1024, VCPU:1}, traits=[], aggregates=[]) (suffix '') returned 2 matches {{(pid=103670) _get_by_requests /opt/stack/placement/placement/objects/allocation_candidate.py:145}}
Feb 09 16:07:10.224294 n-d-828542-1 devstack@placement-api.service[103670]: DEBUG placement.objects.allocation_candidate [req-f732962f-461a-4bf7-a349-18e5597ced02 req-d72852b7-3439-4d35-9493-0f8937d62e8d service placement] Merging candidates yields 2 allocation requests and 2 provider summaries {{(pid=103670) _merge_candidates /opt/stack/placement/placement/objects/allocation_candidate.py:783}}
Feb 09 16:07:10.226130 n-d-828542-1 devstack@placement-api.service[103670]: INFO placement.requestlog [req-f732962f-461a-4bf7-a349-18e5597ced02 req-d72852b7-3439-4d35-9493-0f8937d62e8d service placement] 10.222.0.53 "GET /placement/allocation_candidates?limit=1000&resources=DISK_GB%3A1%2CMEMORY_MB%3A1024%2CVCPU%3A1&root_required=%21COMPUTE_STATUS_DISABLED" status: 200 len: 1306 microversion: 1.36
Feb 09 16:07:10.227499 n-d-828542-1 devstack@placement-api.service[103670]: [pid: 103670|app: 0|req: 442/876] 10.222.0.53 () {60 vars in 1506 bytes} [Wed Feb 9 16:07:10 2022] GET /placement/allocation_candidates?limit=1000&resources=DISK_GB%3A1%2CMEMORY_MB%3A1024%2CVCPU%3A1&root_required=%21COMPUTE_STATUS_DISABLED => generated 1306 bytes in 127 msecs (HTTP/1.1 200) 8 headers in 297 bytes (2 switches on core 0)
Feb 09 16:07:10.363796 n-d-828542-1 devstack@placement-api.service[103671]: DEBUG placement.requestlog [req-f732962f-461a-4bf7-a349-18e5597ced02 req-c0b9f57f-3664-480f-a9fe-6e7caf23fdb8 None None] Starting request: 10.222.0.53 "GET /placement/allocations/05731a17-3189-4252-b3c7-3d1b05da03c0" {{(pid=103671) __call__ /opt/stack/placement/placement/requestlog.py:55}}
Feb 09 16:07:10.387822 n-d-828542-1 devstack@placement-api.service[103671]: INFO placement.requestlog [req-f732962f-461a-4bf7-a349-18e5597ced02 req-c0b9f57f-3664-480f-a9fe-6e7caf23fdb8 service placement] 10.222.0.53 "GET /placement/allocations/05731a17-3189-4252-b3c7-3d1b05da03c0" status: 200 len: 19 microversion: 1.28
Feb 09 16:07:10.392289 n-d-828542-1 devstack@placement-api.service[103671]: [pid: 103671|app: 0|req: 435/877] 10.222.0.53 () {60 vars in 1380 bytes} [Wed Feb 9 16:07:10 2022] GET /placement/allocations/05731a17-3189-4252-b3c7-3d1b05da03c0 => generated 19 bytes in 25 msecs (HTTP/1.1 200) 8 headers in 295 bytes (2 switches on core 0)
Feb 09 16:07:10.395829 n-d-828542-1 devstack@placement-api.service[103670]: DEBUG placement.requestlog [req-f732962f-461a-4bf7-a349-18e5597ced02 req-c664159c-b391-4676-95fe-74eac6c70f78 None None] Starting request: 10.222.0.53 "PUT /placement/allocations/05731a17-3189-4252-b3c7-3d1b05da03c0" {{(pid=103670) __call__ /opt/stack/placement/placement/requestlog.py:55}}
Feb 09 16:07:10.631219 n-d-828542-1 devstack@placement-api.service[103670]: DEBUG placement.handlers.allocation [req-f732962f-461a-4bf7-a349-18e5597ced02 req-c664159c-b391-4676-95fe-74eac6c70f78 service placement] Successfully wrote allocations [, , ] {{(pid=103670) _update_consumers_and_create_allocations /opt/stack/placement/placement/handlers/allocation.py:462}}
Feb 09 16:07:10.732030 n-d-828542-1 devstack@placement-api.service[103670]: INFO placement.requestlog [req-f732962f-461a-4bf7-a349-18e5597ced02 req-c664159c-b391-4676-95fe-74eac6c70f78 service placement] 10.222.0.53 "PUT /placement/allocations/05731a17-3189-4252-b3c7-3d1b05da03c0" status: 204 len: 0 microversion: 1.36
Feb 09 16:07:10.734308 n-d-828542-1 devstack@placement-api.service[103670]: [pid: 103670|app: 0|req: 443/878] 10.222.0.53 () {64 vars in 1433 bytes} [Wed Feb 9 16:07:10 2022] PUT /placement/allocations/05731a17-3189-4252-b3c7-3d1b05da03c0 => generated 0 bytes in 337 msecs (HTTP/1.1 204) 5 headers in 199 bytes (1 switches on core 0)
Feb 09 16:07:12.506431 n-d-828542-1 devstack@placement-api.service[103671]: DEBUG placement.requestlog [req-f732962f-461a-4bf7-a349-18e5597ced02 req-eb6a731d-c65b-4131-aeca-faf7ae990983 None None] Starting request: 10.222.0.73 "GET /placement/allocations/05731a17-3189-4252-b3c7-3d1b05da03c0" {{(pid=103671) __call__ /opt/stack/placement/placement/requestlog.py:55}}
Feb 09 16:07:12.533249 n-d-828542-1 devstack@placement-api.service[103671]: INFO placement.requestlog [req-f732962f-461a-4bf7-a349-18e5597ced02 req-eb6a731d-c65b-4131-aeca-faf7ae990983 service placement] 10.222.0.73 "GET /placement/allocations/05731a17-3189-4252-b3c7-3d1b05da03c0" status: 200 len: 259 microversion: 1.28
Feb 09 16:07:12.534129 n-d-828542-1 devstack@placement-api.service[103671]: [pid: 103671|app: 0|req: 436/879] 10.222.0.73 () {60 vars in 1377 bytes} [Wed Feb 9 16:07:12 2022] GET /placement/allocations/05731a17-3189-4252-b3c7-3d1b05da03c0 => generated 259 bytes in 28 msecs (HTTP/1.1 200) 8 headers in 296 bytes (1 switches on core 0)
Feb 09 16:07:31.651550 n-d-828542-1 devstack@placement-api.service[103670]: DEBUG placement.requestlog [req-a6e5c724-4436-47d7-953f-18298682359e req-56ebc015-31f5-4c51-a19a-9a4d07aa5d9b None None] Starting request: 10.222.0.73 "GET /placement/resource_providers/aa16208b-686e-4990-9828-58e50078f350/allocations" {{(pid=103670) __call__ /opt/stack/placement/placement/requestlog.py:55}}
Feb 09 16:07:31.730419 n-d-828542-1 devstack@placement-api.service[103670]: INFO placement.requestlog [req-a6e5c724-4436-47d7-953f-18298682359e req-56ebc015-31f5-4c51-a19a-9a4d07aa5d9b service placement] 10.222.0.73 "GET /placement/resource_providers/aa16208b-686e-4990-9828-58e50078f350/allocations" status: 200 len: 154 microversion: 1.0
Feb 09 16:07:31.731117 n-d-828542-1 devstack@placement-api.service[103670]: [pid: 103670|app: 0|req: 444/880] 10.222.0.73 () {58 vars in 1390 bytes} [Wed Feb 9 16:07:31 2022] GET /placement/resource_providers/aa16208b-686e-4990-9828-58e50078f350/allocations => generated 154 bytes in 80 msecs (HTTP/1.1 200) 6 headers in 224 bytes (1 switches on core 0)
Feb 09 16:07:40.390391 n-d-828542-1 devstack@placement-api.service[103671]: DEBUG placement.requestlog [req-0a9be94f-db14-4924-a565-6ce121398c54 req-c5a1de66-2457-44e7-8e84-9b51225a27e7 None None] Starting request: 10.222.0.13 "GET /placement/resource_providers/f36740bd-f167-4427-ba5a-f0c06e5257dc/allocations" {{(pid=103671) __call__ /opt/stack/placement/placement/requestlog.py:55}}
Feb 09 16:07:40.454199 n-d-828542-1 devstack@placement-api.service[103671]: INFO placement.requestlog [req-0a9be94f-db14-4924-a565-6ce121398c54 req-c5a1de66-2457-44e7-8e84-9b51225a27e7 service placement] 10.222.0.13 "GET /placement/resource_providers/f36740bd-f167-4427-ba5a-f0c06e5257dc/allocations" status: 200 len: 140 microversion: 1.0
Feb 09 16:07:40.454576 n-d-828542-1 devstack@placement-api.service[103671]: [pid: 103671|app: 0|req: 437/881] 10.222.0.13 () {58 vars in 1390 bytes} [Wed Feb 9 16:07:40 2022] GET /placement/resource_providers/f36740bd-f167-4427-ba5a-f0c06e5257dc/allocations => generated 140 bytes in 64 msecs (HTTP/1.1 200) 6 headers in 224 bytes (1 switches on core 0)
Feb 09 16:07:43.237138 n-d-828542-1 devstack@placement-api.service[103670]: DEBUG placement.requestlog [req-271b5ce4-1dca-44f3-a6b1-674b1d0cbb27 req-b64b73f8-ca7d-4068-8d76-19c867ab6ddb None None] Starting request: 10.222.0.53 "GET /placement/allocation_candidates?limit=1000&resources=DISK_GB%3A1%2CMEMORY_MB%3A1024%2CVCPU%3A1&root_required=%21COMPUTE_STATUS_DISABLED" {{(pid=103670) __call__ /opt/stack/placement/placement/requestlog.py:55}}
Feb 09 16:07:43.333858 n-d-828542-1 devstack@placement-api.service[103670]: DEBUG placement.objects.research_context [req-271b5ce4-1dca-44f3-a6b1-674b1d0cbb27 req-b64b73f8-ca7d-4068-8d76-19c867ab6ddb service placement] getting providers with 1 DISK_GB {{(pid=103670) __init__ /opt/stack/placement/placement/objects/research_context.py:126}}
Feb 09 16:07:43.341605 n-d-828542-1 devstack@placement-api.service[103670]: DEBUG placement.objects.research_context [req-271b5ce4-1dca-44f3-a6b1-674b1d0cbb27 req-b64b73f8-ca7d-4068-8d76-19c867ab6ddb service placement] getting providers with 1024 MEMORY_MB {{(pid=103670) __init__ /opt/stack/placement/placement/objects/research_context.py:126}}
Feb 09 16:07:43.357297 n-d-828542-1 devstack@placement-api.service[103670]: DEBUG placement.objects.research_context [req-271b5ce4-1dca-44f3-a6b1-674b1d0cbb27 req-b64b73f8-ca7d-4068-8d76-19c867ab6ddb service placement] getting providers with 1 VCPU {{(pid=103670) __init__ /opt/stack/placement/placement/objects/research_context.py:126}}
Feb 09 16:07:43.367964 n-d-828542-1 devstack@placement-api.service[103670]: DEBUG placement.objects.research_context [req-271b5ce4-1dca-44f3-a6b1-674b1d0cbb27 req-b64b73f8-ca7d-4068-8d76-19c867ab6ddb service placement] found 2 providers with available 1 DISK_GB {{(pid=103670) get_provider_ids_matching /opt/stack/placement/placement/objects/research_context.py:549}}
Feb 09 16:07:43.368855 n-d-828542-1 devstack@placement-api.service[103670]: DEBUG placement.objects.research_context [req-271b5ce4-1dca-44f3-a6b1-674b1d0cbb27 req-b64b73f8-ca7d-4068-8d76-19c867ab6ddb service placement] found 2 providers with available 1024 MEMORY_MB {{(pid=103670) get_provider_ids_matching /opt/stack/placement/placement/objects/research_context.py:549}}
Feb 09 16:07:43.369353 n-d-828542-1 devstack@placement-api.service[103670]: DEBUG placement.objects.research_context [req-271b5ce4-1dca-44f3-a6b1-674b1d0cbb27 req-b64b73f8-ca7d-4068-8d76-19c867ab6ddb service placement] found 2 providers after filtering by previous result {{(pid=103670) get_provider_ids_matching /opt/stack/placement/placement/objects/research_context.py:580}}
Feb 09 16:07:43.369865 n-d-828542-1 devstack@placement-api.service[103670]: DEBUG placement.objects.research_context [req-271b5ce4-1dca-44f3-a6b1-674b1d0cbb27 req-b64b73f8-ca7d-4068-8d76-19c867ab6ddb service placement] found 2 providers with available 1 VCPU {{(pid=103670) get_provider_ids_matching /opt/stack/placement/placement/objects/research_context.py:549}}
Feb 09 16:07:43.370356 n-d-828542-1 devstack@placement-api.service[103670]: DEBUG placement.objects.research_context [req-271b5ce4-1dca-44f3-a6b1-674b1d0cbb27 req-b64b73f8-ca7d-4068-8d76-19c867ab6ddb service placement] found 2 providers after filtering by previous result {{(pid=103670) get_provider_ids_matching /opt/stack/placement/placement/objects/research_context.py:580}}
Feb 09 16:07:43.405680 n-d-828542-1 devstack@placement-api.service[103670]: DEBUG placement.objects.allocation_candidate [req-271b5ce4-1dca-44f3-a6b1-674b1d0cbb27 req-b64b73f8-ca7d-4068-8d76-19c867ab6ddb service placement] RequestGroup(use_same_provider=False, resources={DISK_GB:1, MEMORY_MB:1024, VCPU:1}, traits=[], aggregates=[]) (suffix '') returned 2 matches {{(pid=103670) _get_by_requests /opt/stack/placement/placement/objects/allocation_candidate.py:145}}
Feb 09 16:07:43.407933 n-d-828542-1 devstack@placement-api.service[103670]: DEBUG placement.objects.allocation_candidate [req-271b5ce4-1dca-44f3-a6b1-674b1d0cbb27 req-b64b73f8-ca7d-4068-8d76-19c867ab6ddb service placement] Merging candidates yields 2 allocation requests and 2 provider summaries {{(pid=103670) _merge_candidates /opt/stack/placement/placement/objects/allocation_candidate.py:783}}
Feb 09 16:07:43.427835 n-d-828542-1 devstack@placement-api.service[103670]: INFO placement.requestlog [req-271b5ce4-1dca-44f3-a6b1-674b1d0cbb27 req-b64b73f8-ca7d-4068-8d76-19c867ab6ddb service placement] 10.222.0.53 "GET /placement/allocation_candidates?limit=1000&resources=DISK_GB%3A1%2CMEMORY_MB%3A1024%2CVCPU%3A1&root_required=%21COMPUTE_STATUS_DISABLED" status: 200 len: 1309 microversion: 1.36
Feb 09 16:07:43.437674 n-d-828542-1 devstack@placement-api.service[103670]: [pid: 103670|app: 0|req: 445/882] 10.222.0.53 () {60 vars in 1506 bytes} [Wed Feb 9 16:07:43 2022] GET /placement/allocation_candidates?limit=1000&resources=DISK_GB%3A1%2CMEMORY_MB%3A1024%2CVCPU%3A1&root_required=%21COMPUTE_STATUS_DISABLED => generated 1309 bytes in 196 msecs (HTTP/1.1 200) 8 headers in 297 bytes (1 switches on core 0)
Feb 09 16:07:43.651725 n-d-828542-1 devstack@placement-api.service[103671]: DEBUG placement.requestlog [req-271b5ce4-1dca-44f3-a6b1-674b1d0cbb27 req-b0f4cff4-7c70-463d-aba9-6b6eb6e3b116 None None] Starting request: 10.222.0.53 "GET /placement/allocations/fa3cdd2f-4b09-4b8e-9d46-4e258d1ec66f" {{(pid=103671) __call__ /opt/stack/placement/placement/requestlog.py:55}}
Feb 09 16:07:43.699539 n-d-828542-1 devstack@placement-api.service[103671]: INFO placement.requestlog [req-271b5ce4-1dca-44f3-a6b1-674b1d0cbb27 req-b0f4cff4-7c70-463d-aba9-6b6eb6e3b116 service placement] 10.222.0.53 "GET /placement/allocations/fa3cdd2f-4b09-4b8e-9d46-4e258d1ec66f" status: 200 len: 19 microversion: 1.28
Feb 09 16:07:43.717422 n-d-828542-1 devstack@placement-api.service[103671]: [pid: 103671|app: 0|req: 438/883] 10.222.0.53 () {60 vars in 1380 bytes} [Wed Feb 9 16:07:43 2022] GET /placement/allocations/fa3cdd2f-4b09-4b8e-9d46-4e258d1ec66f => generated 19 bytes in 66 msecs (HTTP/1.1 200) 8 headers in 295 bytes (1 switches on core 0)
Feb 09 16:07:43.725604 n-d-828542-1 devstack@placement-api.service[103670]: DEBUG placement.requestlog [req-271b5ce4-1dca-44f3-a6b1-674b1d0cbb27 req-67de4286-a998-4fdb-8d7b-4fa69dead3f5 None None] Starting request: 10.222.0.53 "PUT /placement/allocations/fa3cdd2f-4b09-4b8e-9d46-4e258d1ec66f" {{(pid=103670) __call__ /opt/stack/placement/placement/requestlog.py:55}}
Feb 09 16:07:44.245067 n-d-828542-1 devstack@placement-api.service[103670]: DEBUG placement.handlers.allocation [req-271b5ce4-1dca-44f3-a6b1-674b1d0cbb27 req-67de4286-a998-4fdb-8d7b-4fa69dead3f5 service placement] Successfully wrote allocations [, , ] {{(pid=103670) _update_consumers_and_create_allocations /opt/stack/placement/placement/handlers/allocation.py:462}}
Feb 09 16:07:44.413459 n-d-828542-1 devstack@placement-api.service[103670]: INFO placement.requestlog [req-271b5ce4-1dca-44f3-a6b1-674b1d0cbb27 req-67de4286-a998-4fdb-8d7b-4fa69dead3f5 service placement] 10.222.0.53 "PUT /placement/allocations/fa3cdd2f-4b09-4b8e-9d46-4e258d1ec66f" status: 204 len: 0 microversion: 1.36
Feb 09 16:07:44.414071 n-d-828542-1 devstack@placement-api.service[103670]: [pid: 103670|app: 0|req: 446/884] 10.222.0.53 () {64 vars in 1433 bytes} [Wed Feb 9 16:07:43 2022] PUT /placement/allocations/fa3cdd2f-4b09-4b8e-9d46-4e258d1ec66f => generated 0 bytes in 688 msecs (HTTP/1.1 204) 5 headers in 199 bytes (2 switches on core 0)
Feb 09 16:07:46.398974 n-d-828542-1 devstack@placement-api.service[103671]: DEBUG placement.requestlog [req-271b5ce4-1dca-44f3-a6b1-674b1d0cbb27 req-a309528b-f77f-428a-b64b-a2c078ad5e97 None None] Starting request: 10.222.0.13 "GET /placement/allocations/fa3cdd2f-4b09-4b8e-9d46-4e258d1ec66f" {{(pid=103671) __call__ /opt/stack/placement/placement/requestlog.py:55}}
Feb 09 16:07:46.430046 n-d-828542-1 devstack@placement-api.service[103671]: INFO placement.requestlog [req-271b5ce4-1dca-44f3-a6b1-674b1d0cbb27 req-a309528b-f77f-428a-b64b-a2c078ad5e97 service placement] 10.222.0.13 "GET /placement/allocations/fa3cdd2f-4b09-4b8e-9d46-4e258d1ec66f" status: 200 len: 259 microversion: 1.28
Feb 09 16:07:46.431551 n-d-828542-1 devstack@placement-api.service[103671]: [pid: 103671|app: 0|req: 439/885] 10.222.0.13 () {60 vars in 1377 bytes} [Wed Feb 9 16:07:46 2022] GET /placement/allocations/fa3cdd2f-4b09-4b8e-9d46-4e258d1ec66f => generated 259 bytes in 32 msecs (HTTP/1.1 200) 8 headers in 296 bytes (1 switches on core 0)
Feb 09 16:08:16.654106 n-d-828542-1 devstack@placement-api.service[103670]: DEBUG placement.requestlog [req-cc45df19-eec6-4781-94cd-d379a93473ec req-a039eb6d-da4f-4e05-8df2-1e637d13c475 None None] Starting request: 10.222.0.13 "DELETE /placement/allocations/31c18d45-0336-465a-a274-e8af3d856ab7" {{(pid=103670) __call__ /opt/stack/placement/placement/requestlog.py:55}}
Feb 09 16:08:16.963678 n-d-828542-1 devstack@placement-api.service[103670]: DEBUG placement.handlers.allocation [req-cc45df19-eec6-4781-94cd-d379a93473ec req-a039eb6d-da4f-4e05-8df2-1e637d13c475 service placement] Successfully deleted allocations [, ] {{(pid=103670) delete_allocations /opt/stack/placement/placement/handlers/allocation.py:627}}
Feb 09 16:08:16.968283 n-d-828542-1 devstack@placement-api.service[103670]: INFO placement.requestlog [req-cc45df19-eec6-4781-94cd-d379a93473ec req-a039eb6d-da4f-4e05-8df2-1e637d13c475 service placement] 10.222.0.13 "DELETE /placement/allocations/31c18d45-0336-465a-a274-e8af3d856ab7" status: 204 len: 0 microversion: 1.0
Feb 09 16:08:16.973703 n-d-828542-1 devstack@placement-api.service[103670]: [pid: 103670|app: 0|req: 447/886] 10.222.0.13 () {60 vars in 1355 bytes} [Wed Feb 9 16:08:16 2022] DELETE /placement/allocations/31c18d45-0336-465a-a274-e8af3d856ab7 => generated 0 bytes in 316 msecs (HTTP/1.1 204) 5 headers in 198 bytes (1 switches on core 0)
Feb 09 16:08:31.833687 n-d-828542-1 devstack@placement-api.service[103671]: DEBUG placement.requestlog [req-7be9c5b5-1bc4-4eea-b871-01999fcca0ad req-60dca52d-88f0-4b93-be6d-f1340df715b3 None None] Starting request: 10.222.0.73 "GET /placement/resource_providers/aa16208b-686e-4990-9828-58e50078f350/allocations" {{(pid=103671) __call__ /opt/stack/placement/placement/requestlog.py:55}}
Feb 09 16:08:31.870931 n-d-828542-1 devstack@placement-api.service[103671]: INFO placement.requestlog [req-7be9c5b5-1bc4-4eea-b871-01999fcca0ad req-60dca52d-88f0-4b93-be6d-f1340df715b3 service placement] 10.222.0.73 "GET /placement/resource_providers/aa16208b-686e-4990-9828-58e50078f350/allocations" status: 200 len: 154 microversion: 1.0
Feb 09 16:08:31.871935 n-d-828542-1 devstack@placement-api.service[103671]: [pid: 103671|app: 0|req: 440/887] 10.222.0.73 () {58 vars in 1390 bytes} [Wed Feb 9 16:08:31 2022] GET /placement/resource_providers/aa16208b-686e-4990-9828-58e50078f350/allocations => generated 154 bytes in 39 msecs (HTTP/1.1 200) 6 headers in 224 bytes (1 switches on core 0)
Feb 09 16:08:42.456601 n-d-828542-1 devstack@placement-api.service[103670]: DEBUG placement.requestlog [req-9444932d-0e4e-4b29-9e78-c7478ee5b660 req-d1295120-29fc-445b-976e-dba2e0c5f01e None None] Starting request: 10.222.0.13 "GET /placement/resource_providers/f36740bd-f167-4427-ba5a-f0c06e5257dc/allocations" {{(pid=103670) __call__ /opt/stack/placement/placement/requestlog.py:55}}
Feb 09 16:08:42.513777 n-d-828542-1 devstack@placement-api.service[103670]: INFO placement.requestlog [req-9444932d-0e4e-4b29-9e78-c7478ee5b660 req-d1295120-29fc-445b-976e-dba2e0c5f01e service placement] 10.222.0.13 "GET /placement/resource_providers/f36740bd-f167-4427-ba5a-f0c06e5257dc/allocations" status: 200 len: 154 microversion: 1.0
Feb 09 16:08:42.516171 n-d-828542-1 devstack@placement-api.service[103670]: [pid: 103670|app: 0|req: 448/888] 10.222.0.13 () {58 vars in 1390 bytes} [Wed Feb 9 16:08:42 2022] GET /placement/resource_providers/f36740bd-f167-4427-ba5a-f0c06e5257dc/allocations => generated 154 bytes in 60 msecs (HTTP/1.1 200) 6 headers in 224 bytes (1 switches on core 0)
Feb 09 16:08:44.893357 n-d-828542-1 devstack@placement-api.service[103671]: DEBUG placement.requestlog [req-2c0643a1-7919-499f-a52c-14cefd407b18 req-a365e6c4-f83e-4f7a-8c43-86dd933c3b52 None None] Starting request: 10.222.0.53 "GET /placement/resource_providers/f36740bd-f167-4427-ba5a-f0c06e5257dc/traits" {{(pid=103671) __call__ /opt/stack/placement/placement/requestlog.py:55}}
Feb 09 16:08:45.398273 n-d-828542-1 devstack@placement-api.service[103671]: INFO placement.requestlog [req-2c0643a1-7919-499f-a52c-14cefd407b18 req-a365e6c4-f83e-4f7a-8c43-86dd933c3b52 service placement] 10.222.0.53 "GET /placement/resource_providers/f36740bd-f167-4427-ba5a-f0c06e5257dc/traits" status: 200 len: 212 microversion: 1.6
Feb 09 16:08:45.403519 n-d-828542-1 devstack@placement-api.service[103671]: [pid: 103671|app: 0|req: 441/889] 10.222.0.53 () {60 vars in 1412 bytes} [Wed Feb 9 16:08:44 2022] GET /placement/resource_providers/f36740bd-f167-4427-ba5a-f0c06e5257dc/traits => generated 212 bytes in 510 msecs (HTTP/1.1 200) 6 headers in 224 bytes (1 switches on core 0)
Feb 09 16:08:48.035960 n-d-828542-1 devstack@placement-api.service[103670]: DEBUG placement.requestlog [None req-eb6fb368-b946-41c9-856c-d941078c3f15 None None] Starting request: 10.222.0.53 "GET /placement/" {{(pid=103670) __call__ /opt/stack/placement/placement/requestlog.py:55}}
Feb 09 16:08:48.038141 n-d-828542-1 devstack@placement-api.service[103670]: INFO placement.requestlog [None req-eb6fb368-b946-41c9-856c-d941078c3f15 None None] 10.222.0.53 "GET /placement/" status: 200 len: 136 microversion: 1.0
Feb 09 16:08:48.038790 n-d-828542-1 devstack@placement-api.service[103670]: [pid: 103670|app: 0|req: 449/890] 10.222.0.53 () {54 vars in 916 bytes} [Wed Feb 9 16:08:48 2022] GET /placement => generated 136 bytes in 3 msecs (HTTP/1.1 200) 6 headers in 224 bytes (1 switches on core 0)
Feb 09 16:08:48.053543 n-d-828542-1 devstack@placement-api.service[103671]: DEBUG placement.requestlog [req-2c0643a1-7919-499f-a52c-14cefd407b18 req-65ccb678-e0e7-4f81-b84b-0d5211c1658c None None] Starting request: 10.222.0.53 "GET /placement/allocations/fa3cdd2f-4b09-4b8e-9d46-4e258d1ec66f" {{(pid=103671) __call__ /opt/stack/placement/placement/requestlog.py:55}}
Feb 09 16:08:48.608777 n-d-828542-1 devstack@placement-api.service[103671]: INFO placement.requestlog [req-2c0643a1-7919-499f-a52c-14cefd407b18 req-65ccb678-e0e7-4f81-b84b-0d5211c1658c service placement] 10.222.0.53 "GET /placement/allocations/fa3cdd2f-4b09-4b8e-9d46-4e258d1ec66f" status: 200 len: 259 microversion: 1.28
Feb 09 16:08:48.608777 n-d-828542-1 devstack@placement-api.service[103671]: [pid: 103671|app: 0|req: 442/891] 10.222.0.53 () {60 vars in 1380 bytes} [Wed Feb 9 16:08:48 2022] GET /placement/allocations/fa3cdd2f-4b09-4b8e-9d46-4e258d1ec66f => generated 259 bytes in 554 msecs (HTTP/1.1 200) 8 headers in 296 bytes (1 switches on core 0)
Feb 09 16:08:48.632807 n-d-828542-1 devstack@placement-api.service[103670]: DEBUG placement.requestlog [req-2c0643a1-7919-499f-a52c-14cefd407b18 req-4511afbd-cc8b-4915-8eab-dad34ba4b7ff None None] Starting request: 10.222.0.53 "GET /placement/allocations/fa3cdd2f-4b09-4b8e-9d46-4e258d1ec66f" {{(pid=103670) __call__ /opt/stack/placement/placement/requestlog.py:55}}
Feb 09 16:08:48.658756 n-d-828542-1 devstack@placement-api.service[103670]: INFO placement.requestlog [req-2c0643a1-7919-499f-a52c-14cefd407b18 req-4511afbd-cc8b-4915-8eab-dad34ba4b7ff service placement] 10.222.0.53 "GET /placement/allocations/fa3cdd2f-4b09-4b8e-9d46-4e258d1ec66f" status: 200 len: 259 microversion: 1.28
Feb 09 16:08:48.672873 n-d-828542-1 devstack@placement-api.service[103671]: DEBUG placement.requestlog [req-2c0643a1-7919-499f-a52c-14cefd407b18 req-516eb802-10ea-494c-9861-c861ef47f992 None None] Starting request: 10.222.0.53 "GET /placement/allocations/c9f36093-79d4-44e9-b9e9-aabb55d4d0fb" {{(pid=103671) __call__ /opt/stack/placement/placement/requestlog.py:55}}
Feb 09 16:08:48.686669 n-d-828542-1 devstack@placement-api.service[103670]: [pid: 103670|app: 0|req: 450/892] 10.222.0.53 () {60 vars in 1380 bytes} [Wed Feb 9 16:08:48 2022] GET /placement/allocations/fa3cdd2f-4b09-4b8e-9d46-4e258d1ec66f => generated 259 bytes in 54 msecs (HTTP/1.1 200) 8 headers in 296 bytes (1 switches on core 0)
Feb 09 16:08:48.692392 n-d-828542-1 devstack@placement-api.service[103671]: INFO placement.requestlog [req-2c0643a1-7919-499f-a52c-14cefd407b18 req-516eb802-10ea-494c-9861-c861ef47f992 service placement] 10.222.0.53 "GET /placement/allocations/c9f36093-79d4-44e9-b9e9-aabb55d4d0fb" status: 200 len: 19 microversion: 1.28
Feb 09 16:08:48.702058 n-d-828542-1 devstack@placement-api.service[103670]: DEBUG placement.requestlog [req-2c0643a1-7919-499f-a52c-14cefd407b18 req-9a33cb8d-f832-4a4f-a74d-915e878e23fe None None] Starting request: 10.222.0.53 "POST /placement/allocations" {{(pid=103670) __call__ /opt/stack/placement/placement/requestlog.py:55}}
Feb 09 16:08:48.707589 n-d-828542-1 devstack@placement-api.service[103671]: [pid: 103671|app: 0|req: 443/893] 10.222.0.53 () {60 vars in 1380 bytes} [Wed Feb 9 16:08:48 2022] GET /placement/allocations/c9f36093-79d4-44e9-b9e9-aabb55d4d0fb => generated 19 bytes in 35 msecs (HTTP/1.1 200) 8 headers in 295 bytes (1 switches on core 0)
Feb 09 16:08:49.018555 n-d-828542-1 devstack@placement-api.service[103670]: DEBUG placement.handlers.allocation [req-2c0643a1-7919-499f-a52c-14cefd407b18 req-9a33cb8d-f832-4a4f-a74d-915e878e23fe service placement] Successfully wrote allocations [, , , , , ] {{(pid=103670) _update_consumers_and_create_allocations /opt/stack/placement/placement/handlers/allocation.py:572}}
Feb 09 16:08:49.105560 n-d-828542-1 devstack@placement-api.service[103670]: INFO placement.requestlog [req-2c0643a1-7919-499f-a52c-14cefd407b18 req-9a33cb8d-f832-4a4f-a74d-915e878e23fe service placement] 10.222.0.53 "POST /placement/allocations" status: 204 len: 0 microversion: 1.28
Feb 09 16:08:49.107104 n-d-828542-1 devstack@placement-api.service[103670]: [pid: 103670|app: 0|req: 451/894] 10.222.0.53 () {64 vars in 1323 bytes} [Wed Feb 9 16:08:48 2022] POST /placement/allocations => generated 0 bytes in 405 msecs (HTTP/1.1 204) 5 headers in 199 bytes (2 switches on core 0)
Feb 09 16:08:49.162894 n-d-828542-1 devstack@placement-api.service[103671]: DEBUG placement.requestlog [req-2c0643a1-7919-499f-a52c-14cefd407b18 req-328bb520-5ad9-49e0-ac63-aeaf71f91521 None None] Starting request: 10.222.0.53 "GET /placement/allocation_candidates?limit=1000&resources=DISK_GB%3A1%2CMEMORY_MB%3A1024%2CVCPU%3A1&root_required=%21COMPUTE_STATUS_DISABLED" {{(pid=103671) __call__ /opt/stack/placement/placement/requestlog.py:55}}
Feb 09 16:08:49.198079 n-d-828542-1 devstack@placement-api.service[103671]: DEBUG placement.objects.research_context [req-2c0643a1-7919-499f-a52c-14cefd407b18 req-328bb520-5ad9-49e0-ac63-aeaf71f91521 service placement] getting providers with 1 DISK_GB {{(pid=103671) __init__ /opt/stack/placement/placement/objects/research_context.py:126}}
Feb 09 16:08:49.208933 n-d-828542-1 devstack@placement-api.service[103671]: DEBUG placement.objects.research_context [req-2c0643a1-7919-499f-a52c-14cefd407b18 req-328bb520-5ad9-49e0-ac63-aeaf71f91521 service placement] getting providers with 1024 MEMORY_MB {{(pid=103671) __init__ /opt/stack/placement/placement/objects/research_context.py:126}}
Feb 09 16:08:49.223564 n-d-828542-1 devstack@placement-api.service[103671]: DEBUG placement.objects.research_context [req-2c0643a1-7919-499f-a52c-14cefd407b18 req-328bb520-5ad9-49e0-ac63-aeaf71f91521 service placement] getting providers with 1 VCPU {{(pid=103671) __init__ /opt/stack/placement/placement/objects/research_context.py:126}}
Feb 09 16:08:49.237691 n-d-828542-1 devstack@placement-api.service[103671]: DEBUG placement.objects.research_context [req-2c0643a1-7919-499f-a52c-14cefd407b18 req-328bb520-5ad9-49e0-ac63-aeaf71f91521 service placement] found 2 providers with available 1 DISK_GB {{(pid=103671) get_provider_ids_matching /opt/stack/placement/placement/objects/research_context.py:549}}
Feb 09 16:08:49.239175 n-d-828542-1 devstack@placement-api.service[103671]: DEBUG placement.objects.research_context [req-2c0643a1-7919-499f-a52c-14cefd407b18 req-328bb520-5ad9-49e0-ac63-aeaf71f91521 service placement] found 2 providers with available 1024 MEMORY_MB {{(pid=103671) get_provider_ids_matching /opt/stack/placement/placement/objects/research_context.py:549}}
Feb 09 16:08:49.239660 n-d-828542-1 devstack@placement-api.service[103671]: DEBUG placement.objects.research_context [req-2c0643a1-7919-499f-a52c-14cefd407b18 req-328bb520-5ad9-49e0-ac63-aeaf71f91521 service placement] found 2 providers after filtering by previous result {{(pid=103671) get_provider_ids_matching /opt/stack/placement/placement/objects/research_context.py:580}}
Feb 09 16:08:49.241642 n-d-828542-1 devstack@placement-api.service[103671]: DEBUG placement.objects.research_context [req-2c0643a1-7919-499f-a52c-14cefd407b18 req-328bb520-5ad9-49e0-ac63-aeaf71f91521 service placement] found 2 providers with available 1 VCPU {{(pid=103671) get_provider_ids_matching /opt/stack/placement/placement/objects/research_context.py:549}}
Feb 09 16:08:49.242113 n-d-828542-1 devstack@placement-api.service[103671]: DEBUG placement.objects.research_context [req-2c0643a1-7919-499f-a52c-14cefd407b18 req-328bb520-5ad9-49e0-ac63-aeaf71f91521 service placement] found 2 providers after filtering by previous result {{(pid=103671) get_provider_ids_matching /opt/stack/placement/placement/objects/research_context.py:580}}
Feb 09 16:08:49.293153 n-d-828542-1 devstack@placement-api.service[103671]: DEBUG placement.objects.allocation_candidate [req-2c0643a1-7919-499f-a52c-14cefd407b18 req-328bb520-5ad9-49e0-ac63-aeaf71f91521 service placement] RequestGroup(use_same_provider=False, resources={DISK_GB:1, MEMORY_MB:1024, VCPU:1}, traits=[], aggregates=[]) (suffix '') returned 2 matches {{(pid=103671) _get_by_requests /opt/stack/placement/placement/objects/allocation_candidate.py:145}}
Feb 09 16:08:49.293153 n-d-828542-1 devstack@placement-api.service[103671]: DEBUG placement.objects.allocation_candidate [req-2c0643a1-7919-499f-a52c-14cefd407b18 req-328bb520-5ad9-49e0-ac63-aeaf71f91521 service placement] Merging candidates yields 2 allocation requests and 2 provider summaries {{(pid=103671) _merge_candidates /opt/stack/placement/placement/objects/allocation_candidate.py:783}}
Feb 09 16:08:49.293153 n-d-828542-1 devstack@placement-api.service[103671]: INFO placement.requestlog [req-2c0643a1-7919-499f-a52c-14cefd407b18 req-328bb520-5ad9-49e0-ac63-aeaf71f91521 service placement] 10.222.0.53 "GET /placement/allocation_candidates?limit=1000&resources=DISK_GB%3A1%2CMEMORY_MB%3A1024%2CVCPU%3A1&root_required=%21COMPUTE_STATUS_DISABLED" status: 200 len: 1309 microversion: 1.36
Feb 09 16:08:49.293153 n-d-828542-1 devstack@placement-api.service[103671]: [pid: 103671|app: 0|req: 444/895] 10.222.0.53 () {60 vars in 1506 bytes} [Wed Feb 9 16:08:49 2022] GET /placement/allocation_candidates?limit=1000&resources=DISK_GB%3A1%2CMEMORY_MB%3A1024%2CVCPU%3A1&root_required=%21COMPUTE_STATUS_DISABLED => generated 1309 bytes in 99 msecs (HTTP/1.1 200) 8 headers in 297 bytes (1 switches on core 0)
Feb 09 16:08:49.610398 n-d-828542-1 devstack@placement-api.service[103670]: DEBUG placement.requestlog [req-2c0643a1-7919-499f-a52c-14cefd407b18 req-fa368b03-e823-4e43-8835-9ac169783831 None None] Starting request: 10.222.0.53 "GET /placement/allocations/fa3cdd2f-4b09-4b8e-9d46-4e258d1ec66f" {{(pid=103670) __call__ /opt/stack/placement/placement/requestlog.py:55}}
Feb 09 16:08:49.628870 n-d-828542-1 devstack@placement-api.service[103670]: INFO placement.requestlog [req-2c0643a1-7919-499f-a52c-14cefd407b18 req-fa368b03-e823-4e43-8835-9ac169783831 service placement] 10.222.0.53 "GET /placement/allocations/fa3cdd2f-4b09-4b8e-9d46-4e258d1ec66f" status: 200 len: 19 microversion: 1.28
Feb 09 16:08:49.631710 n-d-828542-1 devstack@placement-api.service[103670]: [pid: 103670|app: 0|req: 452/896] 10.222.0.53 () {60 vars in 1380 bytes} [Wed Feb 9 16:08:49 2022] GET /placement/allocations/fa3cdd2f-4b09-4b8e-9d46-4e258d1ec66f => generated 19 bytes in 21 msecs (HTTP/1.1 200) 8 headers in 295 bytes (1 switches on core 0)
Feb 09 16:08:49.654004 n-d-828542-1 devstack@placement-api.service[103671]: DEBUG placement.requestlog [req-2c0643a1-7919-499f-a52c-14cefd407b18 req-f52ca58f-b2d6-4f5c-8cf3-22ce6b5ee00f None None] Starting request: 10.222.0.53 "PUT /placement/allocations/fa3cdd2f-4b09-4b8e-9d46-4e258d1ec66f" {{(pid=103671) __call__ /opt/stack/placement/placement/requestlog.py:55}}
Feb 09 16:08:50.024420 n-d-828542-1 devstack@placement-api.service[103671]: DEBUG placement.handlers.allocation [req-2c0643a1-7919-499f-a52c-14cefd407b18 req-f52ca58f-b2d6-4f5c-8cf3-22ce6b5ee00f service placement] Successfully wrote allocations [, , ] {{(pid=103671) _update_consumers_and_create_allocations /opt/stack/placement/placement/handlers/allocation.py:462}}
Feb 09 16:08:50.108735 n-d-828542-1 devstack@placement-api.service[103671]: INFO placement.requestlog [req-2c0643a1-7919-499f-a52c-14cefd407b18 req-f52ca58f-b2d6-4f5c-8cf3-22ce6b5ee00f service placement] 10.222.0.53 "PUT /placement/allocations/fa3cdd2f-4b09-4b8e-9d46-4e258d1ec66f" status: 204 len: 0 microversion: 1.36
Feb 09 16:08:50.110362 n-d-828542-1 devstack@placement-api.service[103671]: [pid: 103671|app: 0|req: 445/897] 10.222.0.53 () {64 vars in 1433 bytes} [Wed Feb 9 16:08:49 2022] PUT /placement/allocations/fa3cdd2f-4b09-4b8e-9d46-4e258d1ec66f => generated 0 bytes in 457 msecs (HTTP/1.1 204) 5 headers in 199 bytes (3 switches on core 0)
Feb 09 16:08:50.685258 n-d-828542-1 devstack@placement-api.service[103670]: DEBUG placement.requestlog [req-2c0643a1-7919-499f-a52c-14cefd407b18 req-724b5a61-83b6-48af-bbcd-f4194654d51f None None] Starting request: 10.222.0.73 "GET /placement/allocations/fa3cdd2f-4b09-4b8e-9d46-4e258d1ec66f" {{(pid=103670) __call__ /opt/stack/placement/placement/requestlog.py:55}}
Feb 09 16:08:50.725354 n-d-828542-1 devstack@placement-api.service[103670]: INFO placement.requestlog [req-2c0643a1-7919-499f-a52c-14cefd407b18 req-724b5a61-83b6-48af-bbcd-f4194654d51f service placement] 10.222.0.73 "GET /placement/allocations/fa3cdd2f-4b09-4b8e-9d46-4e258d1ec66f" status: 200 len: 259 microversion: 1.28
Feb 09 16:08:50.726853 n-d-828542-1 devstack@placement-api.service[103670]: [pid: 103670|app: 0|req: 453/898] 10.222.0.73 () {60 vars in 1377 bytes} [Wed Feb 9 16:08:50 2022] GET /placement/allocations/fa3cdd2f-4b09-4b8e-9d46-4e258d1ec66f => generated 259 bytes in 42 msecs (HTTP/1.1 200) 8 headers in 296 bytes (1 switches on core 0)
Feb 09 16:09:05.606695 n-d-828542-1 devstack@placement-api.service[103671]: DEBUG placement.requestlog [req-9a18a76c-90d3-4279-b658-42a23b3b556a req-b9b6719d-f0fa-47b8-9d06-88f1362024dc None None] Starting request: 10.222.0.73 "DELETE /placement/allocations/05731a17-3189-4252-b3c7-3d1b05da03c0" {{(pid=103671) __call__ /opt/stack/placement/placement/requestlog.py:55}}
Feb 09 16:09:05.819231 n-d-828542-1 devstack@placement-api.service[103671]: DEBUG placement.handlers.allocation [req-9a18a76c-90d3-4279-b658-42a23b3b556a req-b9b6719d-f0fa-47b8-9d06-88f1362024dc service placement] Successfully deleted allocations [, , ] {{(pid=103671) delete_allocations /opt/stack/placement/placement/handlers/allocation.py:627}}
Feb 09 16:09:05.819914 n-d-828542-1 devstack@placement-api.service[103671]: INFO placement.requestlog [req-9a18a76c-90d3-4279-b658-42a23b3b556a req-b9b6719d-f0fa-47b8-9d06-88f1362024dc service placement] 10.222.0.73 "DELETE /placement/allocations/05731a17-3189-4252-b3c7-3d1b05da03c0" status: 204 len: 0 microversion: 1.0
Feb 09 16:09:05.820591 n-d-828542-1 devstack@placement-api.service[103671]: [pid: 103671|app: 0|req: 446/899] 10.222.0.73 () {60 vars in 1355 bytes} [Wed Feb 9 16:09:05 2022] DELETE /placement/allocations/05731a17-3189-4252-b3c7-3d1b05da03c0 => generated 0 bytes in 215 msecs (HTTP/1.1 204) 5 headers in 198 bytes (1 switches on core 0)
Feb 09 16:09:17.125743 n-d-828542-1 devstack@placement-api.service[103670]: DEBUG placement.requestlog [req-2c0643a1-7919-499f-a52c-14cefd407b18 req-9cf5ee29-3972-439c-aafa-59c4b1bfd2ec None None] Starting request: 10.222.0.73 "GET /placement/allocations/fa3cdd2f-4b09-4b8e-9d46-4e258d1ec66f" {{(pid=103670) __call__ /opt/stack/placement/placement/requestlog.py:55}}
Feb 09 16:09:17.170107 n-d-828542-1 devstack@placement-api.service[103670]: INFO placement.requestlog [req-2c0643a1-7919-499f-a52c-14cefd407b18 req-9cf5ee29-3972-439c-aafa-59c4b1bfd2ec service placement] 10.222.0.73 "GET /placement/allocations/fa3cdd2f-4b09-4b8e-9d46-4e258d1ec66f" status: 200 len: 259 microversion: 1.28
Feb 09 16:09:17.170107 n-d-828542-1 devstack@placement-api.service[103670]: [pid: 103670|app: 0|req: 454/900] 10.222.0.73 () {60 vars in 1377 bytes} [Wed Feb 9 16:09:17 2022] GET /placement/allocations/fa3cdd2f-4b09-4b8e-9d46-4e258d1ec66f => generated 259 bytes in 42 msecs (HTTP/1.1 200) 8 headers in 296 bytes (2 switches on core 0)
Feb 09 16:09:25.523631 n-d-828542-1 devstack@placement-api.service[103671]: DEBUG placement.requestlog [req-ba20ebd6-e90a-4e75-800e-049997264599 req-77667d49-2cae-48d2-8e9d-9a02e8d92108 None None] Starting request: 10.222.0.13 "GET /placement/allocations/c9f36093-79d4-44e9-b9e9-aabb55d4d0fb" {{(pid=103671) __call__ /opt/stack/placement/placement/requestlog.py:55}}
Feb 09 16:09:25.564206 n-d-828542-1 devstack@placement-api.service[103671]: INFO placement.requestlog [req-ba20ebd6-e90a-4e75-800e-049997264599 req-77667d49-2cae-48d2-8e9d-9a02e8d92108 service placement] 10.222.0.13 "GET /placement/allocations/c9f36093-79d4-44e9-b9e9-aabb55d4d0fb" status: 200 len: 259 microversion: 1.28
Feb 09 16:09:25.564820 n-d-828542-1 devstack@placement-api.service[103671]: [pid: 103671|app: 0|req: 447/901] 10.222.0.13 () {60 vars in 1377 bytes} [Wed Feb 9 16:09:25 2022] GET /placement/allocations/c9f36093-79d4-44e9-b9e9-aabb55d4d0fb => generated 259 bytes in 41 msecs (HTTP/1.1 200) 8 headers in 296 bytes (2 switches on core 0)
Feb 09 16:09:25.575492 n-d-828542-1 devstack@placement-api.service[103670]: DEBUG placement.requestlog [req-ba20ebd6-e90a-4e75-800e-049997264599 req-8d6b36e4-53b9-4cfa-8593-80a98c658e8f None None] Starting request: 10.222.0.13 "PUT /placement/allocations/c9f36093-79d4-44e9-b9e9-aabb55d4d0fb" {{(pid=103670) __call__ /opt/stack/placement/placement/requestlog.py:55}}
Feb 09 16:09:25.824112 n-d-828542-1 devstack@placement-api.service[103670]: DEBUG placement.handlers.allocation [req-ba20ebd6-e90a-4e75-800e-049997264599 req-8d6b36e4-53b9-4cfa-8593-80a98c658e8f service placement] Successfully wrote allocations [, , ] {{(pid=103670) _update_consumers_and_create_allocations /opt/stack/placement/placement/handlers/allocation.py:462}}
Feb 09 16:09:25.933029 n-d-828542-1 devstack@placement-api.service[103670]: INFO placement.requestlog [req-ba20ebd6-e90a-4e75-800e-049997264599 req-8d6b36e4-53b9-4cfa-8593-80a98c658e8f service placement] 10.222.0.13 "PUT /placement/allocations/c9f36093-79d4-44e9-b9e9-aabb55d4d0fb" status: 204 len: 0 microversion: 1.28
Feb 09 16:09:25.933403 n-d-828542-1 devstack@placement-api.service[103670]: [pid: 103670|app: 0|req: 455/902] 10.222.0.13 () {64 vars in 1430 bytes} [Wed Feb 9 16:09:25 2022] PUT /placement/allocations/c9f36093-79d4-44e9-b9e9-aabb55d4d0fb => generated 0 bytes in 360 msecs (HTTP/1.1 204) 5 headers in 199 bytes (1 switches on core 0)
Feb 09 16:09:32.668472 n-d-828542-1 devstack@placement-api.service[103671]: DEBUG placement.requestlog [req-5c9c2490-80f9-4485-bee1-fad45d783b19 req-6d56bbb5-f3b7-403b-9d2a-a6597f0ccab7 None None] Starting request: 10.222.0.73 "GET /placement/resource_providers/aa16208b-686e-4990-9828-58e50078f350/allocations" {{(pid=103671) __call__ /opt/stack/placement/placement/requestlog.py:55}}
Feb 09 16:09:32.853126 n-d-828542-1 devstack@placement-api.service[103671]: INFO placement.requestlog [req-5c9c2490-80f9-4485-bee1-fad45d783b19 req-6d56bbb5-f3b7-403b-9d2a-a6597f0ccab7 service placement] 10.222.0.73 "GET /placement/resource_providers/aa16208b-686e-4990-9828-58e50078f350/allocations" status: 200 len: 154 microversion: 1.0
Feb 09 16:09:32.853126 n-d-828542-1 devstack@placement-api.service[103671]: [pid: 103671|app: 0|req: 448/903] 10.222.0.73 () {58 vars in 1390 bytes} [Wed Feb 9 16:09:32 2022] GET /placement/resource_providers/aa16208b-686e-4990-9828-58e50078f350/allocations => generated 154 bytes in 36 msecs (HTTP/1.1 200) 6 headers in 224 bytes (2 switches on core 0)
Feb 09 16:09:33.527145 n-d-828542-1 devstack@placement-api.service[103670]: DEBUG placement.requestlog [req-00a38853-8773-4bfe-92ad-666fa2fcc7a1 req-1095ff1d-dbd7-4a6e-9f4e-d93a4804ada1 None None] Starting request: 10.222.0.53 "GET /placement/allocation_candidates?limit=1000&resources=DISK_GB%3A1%2CMEMORY_MB%3A1024%2CVCPU%3A1&root_required=%21COMPUTE_STATUS_DISABLED" {{(pid=103670) __call__ /opt/stack/placement/placement/requestlog.py:55}}
Feb 09 16:09:33.594398 n-d-828542-1 devstack@placement-api.service[103670]: DEBUG placement.objects.research_context [req-00a38853-8773-4bfe-92ad-666fa2fcc7a1 req-1095ff1d-dbd7-4a6e-9f4e-d93a4804ada1 service placement] getting providers with 1 DISK_GB {{(pid=103670) __init__ /opt/stack/placement/placement/objects/research_context.py:126}}
Feb 09 16:09:33.602320 n-d-828542-1 devstack@placement-api.service[103670]: DEBUG placement.objects.research_context [req-00a38853-8773-4bfe-92ad-666fa2fcc7a1 req-1095ff1d-dbd7-4a6e-9f4e-d93a4804ada1 service placement] getting providers with 1024 MEMORY_MB {{(pid=103670) __init__ /opt/stack/placement/placement/objects/research_context.py:126}}
Feb 09 16:09:33.611213 n-d-828542-1 devstack@placement-api.service[103670]: DEBUG placement.objects.research_context [req-00a38853-8773-4bfe-92ad-666fa2fcc7a1 req-1095ff1d-dbd7-4a6e-9f4e-d93a4804ada1 service placement] getting providers with 1 VCPU {{(pid=103670) __init__ /opt/stack/placement/placement/objects/research_context.py:126}}
Feb 09 16:09:33.619073 n-d-828542-1 devstack@placement-api.service[103670]: DEBUG placement.objects.research_context [req-00a38853-8773-4bfe-92ad-666fa2fcc7a1 req-1095ff1d-dbd7-4a6e-9f4e-d93a4804ada1 service placement] found 2 providers with available 1 DISK_GB {{(pid=103670) get_provider_ids_matching /opt/stack/placement/placement/objects/research_context.py:549}}
Feb 09 16:09:33.619073 n-d-828542-1 devstack@placement-api.service[103670]: DEBUG placement.objects.research_context [req-00a38853-8773-4bfe-92ad-666fa2fcc7a1 req-1095ff1d-dbd7-4a6e-9f4e-d93a4804ada1 service placement] found 2 providers with available 1024 MEMORY_MB {{(pid=103670) get_provider_ids_matching /opt/stack/placement/placement/objects/research_context.py:549}}
