Feb 09 14:09:15.933491 n-d-828516-3 devstack@placement-api.service[110568]: INFO placement.requestlog [req-bef6ad8a-d822-460c-930a-5d5f627d0561 req-86f53fea-ac4a-4036-87be-496796e3d0bc service placement] 10.222.0.87 "PUT /placement/allocations/260a884f-a96e-4582-94b5-2e8d240ea644" status: 204 len: 0 microversion: 1.28
Feb 09 14:09:15.934476 n-d-828516-3 devstack@placement-api.service[110568]: [pid: 110568|app: 0|req: 232/462] 10.222.0.87 () {64 vars in 1430 bytes} [Wed Feb 9 14:09:15 2022] PUT /placement/allocations/260a884f-a96e-4582-94b5-2e8d240ea644 => generated 0 bytes in 174 msecs (HTTP/1.1 204) 5 headers in 199 bytes (2 switches on core 0)
Feb 09 14:09:15.973005 n-d-828516-3 devstack@placement-api.service[110567]: INFO placement.requestlog [req-918e9fa3-f32c-454a-8a09-50b30048581b req-6ce48446-8c29-4814-8b2c-988ad9f0ba6d service placement] 10.222.0.60 "GET /placement/allocations/4b61a602-5aed-4744-8aaa-8f8eb6f3f389" status: 200 len: 245 microversion: 1.28
Feb 09 14:09:15.973005 n-d-828516-3 devstack@placement-api.service[110567]: [pid: 110567|app: 0|req: 231/463] 10.222.0.60 () {60 vars in 1380 bytes} [Wed Feb 9 14:09:15 2022] GET /placement/allocations/4b61a602-5aed-4744-8aaa-8f8eb6f3f389 => generated 245 bytes in 83 msecs (HTTP/1.1 200) 8 headers in 296 bytes (2 switches on core 0)
Feb 09 14:09:15.982537 n-d-828516-3 devstack@placement-api.service[110568]: DEBUG placement.requestlog [req-918e9fa3-f32c-454a-8a09-50b30048581b req-86c9f39c-21a4-4f63-be9a-c9274082d00a None None] Starting request: 10.222.0.60 "GET /placement/allocations/4b61a602-5aed-4744-8aaa-8f8eb6f3f389" {{(pid=110568) __call__ /opt/stack/placement/placement/requestlog.py:55}}
Feb 09 14:09:15.998305 n-d-828516-3 devstack@placement-api.service[110568]: INFO placement.requestlog [req-918e9fa3-f32c-454a-8a09-50b30048581b req-86c9f39c-21a4-4f63-be9a-c9274082d00a service placement] 10.222.0.60 "GET /placement/allocations/4b61a602-5aed-4744-8aaa-8f8eb6f3f389" status: 200 len: 245 microversion: 1.28
Feb 09 14:09:15.998673 n-d-828516-3 devstack@placement-api.service[110568]: [pid: 110568|app: 0|req: 233/464] 10.222.0.60 () {60 vars in 1380 bytes} [Wed Feb 9 14:09:15 2022] GET /placement/allocations/4b61a602-5aed-4744-8aaa-8f8eb6f3f389 => generated 245 bytes in 17 msecs (HTTP/1.1 200) 8 headers in 296 bytes (1 switches on core 0)
Feb 09 14:09:16.004841 n-d-828516-3 devstack@placement-api.service[110567]: DEBUG placement.requestlog [req-918e9fa3-f32c-454a-8a09-50b30048581b req-5c7c0c4c-0544-490f-ab07-52d9fe90b88f None None] Starting request: 10.222.0.60 "GET /placement/allocations/b117087a-59e9-4231-ba51-f96c6262d585" {{(pid=110567) __call__ /opt/stack/placement/placement/requestlog.py:55}}
Feb 09 14:09:16.015735 n-d-828516-3 devstack@placement-api.service[110567]: INFO placement.requestlog [req-918e9fa3-f32c-454a-8a09-50b30048581b req-5c7c0c4c-0544-490f-ab07-52d9fe90b88f service placement] 10.222.0.60 "GET /placement/allocations/b117087a-59e9-4231-ba51-f96c6262d585" status: 200 len: 19 microversion: 1.28
Feb 09 14:09:16.053157 n-d-828516-3 devstack@placement-api.service[110567]: [pid: 110567|app: 0|req: 232/465] 10.222.0.60 () {60 vars in 1380 bytes} [Wed Feb 9 14:09:16 2022] GET /placement/allocations/b117087a-59e9-4231-ba51-f96c6262d585 => generated 19 bytes in 12 msecs (HTTP/1.1 200) 8 headers in 295 bytes (1 switches on core 0)
Feb 09 14:09:16.053370 n-d-828516-3 devstack@placement-api.service[110568]: DEBUG placement.requestlog [req-918e9fa3-f32c-454a-8a09-50b30048581b req-cc74594a-27a7-4b4c-b967-40de7bb3bcf3 None None] Starting request: 10.222.0.60 "POST /placement/allocations" {{(pid=110568) __call__ /opt/stack/placement/placement/requestlog.py:55}}
Feb 09 14:09:16.214081 n-d-828516-3 devstack@placement-api.service[110567]: DEBUG placement.requestlog [req-cab1c385-5cbd-4d3f-9e83-1f592e58e314 req-e67d9d10-397c-4609-a75e-c9a5d472b49e None None] Starting request: 10.222.0.60 "GET /placement/allocation_candidates?limit=1000&resources=DISK_GB%3A1%2CMEMORY_MB%3A1024%2CVCPU%3A1&root_required=%21COMPUTE_STATUS_DISABLED" {{(pid=110567) __call__ /opt/stack/placement/placement/requestlog.py:55}}
Feb 09 14:09:16.254425 n-d-828516-3 devstack@placement-api.service[110567]: DEBUG placement.objects.research_context [req-cab1c385-5cbd-4d3f-9e83-1f592e58e314 req-e67d9d10-397c-4609-a75e-c9a5d472b49e service placement] getting providers with 1 DISK_GB {{(pid=110567) __init__ /opt/stack/placement/placement/objects/research_context.py:126}}
Feb 09 14:09:16.262372 n-d-828516-3 devstack@placement-api.service[110568]: DEBUG placement.handlers.allocation [req-918e9fa3-f32c-454a-8a09-50b30048581b req-cc74594a-27a7-4b4c-b967-40de7bb3bcf3 service placement] Successfully wrote allocations [, , , ] {{(pid=110568) _update_consumers_and_create_allocations /opt/stack/placement/placement/handlers/allocation.py:572}}
Feb 09 14:09:16.263474 n-d-828516-3 devstack@placement-api.service[110567]: DEBUG placement.objects.research_context [req-cab1c385-5cbd-4d3f-9e83-1f592e58e314 req-e67d9d10-397c-4609-a75e-c9a5d472b49e service placement] getting providers with 1024 MEMORY_MB {{(pid=110567) __init__ /opt/stack/placement/placement/objects/research_context.py:126}}
Feb 09 14:09:16.282205 n-d-828516-3 devstack@placement-api.service[110567]: DEBUG placement.objects.research_context [req-cab1c385-5cbd-4d3f-9e83-1f592e58e314 req-e67d9d10-397c-4609-a75e-c9a5d472b49e service placement] getting providers with 1 VCPU {{(pid=110567) __init__ /opt/stack/placement/placement/objects/research_context.py:126}}
Feb 09 14:09:16.282584 n-d-828516-3 devstack@placement-api.service[110567]: DEBUG placement.objects.research_context [req-cab1c385-5cbd-4d3f-9e83-1f592e58e314 req-e67d9d10-397c-4609-a75e-c9a5d472b49e service placement] found 2 providers with available 1 DISK_GB {{(pid=110567) get_provider_ids_matching /opt/stack/placement/placement/objects/research_context.py:549}}
Feb 09 14:09:16.282849 n-d-828516-3 devstack@placement-api.service[110567]: DEBUG placement.objects.research_context [req-cab1c385-5cbd-4d3f-9e83-1f592e58e314 req-e67d9d10-397c-4609-a75e-c9a5d472b49e service placement] found 2 providers with available 1024 MEMORY_MB {{(pid=110567) get_provider_ids_matching /opt/stack/placement/placement/objects/research_context.py:549}}
Feb 09 14:09:16.283118 n-d-828516-3 devstack@placement-api.service[110567]: DEBUG placement.objects.research_context [req-cab1c385-5cbd-4d3f-9e83-1f592e58e314 req-e67d9d10-397c-4609-a75e-c9a5d472b49e service placement] found 2 providers after filtering by previous result {{(pid=110567) get_provider_ids_matching /opt/stack/placement/placement/objects/research_context.py:580}}
Feb 09 14:09:16.283689 n-d-828516-3 devstack@placement-api.service[110567]: DEBUG placement.objects.research_context [req-cab1c385-5cbd-4d3f-9e83-1f592e58e314 req-e67d9d10-397c-4609-a75e-c9a5d472b49e service placement] found 2 providers with available 1 VCPU {{(pid=110567) get_provider_ids_matching /opt/stack/placement/placement/objects/research_context.py:549}}
Feb 09 14:09:16.283871 n-d-828516-3 devstack@placement-api.service[110567]: DEBUG placement.objects.research_context [req-cab1c385-5cbd-4d3f-9e83-1f592e58e314 req-e67d9d10-397c-4609-a75e-c9a5d472b49e service placement] found 2 providers after filtering by previous result {{(pid=110567) get_provider_ids_matching /opt/stack/placement/placement/objects/research_context.py:580}}
Feb 09 14:09:16.305873 n-d-828516-3 devstack@placement-api.service[110567]: DEBUG placement.objects.allocation_candidate [req-cab1c385-5cbd-4d3f-9e83-1f592e58e314 req-e67d9d10-397c-4609-a75e-c9a5d472b49e service placement] RequestGroup(use_same_provider=False, resources={DISK_GB:1, MEMORY_MB:1024, VCPU:1}, traits=[], aggregates=[]) (suffix '') returned 2 matches {{(pid=110567) _get_by_requests /opt/stack/placement/placement/objects/allocation_candidate.py:145}}
Feb 09 14:09:16.307113 n-d-828516-3 devstack@placement-api.service[110567]: DEBUG placement.objects.allocation_candidate [req-cab1c385-5cbd-4d3f-9e83-1f592e58e314 req-e67d9d10-397c-4609-a75e-c9a5d472b49e service placement] Merging candidates yields 2 allocation requests and 2 provider summaries {{(pid=110567) _merge_candidates /opt/stack/placement/placement/objects/allocation_candidate.py:783}}
Feb 09 14:09:16.310717 n-d-828516-3 devstack@placement-api.service[110567]: INFO placement.requestlog [req-cab1c385-5cbd-4d3f-9e83-1f592e58e314 req-e67d9d10-397c-4609-a75e-c9a5d472b49e service placement] 10.222.0.60 "GET /placement/allocation_candidates?limit=1000&resources=DISK_GB%3A1%2CMEMORY_MB%3A1024%2CVCPU%3A1&root_required=%21COMPUTE_STATUS_DISABLED" status: 200 len: 1311 microversion: 1.36
Feb 09 14:09:16.310717 n-d-828516-3 devstack@placement-api.service[110567]: [pid: 110567|app: 0|req: 233/466] 10.222.0.60 () {60 vars in 1506 bytes} [Wed Feb 9 14:09:16 2022] GET /placement/allocation_candidates?limit=1000&resources=DISK_GB%3A1%2CMEMORY_MB%3A1024%2CVCPU%3A1&root_required=%21COMPUTE_STATUS_DISABLED => generated 1311 bytes in 97 msecs (HTTP/1.1 200) 8 headers in 297 bytes (2 switches on core 0)
Feb 09 14:09:16.361552 n-d-828516-3 devstack@placement-api.service[110568]: INFO placement.requestlog [req-918e9fa3-f32c-454a-8a09-50b30048581b req-cc74594a-27a7-4b4c-b967-40de7bb3bcf3 service placement] 10.222.0.60 "POST /placement/allocations" status: 204 len: 0 microversion: 1.28
Feb 09 14:09:16.362354 n-d-828516-3 devstack@placement-api.service[110567]: DEBUG placement.requestlog [req-cab1c385-5cbd-4d3f-9e83-1f592e58e314 req-c94ba82d-f036-48bc-8f97-2cb9f30ab7c4 None None] Starting request: 10.222.0.60 "GET /placement/allocations/3e724565-8273-4152-b4db-bcacce6c0bde" {{(pid=110567) __call__ /opt/stack/placement/placement/requestlog.py:55}}
Feb 09 14:09:16.362532 n-d-828516-3 devstack@placement-api.service[110568]: [pid: 110568|app: 0|req: 234/467] 10.222.0.60 () {64 vars in 1323 bytes} [Wed Feb 9 14:09:16 2022] POST /placement/allocations => generated 0 bytes in 338 msecs (HTTP/1.1 204) 5 headers in 199 bytes (2 switches on core 0)
Feb 09 14:09:16.375164 n-d-828516-3 devstack@placement-api.service[110567]: INFO placement.requestlog [req-cab1c385-5cbd-4d3f-9e83-1f592e58e314 req-c94ba82d-f036-48bc-8f97-2cb9f30ab7c4 service placement] 10.222.0.60 "GET /placement/allocations/3e724565-8273-4152-b4db-bcacce6c0bde" status: 200 len: 19 microversion: 1.28
Feb 09 14:09:16.381413 n-d-828516-3 devstack@placement-api.service[110567]: [pid: 110567|app: 0|req: 234/468] 10.222.0.60 () {60 vars in 1380 bytes} [Wed Feb 9 14:09:16 2022] GET /placement/allocations/3e724565-8273-4152-b4db-bcacce6c0bde => generated 19 bytes in 19 msecs (HTTP/1.1 200) 8 headers in 295 bytes (2 switches on core 0)
Feb 09 14:09:16.382898 n-d-828516-3 devstack@placement-api.service[110568]: DEBUG placement.requestlog [req-cab1c385-5cbd-4d3f-9e83-1f592e58e314 req-27db9447-20fa-4a3f-a702-3769026a9034 None None] Starting request: 10.222.0.60 "PUT /placement/allocations/3e724565-8273-4152-b4db-bcacce6c0bde" {{(pid=110568) __call__ /opt/stack/placement/placement/requestlog.py:55}}
Feb 09 14:09:16.404477 n-d-828516-3 devstack@placement-api.service[110567]: DEBUG placement.requestlog [req-918e9fa3-f32c-454a-8a09-50b30048581b req-05b356b0-f7d9-4991-97d6-209977c0a88e None None] Starting request: 10.222.0.60 "GET /placement/allocations/4b61a602-5aed-4744-8aaa-8f8eb6f3f389" {{(pid=110567) __call__ /opt/stack/placement/placement/requestlog.py:55}}
Feb 09 14:09:16.425114 n-d-828516-3 devstack@placement-api.service[110567]: INFO placement.requestlog [req-918e9fa3-f32c-454a-8a09-50b30048581b req-05b356b0-f7d9-4991-97d6-209977c0a88e service placement] 10.222.0.60 "GET /placement/allocations/4b61a602-5aed-4744-8aaa-8f8eb6f3f389" status: 200 len: 19 microversion: 1.28
Feb 09 14:09:16.425114 n-d-828516-3 devstack@placement-api.service[110567]: [pid: 110567|app: 0|req: 235/469] 10.222.0.60 () {60 vars in 1380 bytes} [Wed Feb 9 14:09:16 2022] GET /placement/allocations/4b61a602-5aed-4744-8aaa-8f8eb6f3f389 => generated 19 bytes in 14 msecs (HTTP/1.1 200) 8 headers in 295 bytes (2 switches on core 0)
Feb 09 14:09:16.427247 n-d-828516-3 devstack@placement-api.service[110567]: DEBUG placement.requestlog [req-918e9fa3-f32c-454a-8a09-50b30048581b req-15478634-ee14-4c36-be82-51a086c7cf23 None None] Starting request: 10.222.0.60 "PUT /placement/allocations/4b61a602-5aed-4744-8aaa-8f8eb6f3f389" {{(pid=110567) __call__ /opt/stack/placement/placement/requestlog.py:55}}
Feb 09 14:09:16.580927 n-d-828516-3 devstack@placement-api.service[110567]: DEBUG placement.handlers.allocation [req-918e9fa3-f32c-454a-8a09-50b30048581b req-15478634-ee14-4c36-be82-51a086c7cf23 service placement] Successfully wrote allocations [, ] {{(pid=110567) _update_consumers_and_create_allocations /opt/stack/placement/placement/handlers/allocation.py:462}}
Feb 09 14:09:16.686969 n-d-828516-3 devstack@placement-api.service[110567]: INFO placement.requestlog [req-918e9fa3-f32c-454a-8a09-50b30048581b req-15478634-ee14-4c36-be82-51a086c7cf23 service placement] 10.222.0.60 "PUT /placement/allocations/4b61a602-5aed-4744-8aaa-8f8eb6f3f389" status: 204 len: 0 microversion: 1.28
Feb 09 14:09:16.688069 n-d-828516-3 devstack@placement-api.service[110567]: [pid: 110567|app: 0|req: 236/470] 10.222.0.60 () {64 vars in 1433 bytes} [Wed Feb 9 14:09:16 2022] PUT /placement/allocations/4b61a602-5aed-4744-8aaa-8f8eb6f3f389 => generated 0 bytes in 261 msecs (HTTP/1.1 204) 5 headers in 199 bytes (2 switches on core 0)
Feb 09 14:09:16.772183 n-d-828516-3 devstack@placement-api.service[110568]: DEBUG placement.handlers.allocation [req-cab1c385-5cbd-4d3f-9e83-1f592e58e314 req-27db9447-20fa-4a3f-a702-3769026a9034 service placement] Successfully wrote allocations [, , ] {{(pid=110568) _update_consumers_and_create_allocations /opt/stack/placement/placement/handlers/allocation.py:462}}
Feb 09 14:09:16.887049 n-d-828516-3 devstack@placement-api.service[110568]: INFO placement.requestlog [req-cab1c385-5cbd-4d3f-9e83-1f592e58e314 req-27db9447-20fa-4a3f-a702-3769026a9034 service placement] 10.222.0.60 "PUT /placement/allocations/3e724565-8273-4152-b4db-bcacce6c0bde" status: 204 len: 0 microversion: 1.36
Feb 09 14:09:16.887808 n-d-828516-3 devstack@placement-api.service[110568]: [pid: 110568|app: 0|req: 235/471] 10.222.0.60 () {64 vars in 1433 bytes} [Wed Feb 9 14:09:16 2022] PUT /placement/allocations/3e724565-8273-4152-b4db-bcacce6c0bde => generated 0 bytes in 505 msecs (HTTP/1.1 204) 5 headers in 199 bytes (2 switches on core 0)
Feb 09 14:09:16.987375 n-d-828516-3 devstack@placement-api.service[110567]: DEBUG placement.requestlog [req-918e9fa3-f32c-454a-8a09-50b30048581b req-b5ff4c5e-9d98-4e71-814b-529d388b9612 None None] Starting request: 10.222.0.26 "GET /placement/allocations/4b61a602-5aed-4744-8aaa-8f8eb6f3f389" {{(pid=110567) __call__ /opt/stack/placement/placement/requestlog.py:55}}
Feb 09 14:09:17.004394 n-d-828516-3 devstack@placement-api.service[110567]: INFO placement.requestlog [req-918e9fa3-f32c-454a-8a09-50b30048581b req-b5ff4c5e-9d98-4e71-814b-529d388b9612 service placement] 10.222.0.26 "GET /placement/allocations/4b61a602-5aed-4744-8aaa-8f8eb6f3f389" status: 200 len: 245 microversion: 1.28
Feb 09 14:09:17.005336 n-d-828516-3 devstack@placement-api.service[110567]: [pid: 110567|app: 0|req: 237/472] 10.222.0.26 () {60 vars in 1377 bytes} [Wed Feb 9 14:09:16 2022] GET /placement/allocations/4b61a602-5aed-4744-8aaa-8f8eb6f3f389 => generated 245 bytes in 18 msecs (HTTP/1.1 200) 8 headers in 296 bytes (1 switches on core 0)
Feb 09 14:09:18.226978 n-d-828516-3 devstack@placement-api.service[110568]: DEBUG placement.requestlog [req-cab1c385-5cbd-4d3f-9e83-1f592e58e314 req-b67786bb-ee20-4c83-bddf-a9dd5318d23f None None] Starting request: 10.222.0.87 "GET /placement/allocations/3e724565-8273-4152-b4db-bcacce6c0bde" {{(pid=110568) __call__ /opt/stack/placement/placement/requestlog.py:55}}
Feb 09 14:09:18.243533 n-d-828516-3 devstack@placement-api.service[110568]: INFO placement.requestlog [req-cab1c385-5cbd-4d3f-9e83-1f592e58e314 req-b67786bb-ee20-4c83-bddf-a9dd5318d23f service placement] 10.222.0.87 "GET /placement/allocations/3e724565-8273-4152-b4db-bcacce6c0bde" status: 200 len: 259 microversion: 1.28
Feb 09 14:09:18.244056 n-d-828516-3 devstack@placement-api.service[110568]: [pid: 110568|app: 0|req: 236/473] 10.222.0.87 () {60 vars in 1377 bytes} [Wed Feb 9 14:09:18 2022] GET /placement/allocations/3e724565-8273-4152-b4db-bcacce6c0bde => generated 259 bytes in 17 msecs (HTTP/1.1 200) 8 headers in 296 bytes (2 switches on core 0)
Feb 09 14:09:24.071781 n-d-828516-3 devstack@placement-api.service[110567]: DEBUG placement.requestlog [req-74ebade0-b7f6-4d9d-9ae9-628a6dda77f5 req-a4573ea7-3229-45d8-8f2c-294245668dc5 None None] Starting request: 10.222.0.60 "GET /placement/allocation_candidates?limit=1000&resources=DISK_GB%3A1%2CMEMORY_MB%3A1024%2CVCPU%3A1&root_required=%21COMPUTE_STATUS_DISABLED" {{(pid=110567) __call__ /opt/stack/placement/placement/requestlog.py:55}}
Feb 09 14:09:24.123849 n-d-828516-3 devstack@placement-api.service[110567]: DEBUG placement.objects.research_context [req-74ebade0-b7f6-4d9d-9ae9-628a6dda77f5 req-a4573ea7-3229-45d8-8f2c-294245668dc5 service placement] getting providers with 1 DISK_GB {{(pid=110567) __init__ /opt/stack/placement/placement/objects/research_context.py:126}}
Feb 09 14:09:24.133060 n-d-828516-3 devstack@placement-api.service[110567]: DEBUG placement.objects.research_context [req-74ebade0-b7f6-4d9d-9ae9-628a6dda77f5 req-a4573ea7-3229-45d8-8f2c-294245668dc5 service placement] getting providers with 1024 MEMORY_MB {{(pid=110567) __init__ /opt/stack/placement/placement/objects/research_context.py:126}}
Feb 09 14:09:24.148755 n-d-828516-3 devstack@placement-api.service[110567]: DEBUG placement.objects.research_context [req-74ebade0-b7f6-4d9d-9ae9-628a6dda77f5 req-a4573ea7-3229-45d8-8f2c-294245668dc5 service placement] getting providers with 1 VCPU {{(pid=110567) __init__ /opt/stack/placement/placement/objects/research_context.py:126}}
Feb 09 14:09:24.148755 n-d-828516-3 devstack@placement-api.service[110567]: DEBUG placement.objects.research_context [req-74ebade0-b7f6-4d9d-9ae9-628a6dda77f5 req-a4573ea7-3229-45d8-8f2c-294245668dc5 service placement] found 2 providers with available 1 DISK_GB {{(pid=110567) get_provider_ids_matching /opt/stack/placement/placement/objects/research_context.py:549}}
Feb 09 14:09:24.148755 n-d-828516-3 devstack@placement-api.service[110567]: DEBUG placement.objects.research_context [req-74ebade0-b7f6-4d9d-9ae9-628a6dda77f5 req-a4573ea7-3229-45d8-8f2c-294245668dc5 service placement] found 2 providers with available 1024 MEMORY_MB {{(pid=110567) get_provider_ids_matching /opt/stack/placement/placement/objects/research_context.py:549}}
Feb 09 14:09:24.148755 n-d-828516-3 devstack@placement-api.service[110567]: DEBUG placement.objects.research_context [req-74ebade0-b7f6-4d9d-9ae9-628a6dda77f5 req-a4573ea7-3229-45d8-8f2c-294245668dc5 service placement] found 2 providers after filtering by previous result {{(pid=110567) get_provider_ids_matching /opt/stack/placement/placement/objects/research_context.py:580}}
Feb 09 14:09:24.150225 n-d-828516-3 devstack@placement-api.service[110567]: DEBUG placement.objects.research_context [req-74ebade0-b7f6-4d9d-9ae9-628a6dda77f5 req-a4573ea7-3229-45d8-8f2c-294245668dc5 service placement] found 2 providers with available 1 VCPU {{(pid=110567) get_provider_ids_matching /opt/stack/placement/placement/objects/research_context.py:549}}
Feb 09 14:09:24.150869 n-d-828516-3 devstack@placement-api.service[110567]: DEBUG placement.objects.research_context [req-74ebade0-b7f6-4d9d-9ae9-628a6dda77f5 req-a4573ea7-3229-45d8-8f2c-294245668dc5 service placement] found 2 providers after filtering by previous result {{(pid=110567) get_provider_ids_matching /opt/stack/placement/placement/objects/research_context.py:580}}
Feb 09 14:09:24.167134 n-d-828516-3 devstack@placement-api.service[110567]: DEBUG placement.objects.allocation_candidate [req-74ebade0-b7f6-4d9d-9ae9-628a6dda77f5 req-a4573ea7-3229-45d8-8f2c-294245668dc5 service placement] RequestGroup(use_same_provider=False, resources={DISK_GB:1, MEMORY_MB:1024, VCPU:1}, traits=[], aggregates=[]) (suffix '') returned 2 matches {{(pid=110567) _get_by_requests /opt/stack/placement/placement/objects/allocation_candidate.py:145}}
Feb 09 14:09:24.167849 n-d-828516-3 devstack@placement-api.service[110567]: DEBUG placement.objects.allocation_candidate [req-74ebade0-b7f6-4d9d-9ae9-628a6dda77f5 req-a4573ea7-3229-45d8-8f2c-294245668dc5 service placement] Merging candidates yields 2 allocation requests and 2 provider summaries {{(pid=110567) _merge_candidates /opt/stack/placement/placement/objects/allocation_candidate.py:783}}
Feb 09 14:09:24.170415 n-d-828516-3 devstack@placement-api.service[110567]: INFO placement.requestlog [req-74ebade0-b7f6-4d9d-9ae9-628a6dda77f5 req-a4573ea7-3229-45d8-8f2c-294245668dc5 service placement] 10.222.0.60 "GET /placement/allocation_candidates?limit=1000&resources=DISK_GB%3A1%2CMEMORY_MB%3A1024%2CVCPU%3A1&root_required=%21COMPUTE_STATUS_DISABLED" status: 200 len: 1311 microversion: 1.36
Feb 09 14:09:24.171449 n-d-828516-3 devstack@placement-api.service[110567]: [pid: 110567|app: 0|req: 238/474] 10.222.0.60 () {60 vars in 1506 bytes} [Wed Feb 9 14:09:24 2022] GET /placement/allocation_candidates?limit=1000&resources=DISK_GB%3A1%2CMEMORY_MB%3A1024%2CVCPU%3A1&root_required=%21COMPUTE_STATUS_DISABLED => generated 1311 bytes in 100 msecs (HTTP/1.1 200) 8 headers in 297 bytes (2 switches on core 0)
Feb 09 14:09:24.248078 n-d-828516-3 devstack@placement-api.service[110568]: DEBUG placement.requestlog [req-74ebade0-b7f6-4d9d-9ae9-628a6dda77f5 req-7b3e8634-3907-4134-83f7-591b24f72c89 None None] Starting request: 10.222.0.60 "GET /placement/allocations/daaa4d7e-bc8a-4d62-8cb7-6beab345a257" {{(pid=110568) __call__ /opt/stack/placement/placement/requestlog.py:55}}
Feb 09 14:09:24.268656 n-d-828516-3 devstack@placement-api.service[110568]: INFO placement.requestlog [req-74ebade0-b7f6-4d9d-9ae9-628a6dda77f5 req-7b3e8634-3907-4134-83f7-591b24f72c89 service placement] 10.222.0.60 "GET /placement/allocations/daaa4d7e-bc8a-4d62-8cb7-6beab345a257" status: 200 len: 19 microversion: 1.28
Feb 09 14:09:24.269845 n-d-828516-3 devstack@placement-api.service[110568]: [pid: 110568|app: 0|req: 237/475] 10.222.0.60 () {60 vars in 1380 bytes} [Wed Feb 9 14:09:24 2022] GET /placement/allocations/daaa4d7e-bc8a-4d62-8cb7-6beab345a257 => generated 19 bytes in 22 msecs (HTTP/1.1 200) 8 headers in 295 bytes (1 switches on core 0)
Feb 09 14:09:24.283899 n-d-828516-3 devstack@placement-api.service[110567]: DEBUG placement.requestlog [req-74ebade0-b7f6-4d9d-9ae9-628a6dda77f5 req-c9b9fe8d-8d8c-41e9-a3b1-46826ae8d214 None None] Starting request: 10.222.0.60 "PUT /placement/allocations/daaa4d7e-bc8a-4d62-8cb7-6beab345a257" {{(pid=110567) __call__ /opt/stack/placement/placement/requestlog.py:55}}
Feb 09 14:09:24.500710 n-d-828516-3 devstack@placement-api.service[110567]: DEBUG placement.handlers.allocation [req-74ebade0-b7f6-4d9d-9ae9-628a6dda77f5 req-c9b9fe8d-8d8c-41e9-a3b1-46826ae8d214 service placement] Successfully wrote allocations [, , ] {{(pid=110567) _update_consumers_and_create_allocations /opt/stack/placement/placement/handlers/allocation.py:462}}
Feb 09 14:09:24.578031 n-d-828516-3 devstack@placement-api.service[110567]: INFO placement.requestlog [req-74ebade0-b7f6-4d9d-9ae9-628a6dda77f5 req-c9b9fe8d-8d8c-41e9-a3b1-46826ae8d214 service placement] 10.222.0.60 "PUT /placement/allocations/daaa4d7e-bc8a-4d62-8cb7-6beab345a257" status: 204 len: 0 microversion: 1.36
Feb 09 14:09:24.578591 n-d-828516-3 devstack@placement-api.service[110567]: [pid: 110567|app: 0|req: 239/476] 10.222.0.60 () {64 vars in 1433 bytes} [Wed Feb 9 14:09:24 2022] PUT /placement/allocations/daaa4d7e-bc8a-4d62-8cb7-6beab345a257 => generated 0 bytes in 295 msecs (HTTP/1.1 204) 5 headers in 199 bytes (1 switches on core 0)
Feb 09 14:09:24.970958 n-d-828516-3 devstack@placement-api.service[110568]: DEBUG placement.requestlog [req-a6dc9449-1ae1-4aa6-a37e-60c0fb0b0c60 req-1e374a0b-08ae-4fea-885d-dfa60ad542e8 None None] Starting request: 10.222.0.87 "GET /placement/resource_providers/4f012e96-ed55-4622-9346-e50f58781542/allocations" {{(pid=110568) __call__ /opt/stack/placement/placement/requestlog.py:55}}
Feb 09 14:09:25.057047 n-d-828516-3 devstack@placement-api.service[110568]: INFO placement.requestlog [req-a6dc9449-1ae1-4aa6-a37e-60c0fb0b0c60 req-1e374a0b-08ae-4fea-885d-dfa60ad542e8 service placement] 10.222.0.87 "GET /placement/resource_providers/4f012e96-ed55-4622-9346-e50f58781542/allocations" status: 200 len: 833 microversion: 1.0
Feb 09 14:09:25.057754 n-d-828516-3 devstack@placement-api.service[110568]: [pid: 110568|app: 0|req: 238/477] 10.222.0.87 () {58 vars in 1390 bytes} [Wed Feb 9 14:09:24 2022] GET /placement/resource_providers/4f012e96-ed55-4622-9346-e50f58781542/allocations => generated 833 bytes in 91 msecs (HTTP/1.1 200) 6 headers in 224 bytes (1 switches on core 0)
Feb 09 14:09:25.212842 n-d-828516-3 devstack@placement-api.service[110567]: DEBUG placement.requestlog [req-a6dc9449-1ae1-4aa6-a37e-60c0fb0b0c60 req-a42995fb-a1ea-4848-a7df-9e5748ce3849 None None] Starting request: 10.222.0.87 "GET /placement/resource_providers?in_tree=4f012e96-ed55-4622-9346-e50f58781542" {{(pid=110567) __call__ /opt/stack/placement/placement/requestlog.py:55}}
Feb 09 14:09:25.213380 n-d-828516-3 devstack@placement-api.service[110568]: DEBUG placement.requestlog [req-9567dcfa-d714-496c-9f46-44c17fd9d998 req-496f6e52-703d-4d4f-aecf-d3a5a185251f None None] Starting request: 10.222.0.87 "GET /placement/allocations/3e724565-8273-4152-b4db-bcacce6c0bde" {{(pid=110568) __call__ /opt/stack/placement/placement/requestlog.py:55}}
Feb 09 14:09:25.239466 n-d-828516-3 devstack@placement-api.service[110567]: INFO placement.requestlog [req-a6dc9449-1ae1-4aa6-a37e-60c0fb0b0c60 req-a42995fb-a1ea-4848-a7df-9e5748ce3849 service placement] 10.222.0.87 "GET /placement/resource_providers?in_tree=4f012e96-ed55-4622-9346-e50f58781542" status: 200 len: 863 microversion: 1.14
Feb 09 14:09:25.239662 n-d-828516-3 devstack@placement-api.service[110568]: INFO placement.requestlog [req-9567dcfa-d714-496c-9f46-44c17fd9d998 req-496f6e52-703d-4d4f-aecf-d3a5a185251f service placement] 10.222.0.87 "GET /placement/allocations/3e724565-8273-4152-b4db-bcacce6c0bde" status: 200 len: 259 microversion: 1.28
Feb 09 14:09:25.240681 n-d-828516-3 devstack@placement-api.service[110568]: [pid: 110568|app: 0|req: 239/478] 10.222.0.87 () {60 vars in 1377 bytes} [Wed Feb 9 14:09:25 2022] GET /placement/allocations/3e724565-8273-4152-b4db-bcacce6c0bde => generated 259 bytes in 27 msecs (HTTP/1.1 200) 8 headers in 296 bytes (2 switches on core 0)
Feb 09 14:09:25.241525 n-d-828516-3 devstack@placement-api.service[110567]: [pid: 110567|app: 0|req: 240/479] 10.222.0.87 () {60 vars in 1376 bytes} [Wed Feb 9 14:09:25 2022] GET /placement/resource_providers?in_tree=4f012e96-ed55-4622-9346-e50f58781542 => generated 863 bytes in 29 msecs (HTTP/1.1 200) 6 headers in 225 bytes (1 switches on core 0)
Feb 09 14:09:25.253380 n-d-828516-3 devstack@placement-api.service[110568]: DEBUG placement.requestlog [req-a6dc9449-1ae1-4aa6-a37e-60c0fb0b0c60 req-469d9a49-1c65-4021-b1d2-c35a35b02c80 None None] Starting request: 10.222.0.87 "GET /placement/resource_providers/4f012e96-ed55-4622-9346-e50f58781542/inventories" {{(pid=110568) __call__ /opt/stack/placement/placement/requestlog.py:55}}
Feb 09 14:09:25.279832 n-d-828516-3 devstack@placement-api.service[110568]: INFO placement.requestlog [req-a6dc9449-1ae1-4aa6-a37e-60c0fb0b0c60 req-469d9a49-1c65-4021-b1d2-c35a35b02c80 service placement] 10.222.0.87 "GET /placement/resource_providers/4f012e96-ed55-4622-9346-e50f58781542/inventories" status: 200 len: 398 microversion: 1.0
Feb 09 14:09:25.280349 n-d-828516-3 devstack@placement-api.service[110568]: [pid: 110568|app: 0|req: 240/480] 10.222.0.87 () {58 vars in 1390 bytes} [Wed Feb 9 14:09:25 2022] GET /placement/resource_providers/4f012e96-ed55-4622-9346-e50f58781542/inventories => generated 398 bytes in 28 msecs (HTTP/1.1 200) 6 headers in 224 bytes (1 switches on core 0)
Feb 09 14:09:25.288822 n-d-828516-3 devstack@placement-api.service[110567]: DEBUG placement.requestlog [req-a6dc9449-1ae1-4aa6-a37e-60c0fb0b0c60 req-89e94032-7a0b-4434-8ca4-26aeaf1df8f9 None None] Starting request: 10.222.0.87 "GET /placement/resource_providers/4f012e96-ed55-4622-9346-e50f58781542/aggregates" {{(pid=110567) __call__ /opt/stack/placement/placement/requestlog.py:55}}
Feb 09 14:09:25.305389 n-d-828516-3 devstack@placement-api.service[110567]: INFO placement.requestlog [req-a6dc9449-1ae1-4aa6-a37e-60c0fb0b0c60 req-89e94032-7a0b-4434-8ca4-26aeaf1df8f9 service placement] 10.222.0.87 "GET /placement/resource_providers/4f012e96-ed55-4622-9346-e50f58781542/aggregates" status: 200 len: 54 microversion: 1.19
Feb 09 14:09:25.306135 n-d-828516-3 devstack@placement-api.service[110567]: [pid: 110567|app: 0|req: 241/481] 10.222.0.87 () {60 vars in 1431 bytes} [Wed Feb 9 14:09:25 2022] GET /placement/resource_providers/4f012e96-ed55-4622-9346-e50f58781542/aggregates => generated 54 bytes in 17 msecs (HTTP/1.1 200) 8 headers in 295 bytes (2 switches on core 0)
Feb 09 14:09:25.317142 n-d-828516-3 devstack@placement-api.service[110568]: DEBUG placement.requestlog [req-a6dc9449-1ae1-4aa6-a37e-60c0fb0b0c60 req-f24dd458-07af-4a5f-ba3f-4d6e09b83e0f None None] Starting request: 10.222.0.87 "GET /placement/resource_providers/4f012e96-ed55-4622-9346-e50f58781542/traits" {{(pid=110568) __call__ /opt/stack/placement/placement/requestlog.py:55}}
Feb 09 14:09:25.389646 n-d-828516-3 devstack@placement-api.service[110568]: INFO placement.requestlog [req-a6dc9449-1ae1-4aa6-a37e-60c0fb0b0c60 req-f24dd458-07af-4a5f-ba3f-4d6e09b83e0f service placement] 10.222.0.87 "GET /placement/resource_providers/4f012e96-ed55-4622-9346-e50f58781542/traits" status: 200 len: 212 microversion: 1.6
Feb 09 14:09:25.390996 n-d-828516-3 devstack@placement-api.service[110568]: [pid: 110568|app: 0|req: 241/482] 10.222.0.87 () {60 vars in 1418 bytes} [Wed Feb 9 14:09:25 2022] GET /placement/resource_providers/4f012e96-ed55-4622-9346-e50f58781542/traits => generated 212 bytes in 74 msecs (HTTP/1.1 200) 6 headers in 224 bytes (1 switches on core 0)
Feb 09 14:09:25.721830 n-d-828516-3 devstack@placement-api.service[110567]: DEBUG placement.requestlog [req-74ebade0-b7f6-4d9d-9ae9-628a6dda77f5 req-5affb3da-44fc-43d0-a83f-1f9eff60aa17 None None] Starting request: 10.222.0.87 "GET /placement/allocations/daaa4d7e-bc8a-4d62-8cb7-6beab345a257" {{(pid=110567) __call__ /opt/stack/placement/placement/requestlog.py:55}}
Feb 09 14:09:25.742411 n-d-828516-3 devstack@placement-api.service[110567]: INFO placement.requestlog [req-74ebade0-b7f6-4d9d-9ae9-628a6dda77f5 req-5affb3da-44fc-43d0-a83f-1f9eff60aa17 service placement] 10.222.0.87 "GET /placement/allocations/daaa4d7e-bc8a-4d62-8cb7-6beab345a257" status: 200 len: 259 microversion: 1.28
Feb 09 14:09:25.743759 n-d-828516-3 devstack@placement-api.service[110567]: [pid: 110567|app: 0|req: 242/483] 10.222.0.87 () {60 vars in 1377 bytes} [Wed Feb 9 14:09:25 2022] GET /placement/allocations/daaa4d7e-bc8a-4d62-8cb7-6beab345a257 => generated 259 bytes in 22 msecs (HTTP/1.1 200) 8 headers in 296 bytes (1 switches on core 0)
Feb 09 14:09:26.862522 n-d-828516-3 devstack@placement-api.service[110568]: DEBUG placement.requestlog [req-5f59b45a-6955-4ba4-a4b1-14d58a028c27 req-66389640-f562-469a-b80b-a4c904e8d72b None None] Starting request: 10.222.0.26 "DELETE /placement/allocations/67c1394f-45a1-444a-9bbb-1f4a25c78f89" {{(pid=110568) __call__ /opt/stack/placement/placement/requestlog.py:55}}
Feb 09 14:09:27.068835 n-d-828516-3 devstack@placement-api.service[110568]: DEBUG placement.handlers.allocation [req-5f59b45a-6955-4ba4-a4b1-14d58a028c27 req-66389640-f562-469a-b80b-a4c904e8d72b service placement] Successfully deleted allocations [, , ] {{(pid=110568) delete_allocations /opt/stack/placement/placement/handlers/allocation.py:627}}
Feb 09 14:09:27.070480 n-d-828516-3 devstack@placement-api.service[110568]: INFO placement.requestlog [req-5f59b45a-6955-4ba4-a4b1-14d58a028c27 req-66389640-f562-469a-b80b-a4c904e8d72b service placement] 10.222.0.26 "DELETE /placement/allocations/67c1394f-45a1-444a-9bbb-1f4a25c78f89" status: 204 len: 0 microversion: 1.0
Feb 09 14:09:27.071714 n-d-828516-3 devstack@placement-api.service[110568]: [pid: 110568|app: 0|req: 242/484] 10.222.0.26 () {60 vars in 1355 bytes} [Wed Feb 9 14:09:26 2022] DELETE /placement/allocations/67c1394f-45a1-444a-9bbb-1f4a25c78f89 => generated 0 bytes in 210 msecs (HTTP/1.1 204) 5 headers in 198 bytes (1 switches on core 0)
Feb 09 14:09:29.968580 n-d-828516-3 devstack@placement-api.service[110567]: DEBUG placement.requestlog [req-feee6bb1-2639-4847-ad0d-971faba676d2 req-63dc4ac2-3196-48ba-b860-c2f98ca46702 None None] Starting request: 10.222.0.26 "DELETE /placement/allocations/30e492be-1ca6-47c3-bee6-6116ca291006" {{(pid=110567) __call__ /opt/stack/placement/placement/requestlog.py:55}}
Feb 09 14:09:30.303148 n-d-828516-3 devstack@placement-api.service[110567]: DEBUG placement.handlers.allocation [req-feee6bb1-2639-4847-ad0d-971faba676d2 req-63dc4ac2-3196-48ba-b860-c2f98ca46702 service placement] Successfully deleted allocations [, ] {{(pid=110567) delete_allocations /opt/stack/placement/placement/handlers/allocation.py:627}}
Feb 09 14:09:30.305229 n-d-828516-3 devstack@placement-api.service[110567]: INFO placement.requestlog [req-feee6bb1-2639-4847-ad0d-971faba676d2 req-63dc4ac2-3196-48ba-b860-c2f98ca46702 service placement] 10.222.0.26 "DELETE /placement/allocations/30e492be-1ca6-47c3-bee6-6116ca291006" status: 204 len: 0 microversion: 1.0
Feb 09 14:09:30.305229 n-d-828516-3 devstack@placement-api.service[110567]: [pid: 110567|app: 0|req: 243/485] 10.222.0.26 () {60 vars in 1355 bytes} [Wed Feb 9 14:09:29 2022] DELETE /placement/allocations/30e492be-1ca6-47c3-bee6-6116ca291006 => generated 0 bytes in 336 msecs (HTTP/1.1 204) 5 headers in 198 bytes (1 switches on core 0)
Feb 09 14:09:31.986360 n-d-828516-3 devstack@placement-api.service[110568]: DEBUG placement.requestlog [req-1f82f97d-ce86-41e8-b2f3-48635b99dfc5 req-b607ea1c-8a68-4399-8216-5666b314bc89 None None] Starting request: 10.222.0.26 "GET /placement/resource_providers/415af96f-6030-4bc4-89e5-548d492976f1/allocations" {{(pid=110568) __call__ /opt/stack/placement/placement/requestlog.py:55}}
Feb 09 14:09:32.016260 n-d-828516-3 devstack@placement-api.service[110568]: INFO placement.requestlog [req-1f82f97d-ce86-41e8-b2f3-48635b99dfc5 req-b607ea1c-8a68-4399-8216-5666b314bc89 service placement] 10.222.0.26 "GET /placement/resource_providers/415af96f-6030-4bc4-89e5-548d492976f1/allocations" status: 200 len: 948 microversion: 1.0
Feb 09 14:09:32.017423 n-d-828516-3 devstack@placement-api.service[110568]: [pid: 110568|app: 0|req: 243/486] 10.222.0.26 () {58 vars in 1390 bytes} [Wed Feb 9 14:09:31 2022] GET /placement/resource_providers/415af96f-6030-4bc4-89e5-548d492976f1/allocations => generated 948 bytes in 31 msecs (HTTP/1.1 200) 6 headers in 224 bytes (1 switches on core 0)
Feb 09 14:09:32.162169 n-d-828516-3 devstack@placement-api.service[110567]: DEBUG placement.requestlog [req-1f82f97d-ce86-41e8-b2f3-48635b99dfc5 req-77cab532-d411-4b17-b8d9-2a7dba56f078 None None] Starting request: 10.222.0.26 "GET /placement/resource_providers?in_tree=415af96f-6030-4bc4-89e5-548d492976f1" {{(pid=110567) __call__ /opt/stack/placement/placement/requestlog.py:55}}
Feb 09 14:09:32.202724 n-d-828516-3 devstack@placement-api.service[110567]: INFO placement.requestlog [req-1f82f97d-ce86-41e8-b2f3-48635b99dfc5 req-77cab532-d411-4b17-b8d9-2a7dba56f078 service placement] 10.222.0.26 "GET /placement/resource_providers?in_tree=415af96f-6030-4bc4-89e5-548d492976f1" status: 200 len: 863 microversion: 1.14
Feb 09 14:09:32.203420 n-d-828516-3 devstack@placement-api.service[110567]: [pid: 110567|app: 0|req: 244/487] 10.222.0.26 () {60 vars in 1376 bytes} [Wed Feb 9 14:09:32 2022] GET /placement/resource_providers?in_tree=415af96f-6030-4bc4-89e5-548d492976f1 => generated 863 bytes in 47 msecs (HTTP/1.1 200) 6 headers in 225 bytes (1 switches on core 0)
Feb 09 14:09:32.214337 n-d-828516-3 devstack@placement-api.service[110568]: DEBUG placement.requestlog [req-1f82f97d-ce86-41e8-b2f3-48635b99dfc5 req-c0a57fd0-b86b-43cf-b3da-6c1f93d5dc8b None None] Starting request: 10.222.0.26 "GET /placement/resource_providers/415af96f-6030-4bc4-89e5-548d492976f1/inventories" {{(pid=110568) __call__ /opt/stack/placement/placement/requestlog.py:55}}
Feb 09 14:09:32.235955 n-d-828516-3 devstack@placement-api.service[110568]: INFO placement.requestlog [req-1f82f97d-ce86-41e8-b2f3-48635b99dfc5 req-c0a57fd0-b86b-43cf-b3da-6c1f93d5dc8b service placement] 10.222.0.26 "GET /placement/resource_providers/415af96f-6030-4bc4-89e5-548d492976f1/inventories" status: 200 len: 398 microversion: 1.0
Feb 09 14:09:32.237055 n-d-828516-3 devstack@placement-api.service[110568]: [pid: 110568|app: 0|req: 244/488] 10.222.0.26 () {58 vars in 1390 bytes} [Wed Feb 9 14:09:32 2022] GET /placement/resource_providers/415af96f-6030-4bc4-89e5-548d492976f1/inventories => generated 398 bytes in 23 msecs (HTTP/1.1 200) 6 headers in 224 bytes (2 switches on core 0)
Feb 09 14:09:32.252954 n-d-828516-3 devstack@placement-api.service[110567]: DEBUG placement.requestlog [req-1f82f97d-ce86-41e8-b2f3-48635b99dfc5 req-37d8a77a-5f9a-44d6-9ef2-016e0d5e530f None None] Starting request: 10.222.0.26 "GET /placement/resource_providers/415af96f-6030-4bc4-89e5-548d492976f1/aggregates" {{(pid=110567) __call__ /opt/stack/placement/placement/requestlog.py:55}}
Feb 09 14:09:32.273264 n-d-828516-3 devstack@placement-api.service[110567]: INFO placement.requestlog [req-1f82f97d-ce86-41e8-b2f3-48635b99dfc5 req-37d8a77a-5f9a-44d6-9ef2-016e0d5e530f service placement] 10.222.0.26 "GET /placement/resource_providers/415af96f-6030-4bc4-89e5-548d492976f1/aggregates" status: 200 len: 54 microversion: 1.19
Feb 09 14:09:32.274426 n-d-828516-3 devstack@placement-api.service[110567]: [pid: 110567|app: 0|req: 245/489] 10.222.0.26 () {60 vars in 1431 bytes} [Wed Feb 9 14:09:32 2022] GET /placement/resource_providers/415af96f-6030-4bc4-89e5-548d492976f1/aggregates => generated 54 bytes in 22 msecs (HTTP/1.1 200) 8 headers in 295 bytes (1 switches on core 0)
Feb 09 14:09:32.282541 n-d-828516-3 devstack@placement-api.service[110568]: DEBUG placement.requestlog [req-1f82f97d-ce86-41e8-b2f3-48635b99dfc5 req-ca906f10-25ba-4998-a512-bd88138773a2 None None] Starting request: 10.222.0.26 "GET /placement/resource_providers/415af96f-6030-4bc4-89e5-548d492976f1/traits" {{(pid=110568) __call__ /opt/stack/placement/placement/requestlog.py:55}}
Feb 09 14:09:32.315750 n-d-828516-3 devstack@placement-api.service[110568]: INFO placement.requestlog [req-1f82f97d-ce86-41e8-b2f3-48635b99dfc5 req-ca906f10-25ba-4998-a512-bd88138773a2 service placement] 10.222.0.26 "GET /placement/resource_providers/415af96f-6030-4bc4-89e5-548d492976f1/traits" status: 200 len: 212 microversion: 1.6
Feb 09 14:09:32.316662 n-d-828516-3 devstack@placement-api.service[110568]: [pid: 110568|app: 0|req: 245/490] 10.222.0.26 () {60 vars in 1418 bytes} [Wed Feb 9 14:09:32 2022] GET /placement/resource_providers/415af96f-6030-4bc4-89e5-548d492976f1/traits => generated 212 bytes in 34 msecs (HTTP/1.1 200) 6 headers in 224 bytes (1 switches on core 0)
Feb 09 14:09:33.980024 n-d-828516-3 devstack@placement-api.service[110567]: DEBUG placement.requestlog [req-283bd366-54b0-4a4a-9eee-e52430b1c796 req-6a54e4f6-995f-4bcf-bd47-c0bb171d5375 None None] Starting request: 10.222.0.26 "DELETE /placement/allocations/317e9457-3950-4107-9507-2f83e698ba02" {{(pid=110567) __call__ /opt/stack/placement/placement/requestlog.py:55}}
Feb 09 14:09:34.274979 n-d-828516-3 devstack@placement-api.service[110567]: DEBUG placement.handlers.allocation [req-283bd366-54b0-4a4a-9eee-e52430b1c796 req-6a54e4f6-995f-4bcf-bd47-c0bb171d5375 service placement] Successfully deleted allocations [, , ] {{(pid=110567) delete_allocations /opt/stack/placement/placement/handlers/allocation.py:627}}
Feb 09 14:09:34.276470 n-d-828516-3 devstack@placement-api.service[110567]: INFO placement.requestlog [req-283bd366-54b0-4a4a-9eee-e52430b1c796 req-6a54e4f6-995f-4bcf-bd47-c0bb171d5375 service placement] 10.222.0.26 "DELETE /placement/allocations/317e9457-3950-4107-9507-2f83e698ba02" status: 204 len: 0 microversion: 1.0
Feb 09 14:09:34.277989 n-d-828516-3 devstack@placement-api.service[110567]: [pid: 110567|app: 0|req: 246/491] 10.222.0.26 () {60 vars in 1355 bytes} [Wed Feb 9 14:09:33 2022] DELETE /placement/allocations/317e9457-3950-4107-9507-2f83e698ba02 => generated 0 bytes in 300 msecs (HTTP/1.1 204) 5 headers in 198 bytes (1 switches on core 0)
Feb 09 14:09:34.335034 n-d-828516-3 devstack@placement-api.service[110568]: DEBUG placement.requestlog [req-f1c8111b-67e8-45f1-8512-a3b45919a6d4 req-2eb34590-a645-4ac1-9a3c-5ab5acccf9ff None None] Starting request: 10.222.0.87 "DELETE /placement/allocations/830980bf-40f5-4bf0-919b-3c10730bacbe" {{(pid=110568) __call__ /opt/stack/placement/placement/requestlog.py:55}}
Feb 09 14:09:34.618362 n-d-828516-3 devstack@placement-api.service[110568]: DEBUG placement.handlers.allocation [req-f1c8111b-67e8-45f1-8512-a3b45919a6d4 req-2eb34590-a645-4ac1-9a3c-5ab5acccf9ff service placement] Successfully deleted allocations [, , ] {{(pid=110568) delete_allocations /opt/stack/placement/placement/handlers/allocation.py:627}}
Feb 09 14:09:34.619214 n-d-828516-3 devstack@placement-api.service[110568]: INFO placement.requestlog [req-f1c8111b-67e8-45f1-8512-a3b45919a6d4 req-2eb34590-a645-4ac1-9a3c-5ab5acccf9ff service placement] 10.222.0.87 "DELETE /placement/allocations/830980bf-40f5-4bf0-919b-3c10730bacbe" status: 204 len: 0 microversion: 1.0
Feb 09 14:09:34.619924 n-d-828516-3 devstack@placement-api.service[110568]: [pid: 110568|app: 0|req: 246/492] 10.222.0.87 () {60 vars in 1355 bytes} [Wed Feb 9 14:09:34 2022] DELETE /placement/allocations/830980bf-40f5-4bf0-919b-3c10730bacbe => generated 0 bytes in 286 msecs (HTTP/1.1 204) 5 headers in 198 bytes (2 switches on core 0)
Feb 09 14:09:37.541059 n-d-828516-3 devstack@placement-api.service[110567]: DEBUG placement.requestlog [req-554ec125-9ad6-468b-81a5-933fd63264cc req-a0b0d8e2-f565-4e6f-a33b-96de4e8ceab0 None None] Starting request: 10.222.0.26 "DELETE /placement/allocations/2a5b0cc5-1f5a-4c70-a1cf-8c19c8d1383c" {{(pid=110567) __call__ /opt/stack/placement/placement/requestlog.py:55}}
Feb 09 14:09:37.835361 n-d-828516-3 devstack@placement-api.service[110567]: DEBUG placement.handlers.allocation [req-554ec125-9ad6-468b-81a5-933fd63264cc req-a0b0d8e2-f565-4e6f-a33b-96de4e8ceab0 service placement] Successfully deleted allocations [, , ] {{(pid=110567) delete_allocations /opt/stack/placement/placement/handlers/allocation.py:627}}
Feb 09 14:09:37.836489 n-d-828516-3 devstack@placement-api.service[110567]: INFO placement.requestlog [req-554ec125-9ad6-468b-81a5-933fd63264cc req-a0b0d8e2-f565-4e6f-a33b-96de4e8ceab0 service placement] 10.222.0.26 "DELETE /placement/allocations/2a5b0cc5-1f5a-4c70-a1cf-8c19c8d1383c" status: 204 len: 0 microversion: 1.0
Feb 09 14:09:37.837284 n-d-828516-3 devstack@placement-api.service[110567]: [pid: 110567|app: 0|req: 247/493] 10.222.0.26 () {60 vars in 1355 bytes} [Wed Feb 9 14:09:37 2022] DELETE /placement/allocations/2a5b0cc5-1f5a-4c70-a1cf-8c19c8d1383c => generated 0 bytes in 296 msecs (HTTP/1.1 204) 5 headers in 198 bytes (1 switches on core 0)
Feb 09 14:09:46.757325 n-d-828516-3 devstack@placement-api.service[110568]: DEBUG placement.requestlog [req-bc8d13bd-f1f3-4ed8-9485-767730981a0f req-8ae94008-0b8b-4c69-befb-9af20aa94172 None None] Starting request: 10.222.0.60 "GET /placement/allocation_candidates?limit=1000&resources=DISK_GB%3A1%2CMEMORY_MB%3A1024%2CVCPU%3A1&root_required=%21COMPUTE_STATUS_DISABLED" {{(pid=110568) __call__ /opt/stack/placement/placement/requestlog.py:55}}
Feb 09 14:09:46.887354 n-d-828516-3 devstack@placement-api.service[110568]: DEBUG placement.objects.research_context [req-bc8d13bd-f1f3-4ed8-9485-767730981a0f req-8ae94008-0b8b-4c69-befb-9af20aa94172 service placement] getting providers with 1 DISK_GB {{(pid=110568) __init__ /opt/stack/placement/placement/objects/research_context.py:126}}
Feb 09 14:09:46.896845 n-d-828516-3 devstack@placement-api.service[110568]: DEBUG placement.objects.research_context [req-bc8d13bd-f1f3-4ed8-9485-767730981a0f req-8ae94008-0b8b-4c69-befb-9af20aa94172 service placement] getting providers with 1024 MEMORY_MB {{(pid=110568) __init__ /opt/stack/placement/placement/objects/research_context.py:126}}
Feb 09 14:09:46.911678 n-d-828516-3 devstack@placement-api.service[110568]: DEBUG placement.objects.research_context [req-bc8d13bd-f1f3-4ed8-9485-767730981a0f req-8ae94008-0b8b-4c69-befb-9af20aa94172 service placement] getting providers with 1 VCPU {{(pid=110568) __init__ /opt/stack/placement/placement/objects/research_context.py:126}}
Feb 09 14:09:46.928359 n-d-828516-3 devstack@placement-api.service[110568]: DEBUG placement.objects.research_context [req-bc8d13bd-f1f3-4ed8-9485-767730981a0f req-8ae94008-0b8b-4c69-befb-9af20aa94172 service placement] found 2 providers with available 1 DISK_GB {{(pid=110568) get_provider_ids_matching /opt/stack/placement/placement/objects/research_context.py:549}}
Feb 09 14:09:46.929021 n-d-828516-3 devstack@placement-api.service[110568]: DEBUG placement.objects.research_context [req-bc8d13bd-f1f3-4ed8-9485-767730981a0f req-8ae94008-0b8b-4c69-befb-9af20aa94172 service placement] found 2 providers with available 1024 MEMORY_MB {{(pid=110568) get_provider_ids_matching /opt/stack/placement/placement/objects/research_context.py:549}}
Feb 09 14:09:46.929578 n-d-828516-3 devstack@placement-api.service[110568]: DEBUG placement.objects.research_context [req-bc8d13bd-f1f3-4ed8-9485-767730981a0f req-8ae94008-0b8b-4c69-befb-9af20aa94172 service placement] found 2 providers after filtering by previous result {{(pid=110568) get_provider_ids_matching /opt/stack/placement/placement/objects/research_context.py:580}}
Feb 09 14:09:46.930132 n-d-828516-3 devstack@placement-api.service[110568]: DEBUG placement.objects.research_context [req-bc8d13bd-f1f3-4ed8-9485-767730981a0f req-8ae94008-0b8b-4c69-befb-9af20aa94172 service placement] found 2 providers with available 1 VCPU {{(pid=110568) get_provider_ids_matching /opt/stack/placement/placement/objects/research_context.py:549}}
Feb 09 14:09:46.930755 n-d-828516-3 devstack@placement-api.service[110568]: DEBUG placement.objects.research_context [req-bc8d13bd-f1f3-4ed8-9485-767730981a0f req-8ae94008-0b8b-4c69-befb-9af20aa94172 service placement] found 2 providers after filtering by previous result {{(pid=110568) get_provider_ids_matching /opt/stack/placement/placement/objects/research_context.py:580}}
Feb 09 14:09:46.958238 n-d-828516-3 devstack@placement-api.service[110568]: DEBUG placement.objects.allocation_candidate [req-bc8d13bd-f1f3-4ed8-9485-767730981a0f req-8ae94008-0b8b-4c69-befb-9af20aa94172 service placement] RequestGroup(use_same_provider=False, resources={DISK_GB:1, MEMORY_MB:1024, VCPU:1}, traits=[], aggregates=[]) (suffix '') returned 2 matches {{(pid=110568) _get_by_requests /opt/stack/placement/placement/objects/allocation_candidate.py:145}}
Feb 09 14:09:46.959008 n-d-828516-3 devstack@placement-api.service[110568]: DEBUG placement.objects.allocation_candidate [req-bc8d13bd-f1f3-4ed8-9485-767730981a0f req-8ae94008-0b8b-4c69-befb-9af20aa94172 service placement] Merging candidates yields 2 allocation requests and 2 provider summaries {{(pid=110568) _merge_candidates /opt/stack/placement/placement/objects/allocation_candidate.py:783}}
Feb 09 14:09:46.965401 n-d-828516-3 devstack@placement-api.service[110568]: INFO placement.requestlog [req-bc8d13bd-f1f3-4ed8-9485-767730981a0f req-8ae94008-0b8b-4c69-befb-9af20aa94172 service placement] 10.222.0.60 "GET /placement/allocation_candidates?limit=1000&resources=DISK_GB%3A1%2CMEMORY_MB%3A1024%2CVCPU%3A1&root_required=%21COMPUTE_STATUS_DISABLED" status: 200 len: 1309 microversion: 1.36
Feb 09 14:09:46.973430 n-d-828516-3 devstack@placement-api.service[110568]: [pid: 110568|app: 0|req: 247/494] 10.222.0.60 () {60 vars in 1506 bytes} [Wed Feb 9 14:09:46 2022] GET /placement/allocation_candidates?limit=1000&resources=DISK_GB%3A1%2CMEMORY_MB%3A1024%2CVCPU%3A1&root_required=%21COMPUTE_STATUS_DISABLED => generated 1309 bytes in 216 msecs (HTTP/1.1 200) 8 headers in 297 bytes (1 switches on core 0)
Feb 09 14:09:47.052114 n-d-828516-3 devstack@placement-api.service[110567]: DEBUG placement.requestlog [req-bc8d13bd-f1f3-4ed8-9485-767730981a0f req-9dcef94e-4b1a-40da-a54b-52c1c022821c None None] Starting request: 10.222.0.60 "GET /placement/allocations/782993a0-2b41-4c37-9522-27f2ed7fbb32" {{(pid=110567) __call__ /opt/stack/placement/placement/requestlog.py:55}}
Feb 09 14:09:47.095043 n-d-828516-3 devstack@placement-api.service[110567]: INFO placement.requestlog [req-bc8d13bd-f1f3-4ed8-9485-767730981a0f req-9dcef94e-4b1a-40da-a54b-52c1c022821c service placement] 10.222.0.60 "GET /placement/allocations/782993a0-2b41-4c37-9522-27f2ed7fbb32" status: 200 len: 19 microversion: 1.28
Feb 09 14:09:47.095433 n-d-828516-3 devstack@placement-api.service[110567]: [pid: 110567|app: 0|req: 248/495] 10.222.0.60 () {60 vars in 1380 bytes} [Wed Feb 9 14:09:47 2022] GET /placement/allocations/782993a0-2b41-4c37-9522-27f2ed7fbb32 => generated 19 bytes in 44 msecs (HTTP/1.1 200) 8 headers in 295 bytes (2 switches on core 0)
