Feb 09 13:52:25.501953 n-d-828516-3 devstack@n-api.service[109333]: DEBUG nova.api.openstack.wsgi [None req-4b9a8ed7-9426-4bee-a78d-3e88b6beba37 admin admin] Action: 'create', calling method: >, body: {"flavor": {"ram": 512, "OS-FLV-EXT-DATA:ephemeral": 0, "rxtx_factor": 1.0, "name": "ds512M", "id": "d1", "os-flavor-access:is_public": true, "vcpus": 1, "swap": 0, "disk": 5}} {{(pid=109333) _process_stack /opt/stack/nova/nova/api/openstack/wsgi.py:511}}
Feb 09 13:52:25.519650 n-d-828516-3 devstack@n-api.service[109333]: /usr/local/lib/python3.8/dist-packages/oslo_policy/policy.py:1119: UserWarning: Policy "os_compute_api:os-flavor-manage:create": "rule:system_admin_api" failed scope check. The token used to make the request was project scoped but the policy requires ['system'] scope. This behavior may change in the future where using the intended scope is required
Feb 09 13:52:25.519650 n-d-828516-3 devstack@n-api.service[109333]: warnings.warn(msg)
Feb 09 13:52:25.621507 n-d-828516-3 devstack@n-api.service[109333]: INFO nova.api.openstack.requestlog [None req-4b9a8ed7-9426-4bee-a78d-3e88b6beba37 admin admin] 10.222.0.60 "POST /compute/v2.1/flavors" status: 200 len: 404 microversion: 2.61 time: 0.218869
Feb 09 13:52:25.622435 n-d-828516-3 devstack@n-api.service[109333]: [pid: 109333|app: 0|req: 5/8] 10.222.0.60 () {64 vars in 1282 bytes} [Wed Feb 9 13:52:25 2022] POST /compute/v2.1/flavors => generated 404 bytes in 221 msecs (HTTP/1.1 200) 9 headers in 359 bytes (1 switches on core 0)
Feb 09 13:52:25.635114 n-d-828516-3 devstack@n-api.service[109332]: DEBUG nova.api.openstack.wsgi [None req-e2d436b3-77a9-4628-b898-32209b5ad273 admin admin] Action: 'create', calling method: >, body: {"extra_specs": {"hw_rng:allowed": "True"}} {{(pid=109332) _process_stack /opt/stack/nova/nova/api/openstack/wsgi.py:511}}
Feb 09 13:52:25.636857 n-d-828516-3 devstack@n-api.service[109332]: /usr/local/lib/python3.8/dist-packages/oslo_policy/policy.py:1119: UserWarning: Policy "os_compute_api:os-flavor-extra-specs:create": "rule:system_admin_api" failed scope check. The token used to make the request was project scoped but the policy requires ['system'] scope. This behavior may change in the future where using the intended scope is required
Feb 09 13:52:25.636857 n-d-828516-3 devstack@n-api.service[109332]: warnings.warn(msg)
Feb 09 13:52:25.757359 n-d-828516-3 devstack@n-api.service[109332]: INFO nova.api.openstack.requestlog [None req-e2d436b3-77a9-4628-b898-32209b5ad273 admin admin] 10.222.0.60 "POST /compute/v2.1/flavors/d1/os-extra_specs" status: 200 len: 43 microversion: 2.61 time: 0.126082
Feb 09 13:52:25.759532 n-d-828516-3 devstack@n-api.service[109332]: [pid: 109332|app: 0|req: 4/9] 10.222.0.60 () {64 vars in 1335 bytes} [Wed Feb 9 13:52:25 2022] POST /compute/v2.1/flavors/d1/os-extra_specs => generated 43 bytes in 129 msecs (HTTP/1.1 200) 9 headers in 358 bytes (1 switches on core 0)
Feb 09 13:52:28.124215 n-d-828516-3 devstack@n-api.service[109333]: DEBUG nova.api.openstack.wsgi [None req-4b9a8ed7-9426-4bee-a78d-3e88b6beba37 admin admin] Calling method '>' {{(pid=109333) _process_stack /opt/stack/nova/nova/api/openstack/wsgi.py:513}}
Feb 09 13:52:28.126043 n-d-828516-3 devstack@n-api.service[109333]: INFO nova.api.openstack.requestlog [None req-4b9a8ed7-9426-4bee-a78d-3e88b6beba37 admin admin] 10.222.0.60 "GET /compute/v2.1" status: 200 len: 388 microversion: 2.1 time: 0.002104
Feb 09 13:52:28.138137 n-d-828516-3 devstack@n-api.service[109333]: [pid: 109333|app: 0|req: 6/10] 10.222.0.60 () {54 vars in 930 bytes} [Wed Feb 9 13:52:28 2022] GET /compute/v2.1 => generated 388 bytes in 15 msecs (HTTP/1.1 200) 9 headers in 357 bytes (1 switches on core 0)
Feb 09 13:52:28.188755 n-d-828516-3 devstack@n-api.service[109332]: DEBUG nova.api.openstack.wsgi [None req-b34bb73c-b8b2-4d31-b114-e42402fef463 admin admin] Action: 'create', calling method: >, body: {"flavor": {"swap": 0, "os-flavor-access:is_public": true, "ram": 1024, "disk": 10, "rxtx_factor": 1.0, "name": "ds1G", "vcpus": 1, "OS-FLV-EXT-DATA:ephemeral": 0, "id": "d2"}} {{(pid=109332) _process_stack /opt/stack/nova/nova/api/openstack/wsgi.py:511}}
Feb 09 13:52:28.286824 n-d-828516-3 devstack@n-api.service[109332]: INFO nova.api.openstack.requestlog [None req-b34bb73c-b8b2-4d31-b114-e42402fef463 admin admin] 10.222.0.60 "POST /compute/v2.1/flavors" status: 200 len: 404 microversion: 2.61 time: 0.152725
Feb 09 13:52:28.294907 n-d-828516-3 devstack@n-api.service[109332]: [pid: 109332|app: 0|req: 5/11] 10.222.0.60 () {64 vars in 1282 bytes} [Wed Feb 9 13:52:28 2022] POST /compute/v2.1/flavors => generated 404 bytes in 157 msecs (HTTP/1.1 200) 9 headers in 359 bytes (1 switches on core 0)
Feb 09 13:52:28.301261 n-d-828516-3 devstack@n-api.service[109333]: DEBUG nova.api.openstack.wsgi [None req-3447e454-8a65-44b2-b827-634744411e6a admin admin] Action: 'create', calling method: >, body: {"extra_specs": {"hw_rng:allowed": "True"}} {{(pid=109333) _process_stack /opt/stack/nova/nova/api/openstack/wsgi.py:511}}
Feb 09 13:52:28.395934 n-d-828516-3 devstack@n-api.service[109333]: INFO nova.api.openstack.requestlog [None req-3447e454-8a65-44b2-b827-634744411e6a admin admin] 10.222.0.60 "POST /compute/v2.1/flavors/d2/os-extra_specs" status: 200 len: 43 microversion: 2.61 time: 0.098540
Feb 09 13:52:28.404137 n-d-828516-3 devstack@n-api.service[109333]: [pid: 109333|app: 0|req: 7/12] 10.222.0.60 () {64 vars in 1335 bytes} [Wed Feb 9 13:52:28 2022] POST /compute/v2.1/flavors/d2/os-extra_specs => generated 43 bytes in 107 msecs (HTTP/1.1 200) 9 headers in 358 bytes (1 switches on core 0)
Feb 09 13:52:31.036165 n-d-828516-3 devstack@n-api.service[109332]: DEBUG nova.api.openstack.wsgi [None req-b34bb73c-b8b2-4d31-b114-e42402fef463 admin admin] Calling method '>' {{(pid=109332) _process_stack /opt/stack/nova/nova/api/openstack/wsgi.py:513}}
Feb 09 13:52:31.037944 n-d-828516-3 devstack@n-api.service[109332]: INFO nova.api.openstack.requestlog [None req-b34bb73c-b8b2-4d31-b114-e42402fef463 admin admin] 10.222.0.60 "GET /compute/v2.1" status: 200 len: 388 microversion: 2.1 time: 0.002142
Feb 09 13:52:31.039670 n-d-828516-3 devstack@n-api.service[109332]: [pid: 109332|app: 0|req: 6/13] 10.222.0.60 () {54 vars in 930 bytes} [Wed Feb 9 13:52:31 2022] GET /compute/v2.1 => generated 388 bytes in 4 msecs (HTTP/1.1 200) 9 headers in 357 bytes (1 switches on core 0)
Feb 09 13:52:31.107438 n-d-828516-3 devstack@n-api.service[109333]: DEBUG nova.api.openstack.wsgi [None req-dfd0fddf-30f7-438d-94d0-ef88a79de0ca admin admin] Action: 'create', calling method: >, body: {"flavor": {"ram": 2048, "disk": 10, "os-flavor-access:is_public": true, "swap": 0, "OS-FLV-EXT-DATA:ephemeral": 0, "rxtx_factor": 1.0, "id": "d3", "name": "ds2G", "vcpus": 2}} {{(pid=109333) _process_stack /opt/stack/nova/nova/api/openstack/wsgi.py:511}}
Feb 09 13:52:31.199845 n-d-828516-3 devstack@n-api.service[109333]: INFO nova.api.openstack.requestlog [None req-dfd0fddf-30f7-438d-94d0-ef88a79de0ca admin admin] 10.222.0.60 "POST /compute/v2.1/flavors" status: 200 len: 404 microversion: 2.61 time: 0.153792
Feb 09 13:52:31.222228 n-d-828516-3 devstack@n-api.service[109333]: [pid: 109333|app: 0|req: 8/14] 10.222.0.60 () {64 vars in 1282 bytes} [Wed Feb 9 13:52:31 2022] POST /compute/v2.1/flavors => generated 404 bytes in 155 msecs (HTTP/1.1 200) 9 headers in 359 bytes (1 switches on core 0)
Feb 09 13:52:31.222405 n-d-828516-3 devstack@n-api.service[109332]: DEBUG nova.api.openstack.wsgi [None req-de4f0888-15d0-4082-beae-041b6ddc3779 admin admin] Action: 'create', calling method: >, body: {"extra_specs": {"hw_rng:allowed": "True"}} {{(pid=109332) _process_stack /opt/stack/nova/nova/api/openstack/wsgi.py:511}}
Feb 09 13:52:31.334040 n-d-828516-3 devstack@n-api.service[109332]: INFO nova.api.openstack.requestlog [None req-de4f0888-15d0-4082-beae-041b6ddc3779 admin admin] 10.222.0.60 "POST /compute/v2.1/flavors/d3/os-extra_specs" status: 200 len: 43 microversion: 2.61 time: 0.125156
Feb 09 13:52:31.334688 n-d-828516-3 devstack@n-api.service[109332]: [pid: 109332|app: 0|req: 7/15] 10.222.0.60 () {64 vars in 1335 bytes} [Wed Feb 9 13:52:31 2022] POST /compute/v2.1/flavors/d3/os-extra_specs => generated 43 bytes in 126 msecs (HTTP/1.1 200) 9 headers in 358 bytes (1 switches on core 0)
Feb 09 13:52:33.708631 n-d-828516-3 devstack@n-api.service[109333]: DEBUG nova.api.openstack.wsgi [None req-dfd0fddf-30f7-438d-94d0-ef88a79de0ca admin admin] Calling method '>' {{(pid=109333) _process_stack /opt/stack/nova/nova/api/openstack/wsgi.py:513}}
Feb 09 13:52:33.709772 n-d-828516-3 devstack@n-api.service[109333]: INFO nova.api.openstack.requestlog [None req-dfd0fddf-30f7-438d-94d0-ef88a79de0ca admin admin] 10.222.0.60 "GET /compute/v2.1" status: 200 len: 388 microversion: 2.1 time: 0.001552
Feb 09 13:52:33.711370 n-d-828516-3 devstack@n-api.service[109333]: [pid: 109333|app: 0|req: 9/16] 10.222.0.60 () {54 vars in 930 bytes} [Wed Feb 9 13:52:33 2022] GET /compute/v2.1 => generated 388 bytes in 3 msecs (HTTP/1.1 200) 9 headers in 357 bytes (1 switches on core 0)
Feb 09 13:52:33.811575 n-d-828516-3 devstack@n-api.service[109332]: DEBUG nova.api.openstack.wsgi [None req-69e1b02d-c2ff-4a86-a03c-68778ae01163 admin admin] Action: 'create', calling method: >, body: {"flavor": {"swap": 0, "rxtx_factor": 1.0, "vcpus": 4, "ram": 4096, "name": "ds4G", "disk": 20, "id": "d4", "os-flavor-access:is_public": true, "OS-FLV-EXT-DATA:ephemeral": 0}} {{(pid=109332) _process_stack /opt/stack/nova/nova/api/openstack/wsgi.py:511}}
Feb 09 13:52:33.908142 n-d-828516-3 devstack@n-api.service[109332]: INFO nova.api.openstack.requestlog [None req-69e1b02d-c2ff-4a86-a03c-68778ae01163 admin admin] 10.222.0.60 "POST /compute/v2.1/flavors" status: 200 len: 404 microversion: 2.61 time: 0.190599
Feb 09 13:52:33.909068 n-d-828516-3 devstack@n-api.service[109332]: [pid: 109332|app: 0|req: 8/17] 10.222.0.60 () {64 vars in 1282 bytes} [Wed Feb 9 13:52:33 2022] POST /compute/v2.1/flavors => generated 404 bytes in 192 msecs (HTTP/1.1 200) 9 headers in 359 bytes (1 switches on core 0)
Feb 09 13:52:33.925518 n-d-828516-3 devstack@n-api.service[109333]: DEBUG nova.api.openstack.wsgi [None req-159680a4-432d-47fd-b135-112c93b1c26f admin admin] Action: 'create', calling method: >, body: {"extra_specs": {"hw_rng:allowed": "True"}} {{(pid=109333) _process_stack /opt/stack/nova/nova/api/openstack/wsgi.py:511}}
Feb 09 13:52:34.003489 n-d-828516-3 devstack@n-api.service[109333]: INFO nova.api.openstack.requestlog [None req-159680a4-432d-47fd-b135-112c93b1c26f admin admin] 10.222.0.60 "POST /compute/v2.1/flavors/d4/os-extra_specs" status: 200 len: 43 microversion: 2.61 time: 0.086287
Feb 09 13:52:34.004203 n-d-828516-3 devstack@n-api.service[109333]: [pid: 109333|app: 0|req: 10/18] 10.222.0.60 () {64 vars in 1335 bytes} [Wed Feb 9 13:52:33 2022] POST /compute/v2.1/flavors/d4/os-extra_specs => generated 43 bytes in 88 msecs (HTTP/1.1 200) 9 headers in 358 bytes (2 switches on core 0)
Feb 09 13:52:36.341402 n-d-828516-3 devstack@n-api.service[109332]: DEBUG nova.api.openstack.wsgi [None req-69e1b02d-c2ff-4a86-a03c-68778ae01163 admin admin] Calling method '>' {{(pid=109332) _process_stack /opt/stack/nova/nova/api/openstack/wsgi.py:513}}
Feb 09 13:52:36.343028 n-d-828516-3 devstack@n-api.service[109332]: INFO nova.api.openstack.requestlog [None req-69e1b02d-c2ff-4a86-a03c-68778ae01163 admin admin] 10.222.0.60 "GET /compute/v2.1" status: 200 len: 388 microversion: 2.1 time: 0.002050
Feb 09 13:52:36.343721 n-d-828516-3 devstack@n-api.service[109332]: [pid: 109332|app: 0|req: 9/19] 10.222.0.60 () {54 vars in 930 bytes} [Wed Feb 9 13:52:36 2022] GET /compute/v2.1 => generated 388 bytes in 3 msecs (HTTP/1.1 200) 9 headers in 357 bytes (1 switches on core 0)
Feb 09 13:52:36.409215 n-d-828516-3 devstack@n-api.service[109333]: DEBUG nova.api.openstack.wsgi [None req-2e0854cb-5b92-4695-9459-d34f0114efd4 admin admin] Calling method '>' {{(pid=109333) _process_stack /opt/stack/nova/nova/api/openstack/wsgi.py:513}}
Feb 09 13:52:36.434764 n-d-828516-3 devstack@n-api.service[109333]: INFO nova.api.openstack.requestlog [None req-2e0854cb-5b92-4695-9459-d34f0114efd4 admin admin] 10.222.0.60 "GET /compute/v2.1/flavors/detail?is_public=True" status: 200 len: 2106 microversion: 2.61 time: 0.084188
Feb 09 13:52:36.443667 n-d-828516-3 devstack@n-api.service[109333]: [pid: 109333|app: 0|req: 11/20] 10.222.0.60 () {60 vars in 1291 bytes} [Wed Feb 9 13:52:36 2022] GET /compute/v2.1/flavors/detail?is_public=True => generated 2106 bytes in 88 msecs (HTTP/1.1 200) 9 headers in 360 bytes (1 switches on core 0)
Feb 09 13:52:38.805508 n-d-828516-3 devstack@n-api.service[109332]: DEBUG nova.api.openstack.wsgi [None req-69e1b02d-c2ff-4a86-a03c-68778ae01163 admin admin] Calling method '>' {{(pid=109332) _process_stack /opt/stack/nova/nova/api/openstack/wsgi.py:513}}
Feb 09 13:52:38.807179 n-d-828516-3 devstack@n-api.service[109332]: INFO nova.api.openstack.requestlog [None req-69e1b02d-c2ff-4a86-a03c-68778ae01163 admin admin] 10.222.0.60 "GET /compute/v2.1" status: 200 len: 388 microversion: 2.1 time: 0.002081
Feb 09 13:52:38.818016 n-d-828516-3 devstack@n-api.service[109332]: [pid: 109332|app: 0|req: 10/21] 10.222.0.60 () {54 vars in 930 bytes} [Wed Feb 9 13:52:38 2022] GET /compute/v2.1 => generated 388 bytes in 8 msecs (HTTP/1.1 200) 9 headers in 357 bytes (1 switches on core 0)
Feb 09 13:52:38.869903 n-d-828516-3 devstack@n-api.service[109333]: DEBUG nova.api.openstack.wsgi [None req-53f8e435-5365-42d3-be96-9e5467cbbbec admin admin] Action: 'create', calling method: >, body: {"flavor": {"disk": 1, "swap": 0, "OS-FLV-EXT-DATA:ephemeral": 0, "name": "m1.tiny", "id": "1", "ram": 512, "os-flavor-access:is_public": true, "vcpus": 1, "rxtx_factor": 1.0}} {{(pid=109333) _process_stack /opt/stack/nova/nova/api/openstack/wsgi.py:511}}
Feb 09 13:52:38.955399 n-d-828516-3 devstack@n-api.service[109333]: INFO nova.api.openstack.requestlog [None req-53f8e435-5365-42d3-be96-9e5467cbbbec admin admin] 10.222.0.60 "POST /compute/v2.1/flavors" status: 200 len: 402 microversion: 2.61 time: 0.141324
Feb 09 13:52:38.964344 n-d-828516-3 devstack@n-api.service[109333]: [pid: 109333|app: 0|req: 12/22] 10.222.0.60 () {64 vars in 1282 bytes} [Wed Feb 9 13:52:38 2022] POST /compute/v2.1/flavors => generated 402 bytes in 149 msecs (HTTP/1.1 200) 9 headers in 359 bytes (1 switches on core 0)
Feb 09 13:52:38.970247 n-d-828516-3 devstack@n-api.service[109332]: DEBUG nova.api.openstack.wsgi [None req-512b00e4-6976-4f99-8902-8fb089e06c24 admin admin] Action: 'create', calling method: >, body: {"extra_specs": {"hw_rng:allowed": "True"}} {{(pid=109332) _process_stack /opt/stack/nova/nova/api/openstack/wsgi.py:511}}
Feb 09 13:52:39.053131 n-d-828516-3 devstack@n-api.service[109332]: INFO nova.api.openstack.requestlog [None req-512b00e4-6976-4f99-8902-8fb089e06c24 admin admin] 10.222.0.60 "POST /compute/v2.1/flavors/1/os-extra_specs" status: 200 len: 43 microversion: 2.61 time: 0.086509
Feb 09 13:52:39.088262 n-d-828516-3 devstack@n-api.service[109332]: [pid: 109332|app: 0|req: 11/23] 10.222.0.60 () {64 vars in 1332 bytes} [Wed Feb 9 13:52:38 2022] POST /compute/v2.1/flavors/1/os-extra_specs => generated 43 bytes in 122 msecs (HTTP/1.1 200) 9 headers in 358 bytes (1 switches on core 0)
Feb 09 13:52:41.424344 n-d-828516-3 devstack@n-api.service[109333]: DEBUG nova.api.openstack.wsgi [None req-53f8e435-5365-42d3-be96-9e5467cbbbec admin admin] Calling method '>' {{(pid=109333) _process_stack /opt/stack/nova/nova/api/openstack/wsgi.py:513}}
Feb 09 13:52:41.425634 n-d-828516-3 devstack@n-api.service[109333]: INFO nova.api.openstack.requestlog [None req-53f8e435-5365-42d3-be96-9e5467cbbbec admin admin] 10.222.0.60 "GET /compute/v2.1" status: 200 len: 388 microversion: 2.1 time: 0.001797
Feb 09 13:52:41.430324 n-d-828516-3 devstack@n-api.service[109333]: [pid: 109333|app: 0|req: 13/24] 10.222.0.60 () {54 vars in 930 bytes} [Wed Feb 9 13:52:41 2022] GET /compute/v2.1 => generated 388 bytes in 7 msecs (HTTP/1.1 200) 9 headers in 357 bytes (1 switches on core 0)
Feb 09 13:52:41.512539 n-d-828516-3 devstack@n-api.service[109332]: DEBUG nova.api.openstack.wsgi [None req-66b31fd4-3831-4199-926c-65ddaf50dc7e admin admin] Action: 'create', calling method: >, body: {"flavor": {"id": "2", "ram": 2048, "rxtx_factor": 1.0, "vcpus": 1, "disk": 20, "OS-FLV-EXT-DATA:ephemeral": 0, "os-flavor-access:is_public": true, "name": "m1.small", "swap": 0}} {{(pid=109332) _process_stack /opt/stack/nova/nova/api/openstack/wsgi.py:511}}
Feb 09 13:52:41.586382 n-d-828516-3 devstack@n-api.service[109332]: INFO nova.api.openstack.requestlog [None req-66b31fd4-3831-4199-926c-65ddaf50dc7e admin admin] 10.222.0.60 "POST /compute/v2.1/flavors" status: 200 len: 405 microversion: 2.61 time: 0.149525
Feb 09 13:52:41.586986 n-d-828516-3 devstack@n-api.service[109332]: [pid: 109332|app: 0|req: 12/25] 10.222.0.60 () {64 vars in 1282 bytes} [Wed Feb 9 13:52:41 2022] POST /compute/v2.1/flavors => generated 405 bytes in 151 msecs (HTTP/1.1 200) 9 headers in 359 bytes (2 switches on core 0)
Feb 09 13:52:41.602075 n-d-828516-3 devstack@n-api.service[109333]: DEBUG nova.api.openstack.wsgi [None req-f9a2ae43-f98d-42cd-b485-98406c09e7be admin admin] Action: 'create', calling method: >, body: {"extra_specs": {"hw_rng:allowed": "True"}} {{(pid=109333) _process_stack /opt/stack/nova/nova/api/openstack/wsgi.py:511}}
Feb 09 13:52:41.820996 n-d-828516-3 devstack@n-api.service[109333]: INFO nova.api.openstack.requestlog [None req-f9a2ae43-f98d-42cd-b485-98406c09e7be admin admin] 10.222.0.60 "POST /compute/v2.1/flavors/2/os-extra_specs" status: 200 len: 43 microversion: 2.61 time: 0.225492
Feb 09 13:52:41.824048 n-d-828516-3 devstack@n-api.service[109333]: [pid: 109333|app: 0|req: 14/26] 10.222.0.60 () {64 vars in 1332 bytes} [Wed Feb 9 13:52:41 2022] POST /compute/v2.1/flavors/2/os-extra_specs => generated 43 bytes in 228 msecs (HTTP/1.1 200) 9 headers in 358 bytes (1 switches on core 0)
Feb 09 13:52:44.133418 n-d-828516-3 devstack@n-api.service[109332]: DEBUG nova.api.openstack.wsgi [None req-66b31fd4-3831-4199-926c-65ddaf50dc7e admin admin] Calling method '>' {{(pid=109332) _process_stack /opt/stack/nova/nova/api/openstack/wsgi.py:513}}
Feb 09 13:52:44.134486 n-d-828516-3 devstack@n-api.service[109332]: INFO nova.api.openstack.requestlog [None req-66b31fd4-3831-4199-926c-65ddaf50dc7e admin admin] 10.222.0.60 "GET /compute/v2.1" status: 200 len: 388 microversion: 2.1 time: 0.001519
Feb 09 13:52:44.134889 n-d-828516-3 devstack@n-api.service[109332]: [pid: 109332|app: 0|req: 13/27] 10.222.0.60 () {54 vars in 930 bytes} [Wed Feb 9 13:52:44 2022] GET /compute/v2.1 => generated 388 bytes in 3 msecs (HTTP/1.1 200) 9 headers in 357 bytes (2 switches on core 0)
Feb 09 13:52:44.211639 n-d-828516-3 devstack@n-api.service[109333]: DEBUG nova.api.openstack.wsgi [None req-a6f706b1-7ae4-4587-92cd-ae1adbdb4423 admin admin] Action: 'create', calling method: >, body: {"flavor": {"rxtx_factor": 1.0, "id": "3", "disk": 40, "os-flavor-access:is_public": true, "name": "m1.medium", "swap": 0, "vcpus": 2, "OS-FLV-EXT-DATA:ephemeral": 0, "ram": 4096}} {{(pid=109333) _process_stack /opt/stack/nova/nova/api/openstack/wsgi.py:511}}
Feb 09 13:52:44.283870 n-d-828516-3 devstack@n-api.service[109333]: INFO nova.api.openstack.requestlog [None req-a6f706b1-7ae4-4587-92cd-ae1adbdb4423 admin admin] 10.222.0.60 "POST /compute/v2.1/flavors" status: 200 len: 406 microversion: 2.61 time: 0.142869
Feb 09 13:52:44.284431 n-d-828516-3 devstack@n-api.service[109333]: [pid: 109333|app: 0|req: 15/28] 10.222.0.60 () {64 vars in 1282 bytes} [Wed Feb 9 13:52:44 2022] POST /compute/v2.1/flavors => generated 406 bytes in 144 msecs (HTTP/1.1 200) 9 headers in 359 bytes (1 switches on core 0)
Feb 09 13:52:44.298685 n-d-828516-3 devstack@n-api.service[109332]: DEBUG nova.api.openstack.wsgi [None req-ee0c77ab-210f-40ce-8547-25f938eee3a2 admin admin] Action: 'create', calling method: >, body: {"extra_specs": {"hw_rng:allowed": "True"}} {{(pid=109332) _process_stack /opt/stack/nova/nova/api/openstack/wsgi.py:511}}
Feb 09 13:52:44.391542 n-d-828516-3 devstack@n-api.service[109332]: INFO nova.api.openstack.requestlog [None req-ee0c77ab-210f-40ce-8547-25f938eee3a2 admin admin] 10.222.0.60 "POST /compute/v2.1/flavors/3/os-extra_specs" status: 200 len: 43 microversion: 2.61 time: 0.097657
Feb 09 13:52:44.392427 n-d-828516-3 devstack@n-api.service[109332]: [pid: 109332|app: 0|req: 14/29] 10.222.0.60 () {64 vars in 1332 bytes} [Wed Feb 9 13:52:44 2022] POST /compute/v2.1/flavors/3/os-extra_specs => generated 43 bytes in 99 msecs (HTTP/1.1 200) 9 headers in 358 bytes (1 switches on core 0)
Feb 09 13:52:46.899184 n-d-828516-3 devstack@n-api.service[109333]: DEBUG nova.api.openstack.wsgi [None req-a6f706b1-7ae4-4587-92cd-ae1adbdb4423 admin admin] Calling method '>' {{(pid=109333) _process_stack /opt/stack/nova/nova/api/openstack/wsgi.py:513}}
Feb 09 13:52:46.900251 n-d-828516-3 devstack@n-api.service[109333]: INFO nova.api.openstack.requestlog [None req-a6f706b1-7ae4-4587-92cd-ae1adbdb4423 admin admin] 10.222.0.60 "GET /compute/v2.1" status: 200 len: 388 microversion: 2.1 time: 0.001524
Feb 09 13:52:46.900651 n-d-828516-3 devstack@n-api.service[109333]: [pid: 109333|app: 0|req: 16/30] 10.222.0.60 () {54 vars in 930 bytes} [Wed Feb 9 13:52:46 2022] GET /compute/v2.1 => generated 388 bytes in 3 msecs (HTTP/1.1 200) 9 headers in 357 bytes (2 switches on core 0)
Feb 09 13:52:46.958300 n-d-828516-3 devstack@n-api.service[109332]: DEBUG nova.api.openstack.wsgi [None req-9f0f7e72-641b-49a9-bf2b-cf170b17f95b admin admin] Action: 'create', calling method: >, body: {"flavor": {"id": "4", "vcpus": 4, "OS-FLV-EXT-DATA:ephemeral": 0, "name": "m1.large", "os-flavor-access:is_public": true, "disk": 80, "swap": 0, "ram": 8192, "rxtx_factor": 1.0}} {{(pid=109332) _process_stack /opt/stack/nova/nova/api/openstack/wsgi.py:511}}
Feb 09 13:52:47.036941 n-d-828516-3 devstack@n-api.service[109332]: INFO nova.api.openstack.requestlog [None req-9f0f7e72-641b-49a9-bf2b-cf170b17f95b admin admin] 10.222.0.60 "POST /compute/v2.1/flavors" status: 200 len: 405 microversion: 2.61 time: 0.130157
Feb 09 13:52:47.037495 n-d-828516-3 devstack@n-api.service[109332]: [pid: 109332|app: 0|req: 15/31] 10.222.0.60 () {64 vars in 1282 bytes} [Wed Feb 9 13:52:46 2022] POST /compute/v2.1/flavors => generated 405 bytes in 131 msecs (HTTP/1.1 200) 9 headers in 359 bytes (1 switches on core 0)
Feb 09 13:52:47.049766 n-d-828516-3 devstack@n-api.service[109333]: DEBUG nova.api.openstack.wsgi [None req-fa0eec31-7f03-47db-bdab-82cc07598240 admin admin] Action: 'create', calling method: >, body: {"extra_specs": {"hw_rng:allowed": "True"}} {{(pid=109333) _process_stack /opt/stack/nova/nova/api/openstack/wsgi.py:511}}
Feb 09 13:52:47.166764 n-d-828516-3 devstack@n-api.service[109333]: INFO nova.api.openstack.requestlog [None req-fa0eec31-7f03-47db-bdab-82cc07598240 admin admin] 10.222.0.60 "POST /compute/v2.1/flavors/4/os-extra_specs" status: 200 len: 43 microversion: 2.61 time: 0.120681
Feb 09 13:52:47.169723 n-d-828516-3 devstack@n-api.service[109333]: [pid: 109333|app: 0|req: 17/32] 10.222.0.60 () {64 vars in 1332 bytes} [Wed Feb 9 13:52:47 2022] POST /compute/v2.1/flavors/4/os-extra_specs => generated 43 bytes in 122 msecs (HTTP/1.1 200) 9 headers in 358 bytes (1 switches on core 0)
Feb 09 13:52:49.461731 n-d-828516-3 devstack@n-api.service[109332]: DEBUG nova.api.openstack.wsgi [None req-9f0f7e72-641b-49a9-bf2b-cf170b17f95b admin admin] Calling method '>' {{(pid=109332) _process_stack /opt/stack/nova/nova/api/openstack/wsgi.py:513}}
Feb 09 13:52:49.462855 n-d-828516-3 devstack@n-api.service[109332]: INFO nova.api.openstack.requestlog [None req-9f0f7e72-641b-49a9-bf2b-cf170b17f95b admin admin] 10.222.0.60 "GET /compute/v2.1" status: 200 len: 388 microversion: 2.1 time: 0.001593
Feb 09 13:52:49.463261 n-d-828516-3 devstack@n-api.service[109332]: [pid: 109332|app: 0|req: 16/33] 10.222.0.60 () {54 vars in 930 bytes} [Wed Feb 9 13:52:49 2022] GET /compute/v2.1 => generated 388 bytes in 3 msecs (HTTP/1.1 200) 9 headers in 357 bytes (1 switches on core 0)
Feb 09 13:52:49.521396 n-d-828516-3 devstack@n-api.service[109333]: DEBUG nova.api.openstack.wsgi [None req-8c826858-b354-4b2b-a830-abbb2d2c8c32 admin admin] Action: 'create', calling method: >, body: {"flavor": {"disk": 160, "vcpus": 8, "os-flavor-access:is_public": true, "swap": 0, "rxtx_factor": 1.0, "OS-FLV-EXT-DATA:ephemeral": 0, "name": "m1.xlarge", "ram": 16384, "id": "5"}} {{(pid=109333) _process_stack /opt/stack/nova/nova/api/openstack/wsgi.py:511}}
Feb 09 13:52:49.585087 n-d-828516-3 devstack@n-api.service[109333]: INFO nova.api.openstack.requestlog [None req-8c826858-b354-4b2b-a830-abbb2d2c8c32 admin admin] 10.222.0.60 "POST /compute/v2.1/flavors" status: 200 len: 408 microversion: 2.61 time: 0.115422
Feb 09 13:52:49.585928 n-d-828516-3 devstack@n-api.service[109333]: [pid: 109333|app: 0|req: 18/34] 10.222.0.60 () {64 vars in 1282 bytes} [Wed Feb 9 13:52:49 2022] POST /compute/v2.1/flavors => generated 408 bytes in 117 msecs (HTTP/1.1 200) 9 headers in 359 bytes (2 switches on core 0)
Feb 09 13:52:49.597494 n-d-828516-3 devstack@n-api.service[109332]: DEBUG nova.api.openstack.wsgi [None req-40ef21dc-d630-408f-a8d6-f13c16f31843 admin admin] Action: 'create', calling method: >, body: {"extra_specs": {"hw_rng:allowed": "True"}} {{(pid=109332) _process_stack /opt/stack/nova/nova/api/openstack/wsgi.py:511}}
Feb 09 13:52:49.687117 n-d-828516-3 devstack@n-api.service[109332]: INFO nova.api.openstack.requestlog [None req-40ef21dc-d630-408f-a8d6-f13c16f31843 admin admin] 10.222.0.60 "POST /compute/v2.1/flavors/5/os-extra_specs" status: 200 len: 43 microversion: 2.61 time: 0.089170
Feb 09 13:52:49.687117 n-d-828516-3 devstack@n-api.service[109332]: [pid: 109332|app: 0|req: 17/35] 10.222.0.60 () {64 vars in 1332 bytes} [Wed Feb 9 13:52:49 2022] POST /compute/v2.1/flavors/5/os-extra_specs => generated 43 bytes in 90 msecs (HTTP/1.1 200) 9 headers in 358 bytes (2 switches on core 0)
Feb 09 13:53:16.041237 n-d-828516-3 devstack@n-api.service[109333]: DEBUG nova.api.openstack.wsgi [None req-8c826858-b354-4b2b-a830-abbb2d2c8c32 admin admin] Calling method '>' {{(pid=109333) _process_stack /opt/stack/nova/nova/api/openstack/wsgi.py:513}}
Feb 09 13:53:16.042297 n-d-828516-3 devstack@n-api.service[109333]: INFO nova.api.openstack.requestlog [None req-8c826858-b354-4b2b-a830-abbb2d2c8c32 admin admin] 10.222.0.60 "GET /compute/v2.1" status: 200 len: 388 microversion: 2.1 time: 0.001444
Feb 09 13:53:16.042693 n-d-828516-3 devstack@n-api.service[109333]: [pid: 109333|app: 0|req: 19/36] 10.222.0.60 () {54 vars in 930 bytes} [Wed Feb 9 13:53:16 2022] GET /compute/v2.1 => generated 388 bytes in 2 msecs (HTTP/1.1 200) 9 headers in 357 bytes (1 switches on core 0)
Feb 09 13:53:16.099857 n-d-828516-3 devstack@n-api.service[109332]: DEBUG nova.api.openstack.wsgi [None req-8f6aa4e4-1e73-481c-8281-450705fadc9a admin admin] Calling method '>' {{(pid=109332) _process_stack /opt/stack/nova/nova/api/openstack/wsgi.py:513}}
Feb 09 13:53:16.116860 n-d-828516-3 devstack@n-api.service[109332]: INFO nova.api.openstack.requestlog [None req-8f6aa4e4-1e73-481c-8281-450705fadc9a admin admin] 10.222.0.60 "GET /compute/v2.1/flavors/detail?is_public=True" status: 200 len: 4202 microversion: 2.61 time: 0.068208
Feb 09 13:53:16.117395 n-d-828516-3 devstack@n-api.service[109332]: [pid: 109332|app: 0|req: 18/37] 10.222.0.60 () {60 vars in 1291 bytes} [Wed Feb 9 13:53:16 2022] GET /compute/v2.1/flavors/detail?is_public=True => generated 4202 bytes in 69 msecs (HTTP/1.1 200) 9 headers in 360 bytes (1 switches on core 0)
Feb 09 13:53:17.496353 n-d-828516-3 devstack@n-api.service[109333]: DEBUG nova.api.openstack.wsgi [None req-8c826858-b354-4b2b-a830-abbb2d2c8c32 admin admin] Calling method '>' {{(pid=109333) _process_stack /opt/stack/nova/nova/api/openstack/wsgi.py:513}}
Feb 09 13:53:17.497359 n-d-828516-3 devstack@n-api.service[109333]: INFO nova.api.openstack.requestlog [None req-8c826858-b354-4b2b-a830-abbb2d2c8c32 admin admin] 10.222.0.60 "GET /compute/v2.1" status: 200 len: 388 microversion: 2.1 time: 0.001415
Feb 09 13:53:17.497763 n-d-828516-3 devstack@n-api.service[109333]: [pid: 109333|app: 0|req: 20/38] 10.222.0.60 () {56 vars in 1074 bytes} [Wed Feb 9 13:53:17 2022] GET /compute/v2.1 => generated 388 bytes in 2 msecs (HTTP/1.1 200) 9 headers in 357 bytes (1 switches on core 0)
Feb 09 13:53:17.695135 n-d-828516-3 devstack@n-api.service[109332]: DEBUG nova.api.openstack.wsgi [None req-23982c3c-8a5a-43d5-985d-fbf42269adb7 admin admin] Calling method '>' {{(pid=109332) _process_stack /opt/stack/nova/nova/api/openstack/wsgi.py:513}}
Feb 09 13:53:17.700466 n-d-828516-3 devstack@n-api.service[109332]: INFO nova.api.openstack.wsgi [None req-23982c3c-8a5a-43d5-985d-fbf42269adb7 admin admin] HTTP exception thrown: Flavor 42 could not be found.
Feb 09 13:53:17.701023 n-d-828516-3 devstack@n-api.service[109332]: DEBUG nova.api.openstack.wsgi [None req-23982c3c-8a5a-43d5-985d-fbf42269adb7 admin admin] Returning 404 to user: Flavor 42 could not be found. {{(pid=109332) __call__ /opt/stack/nova/nova/api/openstack/wsgi.py:936}}
Feb 09 13:53:17.701809 n-d-828516-3 devstack@n-api.service[109332]: INFO nova.api.openstack.requestlog [None req-23982c3c-8a5a-43d5-985d-fbf42269adb7 admin admin] 10.222.0.60 "GET /compute/v2.1/flavors/42" status: 404 len: 75 microversion: 2.90 time: 0.057113
Feb 09 13:53:17.702541 n-d-828516-3 devstack@n-api.service[109332]: [pid: 109332|app: 0|req: 19/39] 10.222.0.60 () {60 vars in 1190 bytes} [Wed Feb 9 13:53:17 2022] GET /compute/v2.1/flavors/42 => generated 75 bytes in 58 msecs (HTTP/1.1 404) 9 headers in 380 bytes (1 switches on core 0)
Feb 09 13:53:17.711663 n-d-828516-3 devstack@n-api.service[109333]: DEBUG nova.api.openstack.wsgi [None req-163987db-8e56-4b7a-8666-b334ec4daf26 admin admin] Calling method '>' {{(pid=109333) _process_stack /opt/stack/nova/nova/api/openstack/wsgi.py:513}}
Feb 09 13:53:17.732037 n-d-828516-3 devstack@n-api.service[109333]: INFO nova.api.openstack.requestlog [None req-163987db-8e56-4b7a-8666-b334ec4daf26 admin admin] 10.222.0.60 "GET /compute/v2.1/flavors?is_public=None" status: 200 len: 2056 microversion: 2.90 time: 0.024032
Feb 09 13:53:17.732565 n-d-828516-3 devstack@n-api.service[109333]: [pid: 109333|app: 0|req: 21/40] 10.222.0.60 () {60 vars in 1210 bytes} [Wed Feb 9 13:53:17 2022] GET /compute/v2.1/flavors?is_public=None => generated 2056 bytes in 25 msecs (HTTP/1.1 200) 9 headers in 360 bytes (1 switches on core 0)
Feb 09 13:53:17.745414 n-d-828516-3 devstack@n-api.service[109332]: DEBUG nova.api.openstack.wsgi [None req-276b1115-454e-4d2e-9545-e6eb8e1ef13d admin admin] Calling method '>' {{(pid=109332) _process_stack /opt/stack/nova/nova/api/openstack/wsgi.py:513}}
Feb 09 13:53:17.766620 n-d-828516-3 devstack@n-api.service[109332]: INFO nova.api.openstack.requestlog [None req-276b1115-454e-4d2e-9545-e6eb8e1ef13d admin admin] 10.222.0.60 "GET /compute/v2.1/flavors?is_public=None" status: 200 len: 2056 microversion: 2.90 time: 0.027158
Feb 09 13:53:17.767182 n-d-828516-3 devstack@n-api.service[109332]: [pid: 109332|app: 0|req: 20/41] 10.222.0.60 () {60 vars in 1210 bytes} [Wed Feb 9 13:53:17 2022] GET /compute/v2.1/flavors?is_public=None => generated 2056 bytes in 28 msecs (HTTP/1.1 200) 9 headers in 360 bytes (1 switches on core 0)
Feb 09 13:53:17.776578 n-d-828516-3 devstack@n-api.service[109333]: DEBUG nova.api.openstack.wsgi [None req-74c491a7-3518-42d5-b56e-db901f2333bf admin admin] Calling method '>' {{(pid=109333) _process_stack /opt/stack/nova/nova/api/openstack/wsgi.py:513}}
Feb 09 13:53:17.781938 n-d-828516-3 devstack@n-api.service[109333]: INFO nova.api.openstack.wsgi [None req-74c491a7-3518-42d5-b56e-db901f2333bf admin admin] HTTP exception thrown: Flavor 42 could not be found.
Feb 09 13:53:17.782521 n-d-828516-3 devstack@n-api.service[109333]: DEBUG nova.api.openstack.wsgi [None req-74c491a7-3518-42d5-b56e-db901f2333bf admin admin] Returning 404 to user: Flavor 42 could not be found. {{(pid=109333) __call__ /opt/stack/nova/nova/api/openstack/wsgi.py:936}}
Feb 09 13:53:17.783297 n-d-828516-3 devstack@n-api.service[109333]: INFO nova.api.openstack.requestlog [None req-74c491a7-3518-42d5-b56e-db901f2333bf admin admin] 10.222.0.60 "GET /compute/v2.1/flavors/42" status: 404 len: 75 microversion: 2.90 time: 0.010296
Feb 09 13:53:17.783783 n-d-828516-3 devstack@n-api.service[109333]: [pid: 109333|app: 0|req: 22/42] 10.222.0.60 () {60 vars in 1190 bytes} [Wed Feb 9 13:53:17 2022] GET /compute/v2.1/flavors/42 => generated 75 bytes in 11 msecs (HTTP/1.1 404) 9 headers in 380 bytes (1 switches on core 0)
Feb 09 13:53:19.061305 n-d-828516-3 devstack@n-api.service[109332]: DEBUG nova.api.openstack.wsgi [None req-276b1115-454e-4d2e-9545-e6eb8e1ef13d admin admin] Calling method '>' {{(pid=109332) _process_stack /opt/stack/nova/nova/api/openstack/wsgi.py:513}}
Feb 09 13:53:19.062356 n-d-828516-3 devstack@n-api.service[109332]: INFO nova.api.openstack.requestlog [None req-276b1115-454e-4d2e-9545-e6eb8e1ef13d admin admin] 10.222.0.60 "GET /compute/v2.1" status: 200 len: 388 microversion: 2.1 time: 0.001455
Feb 09 13:53:19.062754 n-d-828516-3 devstack@n-api.service[109332]: [pid: 109332|app: 0|req: 21/43] 10.222.0.60 () {56 vars in 1074 bytes} [Wed Feb 9 13:53:19 2022] GET /compute/v2.1 => generated 388 bytes in 2 msecs (HTTP/1.1 200) 9 headers in 357 bytes (1 switches on core 0)
Feb 09 13:53:19.254093 n-d-828516-3 devstack@n-api.service[109333]: DEBUG nova.api.openstack.wsgi [None req-c4ae52fe-de94-46d3-a8c3-e1c518540700 admin admin] Calling method '>' {{(pid=109333) _process_stack /opt/stack/nova/nova/api/openstack/wsgi.py:513}}
Feb 09 13:53:19.260283 n-d-828516-3 devstack@n-api.service[109333]: INFO nova.api.openstack.wsgi [None req-c4ae52fe-de94-46d3-a8c3-e1c518540700 admin admin] HTTP exception thrown: Flavor 84 could not be found.
Feb 09 13:53:19.260825 n-d-828516-3 devstack@n-api.service[109333]: DEBUG nova.api.openstack.wsgi [None req-c4ae52fe-de94-46d3-a8c3-e1c518540700 admin admin] Returning 404 to user: Flavor 84 could not be found. {{(pid=109333) __call__ /opt/stack/nova/nova/api/openstack/wsgi.py:936}}
Feb 09 13:53:19.261653 n-d-828516-3 devstack@n-api.service[109333]: INFO nova.api.openstack.requestlog [None req-c4ae52fe-de94-46d3-a8c3-e1c518540700 admin admin] 10.222.0.60 "GET /compute/v2.1/flavors/84" status: 404 len: 75 microversion: 2.90 time: 0.060254
Feb 09 13:53:19.262197 n-d-828516-3 devstack@n-api.service[109333]: [pid: 109333|app: 0|req: 23/44] 10.222.0.60 () {60 vars in 1190 bytes} [Wed Feb 9 13:53:19 2022] GET /compute/v2.1/flavors/84 => generated 75 bytes in 61 msecs (HTTP/1.1 404) 9 headers in 380 bytes (1 switches on core 0)
Feb 09 13:53:19.271482 n-d-828516-3 devstack@n-api.service[109332]: DEBUG nova.api.openstack.wsgi [None req-a9d74c62-7233-4529-835f-a11e3de8e8ad admin admin] Calling method '>' {{(pid=109332) _process_stack /opt/stack/nova/nova/api/openstack/wsgi.py:513}}
Feb 09 13:53:19.286848 n-d-828516-3 devstack@n-api.service[109332]: INFO nova.api.openstack.requestlog [None req-a9d74c62-7233-4529-835f-a11e3de8e8ad admin admin] 10.222.0.60 "GET /compute/v2.1/flavors?is_public=None" status: 200 len: 2056 microversion: 2.90 time: 0.018378
Feb 09 13:53:19.287558 n-d-828516-3 devstack@n-api.service[109332]: [pid: 109332|app: 0|req: 22/45] 10.222.0.60 () {60 vars in 1210 bytes} [Wed Feb 9 13:53:19 2022] GET /compute/v2.1/flavors?is_public=None => generated 2056 bytes in 20 msecs (HTTP/1.1 200) 9 headers in 360 bytes (1 switches on core 0)
Feb 09 13:53:19.297226 n-d-828516-3 devstack@n-api.service[109333]: DEBUG nova.api.openstack.wsgi [None req-c43726e3-0113-4b19-a5c1-5b7a5f050680 admin admin] Calling method '>' {{(pid=109333) _process_stack /opt/stack/nova/nova/api/openstack/wsgi.py:513}}
Feb 09 13:53:19.311116 n-d-828516-3 devstack@n-api.service[109333]: INFO nova.api.openstack.requestlog [None req-c43726e3-0113-4b19-a5c1-5b7a5f050680 admin admin] 10.222.0.60 "GET /compute/v2.1/flavors?is_public=None" status: 200 len: 2056 microversion: 2.90 time: 0.017423
Feb 09 13:53:19.311625 n-d-828516-3 devstack@n-api.service[109333]: [pid: 109333|app: 0|req: 24/46] 10.222.0.60 () {60 vars in 1210 bytes} [Wed Feb 9 13:53:19 2022] GET /compute/v2.1/flavors?is_public=None => generated 2056 bytes in 18 msecs (HTTP/1.1 200) 9 headers in 360 bytes (1 switches on core 0)
Feb 09 13:53:19.320645 n-d-828516-3 devstack@n-api.service[109332]: DEBUG nova.api.openstack.wsgi [None req-07983de4-87b1-4529-ba2a-ad8ea5bf5264 admin admin] Calling method '>' {{(pid=109332) _process_stack /opt/stack/nova/nova/api/openstack/wsgi.py:513}}
Feb 09 13:53:19.325858 n-d-828516-3 devstack@n-api.service[109332]: INFO nova.api.openstack.wsgi [None req-07983de4-87b1-4529-ba2a-ad8ea5bf5264 admin admin] HTTP exception thrown: Flavor 84 could not be found.
Feb 09 13:53:19.326440 n-d-828516-3 devstack@n-api.service[109332]: DEBUG nova.api.openstack.wsgi [None req-07983de4-87b1-4529-ba2a-ad8ea5bf5264 admin admin] Returning 404 to user: Flavor 84 could not be found. {{(pid=109332) __call__ /opt/stack/nova/nova/api/openstack/wsgi.py:936}}
Feb 09 13:53:19.327208 n-d-828516-3 devstack@n-api.service[109332]: INFO nova.api.openstack.requestlog [None req-07983de4-87b1-4529-ba2a-ad8ea5bf5264 admin admin] 10.222.0.60 "GET /compute/v2.1/flavors/84" status: 404 len: 75 microversion: 2.90 time: 0.010190
Feb 09 13:53:19.327689 n-d-828516-3 devstack@n-api.service[109332]: [pid: 109332|app: 0|req: 23/47] 10.222.0.60 () {60 vars in 1190 bytes} [Wed Feb 9 13:53:19 2022] GET /compute/v2.1/flavors/84 => generated 75 bytes in 11 msecs (HTTP/1.1 404) 9 headers in 380 bytes (2 switches on core 0)
Feb 09 13:53:20.613605 n-d-828516-3 devstack@n-api.service[109333]: DEBUG nova.api.openstack.wsgi [None req-c43726e3-0113-4b19-a5c1-5b7a5f050680 admin admin] Calling method '>' {{(pid=109333) _process_stack /opt/stack/nova/nova/api/openstack/wsgi.py:513}}
Feb 09 13:53:20.615346 n-d-828516-3 devstack@n-api.service[109333]: INFO nova.api.openstack.requestlog [None req-c43726e3-0113-4b19-a5c1-5b7a5f050680 admin admin] 10.222.0.60 "GET /compute/v2.1" status: 200 len: 388 microversion: 2.1 time: 0.002149
Feb 09 13:53:20.615738 n-d-828516-3 devstack@n-api.service[109333]: [pid: 109333|app: 0|req: 25/48] 10.222.0.60 () {56 vars in 1074 bytes} [Wed Feb 9 13:53:20 2022] GET /compute/v2.1 => generated 388 bytes in 3 msecs (HTTP/1.1 200) 9 headers in 357 bytes (1 switches on core 0)
Feb 09 13:53:20.806988 n-d-828516-3 devstack@n-api.service[109332]: DEBUG nova.api.openstack.wsgi [None req-3e09af19-d898-4680-af95-ffaf615b0da2 admin admin] Calling method '>' {{(pid=109332) _process_stack /opt/stack/nova/nova/api/openstack/wsgi.py:513}}
Feb 09 13:53:20.812205 n-d-828516-3 devstack@n-api.service[109332]: INFO nova.api.openstack.wsgi [None req-3e09af19-d898-4680-af95-ffaf615b0da2 admin admin] HTTP exception thrown: Flavor 451 could not be found.
Feb 09 13:53:20.812797 n-d-828516-3 devstack@n-api.service[109332]: DEBUG nova.api.openstack.wsgi [None req-3e09af19-d898-4680-af95-ffaf615b0da2 admin admin] Returning 404 to user: Flavor 451 could not be found. {{(pid=109332) __call__ /opt/stack/nova/nova/api/openstack/wsgi.py:936}}
Feb 09 13:53:20.813588 n-d-828516-3 devstack@n-api.service[109332]: INFO nova.api.openstack.requestlog [None req-3e09af19-d898-4680-af95-ffaf615b0da2 admin admin] 10.222.0.60 "GET /compute/v2.1/flavors/451" status: 404 len: 76 microversion: 2.90 time: 0.057575
Feb 09 13:53:20.814133 n-d-828516-3 devstack@n-api.service[109332]: [pid: 109332|app: 0|req: 24/49] 10.222.0.60 () {60 vars in 1193 bytes} [Wed Feb 9 13:53:20 2022] GET /compute/v2.1/flavors/451 => generated 76 bytes in 59 msecs (HTTP/1.1 404) 9 headers in 380 bytes (1 switches on core 0)
Feb 09 13:53:20.823714 n-d-828516-3 devstack@n-api.service[109333]: DEBUG nova.api.openstack.wsgi [None req-cb0be82a-87e2-41e8-b54f-6a7f9eff6ca5 admin admin] Calling method '>' {{(pid=109333) _process_stack /opt/stack/nova/nova/api/openstack/wsgi.py:513}}
Feb 09 13:53:20.837989 n-d-828516-3 devstack@n-api.service[109333]: INFO nova.api.openstack.requestlog [None req-cb0be82a-87e2-41e8-b54f-6a7f9eff6ca5 admin admin] 10.222.0.60 "GET /compute/v2.1/flavors?is_public=None" status: 200 len: 2056 microversion: 2.90 time: 0.017845
Feb 09 13:53:20.838510 n-d-828516-3 devstack@n-api.service[109333]: [pid: 109333|app: 0|req: 26/50] 10.222.0.60 () {60 vars in 1210 bytes} [Wed Feb 9 13:53:20 2022] GET /compute/v2.1/flavors?is_public=None => generated 2056 bytes in 19 msecs (HTTP/1.1 200) 9 headers in 360 bytes (1 switches on core 0)
Feb 09 13:53:20.848371 n-d-828516-3 devstack@n-api.service[109332]: DEBUG nova.api.openstack.wsgi [None req-06e2b691-b60d-45b6-9e72-bbad30ca336a admin admin] Calling method '>' {{(pid=109332) _process_stack /opt/stack/nova/nova/api/openstack/wsgi.py:513}}
Feb 09 13:53:20.861951 n-d-828516-3 devstack@n-api.service[109332]: INFO nova.api.openstack.requestlog [None req-06e2b691-b60d-45b6-9e72-bbad30ca336a admin admin] 10.222.0.60 "GET /compute/v2.1/flavors?is_public=None" status: 200 len: 2056 microversion: 2.90 time: 0.017468
Feb 09 13:53:20.862502 n-d-828516-3 devstack@n-api.service[109332]: [pid: 109332|app: 0|req: 25/51] 10.222.0.60 () {60 vars in 1210 bytes} [Wed Feb 9 13:53:20 2022] GET /compute/v2.1/flavors?is_public=None => generated 2056 bytes in 19 msecs (HTTP/1.1 200) 9 headers in 360 bytes (2 switches on core 0)
Feb 09 13:53:20.872534 n-d-828516-3 devstack@n-api.service[109333]: DEBUG nova.api.openstack.wsgi [None req-c5f4c880-d854-4197-b5d9-ff624bbb0911 admin admin] Calling method '>' {{(pid=109333) _process_stack /opt/stack/nova/nova/api/openstack/wsgi.py:513}}
Feb 09 13:53:20.877817 n-d-828516-3 devstack@n-api.service[109333]: INFO nova.api.openstack.wsgi [None req-c5f4c880-d854-4197-b5d9-ff624bbb0911 admin admin] HTTP exception thrown: Flavor 451 could not be found.
Feb 09 13:53:20.878405 n-d-828516-3 devstack@n-api.service[109333]: DEBUG nova.api.openstack.wsgi [None req-c5f4c880-d854-4197-b5d9-ff624bbb0911 admin admin] Returning 404 to user: Flavor 451 could not be found. {{(pid=109333) __call__ /opt/stack/nova/nova/api/openstack/wsgi.py:936}}
Feb 09 13:53:20.879194 n-d-828516-3 devstack@n-api.service[109333]: INFO nova.api.openstack.requestlog [None req-c5f4c880-d854-4197-b5d9-ff624bbb0911 admin admin] 10.222.0.60 "GET /compute/v2.1/flavors/451" status: 404 len: 76 microversion: 2.90 time: 0.010242
Feb 09 13:53:20.879681 n-d-828516-3 devstack@n-api.service[109333]: [pid: 109333|app: 0|req: 27/52] 10.222.0.60 () {60 vars in 1193 bytes} [Wed Feb 9 13:53:20 2022] GET /compute/v2.1/flavors/451 => generated 76 bytes in 11 msecs (HTTP/1.1 404) 9 headers in 380 bytes (1 switches on core 0)
Feb 09 13:53:22.191730 n-d-828516-3 devstack@n-api.service[109332]: DEBUG nova.api.openstack.wsgi [None req-06e2b691-b60d-45b6-9e72-bbad30ca336a admin admin] Calling method '>' {{(pid=109332) _process_stack /opt/stack/nova/nova/api/openstack/wsgi.py:513}}
Feb 09 13:53:22.192769 n-d-828516-3 devstack@n-api.service[109332]: INFO nova.api.openstack.requestlog [None req-06e2b691-b60d-45b6-9e72-bbad30ca336a admin admin] 10.222.0.60 "GET /compute/v2.1" status: 200 len: 388 microversion: 2.1 time: 0.001451
Feb 09 13:53:22.193167 n-d-828516-3 devstack@n-api.service[109332]: [pid: 109332|app: 0|req: 26/53] 10.222.0.60 () {56 vars in 1074 bytes} [Wed Feb 9 13:53:22 2022] GET /compute/v2.1 => generated 388 bytes in 2 msecs (HTTP/1.1 200) 9 headers in 357 bytes (1 switches on core 0)
Feb 09 13:53:22.382297 n-d-828516-3 devstack@n-api.service[109333]: DEBUG nova.api.openstack.wsgi [None req-8869125e-bb6f-46f9-8092-b9f0772a0987 admin admin] Action: 'create', calling method: >, body: {"flavor": {"name": "m1.nano", "ram": 256, "vcpus": 1, "disk": 1, "id": "42", "swap": 0, "OS-FLV-EXT-DATA:ephemeral": 0, "rxtx_factor": 1.0, "os-flavor-access:is_public": true}} {{(pid=109333) _process_stack /opt/stack/nova/nova/api/openstack/wsgi.py:511}}
Feb 09 13:53:22.458297 n-d-828516-3 devstack@n-api.service[109333]: INFO nova.api.openstack.requestlog [None req-8869125e-bb6f-46f9-8092-b9f0772a0987 admin admin] 10.222.0.60 "POST /compute/v2.1/flavors" status: 200 len: 404 microversion: 2.90 time: 0.127491
Feb 09 13:53:22.458844 n-d-828516-3 devstack@n-api.service[109333]: [pid: 109333|app: 0|req: 28/54] 10.222.0.60 () {64 vars in 1235 bytes} [Wed Feb 9 13:53:22 2022] POST /compute/v2.1/flavors => generated 404 bytes in 129 msecs (HTTP/1.1 200) 9 headers in 359 bytes (1 switches on core 0)
Feb 09 13:53:23.744653 n-d-828516-3 devstack@n-api.service[109332]: DEBUG nova.api.openstack.wsgi [None req-06e2b691-b60d-45b6-9e72-bbad30ca336a admin admin] Calling method '>' {{(pid=109332) _process_stack /opt/stack/nova/nova/api/openstack/wsgi.py:513}}
Feb 09 13:53:23.746089 n-d-828516-3 devstack@n-api.service[109332]: INFO nova.api.openstack.requestlog [None req-06e2b691-b60d-45b6-9e72-bbad30ca336a admin admin] 10.222.0.60 "GET /compute/v2.1" status: 200 len: 388 microversion: 2.1 time: 0.001718
Feb 09 13:53:23.746482 n-d-828516-3 devstack@n-api.service[109332]: [pid: 109332|app: 0|req: 27/55] 10.222.0.60 () {56 vars in 1074 bytes} [Wed Feb 9 13:53:23 2022] GET /compute/v2.1 => generated 388 bytes in 3 msecs (HTTP/1.1 200) 9 headers in 357 bytes (1 switches on core 0)
Feb 09 13:53:23.937257 n-d-828516-3 devstack@n-api.service[109333]: DEBUG nova.api.openstack.wsgi [None req-50c728af-840a-46c0-98cf-f8b08f1140f1 admin admin] Action: 'create', calling method: >, body: {"flavor": {"name": "m1.micro", "ram": 256, "vcpus": 1, "disk": 2, "id": "84", "swap": 0, "OS-FLV-EXT-DATA:ephemeral": 0, "rxtx_factor": 1.0, "os-flavor-access:is_public": true}} {{(pid=109333) _process_stack /opt/stack/nova/nova/api/openstack/wsgi.py:511}}
Feb 09 13:53:24.012565 n-d-828516-3 devstack@n-api.service[109333]: INFO nova.api.openstack.requestlog [None req-50c728af-840a-46c0-98cf-f8b08f1140f1 admin admin] 10.222.0.60 "POST /compute/v2.1/flavors" status: 200 len: 405 microversion: 2.90 time: 0.125357
Feb 09 13:53:24.013106 n-d-828516-3 devstack@n-api.service[109333]: [pid: 109333|app: 0|req: 29/56] 10.222.0.60 () {64 vars in 1235 bytes} [Wed Feb 9 13:53:23 2022] POST /compute/v2.1/flavors => generated 405 bytes in 127 msecs (HTTP/1.1 200) 9 headers in 359 bytes (2 switches on core 0)
Feb 09 13:53:25.304383 n-d-828516-3 devstack@n-api.service[109332]: DEBUG nova.api.openstack.wsgi [None req-06e2b691-b60d-45b6-9e72-bbad30ca336a admin admin] Calling method '>' {{(pid=109332) _process_stack /opt/stack/nova/nova/api/openstack/wsgi.py:513}}
Feb 09 13:53:25.305464 n-d-828516-3 devstack@n-api.service[109332]: INFO nova.api.openstack.requestlog [None req-06e2b691-b60d-45b6-9e72-bbad30ca336a admin admin] 10.222.0.60 "GET /compute/v2.1" status: 200 len: 388 microversion: 2.1 time: 0.001470
Feb 09 13:53:25.305850 n-d-828516-3 devstack@n-api.service[109332]: [pid: 109332|app: 0|req: 28/57] 10.222.0.60 () {56 vars in 1074 bytes} [Wed Feb 9 13:53:25 2022] GET /compute/v2.1 => generated 388 bytes in 2 msecs (HTTP/1.1 200) 9 headers in 357 bytes (1 switches on core 0)
Feb 09 13:53:25.496652 n-d-828516-3 devstack@n-api.service[109333]: DEBUG nova.api.openstack.wsgi [None req-2d308a1e-c821-4f7c-9f3c-1fed2683353e admin admin] Action: 'create', calling method: >, body: {"flavor": {"name": "m1.heat", "ram": 512, "vcpus": 1, "disk": 1, "id": "451", "swap": 0, "OS-FLV-EXT-DATA:ephemeral": 0, "rxtx_factor": 1.0, "os-flavor-access:is_public": true}} {{(pid=109333) _process_stack /opt/stack/nova/nova/api/openstack/wsgi.py:511}}
Feb 09 13:53:25.566139 n-d-828516-3 devstack@n-api.service[109333]: INFO nova.api.openstack.requestlog [None req-2d308a1e-c821-4f7c-9f3c-1fed2683353e admin admin] 10.222.0.60 "POST /compute/v2.1/flavors" status: 200 len: 407 microversion: 2.90 time: 0.119907
Feb 09 13:53:25.566678 n-d-828516-3 devstack@n-api.service[109333]: [pid: 109333|app: 0|req: 30/58] 10.222.0.60 () {64 vars in 1235 bytes} [Wed Feb 9 13:53:25 2022] POST /compute/v2.1/flavors => generated 407 bytes in 121 msecs (HTTP/1.1 200) 9 headers in 359 bytes (1 switches on core 0)
Feb 09 13:53:26.849621 n-d-828516-3 devstack@n-api.service[109332]: DEBUG nova.api.openstack.wsgi [None req-06e2b691-b60d-45b6-9e72-bbad30ca336a admin admin] Calling method '>' {{(pid=109332) _process_stack /opt/stack/nova/nova/api/openstack/wsgi.py:513}}
Feb 09 13:53:26.850652 n-d-828516-3 devstack@n-api.service[109332]: INFO nova.api.openstack.requestlog [None req-06e2b691-b60d-45b6-9e72-bbad30ca336a admin admin] 10.222.0.60 "GET /compute/v2.1" status: 200 len: 388 microversion: 2.1 time: 0.001443
Feb 09 13:53:26.851040 n-d-828516-3 devstack@n-api.service[109332]: [pid: 109332|app: 0|req: 29/59] 10.222.0.60 () {56 vars in 1074 bytes} [Wed Feb 9 13:53:26 2022] GET /compute/v2.1 => generated 388 bytes in 2 msecs (HTTP/1.1 200) 9 headers in 357 bytes (1 switches on core 0)
Feb 09 13:53:27.041759 n-d-828516-3 devstack@n-api.service[109333]: DEBUG nova.api.openstack.wsgi [None req-5a5d0a5e-3753-46cb-bc57-716d239d83b0 admin admin] Action: 'create', calling method: >, body: {"flavor": {"name": "m1.heat2", "ram": 1024, "vcpus": 1, "disk": 1, "id": "452", "swap": 0, "OS-FLV-EXT-DATA:ephemeral": 0, "rxtx_factor": 1.0, "os-flavor-access:is_public": true}} {{(pid=109333) _process_stack /opt/stack/nova/nova/api/openstack/wsgi.py:511}}
Feb 09 13:53:27.121295 n-d-828516-3 devstack@n-api.service[109333]: INFO nova.api.openstack.requestlog [None req-5a5d0a5e-3753-46cb-bc57-716d239d83b0 admin admin] 10.222.0.60 "POST /compute/v2.1/flavors" status: 200 len: 409 microversion: 2.90 time: 0.129722
