Feb 09 01:17:02.712350 n-d-828419-1 cinder-volume[95919]: DEBUG oslo_concurrency.processutils [req-d4d9448c-8544-4292-a996-b6f58b761bd2 req-15ce18ac-3af2-4fe1-8e1f-0ac264bc31c8 tempest-VolumesGetTestJSON-1459836855 None] CMD "sudo cinder-rootwrap /etc/cinder/rootwrap.conf lvremove --config activation { retry_deactivation = 1} -f stack-volumes-lvmdriver-1/volume-26ea3acb-6050-4eb7-bca2-bf1c9b6724da" returned: 0 in 0.752s {{(pid=95919) execute /usr/local/lib/python3.8/dist-packages/oslo_concurrency/processutils.py:422}}
Feb 09 01:17:02.713481 n-d-828419-1 cinder-volume[95919]: INFO cinder.volume.drivers.lvm [req-d4d9448c-8544-4292-a996-b6f58b761bd2 req-15ce18ac-3af2-4fe1-8e1f-0ac264bc31c8 tempest-VolumesGetTestJSON-1459836855 None] Successfully deleted volume: 26ea3acb-6050-4eb7-bca2-bf1c9b6724da
Feb 09 01:17:02.849018 n-d-828419-1 cinder-volume[95919]: DEBUG cinder.quota [req-d4d9448c-8544-4292-a996-b6f58b761bd2 req-15ce18ac-3af2-4fe1-8e1f-0ac264bc31c8 tempest-VolumesGetTestJSON-1459836855 None] Created reservations ['fe19860e-63ad-4ace-b00c-d2cf58126899', 'bd5bea19-97fb-41fb-be40-726098491d0e', '75bf20f6-617c-4532-99e7-3172e3188dd9', '946cf4f4-875f-4a15-8f29-1f9d861c3594'] {{(pid=95919) reserve /opt/stack/cinder/cinder/quota.py:756}}
Feb 09 01:17:02.911555 n-d-828419-1 cinder-volume[95919]: DEBUG cinder.volume.drivers.lvm [req-d4d9448c-8544-4292-a996-b6f58b761bd2 req-15ce18ac-3af2-4fe1-8e1f-0ac264bc31c8 tempest-VolumesGetTestJSON-1459836855 None] Updating volume stats {{(pid=95919) _update_volume_stats /opt/stack/cinder/cinder/volume/drivers/lvm.py:214}}
Feb 09 01:17:02.912638 n-d-828419-1 cinder-volume[95919]: DEBUG oslo_concurrency.processutils [req-d4d9448c-8544-4292-a996-b6f58b761bd2 req-15ce18ac-3af2-4fe1-8e1f-0ac264bc31c8 tempest-VolumesGetTestJSON-1459836855 None] Running cmd (subprocess): sudo cinder-rootwrap /etc/cinder/rootwrap.conf env LC_ALL=C vgs --noheadings --unit=g -o name,size,free,lv_count,uuid --separator : --nosuffix stack-volumes-lvmdriver-1 {{(pid=95919) execute /usr/local/lib/python3.8/dist-packages/oslo_concurrency/processutils.py:384}}
Feb 09 01:17:02.980466 n-d-828419-1 sudo[117381]: ubuntu : TTY=unknown ; PWD=/ ; USER=root ; COMMAND=/usr/local/bin/cinder-rootwrap /etc/cinder/rootwrap.conf env LC_ALL=C vgs --noheadings --unit=g -o name,size,free,lv_count,uuid --separator : --nosuffix stack-volumes-lvmdriver-1
Feb 09 01:17:02.983086 n-d-828419-1 sudo[117381]: pam_unix(sudo:session): session opened for user root by (uid=0)
Feb 09 01:17:02.992670 n-d-828419-1 cinder-volume[95919]: DEBUG cinder.coordination [None req-9b4a389d-d6d8-4539-9265-f512c75ca151 tempest-SnapshotsActionsTest-1802563887 None] Lock "b'cinder-e8a37127-1787-40e9-a99b-bddf74c637c0-delete_snapshot'" acquired by "delete_snapshot" :: waited 0.016s {{(pid=95919) _synchronized /opt/stack/cinder/cinder/coordination.py:146}}
Feb 09 01:17:02.997454 n-d-828419-1 cinder-volume[95919]: DEBUG oslo_concurrency.processutils [None req-9b4a389d-d6d8-4539-9265-f512c75ca151 tempest-SnapshotsActionsTest-1802563887 None] Running cmd (subprocess): sudo cinder-rootwrap /etc/cinder/rootwrap.conf env LC_ALL=C lvs --noheadings --unit=g -o vg_name,name,size --nosuffix --readonly stack-volumes-lvmdriver-1/_snapshot-e8a37127-1787-40e9-a99b-bddf74c637c0 {{(pid=95919) execute /usr/local/lib/python3.8/dist-packages/oslo_concurrency/processutils.py:384}}
Feb 09 01:17:03.024010 n-d-828419-1 sudo[117383]: ubuntu : TTY=unknown ; PWD=/ ; USER=root ; COMMAND=/usr/local/bin/cinder-rootwrap /etc/cinder/rootwrap.conf env LC_ALL=C lvs --noheadings --unit=g -o vg_name,name,size --nosuffix --readonly stack-volumes-lvmdriver-1/_snapshot-e8a37127-1787-40e9-a99b-bddf74c637c0
Feb 09 01:17:03.025576 n-d-828419-1 sudo[117383]: pam_unix(sudo:session): session opened for user root by (uid=0)
Feb 09 01:17:03.605096 n-d-828419-1 sudo[117381]: pam_unix(sudo:session): session closed for user root
Feb 09 01:17:03.607844 n-d-828419-1 cinder-volume[95919]: DEBUG oslo_concurrency.processutils [req-d4d9448c-8544-4292-a996-b6f58b761bd2 req-15ce18ac-3af2-4fe1-8e1f-0ac264bc31c8 tempest-VolumesGetTestJSON-1459836855 None] CMD "sudo cinder-rootwrap /etc/cinder/rootwrap.conf env LC_ALL=C vgs --noheadings --unit=g -o name,size,free,lv_count,uuid --separator : --nosuffix stack-volumes-lvmdriver-1" returned: 0 in 0.695s {{(pid=95919) execute /usr/local/lib/python3.8/dist-packages/oslo_concurrency/processutils.py:422}}
Feb 09 01:17:03.610693 n-d-828419-1 cinder-volume[95919]: DEBUG oslo_concurrency.processutils [req-d4d9448c-8544-4292-a996-b6f58b761bd2 req-15ce18ac-3af2-4fe1-8e1f-0ac264bc31c8 tempest-VolumesGetTestJSON-1459836855 None] Running cmd (subprocess): sudo cinder-rootwrap /etc/cinder/rootwrap.conf env LC_ALL=C lvs --noheadings --unit=g -o vg_name,name,size --nosuffix --readonly stack-volumes-lvmdriver-1 {{(pid=95919) execute /usr/local/lib/python3.8/dist-packages/oslo_concurrency/processutils.py:384}}
Feb 09 01:17:03.649901 n-d-828419-1 sudo[117387]: ubuntu : TTY=unknown ; PWD=/ ; USER=root ; COMMAND=/usr/local/bin/cinder-rootwrap /etc/cinder/rootwrap.conf env LC_ALL=C lvs --noheadings --unit=g -o vg_name,name,size --nosuffix --readonly stack-volumes-lvmdriver-1
Feb 09 01:17:03.651525 n-d-828419-1 sudo[117387]: pam_unix(sudo:session): session opened for user root by (uid=0)
Feb 09 01:17:03.802905 n-d-828419-1 sudo[117383]: pam_unix(sudo:session): session closed for user root
Feb 09 01:17:03.807897 n-d-828419-1 cinder-volume[95919]: DEBUG oslo_concurrency.processutils [None req-9b4a389d-d6d8-4539-9265-f512c75ca151 tempest-SnapshotsActionsTest-1802563887 None] CMD "sudo cinder-rootwrap /etc/cinder/rootwrap.conf env LC_ALL=C lvs --noheadings --unit=g -o vg_name,name,size --nosuffix --readonly stack-volumes-lvmdriver-1/_snapshot-e8a37127-1787-40e9-a99b-bddf74c637c0" returned: 0 in 0.808s {{(pid=95919) execute /usr/local/lib/python3.8/dist-packages/oslo_concurrency/processutils.py:422}}
Feb 09 01:17:03.810364 n-d-828419-1 cinder-volume[95919]: DEBUG oslo_concurrency.processutils [None req-9b4a389d-d6d8-4539-9265-f512c75ca151 tempest-SnapshotsActionsTest-1802563887 None] Running cmd (subprocess): sudo cinder-rootwrap /etc/cinder/rootwrap.conf lvremove --config activation { retry_deactivation = 1} -f stack-volumes-lvmdriver-1/_snapshot-e8a37127-1787-40e9-a99b-bddf74c637c0 {{(pid=95919) execute /usr/local/lib/python3.8/dist-packages/oslo_concurrency/processutils.py:384}}
Feb 09 01:17:03.847707 n-d-828419-1 sudo[117389]: ubuntu : TTY=unknown ; PWD=/ ; USER=root ; COMMAND=/usr/local/bin/cinder-rootwrap /etc/cinder/rootwrap.conf lvremove --config activation { retry_deactivation = 1} -f stack-volumes-lvmdriver-1/_snapshot-e8a37127-1787-40e9-a99b-bddf74c637c0
Feb 09 01:17:03.848527 n-d-828419-1 sudo[117389]: pam_unix(sudo:session): session opened for user root by (uid=0)
Feb 09 01:17:04.374531 n-d-828419-1 sudo[117387]: pam_unix(sudo:session): session closed for user root
Feb 09 01:17:04.377143 n-d-828419-1 cinder-volume[95919]: DEBUG oslo_concurrency.processutils [req-d4d9448c-8544-4292-a996-b6f58b761bd2 req-15ce18ac-3af2-4fe1-8e1f-0ac264bc31c8 tempest-VolumesGetTestJSON-1459836855 None] CMD "sudo cinder-rootwrap /etc/cinder/rootwrap.conf env LC_ALL=C lvs --noheadings --unit=g -o vg_name,name,size --nosuffix --readonly stack-volumes-lvmdriver-1" returned: 0 in 0.766s {{(pid=95919) execute /usr/local/lib/python3.8/dist-packages/oslo_concurrency/processutils.py:422}}
Feb 09 01:17:04.380349 n-d-828419-1 cinder-volume[95919]: DEBUG cinder.manager [req-d4d9448c-8544-4292-a996-b6f58b761bd2 req-15ce18ac-3af2-4fe1-8e1f-0ac264bc31c8 tempest-VolumesGetTestJSON-1459836855 None] Notifying Schedulers of capabilities ... {{(pid=95919) _publish_service_capabilities /opt/stack/cinder/cinder/manager.py:197}}
Feb 09 01:17:04.387930 n-d-828419-1 cinder-volume[95919]: INFO cinder.volume.manager [req-d4d9448c-8544-4292-a996-b6f58b761bd2 req-15ce18ac-3af2-4fe1-8e1f-0ac264bc31c8 tempest-VolumesGetTestJSON-1459836855 None] Deleted volume successfully.
Feb 09 01:17:04.408486 n-d-828419-1 cinder-volume[95919]: DEBUG cinder.coordination [req-d4d9448c-8544-4292-a996-b6f58b761bd2 req-15ce18ac-3af2-4fe1-8e1f-0ac264bc31c8 tempest-VolumesGetTestJSON-1459836855 None] Lock "b'cinder-26ea3acb-6050-4eb7-bca2-bf1c9b6724da-delete_volume'" released by "delete_volume" :: held 4.052s {{(pid=95919) _synchronized /opt/stack/cinder/cinder/coordination.py:158}}
Feb 09 01:17:04.853614 n-d-828419-1 sudo[117389]: pam_unix(sudo:session): session closed for user root
Feb 09 01:17:04.855467 n-d-828419-1 cinder-volume[95919]: DEBUG oslo_concurrency.processutils [None req-9b4a389d-d6d8-4539-9265-f512c75ca151 tempest-SnapshotsActionsTest-1802563887 None] CMD "sudo cinder-rootwrap /etc/cinder/rootwrap.conf lvremove --config activation { retry_deactivation = 1} -f stack-volumes-lvmdriver-1/_snapshot-e8a37127-1787-40e9-a99b-bddf74c637c0" returned: 0 in 1.045s {{(pid=95919) execute /usr/local/lib/python3.8/dist-packages/oslo_concurrency/processutils.py:422}}
Feb 09 01:17:04.981539 n-d-828419-1 cinder-volume[95919]: DEBUG cinder.quota [None req-9b4a389d-d6d8-4539-9265-f512c75ca151 tempest-SnapshotsActionsTest-1802563887 None] Created reservations ['fce9672d-330d-459a-96a4-3aff0e95a87d', 'e1374d85-562a-421e-9b5f-457dcf90b777', 'db18a431-e9a1-433f-abcc-5e14bdb92a16', 'ae0bcabb-a64f-413a-9d21-c07bfba05de8'] {{(pid=95919) reserve /opt/stack/cinder/cinder/quota.py:756}}
Feb 09 01:17:05.033712 n-d-828419-1 cinder-volume[95919]: INFO cinder.volume.manager [None req-9b4a389d-d6d8-4539-9265-f512c75ca151 tempest-SnapshotsActionsTest-1802563887 None] Delete snapshot completed successfully.
Feb 09 01:17:05.042806 n-d-828419-1 cinder-volume[95919]: DEBUG cinder.coordination [None req-9b4a389d-d6d8-4539-9265-f512c75ca151 tempest-SnapshotsActionsTest-1802563887 None] Lock "b'cinder-e8a37127-1787-40e9-a99b-bddf74c637c0-delete_snapshot'" released by "delete_snapshot" :: held 2.052s {{(pid=95919) _synchronized /opt/stack/cinder/cinder/coordination.py:158}}
Feb 09 01:17:05.783422 n-d-828419-1 cinder-volume[95919]: DEBUG oslo_concurrency.processutils [None req-1299576c-db8e-4973-8504-19e43a4e5e6c tempest-SnapshotsActionsTest-1963652586 None] Running cmd (subprocess): sudo cinder-rootwrap /etc/cinder/rootwrap.conf env LC_ALL=C lvs --noheadings --unit=g -o vg_name,name,size --nosuffix --readonly stack-volumes-lvmdriver-1/volume-84448557-44e6-41d3-8ad4-c5c57afda21b {{(pid=95919) execute /usr/local/lib/python3.8/dist-packages/oslo_concurrency/processutils.py:384}}
Feb 09 01:17:05.827394 n-d-828419-1 sudo[117454]: ubuntu : TTY=unknown ; PWD=/ ; USER=root ; COMMAND=/usr/local/bin/cinder-rootwrap /etc/cinder/rootwrap.conf env LC_ALL=C lvs --noheadings --unit=g -o vg_name,name,size --nosuffix --readonly stack-volumes-lvmdriver-1/volume-84448557-44e6-41d3-8ad4-c5c57afda21b
Feb 09 01:17:05.829369 n-d-828419-1 sudo[117454]: pam_unix(sudo:session): session opened for user root by (uid=0)
Feb 09 01:17:06.799674 n-d-828419-1 sudo[117454]: pam_unix(sudo:session): session closed for user root
Feb 09 01:17:06.801891 n-d-828419-1 cinder-volume[95919]: DEBUG oslo_concurrency.processutils [None req-1299576c-db8e-4973-8504-19e43a4e5e6c tempest-SnapshotsActionsTest-1963652586 None] CMD "sudo cinder-rootwrap /etc/cinder/rootwrap.conf env LC_ALL=C lvs --noheadings --unit=g -o vg_name,name,size --nosuffix --readonly stack-volumes-lvmdriver-1/volume-84448557-44e6-41d3-8ad4-c5c57afda21b" returned: 0 in 1.018s {{(pid=95919) execute /usr/local/lib/python3.8/dist-packages/oslo_concurrency/processutils.py:422}}
Feb 09 01:17:06.804016 n-d-828419-1 cinder-volume[95919]: DEBUG oslo_concurrency.processutils [None req-1299576c-db8e-4973-8504-19e43a4e5e6c tempest-SnapshotsActionsTest-1963652586 None] Running cmd (subprocess): sudo cinder-rootwrap /etc/cinder/rootwrap.conf env LC_ALL=C lvcreate --name _snapshot-6c6bf212-af29-4b8e-a0a5-221d4f85480d --snapshot stack-volumes-lvmdriver-1/volume-84448557-44e6-41d3-8ad4-c5c57afda21b -L 1.00g {{(pid=95919) execute /usr/local/lib/python3.8/dist-packages/oslo_concurrency/processutils.py:384}}
Feb 09 01:17:06.845250 n-d-828419-1 sudo[117457]: ubuntu : TTY=unknown ; PWD=/ ; USER=root ; COMMAND=/usr/local/bin/cinder-rootwrap /etc/cinder/rootwrap.conf env LC_ALL=C lvcreate --name _snapshot-6c6bf212-af29-4b8e-a0a5-221d4f85480d --snapshot stack-volumes-lvmdriver-1/volume-84448557-44e6-41d3-8ad4-c5c57afda21b -L 1.00g
Feb 09 01:17:06.846231 n-d-828419-1 sudo[117457]: pam_unix(sudo:session): session opened for user root by (uid=0)
Feb 09 01:17:07.968933 n-d-828419-1 sudo[117457]: pam_unix(sudo:session): session closed for user root
Feb 09 01:17:07.971646 n-d-828419-1 cinder-volume[95919]: DEBUG oslo_concurrency.processutils [None req-1299576c-db8e-4973-8504-19e43a4e5e6c tempest-SnapshotsActionsTest-1963652586 None] CMD "sudo cinder-rootwrap /etc/cinder/rootwrap.conf env LC_ALL=C lvcreate --name _snapshot-6c6bf212-af29-4b8e-a0a5-221d4f85480d --snapshot stack-volumes-lvmdriver-1/volume-84448557-44e6-41d3-8ad4-c5c57afda21b -L 1.00g" returned: 0 in 1.168s {{(pid=95919) execute /usr/local/lib/python3.8/dist-packages/oslo_concurrency/processutils.py:422}}
Feb 09 01:17:08.074870 n-d-828419-1 cinder-volume[95919]: INFO cinder.volume.manager [None req-1299576c-db8e-4973-8504-19e43a4e5e6c tempest-SnapshotsActionsTest-1963652586 None] Create snapshot completed successfully
Feb 09 01:17:09.422892 n-d-828419-1 cinder-volume[95919]: DEBUG cinder.coordination [None req-9c9f4b35-cdf5-43af-9d4d-812a61ef069e tempest-SnapshotsActionsTest-1802563887 None] Lock "b'cinder-6c6bf212-af29-4b8e-a0a5-221d4f85480d-delete_snapshot'" acquired by "delete_snapshot" :: waited 0.014s {{(pid=95919) _synchronized /opt/stack/cinder/cinder/coordination.py:146}}
Feb 09 01:17:09.425489 n-d-828419-1 cinder-volume[95919]: DEBUG oslo_concurrency.processutils [None req-9c9f4b35-cdf5-43af-9d4d-812a61ef069e tempest-SnapshotsActionsTest-1802563887 None] Running cmd (subprocess): sudo cinder-rootwrap /etc/cinder/rootwrap.conf env LC_ALL=C lvs --noheadings --unit=g -o vg_name,name,size --nosuffix --readonly stack-volumes-lvmdriver-1/_snapshot-6c6bf212-af29-4b8e-a0a5-221d4f85480d {{(pid=95919) execute /usr/local/lib/python3.8/dist-packages/oslo_concurrency/processutils.py:384}}
Feb 09 01:17:09.469348 n-d-828419-1 sudo[117569]: ubuntu : TTY=unknown ; PWD=/ ; USER=root ; COMMAND=/usr/local/bin/cinder-rootwrap /etc/cinder/rootwrap.conf env LC_ALL=C lvs --noheadings --unit=g -o vg_name,name,size --nosuffix --readonly stack-volumes-lvmdriver-1/_snapshot-6c6bf212-af29-4b8e-a0a5-221d4f85480d
Feb 09 01:17:09.471214 n-d-828419-1 sudo[117569]: pam_unix(sudo:session): session opened for user root by (uid=0)
Feb 09 01:17:09.983641 n-d-828419-1 sudo[117569]: pam_unix(sudo:session): session closed for user root
Feb 09 01:17:09.986019 n-d-828419-1 cinder-volume[95919]: DEBUG oslo_concurrency.processutils [None req-9c9f4b35-cdf5-43af-9d4d-812a61ef069e tempest-SnapshotsActionsTest-1802563887 None] CMD "sudo cinder-rootwrap /etc/cinder/rootwrap.conf env LC_ALL=C lvs --noheadings --unit=g -o vg_name,name,size --nosuffix --readonly stack-volumes-lvmdriver-1/_snapshot-6c6bf212-af29-4b8e-a0a5-221d4f85480d" returned: 0 in 0.560s {{(pid=95919) execute /usr/local/lib/python3.8/dist-packages/oslo_concurrency/processutils.py:422}}
Feb 09 01:17:09.988495 n-d-828419-1 cinder-volume[95919]: DEBUG oslo_concurrency.processutils [None req-9c9f4b35-cdf5-43af-9d4d-812a61ef069e tempest-SnapshotsActionsTest-1802563887 None] Running cmd (subprocess): sudo cinder-rootwrap /etc/cinder/rootwrap.conf lvremove --config activation { retry_deactivation = 1} -f stack-volumes-lvmdriver-1/_snapshot-6c6bf212-af29-4b8e-a0a5-221d4f85480d {{(pid=95919) execute /usr/local/lib/python3.8/dist-packages/oslo_concurrency/processutils.py:384}}
Feb 09 01:17:10.022407 n-d-828419-1 sudo[117574]: ubuntu : TTY=unknown ; PWD=/ ; USER=root ; COMMAND=/usr/local/bin/cinder-rootwrap /etc/cinder/rootwrap.conf lvremove --config activation { retry_deactivation = 1} -f stack-volumes-lvmdriver-1/_snapshot-6c6bf212-af29-4b8e-a0a5-221d4f85480d
Feb 09 01:17:10.023834 n-d-828419-1 sudo[117574]: pam_unix(sudo:session): session opened for user root by (uid=0)
Feb 09 01:17:11.000661 n-d-828419-1 sudo[117574]: pam_unix(sudo:session): session closed for user root
Feb 09 01:17:11.003244 n-d-828419-1 cinder-volume[95919]: DEBUG oslo_concurrency.processutils [None req-9c9f4b35-cdf5-43af-9d4d-812a61ef069e tempest-SnapshotsActionsTest-1802563887 None] CMD "sudo cinder-rootwrap /etc/cinder/rootwrap.conf lvremove --config activation { retry_deactivation = 1} -f stack-volumes-lvmdriver-1/_snapshot-6c6bf212-af29-4b8e-a0a5-221d4f85480d" returned: 0 in 1.014s {{(pid=95919) execute /usr/local/lib/python3.8/dist-packages/oslo_concurrency/processutils.py:422}}
Feb 09 01:17:11.135780 n-d-828419-1 cinder-volume[95919]: DEBUG cinder.quota [None req-9c9f4b35-cdf5-43af-9d4d-812a61ef069e tempest-SnapshotsActionsTest-1802563887 None] Created reservations ['6a38e94a-d43c-499b-993d-8233963010da', 'e2c77f9c-b1a1-4cee-84c1-324af87f6c2e', '8fabe31d-f2c8-4ea6-82ac-1ebce69a3cfd', 'a0abd32a-6501-4ffd-941b-80796287eb91'] {{(pid=95919) reserve /opt/stack/cinder/cinder/quota.py:756}}
Feb 09 01:17:11.245643 n-d-828419-1 cinder-volume[95919]: INFO cinder.volume.manager [None req-9c9f4b35-cdf5-43af-9d4d-812a61ef069e tempest-SnapshotsActionsTest-1802563887 None] Delete snapshot completed successfully.
Feb 09 01:17:11.274308 n-d-828419-1 cinder-volume[95919]: DEBUG cinder.coordination [None req-9c9f4b35-cdf5-43af-9d4d-812a61ef069e tempest-SnapshotsActionsTest-1802563887 None] Lock "b'cinder-6c6bf212-af29-4b8e-a0a5-221d4f85480d-delete_snapshot'" released by "delete_snapshot" :: held 1.852s {{(pid=95919) _synchronized /opt/stack/cinder/cinder/coordination.py:158}}
Feb 09 01:17:12.581987 n-d-828419-1 cinder-volume[95919]: DEBUG oslo_concurrency.processutils [None req-ebf6265b-5521-4d3e-9739-a50af70cb978 tempest-SnapshotsActionsTest-1963652586 None] Running cmd (subprocess): sudo cinder-rootwrap /etc/cinder/rootwrap.conf env LC_ALL=C lvs --noheadings --unit=g -o vg_name,name,size --nosuffix --readonly stack-volumes-lvmdriver-1/volume-84448557-44e6-41d3-8ad4-c5c57afda21b {{(pid=95919) execute /usr/local/lib/python3.8/dist-packages/oslo_concurrency/processutils.py:384}}
Feb 09 01:17:12.625934 n-d-828419-1 sudo[117650]: ubuntu : TTY=unknown ; PWD=/ ; USER=root ; COMMAND=/usr/local/bin/cinder-rootwrap /etc/cinder/rootwrap.conf env LC_ALL=C lvs --noheadings --unit=g -o vg_name,name,size --nosuffix --readonly stack-volumes-lvmdriver-1/volume-84448557-44e6-41d3-8ad4-c5c57afda21b
Feb 09 01:17:12.629763 n-d-828419-1 sudo[117650]: pam_unix(sudo:session): session opened for user root by (uid=0)
Feb 09 01:17:13.168952 n-d-828419-1 sudo[117650]: pam_unix(sudo:session): session closed for user root
Feb 09 01:17:13.172028 n-d-828419-1 cinder-volume[95919]: DEBUG oslo_concurrency.processutils [None req-ebf6265b-5521-4d3e-9739-a50af70cb978 tempest-SnapshotsActionsTest-1963652586 None] CMD "sudo cinder-rootwrap /etc/cinder/rootwrap.conf env LC_ALL=C lvs --noheadings --unit=g -o vg_name,name,size --nosuffix --readonly stack-volumes-lvmdriver-1/volume-84448557-44e6-41d3-8ad4-c5c57afda21b" returned: 0 in 0.589s {{(pid=95919) execute /usr/local/lib/python3.8/dist-packages/oslo_concurrency/processutils.py:422}}
Feb 09 01:17:13.173902 n-d-828419-1 cinder-volume[95919]: DEBUG oslo_concurrency.processutils [None req-ebf6265b-5521-4d3e-9739-a50af70cb978 tempest-SnapshotsActionsTest-1963652586 None] Running cmd (subprocess): sudo cinder-rootwrap /etc/cinder/rootwrap.conf env LC_ALL=C lvcreate --name _snapshot-b0b218b7-f293-478a-9957-2ef9109c5d44 --snapshot stack-volumes-lvmdriver-1/volume-84448557-44e6-41d3-8ad4-c5c57afda21b -L 1.00g {{(pid=95919) execute /usr/local/lib/python3.8/dist-packages/oslo_concurrency/processutils.py:384}}
Feb 09 01:17:13.209836 n-d-828419-1 sudo[117653]: ubuntu : TTY=unknown ; PWD=/ ; USER=root ; COMMAND=/usr/local/bin/cinder-rootwrap /etc/cinder/rootwrap.conf env LC_ALL=C lvcreate --name _snapshot-b0b218b7-f293-478a-9957-2ef9109c5d44 --snapshot stack-volumes-lvmdriver-1/volume-84448557-44e6-41d3-8ad4-c5c57afda21b -L 1.00g
Feb 09 01:17:13.213471 n-d-828419-1 sudo[117653]: pam_unix(sudo:session): session opened for user root by (uid=0)
Feb 09 01:17:14.503420 n-d-828419-1 sudo[117653]: pam_unix(sudo:session): session closed for user root
Feb 09 01:17:14.505676 n-d-828419-1 cinder-volume[95919]: DEBUG oslo_concurrency.processutils [None req-ebf6265b-5521-4d3e-9739-a50af70cb978 tempest-SnapshotsActionsTest-1963652586 None] CMD "sudo cinder-rootwrap /etc/cinder/rootwrap.conf env LC_ALL=C lvcreate --name _snapshot-b0b218b7-f293-478a-9957-2ef9109c5d44 --snapshot stack-volumes-lvmdriver-1/volume-84448557-44e6-41d3-8ad4-c5c57afda21b -L 1.00g" returned: 0 in 1.331s {{(pid=95919) execute /usr/local/lib/python3.8/dist-packages/oslo_concurrency/processutils.py:422}}
Feb 09 01:17:14.596239 n-d-828419-1 cinder-volume[95919]: INFO cinder.volume.manager [None req-ebf6265b-5521-4d3e-9739-a50af70cb978 tempest-SnapshotsActionsTest-1963652586 None] Create snapshot completed successfully
Feb 09 01:17:15.316142 n-d-828419-1 cinder-volume[95919]: DEBUG cinder.coordination [None req-e85752ba-b35e-4edd-99de-81b23dd4c8f4 tempest-SnapshotsActionsTest-1802563887 None] Lock "b'cinder-b0b218b7-f293-478a-9957-2ef9109c5d44-delete_snapshot'" acquired by "delete_snapshot" :: waited 0.014s {{(pid=95919) _synchronized /opt/stack/cinder/cinder/coordination.py:146}}
Feb 09 01:17:15.317942 n-d-828419-1 cinder-volume[95919]: DEBUG oslo_concurrency.processutils [None req-e85752ba-b35e-4edd-99de-81b23dd4c8f4 tempest-SnapshotsActionsTest-1802563887 None] Running cmd (subprocess): sudo cinder-rootwrap /etc/cinder/rootwrap.conf env LC_ALL=C lvs --noheadings --unit=g -o vg_name,name,size --nosuffix --readonly stack-volumes-lvmdriver-1/_snapshot-b0b218b7-f293-478a-9957-2ef9109c5d44 {{(pid=95919) execute /usr/local/lib/python3.8/dist-packages/oslo_concurrency/processutils.py:384}}
Feb 09 01:17:15.347143 n-d-828419-1 sudo[117783]: ubuntu : TTY=unknown ; PWD=/ ; USER=root ; COMMAND=/usr/local/bin/cinder-rootwrap /etc/cinder/rootwrap.conf env LC_ALL=C lvs --noheadings --unit=g -o vg_name,name,size --nosuffix --readonly stack-volumes-lvmdriver-1/_snapshot-b0b218b7-f293-478a-9957-2ef9109c5d44
Feb 09 01:17:15.347957 n-d-828419-1 sudo[117783]: pam_unix(sudo:session): session opened for user root by (uid=0)
Feb 09 01:17:15.845690 n-d-828419-1 sudo[117783]: pam_unix(sudo:session): session closed for user root
Feb 09 01:17:15.848182 n-d-828419-1 cinder-volume[95919]: DEBUG oslo_concurrency.processutils [None req-e85752ba-b35e-4edd-99de-81b23dd4c8f4 tempest-SnapshotsActionsTest-1802563887 None] CMD "sudo cinder-rootwrap /etc/cinder/rootwrap.conf env LC_ALL=C lvs --noheadings --unit=g -o vg_name,name,size --nosuffix --readonly stack-volumes-lvmdriver-1/_snapshot-b0b218b7-f293-478a-9957-2ef9109c5d44" returned: 0 in 0.530s {{(pid=95919) execute /usr/local/lib/python3.8/dist-packages/oslo_concurrency/processutils.py:422}}
Feb 09 01:17:15.851941 n-d-828419-1 cinder-volume[95919]: DEBUG oslo_concurrency.processutils [None req-e85752ba-b35e-4edd-99de-81b23dd4c8f4 tempest-SnapshotsActionsTest-1802563887 None] Running cmd (subprocess): sudo cinder-rootwrap /etc/cinder/rootwrap.conf lvremove --config activation { retry_deactivation = 1} -f stack-volumes-lvmdriver-1/_snapshot-b0b218b7-f293-478a-9957-2ef9109c5d44 {{(pid=95919) execute /usr/local/lib/python3.8/dist-packages/oslo_concurrency/processutils.py:384}}
Feb 09 01:17:15.883603 n-d-828419-1 sudo[117786]: ubuntu : TTY=unknown ; PWD=/ ; USER=root ; COMMAND=/usr/local/bin/cinder-rootwrap /etc/cinder/rootwrap.conf lvremove --config activation { retry_deactivation = 1} -f stack-volumes-lvmdriver-1/_snapshot-b0b218b7-f293-478a-9957-2ef9109c5d44
Feb 09 01:17:15.885081 n-d-828419-1 sudo[117786]: pam_unix(sudo:session): session opened for user root by (uid=0)
Feb 09 01:17:16.807682 n-d-828419-1 sudo[117786]: pam_unix(sudo:session): session closed for user root
Feb 09 01:17:16.810041 n-d-828419-1 cinder-volume[95919]: DEBUG oslo_concurrency.processutils [None req-e85752ba-b35e-4edd-99de-81b23dd4c8f4 tempest-SnapshotsActionsTest-1802563887 None] CMD "sudo cinder-rootwrap /etc/cinder/rootwrap.conf lvremove --config activation { retry_deactivation = 1} -f stack-volumes-lvmdriver-1/_snapshot-b0b218b7-f293-478a-9957-2ef9109c5d44" returned: 0 in 0.958s {{(pid=95919) execute /usr/local/lib/python3.8/dist-packages/oslo_concurrency/processutils.py:422}}
Feb 09 01:17:16.963012 n-d-828419-1 cinder-volume[95919]: DEBUG cinder.quota [None req-e85752ba-b35e-4edd-99de-81b23dd4c8f4 tempest-SnapshotsActionsTest-1802563887 None] Created reservations ['5c3368dd-dc89-463d-a805-b8b5a87f3956', '56332d30-ed29-40d8-a842-9f67373ade9c', 'c9c4b9f5-3536-4aa9-9585-0c8bbbe50b81', 'd4cdffb1-12ff-4b6c-9512-2b512991bd65'] {{(pid=95919) reserve /opt/stack/cinder/cinder/quota.py:756}}
Feb 09 01:17:17.022455 n-d-828419-1 cinder-volume[95919]: INFO cinder.volume.manager [None req-e85752ba-b35e-4edd-99de-81b23dd4c8f4 tempest-SnapshotsActionsTest-1802563887 None] Delete snapshot completed successfully.
Feb 09 01:17:17.029401 n-d-828419-1 cinder-volume[95919]: DEBUG cinder.coordination [None req-e85752ba-b35e-4edd-99de-81b23dd4c8f4 tempest-SnapshotsActionsTest-1802563887 None] Lock "b'cinder-b0b218b7-f293-478a-9957-2ef9109c5d44-delete_snapshot'" released by "delete_snapshot" :: held 1.713s {{(pid=95919) _synchronized /opt/stack/cinder/cinder/coordination.py:158}}
Feb 09 01:17:18.519606 n-d-828419-1 cinder-volume[95919]: DEBUG cinder.coordination [None req-4c0befc7-6cd8-42a8-8b5c-782ce51c441a tempest-SnapshotsActionsTest-1963652586 None] Lock "b'cinder-92d4827d-2f4a-4c21-a3fc-b61e41f9d84f-delete_snapshot'" acquired by "delete_snapshot" :: waited 0.012s {{(pid=95919) _synchronized /opt/stack/cinder/cinder/coordination.py:146}}
Feb 09 01:17:18.522149 n-d-828419-1 cinder-volume[95919]: DEBUG oslo_concurrency.processutils [None req-4c0befc7-6cd8-42a8-8b5c-782ce51c441a tempest-SnapshotsActionsTest-1963652586 None] Running cmd (subprocess): sudo cinder-rootwrap /etc/cinder/rootwrap.conf env LC_ALL=C lvs --noheadings --unit=g -o vg_name,name,size --nosuffix --readonly stack-volumes-lvmdriver-1/_snapshot-92d4827d-2f4a-4c21-a3fc-b61e41f9d84f {{(pid=95919) execute /usr/local/lib/python3.8/dist-packages/oslo_concurrency/processutils.py:384}}
Feb 09 01:17:18.553892 n-d-828419-1 sudo[117854]: ubuntu : TTY=unknown ; PWD=/ ; USER=root ; COMMAND=/usr/local/bin/cinder-rootwrap /etc/cinder/rootwrap.conf env LC_ALL=C lvs --noheadings --unit=g -o vg_name,name,size --nosuffix --readonly stack-volumes-lvmdriver-1/_snapshot-92d4827d-2f4a-4c21-a3fc-b61e41f9d84f
Feb 09 01:17:18.554695 n-d-828419-1 sudo[117854]: pam_unix(sudo:session): session opened for user root by (uid=0)
Feb 09 01:17:19.152991 n-d-828419-1 sudo[117854]: pam_unix(sudo:session): session closed for user root
Feb 09 01:17:19.155434 n-d-828419-1 cinder-volume[95919]: DEBUG oslo_concurrency.processutils [None req-4c0befc7-6cd8-42a8-8b5c-782ce51c441a tempest-SnapshotsActionsTest-1963652586 None] CMD "sudo cinder-rootwrap /etc/cinder/rootwrap.conf env LC_ALL=C lvs --noheadings --unit=g -o vg_name,name,size --nosuffix --readonly stack-volumes-lvmdriver-1/_snapshot-92d4827d-2f4a-4c21-a3fc-b61e41f9d84f" returned: 0 in 0.633s {{(pid=95919) execute /usr/local/lib/python3.8/dist-packages/oslo_concurrency/processutils.py:422}}
Feb 09 01:17:19.158454 n-d-828419-1 cinder-volume[95919]: DEBUG oslo_concurrency.processutils [None req-4c0befc7-6cd8-42a8-8b5c-782ce51c441a tempest-SnapshotsActionsTest-1963652586 None] Running cmd (subprocess): sudo cinder-rootwrap /etc/cinder/rootwrap.conf lvremove --config activation { retry_deactivation = 1} -f stack-volumes-lvmdriver-1/_snapshot-92d4827d-2f4a-4c21-a3fc-b61e41f9d84f {{(pid=95919) execute /usr/local/lib/python3.8/dist-packages/oslo_concurrency/processutils.py:384}}
Feb 09 01:17:19.182635 n-d-828419-1 sudo[117857]: ubuntu : TTY=unknown ; PWD=/ ; USER=root ; COMMAND=/usr/local/bin/cinder-rootwrap /etc/cinder/rootwrap.conf lvremove --config activation { retry_deactivation = 1} -f stack-volumes-lvmdriver-1/_snapshot-92d4827d-2f4a-4c21-a3fc-b61e41f9d84f
Feb 09 01:17:19.185307 n-d-828419-1 sudo[117857]: pam_unix(sudo:session): session opened for user root by (uid=0)
Feb 09 01:17:19.960275 n-d-828419-1 sudo[117857]: pam_unix(sudo:session): session closed for user root
Feb 09 01:17:19.962926 n-d-828419-1 cinder-volume[95919]: DEBUG oslo_concurrency.processutils [None req-4c0befc7-6cd8-42a8-8b5c-782ce51c441a tempest-SnapshotsActionsTest-1963652586 None] CMD "sudo cinder-rootwrap /etc/cinder/rootwrap.conf lvremove --config activation { retry_deactivation = 1} -f stack-volumes-lvmdriver-1/_snapshot-92d4827d-2f4a-4c21-a3fc-b61e41f9d84f" returned: 0 in 0.804s {{(pid=95919) execute /usr/local/lib/python3.8/dist-packages/oslo_concurrency/processutils.py:422}}
Feb 09 01:17:20.087653 n-d-828419-1 cinder-volume[95919]: DEBUG cinder.quota [None req-4c0befc7-6cd8-42a8-8b5c-782ce51c441a tempest-SnapshotsActionsTest-1963652586 None] Created reservations ['c1c7f855-98c2-4671-b9cc-ece83dfe50a0', '62e0de7f-4212-4595-98e1-55178b317f9d', 'e5673d58-a81c-497f-881d-5ab58a88de01', '8c60f68c-210d-4570-9e45-481bbea9deb3'] {{(pid=95919) reserve /opt/stack/cinder/cinder/quota.py:756}}
Feb 09 01:17:20.165674 n-d-828419-1 cinder-volume[95919]: INFO cinder.volume.manager [None req-4c0befc7-6cd8-42a8-8b5c-782ce51c441a tempest-SnapshotsActionsTest-1963652586 None] Delete snapshot completed successfully.
Feb 09 01:17:20.177652 n-d-828419-1 cinder-volume[95919]: DEBUG cinder.coordination [None req-4c0befc7-6cd8-42a8-8b5c-782ce51c441a tempest-SnapshotsActionsTest-1963652586 None] Lock "b'cinder-92d4827d-2f4a-4c21-a3fc-b61e41f9d84f-delete_snapshot'" released by "delete_snapshot" :: held 1.658s {{(pid=95919) _synchronized /opt/stack/cinder/cinder/coordination.py:158}}
Feb 09 01:17:20.878849 n-d-828419-1 cinder-volume[95919]: DEBUG cinder.coordination [None req-6b0900b5-46a1-4f5f-883c-fc502d4759c1 tempest-SnapshotsActionsTest-1963652586 None] Lock "b'cinder-84448557-44e6-41d3-8ad4-c5c57afda21b-delete_volume'" acquired by "delete_volume" :: waited 0.022s {{(pid=95919) _synchronized /opt/stack/cinder/cinder/coordination.py:146}}
Feb 09 01:17:20.998379 n-d-828419-1 cinder-volume[95919]: INFO cinder.volume.targets.iscsi [None req-6b0900b5-46a1-4f5f-883c-fc502d4759c1 tempest-SnapshotsActionsTest-1963652586 None] Skipping remove_export. No iscsi_target is presently exported for volume: 84448557-44e6-41d3-8ad4-c5c57afda21b
Feb 09 01:17:20.999600 n-d-828419-1 cinder-volume[95919]: DEBUG oslo_concurrency.processutils [None req-6b0900b5-46a1-4f5f-883c-fc502d4759c1 tempest-SnapshotsActionsTest-1963652586 None] Running cmd (subprocess): sudo cinder-rootwrap /etc/cinder/rootwrap.conf env LC_ALL=C lvs --noheadings --unit=g -o vg_name,name,size --nosuffix --readonly stack-volumes-lvmdriver-1/volume-84448557-44e6-41d3-8ad4-c5c57afda21b {{(pid=95919) execute /usr/local/lib/python3.8/dist-packages/oslo_concurrency/processutils.py:384}}
Feb 09 01:17:21.020689 n-d-828419-1 sudo[117901]: ubuntu : TTY=unknown ; PWD=/ ; USER=root ; COMMAND=/usr/local/bin/cinder-rootwrap /etc/cinder/rootwrap.conf env LC_ALL=C lvs --noheadings --unit=g -o vg_name,name,size --nosuffix --readonly stack-volumes-lvmdriver-1/volume-84448557-44e6-41d3-8ad4-c5c57afda21b
Feb 09 01:17:21.021499 n-d-828419-1 sudo[117901]: pam_unix(sudo:session): session opened for user root by (uid=0)
Feb 09 01:17:21.511866 n-d-828419-1 sudo[117901]: pam_unix(sudo:session): session closed for user root
Feb 09 01:17:21.514206 n-d-828419-1 cinder-volume[95919]: DEBUG oslo_concurrency.processutils [None req-6b0900b5-46a1-4f5f-883c-fc502d4759c1 tempest-SnapshotsActionsTest-1963652586 None] CMD "sudo cinder-rootwrap /etc/cinder/rootwrap.conf env LC_ALL=C lvs --noheadings --unit=g -o vg_name,name,size --nosuffix --readonly stack-volumes-lvmdriver-1/volume-84448557-44e6-41d3-8ad4-c5c57afda21b" returned: 0 in 0.514s {{(pid=95919) execute /usr/local/lib/python3.8/dist-packages/oslo_concurrency/processutils.py:422}}
Feb 09 01:17:21.516481 n-d-828419-1 cinder-volume[95919]: DEBUG oslo_concurrency.processutils [None req-6b0900b5-46a1-4f5f-883c-fc502d4759c1 tempest-SnapshotsActionsTest-1963652586 None] Running cmd (subprocess): sudo cinder-rootwrap /etc/cinder/rootwrap.conf env LC_ALL=C lvdisplay --noheading -C -o Attr --readonly stack-volumes-lvmdriver-1/volume-84448557-44e6-41d3-8ad4-c5c57afda21b {{(pid=95919) execute /usr/local/lib/python3.8/dist-packages/oslo_concurrency/processutils.py:384}}
Feb 09 01:17:21.535572 n-d-828419-1 sudo[117904]: ubuntu : TTY=unknown ; PWD=/ ; USER=root ; COMMAND=/usr/local/bin/cinder-rootwrap /etc/cinder/rootwrap.conf env LC_ALL=C lvdisplay --noheading -C -o Attr --readonly stack-volumes-lvmdriver-1/volume-84448557-44e6-41d3-8ad4-c5c57afda21b
Feb 09 01:17:21.536365 n-d-828419-1 sudo[117904]: pam_unix(sudo:session): session opened for user root by (uid=0)
Feb 09 01:17:22.089834 n-d-828419-1 sudo[117904]: pam_unix(sudo:session): session closed for user root
Feb 09 01:17:22.092671 n-d-828419-1 cinder-volume[95919]: DEBUG oslo_concurrency.processutils [None req-6b0900b5-46a1-4f5f-883c-fc502d4759c1 tempest-SnapshotsActionsTest-1963652586 None] CMD "sudo cinder-rootwrap /etc/cinder/rootwrap.conf env LC_ALL=C lvdisplay --noheading -C -o Attr --readonly stack-volumes-lvmdriver-1/volume-84448557-44e6-41d3-8ad4-c5c57afda21b" returned: 0 in 0.576s {{(pid=95919) execute /usr/local/lib/python3.8/dist-packages/oslo_concurrency/processutils.py:422}}
Feb 09 01:17:22.096212 n-d-828419-1 cinder-volume[95919]: DEBUG oslo_concurrency.processutils [None req-6b0900b5-46a1-4f5f-883c-fc502d4759c1 tempest-SnapshotsActionsTest-1963652586 None] Running cmd (subprocess): sudo cinder-rootwrap /etc/cinder/rootwrap.conf lvremove --config activation { retry_deactivation = 1} -f stack-volumes-lvmdriver-1/volume-84448557-44e6-41d3-8ad4-c5c57afda21b {{(pid=95919) execute /usr/local/lib/python3.8/dist-packages/oslo_concurrency/processutils.py:384}}
Feb 09 01:17:22.139436 n-d-828419-1 sudo[117907]: ubuntu : TTY=unknown ; PWD=/ ; USER=root ; COMMAND=/usr/local/bin/cinder-rootwrap /etc/cinder/rootwrap.conf lvremove --config activation { retry_deactivation = 1} -f stack-volumes-lvmdriver-1/volume-84448557-44e6-41d3-8ad4-c5c57afda21b
Feb 09 01:17:22.140306 n-d-828419-1 sudo[117907]: pam_unix(sudo:session): session opened for user root by (uid=0)
Feb 09 01:17:22.752517 n-d-828419-1 sudo[117907]: pam_unix(sudo:session): session closed for user root
Feb 09 01:17:22.754859 n-d-828419-1 cinder-volume[95919]: DEBUG oslo_concurrency.processutils [None req-6b0900b5-46a1-4f5f-883c-fc502d4759c1 tempest-SnapshotsActionsTest-1963652586 None] CMD "sudo cinder-rootwrap /etc/cinder/rootwrap.conf lvremove --config activation { retry_deactivation = 1} -f stack-volumes-lvmdriver-1/volume-84448557-44e6-41d3-8ad4-c5c57afda21b" returned: 0 in 0.659s {{(pid=95919) execute /usr/local/lib/python3.8/dist-packages/oslo_concurrency/processutils.py:422}}
Feb 09 01:17:22.755960 n-d-828419-1 cinder-volume[95919]: INFO cinder.volume.drivers.lvm [None req-6b0900b5-46a1-4f5f-883c-fc502d4759c1 tempest-SnapshotsActionsTest-1963652586 None] Successfully deleted volume: 84448557-44e6-41d3-8ad4-c5c57afda21b
Feb 09 01:17:22.840605 n-d-828419-1 cinder-volume[95919]: DEBUG cinder.quota [None req-6b0900b5-46a1-4f5f-883c-fc502d4759c1 tempest-SnapshotsActionsTest-1963652586 None] Created reservations ['afc90194-3d3f-4b2b-bf50-0cc83df9f5ef', '32ea7ca3-9486-4f5d-b2cf-0d895a702f56', '3b3ffa0f-0510-4e19-b691-f04a7df2bcf6', 'e18d6ea5-53f6-4621-88cf-a2d2e3554a77'] {{(pid=95919) reserve /opt/stack/cinder/cinder/quota.py:756}}
Feb 09 01:17:22.918053 n-d-828419-1 cinder-volume[95919]: DEBUG cinder.volume.drivers.lvm [None req-6b0900b5-46a1-4f5f-883c-fc502d4759c1 tempest-SnapshotsActionsTest-1963652586 None] Updating volume stats {{(pid=95919) _update_volume_stats /opt/stack/cinder/cinder/volume/drivers/lvm.py:214}}
Feb 09 01:17:22.918887 n-d-828419-1 cinder-volume[95919]: DEBUG oslo_concurrency.processutils [None req-6b0900b5-46a1-4f5f-883c-fc502d4759c1 tempest-SnapshotsActionsTest-1963652586 None] Running cmd (subprocess): sudo cinder-rootwrap /etc/cinder/rootwrap.conf env LC_ALL=C vgs --noheadings --unit=g -o name,size,free,lv_count,uuid --separator : --nosuffix stack-volumes-lvmdriver-1 {{(pid=95919) execute /usr/local/lib/python3.8/dist-packages/oslo_concurrency/processutils.py:384}}
Feb 09 01:17:22.958497 n-d-828419-1 sudo[117912]: ubuntu : TTY=unknown ; PWD=/ ; USER=root ; COMMAND=/usr/local/bin/cinder-rootwrap /etc/cinder/rootwrap.conf env LC_ALL=C vgs --noheadings --unit=g -o name,size,free,lv_count,uuid --separator : --nosuffix stack-volumes-lvmdriver-1
Feb 09 01:17:22.959301 n-d-828419-1 sudo[117912]: pam_unix(sudo:session): session opened for user root by (uid=0)
Feb 09 01:17:23.680024 n-d-828419-1 sudo[117912]: pam_unix(sudo:session): session closed for user root
Feb 09 01:17:23.683660 n-d-828419-1 cinder-volume[95919]: DEBUG oslo_concurrency.processutils [None req-6b0900b5-46a1-4f5f-883c-fc502d4759c1 tempest-SnapshotsActionsTest-1963652586 None] CMD "sudo cinder-rootwrap /etc/cinder/rootwrap.conf env LC_ALL=C vgs --noheadings --unit=g -o name,size,free,lv_count,uuid --separator : --nosuffix stack-volumes-lvmdriver-1" returned: 0 in 0.764s {{(pid=95919) execute /usr/local/lib/python3.8/dist-packages/oslo_concurrency/processutils.py:422}}
Feb 09 01:17:23.687189 n-d-828419-1 cinder-volume[95919]: DEBUG oslo_concurrency.processutils [None req-6b0900b5-46a1-4f5f-883c-fc502d4759c1 tempest-SnapshotsActionsTest-1963652586 None] Running cmd (subprocess): sudo cinder-rootwrap /etc/cinder/rootwrap.conf env LC_ALL=C lvs --noheadings --unit=g -o vg_name,name,size --nosuffix --readonly stack-volumes-lvmdriver-1 {{(pid=95919) execute /usr/local/lib/python3.8/dist-packages/oslo_concurrency/processutils.py:384}}
Feb 09 01:17:23.709660 n-d-828419-1 sudo[117915]: ubuntu : TTY=unknown ; PWD=/ ; USER=root ; COMMAND=/usr/local/bin/cinder-rootwrap /etc/cinder/rootwrap.conf env LC_ALL=C lvs --noheadings --unit=g -o vg_name,name,size --nosuffix --readonly stack-volumes-lvmdriver-1
Feb 09 01:17:23.711581 n-d-828419-1 sudo[117915]: pam_unix(sudo:session): session opened for user root by (uid=0)
Feb 09 01:17:24.588696 n-d-828419-1 sudo[117915]: pam_unix(sudo:session): session closed for user root
Feb 09 01:17:24.593285 n-d-828419-1 cinder-volume[95919]: DEBUG oslo_concurrency.processutils [None req-6b0900b5-46a1-4f5f-883c-fc502d4759c1 tempest-SnapshotsActionsTest-1963652586 None] CMD "sudo cinder-rootwrap /etc/cinder/rootwrap.conf env LC_ALL=C lvs --noheadings --unit=g -o vg_name,name,size --nosuffix --readonly stack-volumes-lvmdriver-1" returned: 0 in 0.906s {{(pid=95919) execute /usr/local/lib/python3.8/dist-packages/oslo_concurrency/processutils.py:422}}
Feb 09 01:17:24.595739 n-d-828419-1 cinder-volume[95919]: DEBUG cinder.manager [None req-6b0900b5-46a1-4f5f-883c-fc502d4759c1 tempest-SnapshotsActionsTest-1963652586 None] Notifying Schedulers of capabilities ... {{(pid=95919) _publish_service_capabilities /opt/stack/cinder/cinder/manager.py:197}}
Feb 09 01:17:24.602510 n-d-828419-1 cinder-volume[95919]: INFO cinder.volume.manager [None req-6b0900b5-46a1-4f5f-883c-fc502d4759c1 tempest-SnapshotsActionsTest-1963652586 None] Deleted volume successfully.
Feb 09 01:17:24.633961 n-d-828419-1 cinder-volume[95919]: DEBUG cinder.coordination [None req-6b0900b5-46a1-4f5f-883c-fc502d4759c1 tempest-SnapshotsActionsTest-1963652586 None] Lock "b'cinder-84448557-44e6-41d3-8ad4-c5c57afda21b-delete_volume'" released by "delete_volume" :: held 3.763s {{(pid=95919) _synchronized /opt/stack/cinder/cinder/coordination.py:158}}
Feb 09 01:17:34.852212 n-d-828419-1 cinder-volume[95919]: DEBUG cinder.volume.flows.manager.create_volume [None req-2488afc1-ee36-4981-888b-28ac876f822f tempest-VolumeQuotasAdminTestJSON-1910215472 None] Volume reschedule parameters: True retry: {'num_attempts': 1, 'backends': ['n-d-828419-1@lvmdriver-1#lvmdriver-1'], 'hosts': ['n-d-828419-1@lvmdriver-1#lvmdriver-1']} {{(pid=95919) get_flow /opt/stack/cinder/cinder/volume/flows/manager/create_volume.py:1293}}
Feb 09 01:17:34.860127 n-d-828419-1 cinder-volume[95919]: WARNING stevedore.named [None req-2488afc1-ee36-4981-888b-28ac876f822f tempest-VolumeQuotasAdminTestJSON-1910215472 None] Could not load cinder.keymgr.conf_key_mgr.ConfKeyManager
Feb 09 01:17:34.862260 n-d-828419-1 cinder-volume[95919]: WARNING castellan.key_manager [None req-2488afc1-ee36-4981-888b-28ac876f822f tempest-VolumeQuotasAdminTestJSON-1910215472 None] Deprecation Warning : cinder.keymgr.conf_key_mgr.ConfKeyManager is not a stevedore based driver, trying to load it as a class: stevedore.exception.NoMatches: No 'castellan.drivers' driver found, looking for 'cinder.keymgr.conf_key_mgr.ConfKeyManager'
Feb 09 01:17:34.896742 n-d-828419-1 cinder-volume[95919]: DEBUG cinder.volume.manager [None req-2488afc1-ee36-4981-888b-28ac876f822f tempest-VolumeQuotasAdminTestJSON-1910215472 None] Flow 'volume_create_manager' (e34032f6-998d-42cd-8603-aeb3460004dd) transitioned into state 'RUNNING' from state 'PENDING' {{(pid=95919) _flow_receiver /usr/local/lib/python3.8/dist-packages/taskflow/listeners/logging.py:141}}
Feb 09 01:17:34.909535 n-d-828419-1 cinder-volume[95919]: DEBUG cinder.volume.manager [None req-2488afc1-ee36-4981-888b-28ac876f822f tempest-VolumeQuotasAdminTestJSON-1910215472 None] Task 'cinder.volume.flows.manager.create_volume.ExtractVolumeRefTask;volume:create' (108dd4c3-bde0-4374-9404-b2ee4596a828) transitioned into state 'RUNNING' from state 'PENDING' {{(pid=95919) _task_receiver /usr/local/lib/python3.8/dist-packages/taskflow/listeners/logging.py:190}}
Feb 09 01:17:34.978320 n-d-828419-1 cinder-volume[95919]: DEBUG oslo_db.sqlalchemy.engines [None req-2488afc1-ee36-4981-888b-28ac876f822f tempest-VolumeQuotasAdminTestJSON-1910215472 None] MySQL server mode set to STRICT_TRANS_TABLES,STRICT_ALL_TABLES,NO_ZERO_IN_DATE,NO_ZERO_DATE,ERROR_FOR_DIVISION_BY_ZERO,TRADITIONAL,NO_ENGINE_SUBSTITUTION {{(pid=95919) _check_effective_sql_mode /usr/local/lib/python3.8/dist-packages/oslo_db/sqlalchemy/engines.py:304}}
Feb 09 01:17:35.035766 n-d-828419-1 cinder-volume[95919]: DEBUG cinder.volume.manager [None req-2488afc1-ee36-4981-888b-28ac876f822f tempest-VolumeQuotasAdminTestJSON-1910215472 None] Task 'cinder.volume.flows.manager.create_volume.ExtractVolumeRefTask;volume:create' (108dd4c3-bde0-4374-9404-b2ee4596a828) transitioned into state 'SUCCESS' from state 'RUNNING' with result 'Volume(_name_id=None,admin_metadata=,attach_status='detached',availability_zone='nova',bootable=False,cluster=,cluster_name=None,consistencygroup=,consistencygroup_id=None,created_at=2022-02-09T01:17:34Z,deleted=False,deleted_at=None,display_description=None,display_name='tempest-VolumeQuotasAdminTestJSON-Volume-250987960',ec2_id=None,encryption_key_id=None,glance_metadata=,group=,group_id=None,host='n-d-828419-1@lvmdriver-1#lvmdriver-1',id=12ce2ef5-d4b5-4840-a9ad-7b456c9f4974,launched_at=None,metadata={},migration_status=None,multiattach=False,previous_status=None,project_id='b4c72afa3e174003a7629f23239950fd',provider_auth=None,provider_geometry=None,provider_id=None,provider_location=None,replication_driver_data=None,replication_extended_status=None,replication_status=None,scheduled_at=2022-02-09T01:17:35Z,service_uuid=None,shared_targets=True,size=1,snapshot_id=None,snapshots=,source_volid=None,status='creating',terminated_at=None,updated_at=2022-02-09T01:17:35Z,user_id='59b7ffc791004d038633bc3623e5da48',volume_attachment=VolumeAttachmentList,volume_type=VolumeType(f78d6fdb-8dcb-4efa-99ef-d6d24f7eda05),volume_type_id=f78d6fdb-8dcb-4efa-99ef-d6d24f7eda05)' {{(pid=95919) _task_receiver /usr/local/lib/python3.8/dist-packages/taskflow/listeners/logging.py:178}}
Feb 09 01:17:35.050806 n-d-828419-1 cinder-volume[95919]: DEBUG cinder.volume.manager [None req-2488afc1-ee36-4981-888b-28ac876f822f tempest-VolumeQuotasAdminTestJSON-1910215472 None] Task 'cinder.volume.flows.manager.create_volume.OnFailureRescheduleTask;volume:create' (00119630-eacb-4088-9284-174406244bf6) transitioned into state 'RUNNING' from state 'PENDING' {{(pid=95919) _task_receiver /usr/local/lib/python3.8/dist-packages/taskflow/listeners/logging.py:190}}
Feb 09 01:17:35.052965 n-d-828419-1 cinder-volume[95919]: DEBUG cinder.volume.manager [None req-2488afc1-ee36-4981-888b-28ac876f822f tempest-VolumeQuotasAdminTestJSON-1910215472 None] Task 'cinder.volume.flows.manager.create_volume.OnFailureRescheduleTask;volume:create' (00119630-eacb-4088-9284-174406244bf6) transitioned into state 'SUCCESS' from state 'RUNNING' with result 'None' {{(pid=95919) _task_receiver /usr/local/lib/python3.8/dist-packages/taskflow/listeners/logging.py:178}}
Feb 09 01:17:35.055337 n-d-828419-1 cinder-volume[95919]: DEBUG cinder.volume.manager [None req-2488afc1-ee36-4981-888b-28ac876f822f tempest-VolumeQuotasAdminTestJSON-1910215472 None] Task 'cinder.volume.flows.manager.create_volume.ExtractVolumeSpecTask;volume:create' (d7392cb2-868c-4e16-9fd4-dc7288cf6fb8) transitioned into state 'RUNNING' from state 'PENDING' {{(pid=95919) _task_receiver /usr/local/lib/python3.8/dist-packages/taskflow/listeners/logging.py:190}}
Feb 09 01:17:35.058181 n-d-828419-1 cinder-volume[95919]: DEBUG cinder.volume.manager [None req-2488afc1-ee36-4981-888b-28ac876f822f tempest-VolumeQuotasAdminTestJSON-1910215472 None] Task 'cinder.volume.flows.manager.create_volume.ExtractVolumeSpecTask;volume:create' (d7392cb2-868c-4e16-9fd4-dc7288cf6fb8) transitioned into state 'SUCCESS' from state 'RUNNING' with result '{'status': 'creating', 'type': 'raw', 'volume_id': '12ce2ef5-d4b5-4840-a9ad-7b456c9f4974', 'volume_name': 'volume-12ce2ef5-d4b5-4840-a9ad-7b456c9f4974', 'volume_size': 1}' {{(pid=95919) _task_receiver /usr/local/lib/python3.8/dist-packages/taskflow/listeners/logging.py:178}}
Feb 09 01:17:35.064651 n-d-828419-1 cinder-volume[95919]: DEBUG cinder.volume.manager [None req-2488afc1-ee36-4981-888b-28ac876f822f tempest-VolumeQuotasAdminTestJSON-1910215472 None] Task 'cinder.volume.flows.manager.create_volume.NotifyVolumeActionTask;volume:create, create.start' (91dcebcc-7815-4416-a151-c70d7e1ddc10) transitioned into state 'RUNNING' from state 'PENDING' {{(pid=95919) _task_receiver /usr/local/lib/python3.8/dist-packages/taskflow/listeners/logging.py:190}}
Feb 09 01:17:35.067609 n-d-828419-1 cinder-volume[95919]: DEBUG cinder.volume.manager [None req-2488afc1-ee36-4981-888b-28ac876f822f tempest-VolumeQuotasAdminTestJSON-1910215472 None] Task 'cinder.volume.flows.manager.create_volume.NotifyVolumeActionTask;volume:create, create.start' (91dcebcc-7815-4416-a151-c70d7e1ddc10) transitioned into state 'SUCCESS' from state 'RUNNING' with result 'None' {{(pid=95919) _task_receiver /usr/local/lib/python3.8/dist-packages/taskflow/listeners/logging.py:178}}
Feb 09 01:17:35.069848 n-d-828419-1 cinder-volume[95919]: DEBUG cinder.volume.manager [None req-2488afc1-ee36-4981-888b-28ac876f822f tempest-VolumeQuotasAdminTestJSON-1910215472 None] Task 'cinder.volume.flows.manager.create_volume.CreateVolumeFromSpecTask;volume:create' (c287b617-af73-409b-a4d3-b10c3c09ecab) transitioned into state 'RUNNING' from state 'PENDING' {{(pid=95919) _task_receiver /usr/local/lib/python3.8/dist-packages/taskflow/listeners/logging.py:190}}
Feb 09 01:17:35.070725 n-d-828419-1 cinder-volume[95919]: INFO cinder.volume.flows.manager.create_volume [None req-2488afc1-ee36-4981-888b-28ac876f822f tempest-VolumeQuotasAdminTestJSON-1910215472 None] Volume 12ce2ef5-d4b5-4840-a9ad-7b456c9f4974: being created as raw with specification: {'status': 'creating', 'volume_name': 'volume-12ce2ef5-d4b5-4840-a9ad-7b456c9f4974', 'volume_size': 1}
Feb 09 01:17:35.072027 n-d-828419-1 cinder-volume[95919]: DEBUG oslo_concurrency.processutils [None req-2488afc1-ee36-4981-888b-28ac876f822f tempest-VolumeQuotasAdminTestJSON-1910215472 None] Running cmd (subprocess): sudo cinder-rootwrap /etc/cinder/rootwrap.conf env LC_ALL=C lvcreate -n volume-12ce2ef5-d4b5-4840-a9ad-7b456c9f4974 stack-volumes-lvmdriver-1 -L 1g {{(pid=95919) execute /usr/local/lib/python3.8/dist-packages/oslo_concurrency/processutils.py:384}}
Feb 09 01:17:35.116530 n-d-828419-1 sudo[118001]: ubuntu : TTY=unknown ; PWD=/ ; USER=root ; COMMAND=/usr/local/bin/cinder-rootwrap /etc/cinder/rootwrap.conf env LC_ALL=C lvcreate -n volume-12ce2ef5-d4b5-4840-a9ad-7b456c9f4974 stack-volumes-lvmdriver-1 -L 1g
Feb 09 01:17:35.117341 n-d-828419-1 sudo[118001]: pam_unix(sudo:session): session opened for user root by (uid=0)
Feb 09 01:17:35.974721 n-d-828419-1 sudo[118001]: pam_unix(sudo:session): session closed for user root
Feb 09 01:17:35.977395 n-d-828419-1 cinder-volume[95919]: DEBUG oslo_concurrency.processutils [None req-2488afc1-ee36-4981-888b-28ac876f822f tempest-VolumeQuotasAdminTestJSON-1910215472 None] CMD "sudo cinder-rootwrap /etc/cinder/rootwrap.conf env LC_ALL=C lvcreate -n volume-12ce2ef5-d4b5-4840-a9ad-7b456c9f4974 stack-volumes-lvmdriver-1 -L 1g" returned: 0 in 0.905s {{(pid=95919) execute /usr/local/lib/python3.8/dist-packages/oslo_concurrency/processutils.py:422}}
Feb 09 01:17:35.981721 n-d-828419-1 cinder-volume[95919]: DEBUG cinder.volume.manager [None req-2488afc1-ee36-4981-888b-28ac876f822f tempest-VolumeQuotasAdminTestJSON-1910215472 None] Task 'cinder.volume.flows.manager.create_volume.CreateVolumeFromSpecTask;volume:create' (c287b617-af73-409b-a4d3-b10c3c09ecab) transitioned into state 'SUCCESS' from state 'RUNNING' with result '{'status': 'creating', 'volume_name': 'volume-12ce2ef5-d4b5-4840-a9ad-7b456c9f4974', 'volume_size': 1}' {{(pid=95919) _task_receiver /usr/local/lib/python3.8/dist-packages/taskflow/listeners/logging.py:178}}
