Feb 09 14:04:16.848536 n-d-828418-2 devstack@placement-api.service[88081]: DEBUG placement.objects.research_context [req-583f73ad-b034-4e8c-b4f3-02699dad2e53 req-abe03ebd-da8d-4461-af85-fb468a6aec23 service placement] found 2 providers with available 1 VCPU {{(pid=88081) get_provider_ids_matching /opt/stack/placement/placement/objects/research_context.py:549}}
Feb 09 14:04:16.848797 n-d-828418-2 devstack@placement-api.service[88081]: DEBUG placement.objects.research_context [req-583f73ad-b034-4e8c-b4f3-02699dad2e53 req-abe03ebd-da8d-4461-af85-fb468a6aec23 service placement] found 2 providers after filtering by previous result {{(pid=88081) get_provider_ids_matching /opt/stack/placement/placement/objects/research_context.py:580}}
Feb 09 14:04:16.872122 n-d-828418-2 devstack@placement-api.service[88081]: DEBUG placement.objects.allocation_candidate [req-583f73ad-b034-4e8c-b4f3-02699dad2e53 req-abe03ebd-da8d-4461-af85-fb468a6aec23 service placement] RequestGroup(use_same_provider=False, resources={DISK_GB:1, MEMORY_MB:1024, VCPU:1}, traits=[], aggregates=[]) (suffix '') returned 2 matches {{(pid=88081) _get_by_requests /opt/stack/placement/placement/objects/allocation_candidate.py:145}}
Feb 09 14:04:16.872764 n-d-828418-2 devstack@placement-api.service[88081]: DEBUG placement.objects.allocation_candidate [req-583f73ad-b034-4e8c-b4f3-02699dad2e53 req-abe03ebd-da8d-4461-af85-fb468a6aec23 service placement] Merging candidates yields 2 allocation requests and 2 provider summaries {{(pid=88081) _merge_candidates /opt/stack/placement/placement/objects/allocation_candidate.py:783}}
Feb 09 14:04:16.874013 n-d-828418-2 devstack@placement-api.service[88081]: INFO placement.requestlog [req-583f73ad-b034-4e8c-b4f3-02699dad2e53 req-abe03ebd-da8d-4461-af85-fb468a6aec23 service placement] 10.222.0.48 "GET /placement/allocation_candidates?limit=1000&resources=DISK_GB%3A1%2CMEMORY_MB%3A1024%2CVCPU%3A1&root_required=%21COMPUTE_STATUS_DISABLED" status: 200 len: 1313 microversion: 1.35
Feb 09 14:04:16.874310 n-d-828418-2 devstack@placement-api.service[88081]: [pid: 88081|app: 0|req: 127/257] 10.222.0.48 () {60 vars in 1506 bytes} [Wed Feb 9 14:04:16 2022] GET /placement/allocation_candidates?limit=1000&resources=DISK_GB%3A1%2CMEMORY_MB%3A1024%2CVCPU%3A1&root_required=%21COMPUTE_STATUS_DISABLED => generated 1313 bytes in 175 msecs (HTTP/1.1 200) 8 headers in 297 bytes (1 switches on core 0)
Feb 09 14:04:16.922368 n-d-828418-2 devstack@placement-api.service[88080]: DEBUG placement.requestlog [req-583f73ad-b034-4e8c-b4f3-02699dad2e53 req-be35c6ee-cd3e-424c-8858-82e3f5b0d82d None None] Starting request: 10.222.0.48 "GET /placement/allocations/f9bc2c0e-751e-476b-8543-e910f0b5f413" {{(pid=88080) __call__ /opt/stack/placement/placement/requestlog.py:55}}
Feb 09 14:04:16.933028 n-d-828418-2 devstack@placement-api.service[88080]: INFO placement.requestlog [req-583f73ad-b034-4e8c-b4f3-02699dad2e53 req-be35c6ee-cd3e-424c-8858-82e3f5b0d82d service placement] 10.222.0.48 "GET /placement/allocations/f9bc2c0e-751e-476b-8543-e910f0b5f413" status: 200 len: 19 microversion: 1.28
Feb 09 14:04:16.937998 n-d-828418-2 devstack@placement-api.service[88080]: [pid: 88080|app: 0|req: 131/258] 10.222.0.48 () {60 vars in 1380 bytes} [Wed Feb 9 14:04:16 2022] GET /placement/allocations/f9bc2c0e-751e-476b-8543-e910f0b5f413 => generated 19 bytes in 16 msecs (HTTP/1.1 200) 8 headers in 295 bytes (1 switches on core 0)
Feb 09 14:04:16.939179 n-d-828418-2 devstack@placement-api.service[88081]: DEBUG placement.requestlog [req-583f73ad-b034-4e8c-b4f3-02699dad2e53 req-cbe3c071-f075-4b2b-be0d-1d32d0760a7d None None] Starting request: 10.222.0.48 "PUT /placement/allocations/f9bc2c0e-751e-476b-8543-e910f0b5f413" {{(pid=88081) __call__ /opt/stack/placement/placement/requestlog.py:55}}
Feb 09 14:04:17.005095 n-d-828418-2 devstack@placement-api.service[88081]: DEBUG placement.handlers.allocation [req-583f73ad-b034-4e8c-b4f3-02699dad2e53 req-cbe3c071-f075-4b2b-be0d-1d32d0760a7d service placement] Successfully wrote allocations [, , ] {{(pid=88081) _create_allocations /opt/stack/placement/placement/handlers/allocation.py:435}}
Feb 09 14:04:17.005609 n-d-828418-2 devstack@placement-api.service[88081]: INFO placement.requestlog [req-583f73ad-b034-4e8c-b4f3-02699dad2e53 req-cbe3c071-f075-4b2b-be0d-1d32d0760a7d service placement] 10.222.0.48 "PUT /placement/allocations/f9bc2c0e-751e-476b-8543-e910f0b5f413" status: 204 len: 0 microversion: 1.35
Feb 09 14:04:17.006047 n-d-828418-2 devstack@placement-api.service[88081]: [pid: 88081|app: 0|req: 128/259] 10.222.0.48 () {64 vars in 1433 bytes} [Wed Feb 9 14:04:16 2022] PUT /placement/allocations/f9bc2c0e-751e-476b-8543-e910f0b5f413 => generated 0 bytes in 67 msecs (HTTP/1.1 204) 5 headers in 199 bytes (2 switches on core 0)
Feb 09 14:04:17.384995 n-d-828418-2 devstack@placement-api.service[88080]: DEBUG placement.requestlog [req-583f73ad-b034-4e8c-b4f3-02699dad2e53 req-4ea2049a-9c17-484b-b447-503b64f4da06 None None] Starting request: 10.222.0.35 "GET /placement/allocations/f9bc2c0e-751e-476b-8543-e910f0b5f413" {{(pid=88080) __call__ /opt/stack/placement/placement/requestlog.py:55}}
Feb 09 14:04:17.404980 n-d-828418-2 devstack@placement-api.service[88080]: INFO placement.requestlog [req-583f73ad-b034-4e8c-b4f3-02699dad2e53 req-4ea2049a-9c17-484b-b447-503b64f4da06 service placement] 10.222.0.35 "GET /placement/allocations/f9bc2c0e-751e-476b-8543-e910f0b5f413" status: 200 len: 259 microversion: 1.28
Feb 09 14:04:17.405610 n-d-828418-2 devstack@placement-api.service[88080]: [pid: 88080|app: 0|req: 132/260] 10.222.0.35 () {60 vars in 1377 bytes} [Wed Feb 9 14:04:17 2022] GET /placement/allocations/f9bc2c0e-751e-476b-8543-e910f0b5f413 => generated 259 bytes in 21 msecs (HTTP/1.1 200) 8 headers in 296 bytes (1 switches on core 0)
Feb 09 14:04:17.439935 n-d-828418-2 devstack@placement-api.service[88081]: DEBUG placement.requestlog [req-57adc2b2-8ac4-481d-9565-43f1baf7bdd9 req-25f00aa2-cee1-4931-8c41-ce5a5d0d2cca None None] Starting request: 10.222.0.21 "GET /placement/resource_providers/061337e1-37f3-442b-b2fb-5fa097bd1793/allocations" {{(pid=88081) __call__ /opt/stack/placement/placement/requestlog.py:55}}
Feb 09 14:04:17.469166 n-d-828418-2 devstack@placement-api.service[88081]: INFO placement.requestlog [req-57adc2b2-8ac4-481d-9565-43f1baf7bdd9 req-25f00aa2-cee1-4931-8c41-ce5a5d0d2cca service placement] 10.222.0.21 "GET /placement/resource_providers/061337e1-37f3-442b-b2fb-5fa097bd1793/allocations" status: 200 len: 1164 microversion: 1.0
Feb 09 14:04:17.469958 n-d-828418-2 devstack@placement-api.service[88081]: [pid: 88081|app: 0|req: 129/261] 10.222.0.21 () {58 vars in 1390 bytes} [Wed Feb 9 14:04:17 2022] GET /placement/resource_providers/061337e1-37f3-442b-b2fb-5fa097bd1793/allocations => generated 1164 bytes in 31 msecs (HTTP/1.1 200) 6 headers in 225 bytes (1 switches on core 0)
Feb 09 14:04:19.431987 n-d-828418-2 devstack@placement-api.service[88080]: DEBUG placement.requestlog [req-786cd64a-3279-471b-9087-d85423cfde26 req-edc440a1-33ad-4a6a-82d3-d31db5fba566 None None] Starting request: 10.222.0.21 "GET /placement/resource_providers/061337e1-37f3-442b-b2fb-5fa097bd1793/allocations" {{(pid=88080) __call__ /opt/stack/placement/placement/requestlog.py:55}}
Feb 09 14:04:19.457845 n-d-828418-2 devstack@placement-api.service[88080]: INFO placement.requestlog [req-786cd64a-3279-471b-9087-d85423cfde26 req-edc440a1-33ad-4a6a-82d3-d31db5fba566 service placement] 10.222.0.21 "GET /placement/resource_providers/061337e1-37f3-442b-b2fb-5fa097bd1793/allocations" status: 200 len: 1164 microversion: 1.0
Feb 09 14:04:19.458668 n-d-828418-2 devstack@placement-api.service[88080]: [pid: 88080|app: 0|req: 133/262] 10.222.0.21 () {58 vars in 1390 bytes} [Wed Feb 9 14:04:19 2022] GET /placement/resource_providers/061337e1-37f3-442b-b2fb-5fa097bd1793/allocations => generated 1164 bytes in 27 msecs (HTTP/1.1 200) 6 headers in 225 bytes (1 switches on core 0)
Feb 09 14:04:20.007762 n-d-828418-2 devstack@placement-api.service[88081]: DEBUG placement.requestlog [req-786cd64a-3279-471b-9087-d85423cfde26 req-b0664b6b-0b2a-45ec-97d9-1278c5fe6bc1 None None] Starting request: 10.222.0.21 "GET /placement/allocations/a1d62673-f6dc-4269-8581-7e5e79c95852" {{(pid=88081) __call__ /opt/stack/placement/placement/requestlog.py:55}}
Feb 09 14:04:20.031076 n-d-828418-2 devstack@placement-api.service[88081]: INFO placement.requestlog [req-786cd64a-3279-471b-9087-d85423cfde26 req-b0664b6b-0b2a-45ec-97d9-1278c5fe6bc1 service placement] 10.222.0.21 "GET /placement/allocations/a1d62673-f6dc-4269-8581-7e5e79c95852" status: 200 len: 259 microversion: 1.28
Feb 09 14:04:20.031910 n-d-828418-2 devstack@placement-api.service[88081]: [pid: 88081|app: 0|req: 130/263] 10.222.0.21 () {60 vars in 1377 bytes} [Wed Feb 9 14:04:20 2022] GET /placement/allocations/a1d62673-f6dc-4269-8581-7e5e79c95852 => generated 259 bytes in 25 msecs (HTTP/1.1 200) 8 headers in 296 bytes (1 switches on core 0)
Feb 09 14:04:20.042419 n-d-828418-2 devstack@placement-api.service[88080]: DEBUG placement.requestlog [req-786cd64a-3279-471b-9087-d85423cfde26 req-9cae5dd8-3762-4297-b50b-67b304e87f5e None None] Starting request: 10.222.0.21 "PUT /placement/allocations/a1d62673-f6dc-4269-8581-7e5e79c95852" {{(pid=88080) __call__ /opt/stack/placement/placement/requestlog.py:55}}
Feb 09 14:04:20.105553 n-d-828418-2 devstack@placement-api.service[88080]: DEBUG placement.handlers.allocation [req-786cd64a-3279-471b-9087-d85423cfde26 req-9cae5dd8-3762-4297-b50b-67b304e87f5e service placement] Successfully wrote allocations [, , ] {{(pid=88080) _create_allocations /opt/stack/placement/placement/handlers/allocation.py:435}}
Feb 09 14:04:20.106467 n-d-828418-2 devstack@placement-api.service[88080]: INFO placement.requestlog [req-786cd64a-3279-471b-9087-d85423cfde26 req-9cae5dd8-3762-4297-b50b-67b304e87f5e service placement] 10.222.0.21 "PUT /placement/allocations/a1d62673-f6dc-4269-8581-7e5e79c95852" status: 204 len: 0 microversion: 1.28
Feb 09 14:04:20.107538 n-d-828418-2 devstack@placement-api.service[88080]: [pid: 88080|app: 0|req: 134/264] 10.222.0.21 () {64 vars in 1430 bytes} [Wed Feb 9 14:04:20 2022] PUT /placement/allocations/a1d62673-f6dc-4269-8581-7e5e79c95852 => generated 0 bytes in 65 msecs (HTTP/1.1 204) 5 headers in 199 bytes (1 switches on core 0)
Feb 09 14:04:20.143241 n-d-828418-2 devstack@placement-api.service[88081]: DEBUG placement.requestlog [req-a98f62cf-9bde-4fb5-8d4f-f4d2503b1a12 req-a71e3b71-85a8-4403-b1cf-66ce6ec17285 None None] Starting request: 10.222.0.35 "GET /placement/resource_providers/79e06895-aa72-41d8-a907-fdbd5aae7909/allocations" {{(pid=88081) __call__ /opt/stack/placement/placement/requestlog.py:55}}
Feb 09 14:04:20.168573 n-d-828418-2 devstack@placement-api.service[88081]: INFO placement.requestlog [req-a98f62cf-9bde-4fb5-8d4f-f4d2503b1a12 req-a71e3b71-85a8-4403-b1cf-66ce6ec17285 service placement] 10.222.0.35 "GET /placement/resource_providers/79e06895-aa72-41d8-a907-fdbd5aae7909/allocations" status: 200 len: 1063 microversion: 1.0
Feb 09 14:04:20.169223 n-d-828418-2 devstack@placement-api.service[88081]: [pid: 88081|app: 0|req: 131/265] 10.222.0.35 () {58 vars in 1390 bytes} [Wed Feb 9 14:04:20 2022] GET /placement/resource_providers/79e06895-aa72-41d8-a907-fdbd5aae7909/allocations => generated 1063 bytes in 26 msecs (HTTP/1.1 200) 6 headers in 225 bytes (1 switches on core 0)
Feb 09 14:04:21.794442 n-d-828418-2 devstack@placement-api.service[88080]: DEBUG placement.requestlog [req-d0a779a3-2d9e-43b8-a47f-68132d84e6d3 req-0fa7cc97-8f17-4c2f-8c02-93fce79a993b None None] Starting request: 10.222.0.48 "GET /placement/allocation_candidates?limit=1000&resources=DISK_GB%3A1%2CMEMORY_MB%3A1024%2CVCPU%3A1&root_required=%21COMPUTE_STATUS_DISABLED" {{(pid=88080) __call__ /opt/stack/placement/placement/requestlog.py:55}}
Feb 09 14:04:21.830354 n-d-828418-2 devstack@placement-api.service[88080]: DEBUG placement.objects.research_context [req-d0a779a3-2d9e-43b8-a47f-68132d84e6d3 req-0fa7cc97-8f17-4c2f-8c02-93fce79a993b service placement] getting providers with 1 DISK_GB {{(pid=88080) __init__ /opt/stack/placement/placement/objects/research_context.py:126}}
Feb 09 14:04:21.903867 n-d-828418-2 devstack@placement-api.service[88080]: DEBUG placement.objects.research_context [req-d0a779a3-2d9e-43b8-a47f-68132d84e6d3 req-0fa7cc97-8f17-4c2f-8c02-93fce79a993b service placement] getting providers with 1024 MEMORY_MB {{(pid=88080) __init__ /opt/stack/placement/placement/objects/research_context.py:126}}
Feb 09 14:04:21.915042 n-d-828418-2 devstack@placement-api.service[88080]: DEBUG placement.objects.research_context [req-d0a779a3-2d9e-43b8-a47f-68132d84e6d3 req-0fa7cc97-8f17-4c2f-8c02-93fce79a993b service placement] getting providers with 1 VCPU {{(pid=88080) __init__ /opt/stack/placement/placement/objects/research_context.py:126}}
Feb 09 14:04:21.921527 n-d-828418-2 devstack@placement-api.service[88080]: DEBUG placement.objects.research_context [req-d0a779a3-2d9e-43b8-a47f-68132d84e6d3 req-0fa7cc97-8f17-4c2f-8c02-93fce79a993b service placement] found 2 providers with available 1 DISK_GB {{(pid=88080) get_provider_ids_matching /opt/stack/placement/placement/objects/research_context.py:549}}
Feb 09 14:04:21.921800 n-d-828418-2 devstack@placement-api.service[88080]: DEBUG placement.objects.research_context [req-d0a779a3-2d9e-43b8-a47f-68132d84e6d3 req-0fa7cc97-8f17-4c2f-8c02-93fce79a993b service placement] found 2 providers with available 1024 MEMORY_MB {{(pid=88080) get_provider_ids_matching /opt/stack/placement/placement/objects/research_context.py:549}}
Feb 09 14:04:21.922068 n-d-828418-2 devstack@placement-api.service[88080]: DEBUG placement.objects.research_context [req-d0a779a3-2d9e-43b8-a47f-68132d84e6d3 req-0fa7cc97-8f17-4c2f-8c02-93fce79a993b service placement] found 2 providers after filtering by previous result {{(pid=88080) get_provider_ids_matching /opt/stack/placement/placement/objects/research_context.py:580}}
Feb 09 14:04:21.922474 n-d-828418-2 devstack@placement-api.service[88080]: DEBUG placement.objects.research_context [req-d0a779a3-2d9e-43b8-a47f-68132d84e6d3 req-0fa7cc97-8f17-4c2f-8c02-93fce79a993b service placement] found 2 providers with available 1 VCPU {{(pid=88080) get_provider_ids_matching /opt/stack/placement/placement/objects/research_context.py:549}}
Feb 09 14:04:21.923029 n-d-828418-2 devstack@placement-api.service[88080]: DEBUG placement.objects.research_context [req-d0a779a3-2d9e-43b8-a47f-68132d84e6d3 req-0fa7cc97-8f17-4c2f-8c02-93fce79a993b service placement] found 2 providers after filtering by previous result {{(pid=88080) get_provider_ids_matching /opt/stack/placement/placement/objects/research_context.py:580}}
Feb 09 14:04:21.938167 n-d-828418-2 devstack@placement-api.service[88080]: DEBUG placement.objects.allocation_candidate [req-d0a779a3-2d9e-43b8-a47f-68132d84e6d3 req-0fa7cc97-8f17-4c2f-8c02-93fce79a993b service placement] RequestGroup(use_same_provider=False, resources={DISK_GB:1, MEMORY_MB:1024, VCPU:1}, traits=[], aggregates=[]) (suffix '') returned 2 matches {{(pid=88080) _get_by_requests /opt/stack/placement/placement/objects/allocation_candidate.py:145}}
Feb 09 14:04:21.938991 n-d-828418-2 devstack@placement-api.service[88080]: DEBUG placement.objects.allocation_candidate [req-d0a779a3-2d9e-43b8-a47f-68132d84e6d3 req-0fa7cc97-8f17-4c2f-8c02-93fce79a993b service placement] Merging candidates yields 2 allocation requests and 2 provider summaries {{(pid=88080) _merge_candidates /opt/stack/placement/placement/objects/allocation_candidate.py:783}}
Feb 09 14:04:21.939982 n-d-828418-2 devstack@placement-api.service[88080]: INFO placement.requestlog [req-d0a779a3-2d9e-43b8-a47f-68132d84e6d3 req-0fa7cc97-8f17-4c2f-8c02-93fce79a993b service placement] 10.222.0.48 "GET /placement/allocation_candidates?limit=1000&resources=DISK_GB%3A1%2CMEMORY_MB%3A1024%2CVCPU%3A1&root_required=%21COMPUTE_STATUS_DISABLED" status: 200 len: 1315 microversion: 1.35
Feb 09 14:04:21.940533 n-d-828418-2 devstack@placement-api.service[88080]: [pid: 88080|app: 0|req: 135/266] 10.222.0.48 () {60 vars in 1506 bytes} [Wed Feb 9 14:04:21 2022] GET /placement/allocation_candidates?limit=1000&resources=DISK_GB%3A1%2CMEMORY_MB%3A1024%2CVCPU%3A1&root_required=%21COMPUTE_STATUS_DISABLED => generated 1315 bytes in 146 msecs (HTTP/1.1 200) 8 headers in 297 bytes (1 switches on core 0)
Feb 09 14:04:22.001938 n-d-828418-2 devstack@placement-api.service[88081]: DEBUG placement.requestlog [req-d0a779a3-2d9e-43b8-a47f-68132d84e6d3 req-114bc5d3-27d8-4b7a-99ea-cde19c4bb816 None None] Starting request: 10.222.0.48 "GET /placement/allocations/5d1fcf4c-35a3-4ca5-8433-36249c944663" {{(pid=88081) __call__ /opt/stack/placement/placement/requestlog.py:55}}
Feb 09 14:04:22.013475 n-d-828418-2 devstack@placement-api.service[88081]: INFO placement.requestlog [req-d0a779a3-2d9e-43b8-a47f-68132d84e6d3 req-114bc5d3-27d8-4b7a-99ea-cde19c4bb816 service placement] 10.222.0.48 "GET /placement/allocations/5d1fcf4c-35a3-4ca5-8433-36249c944663" status: 200 len: 19 microversion: 1.28
Feb 09 14:04:22.014247 n-d-828418-2 devstack@placement-api.service[88081]: [pid: 88081|app: 0|req: 132/267] 10.222.0.48 () {60 vars in 1380 bytes} [Wed Feb 9 14:04:22 2022] GET /placement/allocations/5d1fcf4c-35a3-4ca5-8433-36249c944663 => generated 19 bytes in 12 msecs (HTTP/1.1 200) 8 headers in 295 bytes (1 switches on core 0)
Feb 09 14:04:22.019968 n-d-828418-2 devstack@placement-api.service[88080]: DEBUG placement.requestlog [req-d0a779a3-2d9e-43b8-a47f-68132d84e6d3 req-1af2de29-043b-433e-ba2a-5846e6b20dbf None None] Starting request: 10.222.0.48 "PUT /placement/allocations/5d1fcf4c-35a3-4ca5-8433-36249c944663" {{(pid=88080) __call__ /opt/stack/placement/placement/requestlog.py:55}}
Feb 09 14:04:22.087343 n-d-828418-2 devstack@placement-api.service[88080]: DEBUG placement.handlers.allocation [req-d0a779a3-2d9e-43b8-a47f-68132d84e6d3 req-1af2de29-043b-433e-ba2a-5846e6b20dbf service placement] Successfully wrote allocations [, , ] {{(pid=88080) _create_allocations /opt/stack/placement/placement/handlers/allocation.py:435}}
Feb 09 14:04:22.088142 n-d-828418-2 devstack@placement-api.service[88080]: INFO placement.requestlog [req-d0a779a3-2d9e-43b8-a47f-68132d84e6d3 req-1af2de29-043b-433e-ba2a-5846e6b20dbf service placement] 10.222.0.48 "PUT /placement/allocations/5d1fcf4c-35a3-4ca5-8433-36249c944663" status: 204 len: 0 microversion: 1.35
Feb 09 14:04:22.088768 n-d-828418-2 devstack@placement-api.service[88080]: [pid: 88080|app: 0|req: 136/268] 10.222.0.48 () {64 vars in 1433 bytes} [Wed Feb 9 14:04:22 2022] PUT /placement/allocations/5d1fcf4c-35a3-4ca5-8433-36249c944663 => generated 0 bytes in 69 msecs (HTTP/1.1 204) 5 headers in 199 bytes (1 switches on core 0)
Feb 09 14:04:22.553787 n-d-828418-2 devstack@placement-api.service[88081]: DEBUG placement.requestlog [req-d0a779a3-2d9e-43b8-a47f-68132d84e6d3 req-261e9efd-4dc9-4d87-996b-30cea707a395 None None] Starting request: 10.222.0.21 "GET /placement/allocations/5d1fcf4c-35a3-4ca5-8433-36249c944663" {{(pid=88081) __call__ /opt/stack/placement/placement/requestlog.py:55}}
Feb 09 14:04:22.573016 n-d-828418-2 devstack@placement-api.service[88081]: INFO placement.requestlog [req-d0a779a3-2d9e-43b8-a47f-68132d84e6d3 req-261e9efd-4dc9-4d87-996b-30cea707a395 service placement] 10.222.0.21 "GET /placement/allocations/5d1fcf4c-35a3-4ca5-8433-36249c944663" status: 200 len: 259 microversion: 1.28
Feb 09 14:04:22.573599 n-d-828418-2 devstack@placement-api.service[88081]: [pid: 88081|app: 0|req: 133/269] 10.222.0.21 () {60 vars in 1377 bytes} [Wed Feb 9 14:04:22 2022] GET /placement/allocations/5d1fcf4c-35a3-4ca5-8433-36249c944663 => generated 259 bytes in 21 msecs (HTTP/1.1 200) 8 headers in 296 bytes (1 switches on core 0)
Feb 09 14:04:26.828820 n-d-828418-2 devstack@placement-api.service[88080]: DEBUG placement.requestlog [req-5ac15fa5-5e62-4ff0-aa78-eb3ab954444f req-877d3712-ab30-43bb-8fae-f8980cdfa9a6 None None] Starting request: 10.222.0.48 "GET /placement/allocation_candidates?limit=1000&resources=DISK_GB%3A1%2CMEMORY_MB%3A1024%2CVCPU%3A1&root_required=%21COMPUTE_STATUS_DISABLED" {{(pid=88080) __call__ /opt/stack/placement/placement/requestlog.py:55}}
Feb 09 14:04:26.866260 n-d-828418-2 devstack@placement-api.service[88080]: DEBUG placement.objects.research_context [req-5ac15fa5-5e62-4ff0-aa78-eb3ab954444f req-877d3712-ab30-43bb-8fae-f8980cdfa9a6 service placement] getting providers with 1 DISK_GB {{(pid=88080) __init__ /opt/stack/placement/placement/objects/research_context.py:126}}
Feb 09 14:04:26.876293 n-d-828418-2 devstack@placement-api.service[88080]: DEBUG placement.objects.research_context [req-5ac15fa5-5e62-4ff0-aa78-eb3ab954444f req-877d3712-ab30-43bb-8fae-f8980cdfa9a6 service placement] getting providers with 1024 MEMORY_MB {{(pid=88080) __init__ /opt/stack/placement/placement/objects/research_context.py:126}}
Feb 09 14:04:26.885035 n-d-828418-2 devstack@placement-api.service[88080]: DEBUG placement.objects.research_context [req-5ac15fa5-5e62-4ff0-aa78-eb3ab954444f req-877d3712-ab30-43bb-8fae-f8980cdfa9a6 service placement] getting providers with 1 VCPU {{(pid=88080) __init__ /opt/stack/placement/placement/objects/research_context.py:126}}
Feb 09 14:04:26.891651 n-d-828418-2 devstack@placement-api.service[88080]: DEBUG placement.objects.research_context [req-5ac15fa5-5e62-4ff0-aa78-eb3ab954444f req-877d3712-ab30-43bb-8fae-f8980cdfa9a6 service placement] found 2 providers with available 1 DISK_GB {{(pid=88080) get_provider_ids_matching /opt/stack/placement/placement/objects/research_context.py:549}}
Feb 09 14:04:26.891957 n-d-828418-2 devstack@placement-api.service[88080]: DEBUG placement.objects.research_context [req-5ac15fa5-5e62-4ff0-aa78-eb3ab954444f req-877d3712-ab30-43bb-8fae-f8980cdfa9a6 service placement] found 2 providers with available 1024 MEMORY_MB {{(pid=88080) get_provider_ids_matching /opt/stack/placement/placement/objects/research_context.py:549}}
Feb 09 14:04:26.892226 n-d-828418-2 devstack@placement-api.service[88080]: DEBUG placement.objects.research_context [req-5ac15fa5-5e62-4ff0-aa78-eb3ab954444f req-877d3712-ab30-43bb-8fae-f8980cdfa9a6 service placement] found 2 providers after filtering by previous result {{(pid=88080) get_provider_ids_matching /opt/stack/placement/placement/objects/research_context.py:580}}
Feb 09 14:04:26.892478 n-d-828418-2 devstack@placement-api.service[88080]: DEBUG placement.objects.research_context [req-5ac15fa5-5e62-4ff0-aa78-eb3ab954444f req-877d3712-ab30-43bb-8fae-f8980cdfa9a6 service placement] found 2 providers with available 1 VCPU {{(pid=88080) get_provider_ids_matching /opt/stack/placement/placement/objects/research_context.py:549}}
Feb 09 14:04:26.892733 n-d-828418-2 devstack@placement-api.service[88080]: DEBUG placement.objects.research_context [req-5ac15fa5-5e62-4ff0-aa78-eb3ab954444f req-877d3712-ab30-43bb-8fae-f8980cdfa9a6 service placement] found 2 providers after filtering by previous result {{(pid=88080) get_provider_ids_matching /opt/stack/placement/placement/objects/research_context.py:580}}
Feb 09 14:04:26.905144 n-d-828418-2 devstack@placement-api.service[88080]: DEBUG placement.objects.allocation_candidate [req-5ac15fa5-5e62-4ff0-aa78-eb3ab954444f req-877d3712-ab30-43bb-8fae-f8980cdfa9a6 service placement] RequestGroup(use_same_provider=False, resources={DISK_GB:1, MEMORY_MB:1024, VCPU:1}, traits=[], aggregates=[]) (suffix '') returned 2 matches {{(pid=88080) _get_by_requests /opt/stack/placement/placement/objects/allocation_candidate.py:145}}
Feb 09 14:04:26.905629 n-d-828418-2 devstack@placement-api.service[88080]: DEBUG placement.objects.allocation_candidate [req-5ac15fa5-5e62-4ff0-aa78-eb3ab954444f req-877d3712-ab30-43bb-8fae-f8980cdfa9a6 service placement] Merging candidates yields 2 allocation requests and 2 provider summaries {{(pid=88080) _merge_candidates /opt/stack/placement/placement/objects/allocation_candidate.py:783}}
Feb 09 14:04:26.906842 n-d-828418-2 devstack@placement-api.service[88080]: INFO placement.requestlog [req-5ac15fa5-5e62-4ff0-aa78-eb3ab954444f req-877d3712-ab30-43bb-8fae-f8980cdfa9a6 service placement] 10.222.0.48 "GET /placement/allocation_candidates?limit=1000&resources=DISK_GB%3A1%2CMEMORY_MB%3A1024%2CVCPU%3A1&root_required=%21COMPUTE_STATUS_DISABLED" status: 200 len: 1315 microversion: 1.35
Feb 09 14:04:26.907354 n-d-828418-2 devstack@placement-api.service[88080]: [pid: 88080|app: 0|req: 137/270] 10.222.0.48 () {60 vars in 1506 bytes} [Wed Feb 9 14:04:26 2022] GET /placement/allocation_candidates?limit=1000&resources=DISK_GB%3A1%2CMEMORY_MB%3A1024%2CVCPU%3A1&root_required=%21COMPUTE_STATUS_DISABLED => generated 1315 bytes in 79 msecs (HTTP/1.1 200) 8 headers in 297 bytes (1 switches on core 0)
Feb 09 14:04:26.956213 n-d-828418-2 devstack@placement-api.service[88081]: DEBUG placement.requestlog [req-5ac15fa5-5e62-4ff0-aa78-eb3ab954444f req-cb5e367d-c68e-49e1-808b-e28d97bc657b None None] Starting request: 10.222.0.48 "GET /placement/allocations/aee07a85-3679-4a90-9ec1-96750134b50d" {{(pid=88081) __call__ /opt/stack/placement/placement/requestlog.py:55}}
Feb 09 14:04:26.971657 n-d-828418-2 devstack@placement-api.service[88081]: INFO placement.requestlog [req-5ac15fa5-5e62-4ff0-aa78-eb3ab954444f req-cb5e367d-c68e-49e1-808b-e28d97bc657b service placement] 10.222.0.48 "GET /placement/allocations/aee07a85-3679-4a90-9ec1-96750134b50d" status: 200 len: 19 microversion: 1.28
Feb 09 14:04:26.972846 n-d-828418-2 devstack@placement-api.service[88081]: [pid: 88081|app: 0|req: 134/271] 10.222.0.48 () {60 vars in 1380 bytes} [Wed Feb 9 14:04:26 2022] GET /placement/allocations/aee07a85-3679-4a90-9ec1-96750134b50d => generated 19 bytes in 17 msecs (HTTP/1.1 200) 8 headers in 295 bytes (1 switches on core 0)
Feb 09 14:04:26.978907 n-d-828418-2 devstack@placement-api.service[88080]: DEBUG placement.requestlog [req-5ac15fa5-5e62-4ff0-aa78-eb3ab954444f req-26582e2d-58f3-4f0f-890e-5f0129546645 None None] Starting request: 10.222.0.48 "PUT /placement/allocations/aee07a85-3679-4a90-9ec1-96750134b50d" {{(pid=88080) __call__ /opt/stack/placement/placement/requestlog.py:55}}
Feb 09 14:04:27.045066 n-d-828418-2 devstack@placement-api.service[88080]: DEBUG placement.handlers.allocation [req-5ac15fa5-5e62-4ff0-aa78-eb3ab954444f req-26582e2d-58f3-4f0f-890e-5f0129546645 service placement] Successfully wrote allocations [, , ] {{(pid=88080) _create_allocations /opt/stack/placement/placement/handlers/allocation.py:435}}
Feb 09 14:04:27.045635 n-d-828418-2 devstack@placement-api.service[88080]: INFO placement.requestlog [req-5ac15fa5-5e62-4ff0-aa78-eb3ab954444f req-26582e2d-58f3-4f0f-890e-5f0129546645 service placement] 10.222.0.48 "PUT /placement/allocations/aee07a85-3679-4a90-9ec1-96750134b50d" status: 204 len: 0 microversion: 1.35
Feb 09 14:04:27.046172 n-d-828418-2 devstack@placement-api.service[88080]: [pid: 88080|app: 0|req: 138/272] 10.222.0.48 () {64 vars in 1433 bytes} [Wed Feb 9 14:04:26 2022] PUT /placement/allocations/aee07a85-3679-4a90-9ec1-96750134b50d => generated 0 bytes in 67 msecs (HTTP/1.1 204) 5 headers in 199 bytes (1 switches on core 0)
Feb 09 14:04:27.366282 n-d-828418-2 devstack@placement-api.service[88081]: DEBUG placement.requestlog [req-59ab3370-4b57-4cd9-bfcc-9edad20b3fa2 req-772c14cf-f37b-44c0-a560-d52df6430ef0 None None] Starting request: 10.222.0.48 "GET /placement/allocation_candidates?limit=1000&resources=DISK_GB%3A1%2CMEMORY_MB%3A1024%2CVCPU%3A1&root_required=%21COMPUTE_STATUS_DISABLED" {{(pid=88081) __call__ /opt/stack/placement/placement/requestlog.py:55}}
Feb 09 14:04:27.383967 n-d-828418-2 devstack@placement-api.service[88080]: DEBUG placement.requestlog [req-5ac15fa5-5e62-4ff0-aa78-eb3ab954444f req-281826ad-2bc2-4787-bcfc-0a8e2e2d0d99 None None] Starting request: 10.222.0.35 "GET /placement/allocations/aee07a85-3679-4a90-9ec1-96750134b50d" {{(pid=88080) __call__ /opt/stack/placement/placement/requestlog.py:55}}
Feb 09 14:04:27.397360 n-d-828418-2 devstack@placement-api.service[88081]: DEBUG placement.objects.research_context [req-59ab3370-4b57-4cd9-bfcc-9edad20b3fa2 req-772c14cf-f37b-44c0-a560-d52df6430ef0 service placement] getting providers with 1 DISK_GB {{(pid=88081) __init__ /opt/stack/placement/placement/objects/research_context.py:126}}
Feb 09 14:04:27.400381 n-d-828418-2 devstack@placement-api.service[88080]: INFO placement.requestlog [req-5ac15fa5-5e62-4ff0-aa78-eb3ab954444f req-281826ad-2bc2-4787-bcfc-0a8e2e2d0d99 service placement] 10.222.0.35 "GET /placement/allocations/aee07a85-3679-4a90-9ec1-96750134b50d" status: 200 len: 259 microversion: 1.28
Feb 09 14:04:27.400902 n-d-828418-2 devstack@placement-api.service[88080]: [pid: 88080|app: 0|req: 139/273] 10.222.0.35 () {60 vars in 1377 bytes} [Wed Feb 9 14:04:27 2022] GET /placement/allocations/aee07a85-3679-4a90-9ec1-96750134b50d => generated 259 bytes in 17 msecs (HTTP/1.1 200) 8 headers in 296 bytes (2 switches on core 0)
Feb 09 14:04:27.405348 n-d-828418-2 devstack@placement-api.service[88081]: DEBUG placement.objects.research_context [req-59ab3370-4b57-4cd9-bfcc-9edad20b3fa2 req-772c14cf-f37b-44c0-a560-d52df6430ef0 service placement] getting providers with 1024 MEMORY_MB {{(pid=88081) __init__ /opt/stack/placement/placement/objects/research_context.py:126}}
Feb 09 14:04:27.410895 n-d-828418-2 devstack@placement-api.service[88081]: DEBUG placement.objects.research_context [req-59ab3370-4b57-4cd9-bfcc-9edad20b3fa2 req-772c14cf-f37b-44c0-a560-d52df6430ef0 service placement] getting providers with 1 VCPU {{(pid=88081) __init__ /opt/stack/placement/placement/objects/research_context.py:126}}
Feb 09 14:04:27.418090 n-d-828418-2 devstack@placement-api.service[88081]: DEBUG placement.objects.research_context [req-59ab3370-4b57-4cd9-bfcc-9edad20b3fa2 req-772c14cf-f37b-44c0-a560-d52df6430ef0 service placement] found 2 providers with available 1 DISK_GB {{(pid=88081) get_provider_ids_matching /opt/stack/placement/placement/objects/research_context.py:549}}
Feb 09 14:04:27.418489 n-d-828418-2 devstack@placement-api.service[88081]: DEBUG placement.objects.research_context [req-59ab3370-4b57-4cd9-bfcc-9edad20b3fa2 req-772c14cf-f37b-44c0-a560-d52df6430ef0 service placement] found 2 providers with available 1024 MEMORY_MB {{(pid=88081) get_provider_ids_matching /opt/stack/placement/placement/objects/research_context.py:549}}
Feb 09 14:04:27.418998 n-d-828418-2 devstack@placement-api.service[88081]: DEBUG placement.objects.research_context [req-59ab3370-4b57-4cd9-bfcc-9edad20b3fa2 req-772c14cf-f37b-44c0-a560-d52df6430ef0 service placement] found 2 providers after filtering by previous result {{(pid=88081) get_provider_ids_matching /opt/stack/placement/placement/objects/research_context.py:580}}
Feb 09 14:04:27.419378 n-d-828418-2 devstack@placement-api.service[88081]: DEBUG placement.objects.research_context [req-59ab3370-4b57-4cd9-bfcc-9edad20b3fa2 req-772c14cf-f37b-44c0-a560-d52df6430ef0 service placement] found 2 providers with available 1 VCPU {{(pid=88081) get_provider_ids_matching /opt/stack/placement/placement/objects/research_context.py:549}}
Feb 09 14:04:27.419741 n-d-828418-2 devstack@placement-api.service[88081]: DEBUG placement.objects.research_context [req-59ab3370-4b57-4cd9-bfcc-9edad20b3fa2 req-772c14cf-f37b-44c0-a560-d52df6430ef0 service placement] found 2 providers after filtering by previous result {{(pid=88081) get_provider_ids_matching /opt/stack/placement/placement/objects/research_context.py:580}}
Feb 09 14:04:27.431916 n-d-828418-2 devstack@placement-api.service[88081]: DEBUG placement.objects.allocation_candidate [req-59ab3370-4b57-4cd9-bfcc-9edad20b3fa2 req-772c14cf-f37b-44c0-a560-d52df6430ef0 service placement] RequestGroup(use_same_provider=False, resources={DISK_GB:1, MEMORY_MB:1024, VCPU:1}, traits=[], aggregates=[]) (suffix '') returned 2 matches {{(pid=88081) _get_by_requests /opt/stack/placement/placement/objects/allocation_candidate.py:145}}
Feb 09 14:04:27.432640 n-d-828418-2 devstack@placement-api.service[88081]: DEBUG placement.objects.allocation_candidate [req-59ab3370-4b57-4cd9-bfcc-9edad20b3fa2 req-772c14cf-f37b-44c0-a560-d52df6430ef0 service placement] Merging candidates yields 2 allocation requests and 2 provider summaries {{(pid=88081) _merge_candidates /opt/stack/placement/placement/objects/allocation_candidate.py:783}}
Feb 09 14:04:27.434408 n-d-828418-2 devstack@placement-api.service[88081]: INFO placement.requestlog [req-59ab3370-4b57-4cd9-bfcc-9edad20b3fa2 req-772c14cf-f37b-44c0-a560-d52df6430ef0 service placement] 10.222.0.48 "GET /placement/allocation_candidates?limit=1000&resources=DISK_GB%3A1%2CMEMORY_MB%3A1024%2CVCPU%3A1&root_required=%21COMPUTE_STATUS_DISABLED" status: 200 len: 1315 microversion: 1.35
Feb 09 14:04:27.437779 n-d-828418-2 devstack@placement-api.service[88081]: [pid: 88081|app: 0|req: 135/274] 10.222.0.48 () {60 vars in 1506 bytes} [Wed Feb 9 14:04:27 2022] GET /placement/allocation_candidates?limit=1000&resources=DISK_GB%3A1%2CMEMORY_MB%3A1024%2CVCPU%3A1&root_required=%21COMPUTE_STATUS_DISABLED => generated 1315 bytes in 72 msecs (HTTP/1.1 200) 8 headers in 297 bytes (1 switches on core 0)
Feb 09 14:04:27.492168 n-d-828418-2 devstack@placement-api.service[88080]: DEBUG placement.requestlog [req-59ab3370-4b57-4cd9-bfcc-9edad20b3fa2 req-07550cbf-5926-4acd-ba31-1a026fb6de69 None None] Starting request: 10.222.0.48 "GET /placement/allocations/46919d0c-76c8-4943-a574-007ed38af2ce" {{(pid=88080) __call__ /opt/stack/placement/placement/requestlog.py:55}}
Feb 09 14:04:27.505296 n-d-828418-2 devstack@placement-api.service[88080]: INFO placement.requestlog [req-59ab3370-4b57-4cd9-bfcc-9edad20b3fa2 req-07550cbf-5926-4acd-ba31-1a026fb6de69 service placement] 10.222.0.48 "GET /placement/allocations/46919d0c-76c8-4943-a574-007ed38af2ce" status: 200 len: 19 microversion: 1.28
Feb 09 14:04:27.505929 n-d-828418-2 devstack@placement-api.service[88080]: [pid: 88080|app: 0|req: 140/275] 10.222.0.48 () {60 vars in 1380 bytes} [Wed Feb 9 14:04:27 2022] GET /placement/allocations/46919d0c-76c8-4943-a574-007ed38af2ce => generated 19 bytes in 14 msecs (HTTP/1.1 200) 8 headers in 295 bytes (1 switches on core 0)
Feb 09 14:04:27.512288 n-d-828418-2 devstack@placement-api.service[88081]: DEBUG placement.requestlog [req-59ab3370-4b57-4cd9-bfcc-9edad20b3fa2 req-1c1f2e62-ee6c-40a0-af69-17bef1a178a6 None None] Starting request: 10.222.0.48 "PUT /placement/allocations/46919d0c-76c8-4943-a574-007ed38af2ce" {{(pid=88081) __call__ /opt/stack/placement/placement/requestlog.py:55}}
Feb 09 14:04:27.587487 n-d-828418-2 devstack@placement-api.service[88081]: DEBUG placement.handlers.allocation [req-59ab3370-4b57-4cd9-bfcc-9edad20b3fa2 req-1c1f2e62-ee6c-40a0-af69-17bef1a178a6 service placement] Successfully wrote allocations [, , ] {{(pid=88081) _create_allocations /opt/stack/placement/placement/handlers/allocation.py:435}}
Feb 09 14:04:27.588277 n-d-828418-2 devstack@placement-api.service[88081]: INFO placement.requestlog [req-59ab3370-4b57-4cd9-bfcc-9edad20b3fa2 req-1c1f2e62-ee6c-40a0-af69-17bef1a178a6 service placement] 10.222.0.48 "PUT /placement/allocations/46919d0c-76c8-4943-a574-007ed38af2ce" status: 204 len: 0 microversion: 1.35
Feb 09 14:04:27.588528 n-d-828418-2 devstack@placement-api.service[88081]: [pid: 88081|app: 0|req: 136/276] 10.222.0.48 () {64 vars in 1433 bytes} [Wed Feb 9 14:04:27 2022] PUT /placement/allocations/46919d0c-76c8-4943-a574-007ed38af2ce => generated 0 bytes in 77 msecs (HTTP/1.1 204) 5 headers in 199 bytes (2 switches on core 0)
Feb 09 14:04:27.936736 n-d-828418-2 devstack@placement-api.service[88080]: DEBUG placement.requestlog [req-59ab3370-4b57-4cd9-bfcc-9edad20b3fa2 req-db278eaf-f2ac-4ab3-b0df-767efc391c73 None None] Starting request: 10.222.0.35 "GET /placement/allocations/46919d0c-76c8-4943-a574-007ed38af2ce" {{(pid=88080) __call__ /opt/stack/placement/placement/requestlog.py:55}}
Feb 09 14:04:27.952075 n-d-828418-2 devstack@placement-api.service[88080]: INFO placement.requestlog [req-59ab3370-4b57-4cd9-bfcc-9edad20b3fa2 req-db278eaf-f2ac-4ab3-b0df-767efc391c73 service placement] 10.222.0.35 "GET /placement/allocations/46919d0c-76c8-4943-a574-007ed38af2ce" status: 200 len: 259 microversion: 1.28
Feb 09 14:04:27.952369 n-d-828418-2 devstack@placement-api.service[88080]: [pid: 88080|app: 0|req: 141/277] 10.222.0.35 () {60 vars in 1377 bytes} [Wed Feb 9 14:04:27 2022] GET /placement/allocations/46919d0c-76c8-4943-a574-007ed38af2ce => generated 259 bytes in 16 msecs (HTTP/1.1 200) 8 headers in 296 bytes (1 switches on core 0)
Feb 09 14:05:03.578391 n-d-828418-2 devstack@placement-api.service[88081]: DEBUG placement.requestlog [None req-b987e9bc-3f8c-421d-a35e-072d39d3bda3 None None] Starting request: 10.222.0.48 "GET /placement/" {{(pid=88081) __call__ /opt/stack/placement/placement/requestlog.py:55}}
Feb 09 14:05:03.579401 n-d-828418-2 devstack@placement-api.service[88081]: INFO placement.requestlog [None req-b987e9bc-3f8c-421d-a35e-072d39d3bda3 None None] 10.222.0.48 "GET /placement/" status: 200 len: 136 microversion: 1.0
Feb 09 14:05:03.579579 n-d-828418-2 devstack@placement-api.service[88081]: [pid: 88081|app: 0|req: 137/278] 10.222.0.48 () {54 vars in 916 bytes} [Wed Feb 9 14:05:03 2022] GET /placement => generated 136 bytes in 1 msecs (HTTP/1.1 200) 6 headers in 224 bytes (1 switches on core 0)
Feb 09 14:05:03.594762 n-d-828418-2 devstack@placement-api.service[88080]: DEBUG placement.requestlog [req-b2b1260f-60a3-47f4-b8c0-a47f182deefa req-30d9d429-4122-4e65-bda0-13fecd4a08d8 None None] Starting request: 10.222.0.48 "GET /placement/allocations/4f38106e-b3b9-4570-a279-dbdac4781fda" {{(pid=88080) __call__ /opt/stack/placement/placement/requestlog.py:55}}
Feb 09 14:05:03.684882 n-d-828418-2 devstack@placement-api.service[88080]: INFO placement.requestlog [req-b2b1260f-60a3-47f4-b8c0-a47f182deefa req-30d9d429-4122-4e65-bda0-13fecd4a08d8 service placement] 10.222.0.48 "GET /placement/allocations/4f38106e-b3b9-4570-a279-dbdac4781fda" status: 200 len: 259 microversion: 1.28
Feb 09 14:05:03.685930 n-d-828418-2 devstack@placement-api.service[88080]: [pid: 88080|app: 0|req: 142/279] 10.222.0.48 () {60 vars in 1380 bytes} [Wed Feb 9 14:05:03 2022] GET /placement/allocations/4f38106e-b3b9-4570-a279-dbdac4781fda => generated 259 bytes in 91 msecs (HTTP/1.1 200) 8 headers in 296 bytes (1 switches on core 0)
Feb 09 14:05:03.693827 n-d-828418-2 devstack@placement-api.service[88081]: DEBUG placement.requestlog [req-b2b1260f-60a3-47f4-b8c0-a47f182deefa req-ec58f299-c7e2-4f91-870c-03442f7e5fb9 None None] Starting request: 10.222.0.48 "GET /placement/allocations/4f38106e-b3b9-4570-a279-dbdac4781fda" {{(pid=88081) __call__ /opt/stack/placement/placement/requestlog.py:55}}
Feb 09 14:05:03.722646 n-d-828418-2 devstack@placement-api.service[88081]: INFO placement.requestlog [req-b2b1260f-60a3-47f4-b8c0-a47f182deefa req-ec58f299-c7e2-4f91-870c-03442f7e5fb9 service placement] 10.222.0.48 "GET /placement/allocations/4f38106e-b3b9-4570-a279-dbdac4781fda" status: 200 len: 259 microversion: 1.28
Feb 09 14:05:03.723683 n-d-828418-2 devstack@placement-api.service[88081]: [pid: 88081|app: 0|req: 138/280] 10.222.0.48 () {60 vars in 1380 bytes} [Wed Feb 9 14:05:03 2022] GET /placement/allocations/4f38106e-b3b9-4570-a279-dbdac4781fda => generated 259 bytes in 30 msecs (HTTP/1.1 200) 8 headers in 296 bytes (1 switches on core 0)
Feb 09 14:05:03.731641 n-d-828418-2 devstack@placement-api.service[88080]: DEBUG placement.requestlog [req-b2b1260f-60a3-47f4-b8c0-a47f182deefa req-c5b8385f-913f-4ad2-97c8-ab117243870e None None] Starting request: 10.222.0.48 "GET /placement/allocations/bca824fe-b644-4661-aba5-582fca7efc0b" {{(pid=88080) __call__ /opt/stack/placement/placement/requestlog.py:55}}
Feb 09 14:05:03.751251 n-d-828418-2 devstack@placement-api.service[88080]: INFO placement.requestlog [req-b2b1260f-60a3-47f4-b8c0-a47f182deefa req-c5b8385f-913f-4ad2-97c8-ab117243870e service placement] 10.222.0.48 "GET /placement/allocations/bca824fe-b644-4661-aba5-582fca7efc0b" status: 200 len: 19 microversion: 1.28
Feb 09 14:05:03.761045 n-d-828418-2 devstack@placement-api.service[88080]: [pid: 88080|app: 0|req: 143/281] 10.222.0.48 () {60 vars in 1380 bytes} [Wed Feb 9 14:05:03 2022] GET /placement/allocations/bca824fe-b644-4661-aba5-582fca7efc0b => generated 19 bytes in 30 msecs (HTTP/1.1 200) 8 headers in 295 bytes (1 switches on core 0)
Feb 09 14:05:03.761340 n-d-828418-2 devstack@placement-api.service[88081]: DEBUG placement.requestlog [req-b2b1260f-60a3-47f4-b8c0-a47f182deefa req-e2500689-7574-49c3-bacf-36ef06a707fd None None] Starting request: 10.222.0.48 "POST /placement/allocations" {{(pid=88081) __call__ /opt/stack/placement/placement/requestlog.py:55}}
Feb 09 14:05:03.917349 n-d-828418-2 devstack@placement-api.service[88081]: DEBUG placement.handlers.allocation [req-b2b1260f-60a3-47f4-b8c0-a47f182deefa req-e2500689-7574-49c3-bacf-36ef06a707fd service placement] Successfully wrote allocations [, , , , , ] {{(pid=88081) _create_allocations /opt/stack/placement/placement/handlers/allocation.py:524}}
Feb 09 14:05:03.918439 n-d-828418-2 devstack@placement-api.service[88081]: INFO placement.requestlog [req-b2b1260f-60a3-47f4-b8c0-a47f182deefa req-e2500689-7574-49c3-bacf-36ef06a707fd service placement] 10.222.0.48 "POST /placement/allocations" status: 204 len: 0 microversion: 1.28
Feb 09 14:05:03.918842 n-d-828418-2 devstack@placement-api.service[88081]: [pid: 88081|app: 0|req: 139/282] 10.222.0.48 () {64 vars in 1323 bytes} [Wed Feb 9 14:05:03 2022] POST /placement/allocations => generated 0 bytes in 158 msecs (HTTP/1.1 204) 5 headers in 199 bytes (1 switches on core 0)
Feb 09 14:05:03.950513 n-d-828418-2 devstack@placement-api.service[88080]: DEBUG placement.requestlog [req-b2b1260f-60a3-47f4-b8c0-a47f182deefa req-3afe86db-369c-4a29-978d-b75084599f59 None None] Starting request: 10.222.0.48 "GET /placement/allocation_candidates?limit=1000&resources=DISK_GB%3A1%2CMEMORY_MB%3A512%2CVCPU%3A1&root_required=%21COMPUTE_STATUS_DISABLED" {{(pid=88080) __call__ /opt/stack/placement/placement/requestlog.py:55}}
Feb 09 14:05:04.012225 n-d-828418-2 devstack@placement-api.service[88080]: DEBUG placement.objects.research_context [req-b2b1260f-60a3-47f4-b8c0-a47f182deefa req-3afe86db-369c-4a29-978d-b75084599f59 service placement] getting providers with 1 DISK_GB {{(pid=88080) __init__ /opt/stack/placement/placement/objects/research_context.py:126}}
Feb 09 14:05:04.026903 n-d-828418-2 devstack@placement-api.service[88080]: DEBUG placement.objects.research_context [req-b2b1260f-60a3-47f4-b8c0-a47f182deefa req-3afe86db-369c-4a29-978d-b75084599f59 service placement] getting providers with 512 MEMORY_MB {{(pid=88080) __init__ /opt/stack/placement/placement/objects/research_context.py:126}}
Feb 09 14:05:04.042643 n-d-828418-2 devstack@placement-api.service[88080]: DEBUG placement.objects.research_context [req-b2b1260f-60a3-47f4-b8c0-a47f182deefa req-3afe86db-369c-4a29-978d-b75084599f59 service placement] getting providers with 1 VCPU {{(pid=88080) __init__ /opt/stack/placement/placement/objects/research_context.py:126}}
Feb 09 14:05:04.054323 n-d-828418-2 devstack@placement-api.service[88080]: DEBUG placement.objects.research_context [req-b2b1260f-60a3-47f4-b8c0-a47f182deefa req-3afe86db-369c-4a29-978d-b75084599f59 service placement] found 2 providers with available 1 DISK_GB {{(pid=88080) get_provider_ids_matching /opt/stack/placement/placement/objects/research_context.py:549}}
Feb 09 14:05:04.054709 n-d-828418-2 devstack@placement-api.service[88080]: DEBUG placement.objects.research_context [req-b2b1260f-60a3-47f4-b8c0-a47f182deefa req-3afe86db-369c-4a29-978d-b75084599f59 service placement] found 2 providers with available 512 MEMORY_MB {{(pid=88080) get_provider_ids_matching /opt/stack/placement/placement/objects/research_context.py:549}}
Feb 09 14:05:04.055090 n-d-828418-2 devstack@placement-api.service[88080]: DEBUG placement.objects.research_context [req-b2b1260f-60a3-47f4-b8c0-a47f182deefa req-3afe86db-369c-4a29-978d-b75084599f59 service placement] found 2 providers after filtering by previous result {{(pid=88080) get_provider_ids_matching /opt/stack/placement/placement/objects/research_context.py:580}}
Feb 09 14:05:04.055424 n-d-828418-2 devstack@placement-api.service[88080]: DEBUG placement.objects.research_context [req-b2b1260f-60a3-47f4-b8c0-a47f182deefa req-3afe86db-369c-4a29-978d-b75084599f59 service placement] found 2 providers with available 1 VCPU {{(pid=88080) get_provider_ids_matching /opt/stack/placement/placement/objects/research_context.py:549}}
Feb 09 14:05:04.055799 n-d-828418-2 devstack@placement-api.service[88080]: DEBUG placement.objects.research_context [req-b2b1260f-60a3-47f4-b8c0-a47f182deefa req-3afe86db-369c-4a29-978d-b75084599f59 service placement] found 2 providers after filtering by previous result {{(pid=88080) get_provider_ids_matching /opt/stack/placement/placement/objects/research_context.py:580}}
Feb 09 14:05:04.076037 n-d-828418-2 devstack@placement-api.service[88080]: DEBUG placement.objects.allocation_candidate [req-b2b1260f-60a3-47f4-b8c0-a47f182deefa req-3afe86db-369c-4a29-978d-b75084599f59 service placement] RequestGroup(use_same_provider=False, resources={DISK_GB:1, MEMORY_MB:512, VCPU:1}, traits=[], aggregates=[]) (suffix '') returned 2 matches {{(pid=88080) _get_by_requests /opt/stack/placement/placement/objects/allocation_candidate.py:145}}
Feb 09 14:05:04.076535 n-d-828418-2 devstack@placement-api.service[88080]: DEBUG placement.objects.allocation_candidate [req-b2b1260f-60a3-47f4-b8c0-a47f182deefa req-3afe86db-369c-4a29-978d-b75084599f59 service placement] Merging candidates yields 2 allocation requests and 2 provider summaries {{(pid=88080) _merge_candidates /opt/stack/placement/placement/objects/allocation_candidate.py:783}}
Feb 09 14:05:04.078411 n-d-828418-2 devstack@placement-api.service[88080]: INFO placement.requestlog [req-b2b1260f-60a3-47f4-b8c0-a47f182deefa req-3afe86db-369c-4a29-978d-b75084599f59 service placement] 10.222.0.48 "GET /placement/allocation_candidates?limit=1000&resources=DISK_GB%3A1%2CMEMORY_MB%3A512%2CVCPU%3A1&root_required=%21COMPUTE_STATUS_DISABLED" status: 200 len: 1313 microversion: 1.35
Feb 09 14:05:04.082809 n-d-828418-2 devstack@placement-api.service[88080]: [pid: 88080|app: 0|req: 144/283] 10.222.0.48 () {60 vars in 1504 bytes} [Wed Feb 9 14:05:03 2022] GET /placement/allocation_candidates?limit=1000&resources=DISK_GB%3A1%2CMEMORY_MB%3A512%2CVCPU%3A1&root_required=%21COMPUTE_STATUS_DISABLED => generated 1313 bytes in 133 msecs (HTTP/1.1 200) 8 headers in 297 bytes (1 switches on core 0)
Feb 09 14:05:04.171563 n-d-828418-2 devstack@placement-api.service[88081]: DEBUG placement.requestlog [req-b2b1260f-60a3-47f4-b8c0-a47f182deefa req-05d1c159-513f-41ff-a8da-a47e5f0a92cd None None] Starting request: 10.222.0.48 "GET /placement/allocations/4f38106e-b3b9-4570-a279-dbdac4781fda" {{(pid=88081) __call__ /opt/stack/placement/placement/requestlog.py:55}}
Feb 09 14:05:04.188723 n-d-828418-2 devstack@placement-api.service[88081]: INFO placement.requestlog [req-b2b1260f-60a3-47f4-b8c0-a47f182deefa req-05d1c159-513f-41ff-a8da-a47e5f0a92cd service placement] 10.222.0.48 "GET /placement/allocations/4f38106e-b3b9-4570-a279-dbdac4781fda" status: 200 len: 19 microversion: 1.28
Feb 09 14:05:04.189743 n-d-828418-2 devstack@placement-api.service[88081]: [pid: 88081|app: 0|req: 140/284] 10.222.0.48 () {60 vars in 1380 bytes} [Wed Feb 9 14:05:04 2022] GET /placement/allocations/4f38106e-b3b9-4570-a279-dbdac4781fda => generated 19 bytes in 18 msecs (HTTP/1.1 200) 8 headers in 295 bytes (1 switches on core 0)
Feb 09 14:05:04.199182 n-d-828418-2 devstack@placement-api.service[88080]: DEBUG placement.requestlog [req-b2b1260f-60a3-47f4-b8c0-a47f182deefa req-0700b081-d5d3-420e-8a24-36accb52d15c None None] Starting request: 10.222.0.48 "PUT /placement/allocations/4f38106e-b3b9-4570-a279-dbdac4781fda" {{(pid=88080) __call__ /opt/stack/placement/placement/requestlog.py:55}}
Feb 09 14:05:04.268790 n-d-828418-2 devstack@placement-api.service[88080]: DEBUG placement.handlers.allocation [req-b2b1260f-60a3-47f4-b8c0-a47f182deefa req-0700b081-d5d3-420e-8a24-36accb52d15c service placement] Successfully wrote allocations [, , ] {{(pid=88080) _create_allocations /opt/stack/placement/placement/handlers/allocation.py:435}}
Feb 09 14:05:04.270029 n-d-828418-2 devstack@placement-api.service[88080]: INFO placement.requestlog [req-b2b1260f-60a3-47f4-b8c0-a47f182deefa req-0700b081-d5d3-420e-8a24-36accb52d15c service placement] 10.222.0.48 "PUT /placement/allocations/4f38106e-b3b9-4570-a279-dbdac4781fda" status: 204 len: 0 microversion: 1.35
Feb 09 14:05:04.271306 n-d-828418-2 devstack@placement-api.service[88080]: [pid: 88080|app: 0|req: 145/285] 10.222.0.48 () {64 vars in 1433 bytes} [Wed Feb 9 14:05:04 2022] PUT /placement/allocations/4f38106e-b3b9-4570-a279-dbdac4781fda => generated 0 bytes in 72 msecs (HTTP/1.1 204) 5 headers in 199 bytes (1 switches on core 0)
Feb 09 14:05:04.555367 n-d-828418-2 devstack@placement-api.service[88081]: DEBUG placement.requestlog [req-b2b1260f-60a3-47f4-b8c0-a47f182deefa req-b19df080-c58f-4f3d-ba43-3ea04071036f None None] Starting request: 10.222.0.21 "GET /placement/allocations/4f38106e-b3b9-4570-a279-dbdac4781fda" {{(pid=88081) __call__ /opt/stack/placement/placement/requestlog.py:55}}
Feb 09 14:05:04.591302 n-d-828418-2 devstack@placement-api.service[88081]: INFO placement.requestlog [req-b2b1260f-60a3-47f4-b8c0-a47f182deefa req-b19df080-c58f-4f3d-ba43-3ea04071036f service placement] 10.222.0.21 "GET /placement/allocations/4f38106e-b3b9-4570-a279-dbdac4781fda" status: 200 len: 258 microversion: 1.28
