Feb 09 13:49:50.417690 n-d-828418-2 devstack@placement-api.service[88080]: DEBUG oslo_db.api [-] DB error: (pymysql.err.OperationalError) (1213, 'Deadlock found when trying to get lock; try restarting transaction')
Feb 09 13:49:50.417690 n-d-828418-2 devstack@placement-api.service[88080]: [SQL: INSERT INTO traits (created_at, name) VALUES (%(created_at)s, %(name)s)]
Feb 09 13:49:50.417690 n-d-828418-2 devstack@placement-api.service[88080]: [parameters: ({'created_at': datetime.datetime(2022, 2, 9, 13, 49, 50, 402751), 'name': 'HW_CPU_X86_TBM'}, {'created_at': datetime.datetime(2022, 2, 9, 13, 49, 50, 402759), 'name': 'HW_CPU_X86_3DNOW'}, {'created_at': datetime.datetime(2022, 2, 9, 13, 49, 50, 402763), 'name': 'COMPUTE_EPHEMERAL_ENCRYPTION_LUKS'}, {'created_at': datetime.datetime(2022, 2, 9, 13, 49, 50, 402767), 'name': 'HW_GPU_API_OPENCL_V2_2'}, {'created_at': datetime.datetime(2022, 2, 9, 13, 49, 50, 402770), 'name': 'HW_GPU_CUDA_COMPUTE_CAPABILITY_V7_1'}, {'created_at': datetime.datetime(2022, 2, 9, 13, 49, 50, 402773), 'name': 'HW_GPU_CUDA_COMPUTE_CAPABILITY_V3_0'}, {'created_at': datetime.datetime(2022, 2, 9, 13, 49, 50, 402777), 'name': 'HW_CPU_X86_SGX'}, {'created_at': datetime.datetime(2022, 2, 9, 13, 49, 50, 402780), 'name': 'HW_NIC_OFFLOAD_UFO'} ... displaying 10 of 291 total bound parameter sets ... {'created_at': datetime.datetime(2022, 2, 9, 13, 49, 50, 403710), 'name': 'HW_NIC_OFFLOAD_QINQ'}, {'created_at': datetime.datetime(2022, 2, 9, 13, 49, 50, 403713), 'name': 'HW_NIC_OFFLOAD_LSO'})]
Feb 09 13:49:50.417690 n-d-828418-2 devstack@placement-api.service[88080]: (Background on this error at: http://sqlalche.me/e/13/e3q8) {{(pid=88080) _is_exception_expected /usr/local/lib/python3.8/dist-packages/oslo_db/api.py:184}}
Feb 09 13:49:50.418090 n-d-828418-2 devstack@placement-api.service[88080]: DEBUG oslo_db.api [-] Performing DB retry for function placement.objects.trait._trait_sync {{(pid=88080) wrapper /usr/local/lib/python3.8/dist-packages/oslo_db/api.py:155}}
Feb 09 13:49:50.425739 n-d-828418-2 devstack@placement-api.service[88081]: DEBUG placement.objects.trait [-] Synced traits from os_traits into API DB: {'HW_CPU_X86_TBM', 'HW_CPU_X86_3DNOW', 'COMPUTE_EPHEMERAL_ENCRYPTION_LUKS', 'HW_GPU_API_OPENCL_V2_2', 'HW_GPU_CUDA_COMPUTE_CAPABILITY_V7_1', 'HW_GPU_CUDA_COMPUTE_CAPABILITY_V3_0', 'HW_CPU_X86_SGX', 'HW_NIC_OFFLOAD_UFO', 'COMPUTE_NET_ATTACH_INTERFACE', 'HW_GPU_RESOLUTION_W7680H4320', 'COMPUTE_IMAGE_TYPE_PLOOP', 'HW_GPU_RESOLUTION_W1024H768', 'HW_GPU_API_OPENGL_V2_1', 'HW_NIC_OFFLOAD_RX', 'STORAGE_DISK_HDD', 'HW_CPU_X86_VMX', 'HW_GPU_API_OPENCL_V2_0', 'COMPUTE_NET_VIF_MODEL_NETFRONT', 'HW_CPU_X86_SSE42', 'HW_CPU_X86_AVX512VBMI', 'HW_GPU_API_DIRECT3D_V11_1', 'HW_NIC_DCB_QCN', 'COMPUTE_EPHEMERAL_ENCRYPTION', 'COMPUTE_STORAGE_BUS_LXC', 'HW_GPU_RESOLUTION_W1920H1080', 'HW_GPU_RESOLUTION_W1920H1200', 'HW_GPU_CUDA_SDK_V7_5', 'HW_GPU_CUDA_COMPUTE_CAPABILITY_V1_2', 'HW_NIC_ACCEL_RSA', 'HW_NIC_OFFLOAD_RXHASH', 'HW_GPU_API_DIRECTX_V10', 'HW_NIC_DCB_PFC', 'HW_CPU_X86_AVX', 'COMPUTE_IMAGE_TYPE_AMI', 'HW_GPU_API_DXVA', 'HW_CPU_AARCH64_ASIMDHP', 'HW_CPU_X86_CLMUL', 'COMPUTE_NET_VIF_MODEL_E1000E', 'HW_CPU_X86_INTEL_PCID', 'HW_GPU_MAX_DISPLAY_HEADS_6', 'HW_CPU_X86_SSE4A', 'HW_GPU_CUDA_COMPUTE_CAPABILITY_V7_0', 'HW_NIC_SRIOV_MULTIQUEUE', 'HW_CPU_X86_AVX512DQ', 'HW_CPU_AARCH64_FP', 'HW_GPU_CUDA_COMPUTE_CAPABILITY_V3_2', 'HW_CPU_X86_AVX512PF', 'COMPUTE_NET_VIF_MODEL_SRIOV', 'HW_CPU_X86_AVX512VBMI2', 'COMPUTE_IMAGE_TYPE_QCOW2', 'HW_NIC_OFFLOAD_FDF', 'HW_GPU_CUDA_COMPUTE_CAPABILITY_V3_7', 'STORAGE_DISK_SSD', 'COMPUTE_NET_VIF_MODEL_VMXNET3', 'HW_GPU_API_VULKAN', 'HW_NIC_OFFLOAD_L2CRC', 'HW_CPU_X86_SSE2', 'HW_GPU_CUDA_COMPUTE_CAPABILITY_V6_0', 'HW_GPU_RESOLUTION_W1152H864', 'COMPUTE_STORAGE_BUS_USB', 'HW_NIC_OFFLOAD_SG', 'COMPUTE_IMAGE_TYPE_RAW', 'HW_GPU_RESOLUTION_W800H600', 'HW_CPU_X86_SHA', 'HW_CPU_X86_SVM', 'HW_GPU_RESOLUTION_W1280H800', 'HW_NIC_SRIOV_QOS_RX', 'HW_GPU_RESOLUTION_W1024H600', 'HW_CPU_X86_AMD_SEV', 'HW_GPU_MAX_DISPLAY_HEADS_2', 'HW_CPU_X86_INTEL_MD_CLEAR', 'HW_GPU_CUDA_COMPUTE_CAPABILITY_V1_0', 'COMPUTE_RESCUE_BFV', 'HW_GPU_API_OPENGL_V3_3', 'HW_CPU_HYPERTHREADING', 'HW_CPU_X86_AVX512VNNI', 'HW_GPU_API_OPENGL_V3_0', 'HW_GPU_RESOLUTION_W1600H900', 'COMPUTE_EPHEMERAL_ENCRYPTION_PLAIN', 'COMPUTE_NODE', 'COMPUTE_IMAGE_TYPE_AKI', 'HW_CPU_AARCH64_LRCPC', 'HW_GPU_CUDA_COMPUTE_CAPABILITY_V5_0', 'MISC_SHARES_VIA_AGGREGATE', 'HW_GPU_API_DIRECTX_V11', 'HW_GPU_API_OPENGL_V4_5', 'HW_CPU_PPC64LE_POWER9', 'HW_NUMA_ROOT', 'HW_CPU_AARCH64_FCMA', 'HW_NIC_OFFLOAD_TCS', 'COMPUTE_STATUS_DISABLED', 'HW_CPU_X86_AMD_SSBD', 'COMPUTE_GRAPHICS_MODEL_VMVGA', 'HW_NIC_ACCEL_SSL', 'HW_GPU_RESOLUTION_W2560H1440', 'HW_NIC_VMDQ', 'HW_CPU_AARCH64_SHA3', 'COMPUTE_STORAGE_BUS_UML', 'HW_NIC_OFFLOAD_TXVLAN', 'COMPUTE_STORAGE_BUS_FDC', 'COMPUTE_STORAGE_BUS_XEN', 'HW_CPU_X86_AVX512GFNI', 'HW_GPU_CUDA_COMPUTE_CAPABILITY_V5_2', 'HW_GPU_API_DIRECT3D_V9_0C', 'HW_CPU_X86_AVX512VPCLMULQDQ', 'HW_NIC_ACCEL_IPSEC', 'COMPUTE_NET_ATTACH_INTERFACE_WITH_TAG', 'HW_GPU_API_DIRECT3D_V9_0', 'HW_CPU_AARCH64_FPHP', 'COMPUTE_NET_VIF_MODEL_VIRTIO', 'COMPUTE_SECURITY_TPM_1_2', 'HW_GPU_API_DIRECT3D_V9_0B', 'HW_GPU_CUDA_SDK_V8_0', 'COMPUTE_ACCELERATORS', 'COMPUTE_VOLUME_ATTACH_WITH_TAG', 'HW_GPU_RESOLUTION_W1366H768', 'COMPUTE_DEVICE_TAGGING', 'HW_GPU_API_DIRECT3D_V10_1', 'HW_CPU_X86_AVX512IFMA', 'HW_CPU_X86_SSE', 'HW_CPU_X86_AMD_VIRT_SSBD', 'HW_GPU_API_DIRECT3D_V6_0', 'HW_GPU_CUDA_COMPUTE_CAPABILITY_V1_3', 'HW_CPU_X86_FMA3', 'COMPUTE_IMAGE_TYPE_VMDK', 'HW_CPU_X86_BMI2', 'HW_NIC_OFFLOAD_GRE', 'COMPUTE_STORAGE_BUS_SATA', 'HW_GPU_RESOLUTION_W2560H1600', 'HW_GPU_API_OPENGL_V1_5', 'HW_GPU_API_OPENCL_V1_2', 'HW_GPU_API_OPENGL_V4_4', 'HW_GPU_CUDA_SDK_V10_0', 'HW_GPU_API_OPENGL_V4_2', 'COMPUTE_NET_VIF_MODEL_VMXNET', 'HW_CPU_AARCH64_ASIMDDP', 'HW_NIC_ACCEL_DIFFIEH', 'HW_GPU_MAX_DISPLAY_HEADS_8', 'HW_GPU_CUDA_COMPUTE_CAPABILITY_V1_1', 'HW_CPU_X86_AVX512BW', 'HW_GPU_API_OPENGL_V1_3', 'HW_CPU_AARCH64_PMULL', 'HW_CPU_X86_INTEL_SSBD', 'HW_NIC_OFFLOAD_SWITCHDEV', 'COMPUTE_GRAPHICS_MODEL_GOP', 'HW_GPU_API_OPENGL_V1_4', 'HW_CPU_AARCH64_SM3', 'HW_CPU_AARCH64_AES', 'HW_NIC_OFFLOAD_UCS', 'COMPUTE_SAME_HOST_COLD_MIGRATE', 'HW_GPU_MAX_DISPLAY_HEADS_1', 'COMPUTE_STORAGE_BUS_VIRTIO', 'COMPUTE_IMAGE_TYPE_ARI', 'HW_GPU_CUDA_COMPUTE_CAPABILITY_V3_5', 'COMPUTE_IMAGE_TYPE_VHD', 'HW_NIC_OFFLOAD_RXVLAN', 'COMPUTE_GRAPHICS_MODEL_XEN', 'COMPUTE_GRAPHICS_MODEL_VGA', 'COMPUTE_VOLUME_ATTACH', 'HW_CPU_X86_F16C', 'HW_GPU_API_DIRECT3D_V7_0', 'HW_GPU_API_OPENGL_V1_2', 'HW_GPU_API_OPENGL_V1_1', 'HW_CPU_X86_INTEL_SPEC_CTRL', 'HW_GPU_API_OPENGL_V4_1', 'HW_NIC_MULTIQUEUE', 'COMPUTE_GRAPHICS_MODEL_QXL', 'HW_NIC_OFFLOAD_SCS', 'COMPUTE_NET_VIF_MODEL_PCNET', 'COMPUTE_IMAGE_TYPE_VHDX', 'HW_CPU_AARCH64_EVTSTRM', 'HW_GPU_CUDA_SDK_V6_5', 'HW_GPU_API_OPENCL_V1_0', 'HW_GPU_API_DIRECT3D_V11_2', 'HW_GPU_CUDA_COMPUTE_CAPABILITY_V2_1', 'COMPUTE_GRAPHICS_MODEL_VIRTIO', 'COMPUTE_IMAGE_TYPE_ISO', 'HW_GPU_API_DIRECT3D_V8_0', 'COMPUTE_SECURITY_UEFI_SECURE_BOOT', 'HW_CPU_AARCH64_SHA1', 'HW_GPU_CUDA_COMPUTE_CAPABILITY_V6_2', 'HW_CPU_AARCH64_ASIMD', 'HW_GPU_API_OPENGL_V4_0', 'HW_CPU_X86_AVX512BITALG', 'HW_GPU_RESOLUTION_W1440H900', 'HW_NIC_SRIOV', 'HW_CPU_AARCH64_JSCVT', 'HW_CPU_AMD_SEV', 'COMPUTE_GRAPHICS_MODEL_NONE', 'HW_CPU_X86_AVX512VAES', 'HW_NIC_PROGRAMMABLE_PIPELINE', 'COMPUTE_NET_VIF_MODEL_RTL8139', 'HW_GPU_CUDA_SDK_V9_2', 'HW_CPU_X86_AMD_SVM', 'HW_GPU_CUDA_COMPUTE_CAPABILITY_V5_3', 'HW_NIC_ACCEL_ECC', 'HW_CPU_X86_AVX512VL', 'COMPUTE_STORAGE_BUS_SCSI', 'HW_GPU_CUDA_SDK_V9_1', 'HW_NIC_SRIOV_TRUSTED', 'HW_GPU_RESOLUTION_W1360H768', 'HW_CPU_X86_SSE41', 'HW_GPU_API_DIRECT3D_V9_0L', 'COMPUTE_VOLUME_MULTI_ATTACH', 'HW_NIC_OFFLOAD_GSO', 'HW_CPU_PPC64LE_POWER8', 'HW_NIC_OFFLOAD_TX', 'HW_GPU_API_DIRECT3D_V8_1', 'HW_CPU_AARCH64_ASIMDRDM', 'HW_CPU_X86_MPX', 'HW_GPU_API_DIRECT3D_V10_0', 'HW_CPU_AARCH64_SHA512', 'HW_NIC_ACCEL_DEFLATE', 'HW_CPU_X86_TSX', 'HW_CPU_AARCH64_SVE', 'COMPUTE_NET_VIF_MODEL_NE2K_PCI', 'HW_GPU_CUDA_COMPUTE_CAPABILITY_V6_1', 'HW_GPU_API_DIRECTX_V12', 'HW_CPU_X86_AMD_NO_SSB', 'HW_CPU_AARCH64_ATOMICS', 'HW_CPU_X86_BMI', 'HW_CPU_AARCH64_SHA2', 'HW_GPU_API_OPENCL_V1_1', 'HW_GPU_API_OPENGL_V4_3', 'HW_NIC_OFFLOAD_GRO', 'HW_NIC_OFFLOAD_GENEVE', 'COMPUTE_STORAGE_BUS_IDE', 'HW_CPU_X86_ASF', 'COMPUTE_MIGRATE_POST_COPY', 'HW_GPU_API_OPENCL_V2_1', 'COMPUTE_GRAPHICS_MODEL_CIRRUS', 'HW_NIC_OFFLOAD_LRO', 'COMPUTE_VOLUME_EXTEND', 'HW_CPU_X86_SSE3', 'HW_CPU_AARCH64_DCPOP', 'HW_NIC_ACCEL_TLS', 'HW_GPU_API_DIRECT3D_V11_3', 'HW_CPU_X86_INTEL_VMX', 'HW_GPU_RESOLUTION_W1280H720', 'HW_GPU_API_DIRECT3D_V12_0', 'COMPUTE_SOCKET_PCI_NUMA_AFFINITY', 'COMPUTE_NET_VIF_MODEL_SPAPR_VLAN', 'HW_CPU_X86_AESNI', 'HW_CPU_X86_AMD_IBPB', 'COMPUTE_SECURITY_TPM_2_0', 'HW_NIC_OFFLOAD_TXUDP', 'HW_GPU_RESOLUTION_W1280H768', 'HW_CPU_X86_STIBP', 'HW_CPU_AARCH64_SM4', 'HW_GPU_MAX_DISPLAY_HEADS_4', 'HW_CPU_X86_PDPE1GB', 'HW_CPU_AARCH64_CRC32', 'COMPUTE_EPHEMERAL_ENCRYPTION_LUKSV2', 'COMPUTE_NET_VIF_MODEL_E1000', 'HW_GPU_API_DIRECT2D', 'HW_GPU_API_DIRECT3D_V11_0', 'HW_NIC_DCB_ETS', 'HW_GPU_API_OPENGL_V2_0', 'HW_GPU_RESOLUTION_W3840H2160', 'HW_NIC_ACCEL_LZS', 'HW_CPU_X86_AVX512ER', 'HW_NIC_OFFLOAD_TSO', 'COMPUTE_IMAGE_TYPE_VDI', 'HW_GPU_API_OPENGL_V3_2', 'HW_GPU_RESOLUTION_W320H240', 'COMPUTE_TRUSTED_CERTS', 'HW_CPU_X86_MMX', 'HW_GPU_RESOLUTION_W1280H1024', 'HW_NIC_OFFLOAD_RDMA', 'COMPUTE_NET_VIF_MODEL_LAN9118', 'HW_GPU_CUDA_COMPUTE_CAPABILITY_V7_2', 'HW_CPU_X86_FMA4', 'HW_CPU_X86_AVX512VPOPCNTDQ', 'HW_CPU_AARCH64_CPUID', 'HW_GPU_RESOLUTION_W1680H1050', 'HW_GPU_API_OPENGL_V3_1', 'HW_CPU_X86_AVX512CD', 'HW_NIC_SRIOV_QOS_TX', 'HW_GPU_CUDA_COMPUTE_CAPABILITY_V2_0', 'HW_GPU_RESOLUTION_W640H480', 'HW_NIC_OFFLOAD_VXLAN', 'HW_CPU_X86_SSSE3', 'HW_CPU_X86_AVX512F', 'HW_CPU_X86_XOP', 'HW_GPU_CUDA_SDK_V9_0', 'COMPUTE_MIGRATE_AUTO_CONVERGE', 'HW_CPU_X86_AVX2', 'HW_CPU_X86_ABM', 'HW_GPU_RESOLUTION_W1600H1200', 'HW_NIC_OFFLOAD_QINQ', 'HW_NIC_OFFLOAD_LSO'} {{(pid=88081) _trait_sync /opt/stack/placement/placement/objects/trait.py:286}}
Feb 09 13:49:50.428609 n-d-828418-2 devstack@placement-api.service[88081]: DEBUG oslo_concurrency.lockutils [-] Releasing lock "trait_sync" {{(pid=88081) lock /usr/local/lib/python3.8/dist-packages/oslo_concurrency/lockutils.py:282}}
Feb 09 13:49:50.428875 n-d-828418-2 devstack@placement-api.service[88081]: DEBUG oslo_concurrency.lockutils [-] Acquired lock "resource_classes_sync" {{(pid=88081) lock /usr/local/lib/python3.8/dist-packages/oslo_concurrency/lockutils.py:266}}
Feb 09 13:49:50.432192 n-d-828418-2 devstack@placement-api.service[88081]: DEBUG placement.objects.resource_class [-] Found existing resource classes in db: [] {{(pid=88081) _resource_classes_sync /opt/stack/placement/placement/objects/resource_class.py:228}}
Feb 09 13:49:50.434971 n-d-828418-2 devstack@placement-api.service[88081]: DEBUG placement.objects.resource_class [-] Synced resource_classes from os_resource_classes: [{'name': 'VCPU', 'id': 0}, {'name': 'MEMORY_MB', 'id': 1}, {'name': 'DISK_GB', 'id': 2}, {'name': 'PCI_DEVICE', 'id': 3}, {'name': 'SRIOV_NET_VF', 'id': 4}, {'name': 'NUMA_SOCKET', 'id': 5}, {'name': 'NUMA_CORE', 'id': 6}, {'name': 'NUMA_THREAD', 'id': 7}, {'name': 'NUMA_MEMORY_MB', 'id': 8}, {'name': 'IPV4_ADDRESS', 'id': 9}, {'name': 'VGPU', 'id': 10}, {'name': 'VGPU_DISPLAY_HEAD', 'id': 11}, {'name': 'NET_BW_EGR_KILOBIT_PER_SEC', 'id': 12}, {'name': 'NET_BW_IGR_KILOBIT_PER_SEC', 'id': 13}, {'name': 'PCPU', 'id': 14}, {'name': 'MEM_ENCRYPTION_CONTEXT', 'id': 15}, {'name': 'FPGA', 'id': 16}, {'name': 'PGPU', 'id': 17}] {{(pid=88081) _resource_classes_sync /opt/stack/placement/placement/objects/resource_class.py:245}}
Feb 09 13:49:50.438580 n-d-828418-2 devstack@placement-api.service[88081]: DEBUG oslo_concurrency.lockutils [-] Releasing lock "resource_classes_sync" {{(pid=88081) lock /usr/local/lib/python3.8/dist-packages/oslo_concurrency/lockutils.py:282}}
Feb 09 13:49:50.438738 n-d-828418-2 devstack@placement-api.service[88081]: WSGI app 0 (mountpoint='') ready in 3 seconds on interpreter 0x55732f58f9c0 pid: 88081 (default app)
Feb 09 13:49:50.440096 n-d-828418-2 devstack@placement-api.service[88081]: DEBUG placement.requestlog [None req-b96ecf6f-dcb8-490b-bdf7-75aececfa934 None None] Starting request: 10.222.0.48 "GET /placement/" {{(pid=88081) __call__ /opt/stack/placement/placement/requestlog.py:55}}
Feb 09 13:49:50.455243 n-d-828418-2 devstack@placement-api.service[88081]: INFO placement.requestlog [None req-b96ecf6f-dcb8-490b-bdf7-75aececfa934 None None] 10.222.0.48 "GET /placement/" status: 200 len: 136 microversion: 1.0
Feb 09 13:49:50.455424 n-d-828418-2 devstack@placement-api.service[88081]: [pid: 88081|app: 0|req: 1/1] 10.222.0.48 () {50 vars in 776 bytes} [Wed Feb 9 13:49:50 2022] GET /placement => generated 136 bytes in 16 msecs (HTTP/1.1 200) 6 headers in 224 bytes (1 switches on core 0)
Feb 09 13:49:51.434352 n-d-828418-2 devstack@placement-api.service[88080]: DEBUG oslo_concurrency.lockutils [-] Releasing lock "trait_sync" {{(pid=88080) lock /usr/local/lib/python3.8/dist-packages/oslo_concurrency/lockutils.py:282}}
Feb 09 13:49:51.434825 n-d-828418-2 devstack@placement-api.service[88080]: DEBUG oslo_concurrency.lockutils [-] Acquired lock "resource_classes_sync" {{(pid=88080) lock /usr/local/lib/python3.8/dist-packages/oslo_concurrency/lockutils.py:266}}
Feb 09 13:49:51.437375 n-d-828418-2 devstack@placement-api.service[88080]: DEBUG placement.objects.resource_class [-] Found existing resource classes in db: ['DISK_GB', 'FPGA', 'IPV4_ADDRESS', 'MEMORY_MB', 'MEM_ENCRYPTION_CONTEXT', 'NET_BW_EGR_KILOBIT_PER_SEC', 'NET_BW_IGR_KILOBIT_PER_SEC', 'NUMA_CORE', 'NUMA_MEMORY_MB', 'NUMA_SOCKET', 'NUMA_THREAD', 'PCI_DEVICE', 'PCPU', 'PGPU', 'SRIOV_NET_VF', 'VCPU', 'VGPU', 'VGPU_DISPLAY_HEAD'] {{(pid=88080) _resource_classes_sync /opt/stack/placement/placement/objects/resource_class.py:228}}
Feb 09 13:49:51.438321 n-d-828418-2 devstack@placement-api.service[88080]: DEBUG oslo_concurrency.lockutils [-] Releasing lock "resource_classes_sync" {{(pid=88080) lock /usr/local/lib/python3.8/dist-packages/oslo_concurrency/lockutils.py:282}}
Feb 09 13:49:51.438524 n-d-828418-2 devstack@placement-api.service[88080]: WSGI app 0 (mountpoint='') ready in 4 seconds on interpreter 0x55732f58f9c0 pid: 88080 (default app)
Feb 09 13:50:48.892337 n-d-828418-2 devstack@placement-api.service[88081]: DEBUG placement.requestlog [None req-4750eb17-299b-49b9-b496-64a709220381 None None] Starting request: 10.222.0.48 "GET /placement/" {{(pid=88081) __call__ /opt/stack/placement/placement/requestlog.py:55}}
Feb 09 13:50:48.893644 n-d-828418-2 devstack@placement-api.service[88081]: INFO placement.requestlog [None req-4750eb17-299b-49b9-b496-64a709220381 None None] 10.222.0.48 "GET /placement/" status: 200 len: 136 microversion: 1.0
Feb 09 13:50:48.894126 n-d-828418-2 devstack@placement-api.service[88081]: [pid: 88081|app: 0|req: 2/2] 10.222.0.48 () {54 vars in 916 bytes} [Wed Feb 9 13:50:48 2022] GET /placement => generated 136 bytes in 2 msecs (HTTP/1.1 200) 6 headers in 224 bytes (1 switches on core 0)
Feb 09 13:50:49.310600 n-d-828418-2 devstack@placement-api.service[88080]: DEBUG placement.requestlog [None req-82db4422-f18b-426b-a551-0fed5823d44a None None] Starting request: 10.222.0.48 "GET /placement/" {{(pid=88080) __call__ /opt/stack/placement/placement/requestlog.py:55}}
Feb 09 13:50:49.328709 n-d-828418-2 devstack@placement-api.service[88080]: INFO placement.requestlog [None req-82db4422-f18b-426b-a551-0fed5823d44a None None] 10.222.0.48 "GET /placement/" status: 200 len: 136 microversion: 1.0
Feb 09 13:50:49.341451 n-d-828418-2 devstack@placement-api.service[88080]: [pid: 88080|app: 0|req: 1/3] 10.222.0.48 () {54 vars in 916 bytes} [Wed Feb 9 13:50:49 2022] GET /placement => generated 136 bytes in 32 msecs (HTTP/1.1 200) 6 headers in 224 bytes (1 switches on core 0)
Feb 09 13:50:53.271953 n-d-828418-2 devstack@placement-api.service[88081]: DEBUG placement.requestlog [None req-dc99ecc7-a43b-4637-80ed-0fa934f05725 None None] Starting request: 10.222.0.48 "GET /placement/" {{(pid=88081) __call__ /opt/stack/placement/placement/requestlog.py:55}}
Feb 09 13:50:53.273479 n-d-828418-2 devstack@placement-api.service[88081]: INFO placement.requestlog [None req-dc99ecc7-a43b-4637-80ed-0fa934f05725 None None] 10.222.0.48 "GET /placement/" status: 200 len: 136 microversion: 1.0
Feb 09 13:50:53.273893 n-d-828418-2 devstack@placement-api.service[88081]: [pid: 88081|app: 0|req: 3/4] 10.222.0.48 () {54 vars in 916 bytes} [Wed Feb 9 13:50:53 2022] GET /placement => generated 136 bytes in 2 msecs (HTTP/1.1 200) 6 headers in 224 bytes (1 switches on core 0)
Feb 09 13:50:54.766422 n-d-828418-2 devstack@placement-api.service[88080]: DEBUG placement.requestlog [None req-e494ddf7-1188-4182-a23a-5add5a442373 None None] Starting request: 10.222.0.48 "GET /placement/" {{(pid=88080) __call__ /opt/stack/placement/placement/requestlog.py:55}}
Feb 09 13:50:54.767376 n-d-828418-2 devstack@placement-api.service[88080]: INFO placement.requestlog [None req-e494ddf7-1188-4182-a23a-5add5a442373 None None] 10.222.0.48 "GET /placement/" status: 200 len: 136 microversion: 1.0
Feb 09 13:50:54.767551 n-d-828418-2 devstack@placement-api.service[88080]: [pid: 88080|app: 0|req: 2/5] 10.222.0.48 () {54 vars in 916 bytes} [Wed Feb 9 13:50:54 2022] GET /placement => generated 136 bytes in 1 msecs (HTTP/1.1 200) 6 headers in 224 bytes (1 switches on core 0)
Feb 09 13:52:31.731160 n-d-828418-2 devstack@placement-api.service[88081]: DEBUG placement.requestlog [None req-a1e5d1fd-599a-4f0c-82f0-3b9629290ba9 None None] Starting request: 10.222.0.48 "GET /placement//" {{(pid=88081) __call__ /opt/stack/placement/placement/requestlog.py:55}}
Feb 09 13:52:31.732099 n-d-828418-2 devstack@placement-api.service[88081]: INFO placement.requestlog [None req-a1e5d1fd-599a-4f0c-82f0-3b9629290ba9 None None] 10.222.0.48 "GET /placement//" status: 200 len: 136 microversion: 1.0
Feb 09 13:52:31.732279 n-d-828418-2 devstack@placement-api.service[88081]: [pid: 88081|app: 0|req: 4/6] 10.222.0.48 () {56 vars in 1106 bytes} [Wed Feb 9 13:52:31 2022] GET /placement/ => generated 136 bytes in 1 msecs (HTTP/1.1 200) 6 headers in 224 bytes (1 switches on core 0)
Feb 09 13:58:11.061420 n-d-828418-2 devstack@placement-api.service[88080]: DEBUG placement.requestlog [None req-dbe352bc-e8dc-4143-a216-f2c726215fbe None None] Starting request: 10.222.0.21 "GET /placement/" {{(pid=88080) __call__ /opt/stack/placement/placement/requestlog.py:55}}
Feb 09 13:58:11.062377 n-d-828418-2 devstack@placement-api.service[88080]: INFO placement.requestlog [None req-dbe352bc-e8dc-4143-a216-f2c726215fbe None None] 10.222.0.21 "GET /placement/" status: 200 len: 136 microversion: 1.0
Feb 09 13:58:11.062572 n-d-828418-2 devstack@placement-api.service[88080]: [pid: 88080|app: 0|req: 3/7] 10.222.0.21 () {54 vars in 913 bytes} [Wed Feb 9 13:58:11 2022] GET /placement => generated 136 bytes in 1 msecs (HTTP/1.1 200) 6 headers in 224 bytes (1 switches on core 0)
Feb 09 13:58:12.848033 n-d-828418-2 devstack@placement-api.service[88081]: DEBUG placement.requestlog [None req-f7805105-7af0-4a35-b3f4-63799f154414 None None] Starting request: 10.222.0.35 "GET /placement/" {{(pid=88081) __call__ /opt/stack/placement/placement/requestlog.py:55}}
Feb 09 13:58:12.849054 n-d-828418-2 devstack@placement-api.service[88081]: INFO placement.requestlog [None req-f7805105-7af0-4a35-b3f4-63799f154414 None None] 10.222.0.35 "GET /placement/" status: 200 len: 136 microversion: 1.0
Feb 09 13:58:12.849616 n-d-828418-2 devstack@placement-api.service[88081]: [pid: 88081|app: 0|req: 5/8] 10.222.0.35 () {54 vars in 913 bytes} [Wed Feb 9 13:58:12 2022] GET /placement => generated 136 bytes in 2 msecs (HTTP/1.1 200) 6 headers in 224 bytes (1 switches on core 0)
Feb 09 13:58:14.761369 n-d-828418-2 devstack@placement-api.service[88080]: DEBUG placement.requestlog [req-9e94a17e-e336-48d6-b55a-cd259df9d62b req-22fc77ce-a3c7-469c-ad89-e981c558aeab None None] Starting request: 10.222.0.21 "GET /placement/resource_providers?in_tree=061337e1-37f3-442b-b2fb-5fa097bd1793" {{(pid=88080) __call__ /opt/stack/placement/placement/requestlog.py:55}}
Feb 09 13:58:14.879672 n-d-828418-2 devstack@placement-api.service[88080]: INFO placement.requestlog [req-9e94a17e-e336-48d6-b55a-cd259df9d62b req-22fc77ce-a3c7-469c-ad89-e981c558aeab service placement] 10.222.0.21 "GET /placement/resource_providers?in_tree=061337e1-37f3-442b-b2fb-5fa097bd1793" status: 200 len: 26 microversion: 1.14
Feb 09 13:58:14.880077 n-d-828418-2 devstack@placement-api.service[88080]: [pid: 88080|app: 0|req: 4/9] 10.222.0.21 () {60 vars in 1376 bytes} [Wed Feb 9 13:58:14 2022] GET /placement/resource_providers?in_tree=061337e1-37f3-442b-b2fb-5fa097bd1793 => generated 26 bytes in 119 msecs (HTTP/1.1 200) 6 headers in 224 bytes (1 switches on core 0)
Feb 09 13:58:14.886432 n-d-828418-2 devstack@placement-api.service[88081]: DEBUG placement.requestlog [req-9e94a17e-e336-48d6-b55a-cd259df9d62b req-5257ca3a-8d6e-4b1f-8c6d-323f8e97f14b None None] Starting request: 10.222.0.21 "POST /placement/resource_providers" {{(pid=88081) __call__ /opt/stack/placement/placement/requestlog.py:55}}
Feb 09 13:58:14.918013 n-d-828418-2 devstack@placement-api.service[88081]: INFO placement.requestlog [req-9e94a17e-e336-48d6-b55a-cd259df9d62b req-5257ca3a-8d6e-4b1f-8c6d-323f8e97f14b service placement] 10.222.0.21 "POST /placement/resource_providers" status: 200 len: 836 microversion: 1.20
Feb 09 13:58:14.918297 n-d-828418-2 devstack@placement-api.service[88081]: [pid: 88081|app: 0|req: 6/10] 10.222.0.21 () {64 vars in 1340 bytes} [Wed Feb 9 13:58:14 2022] POST /placement/resource_providers => generated 836 bytes in 32 msecs (HTTP/1.1 200) 9 headers in 392 bytes (1 switches on core 0)
Feb 09 13:58:15.129031 n-d-828418-2 devstack@placement-api.service[88080]: DEBUG placement.requestlog [req-9e94a17e-e336-48d6-b55a-cd259df9d62b req-780f280c-a8a7-4c9e-9b58-a9886979bb4c None None] Starting request: 10.222.0.21 "PUT /placement/resource_providers/061337e1-37f3-442b-b2fb-5fa097bd1793/inventories" {{(pid=88080) __call__ /opt/stack/placement/placement/requestlog.py:55}}
Feb 09 13:58:15.161068 n-d-828418-2 devstack@placement-api.service[88080]: INFO placement.requestlog [req-9e94a17e-e336-48d6-b55a-cd259df9d62b req-780f280c-a8a7-4c9e-9b58-a9886979bb4c service placement] 10.222.0.21 "PUT /placement/resource_providers/061337e1-37f3-442b-b2fb-5fa097bd1793/inventories" status: 200 len: 397 microversion: 1.26
Feb 09 13:58:15.161354 n-d-828418-2 devstack@placement-api.service[88080]: [pid: 88080|app: 0|req: 5/11] 10.222.0.21 () {64 vars in 1487 bytes} [Wed Feb 9 13:58:15 2022] PUT /placement/resource_providers/061337e1-37f3-442b-b2fb-5fa097bd1793/inventories => generated 397 bytes in 33 msecs (HTTP/1.1 200) 8 headers in 296 bytes (1 switches on core 0)
Feb 09 13:58:15.170920 n-d-828418-2 devstack@placement-api.service[88081]: DEBUG placement.requestlog [req-9e94a17e-e336-48d6-b55a-cd259df9d62b req-86498315-b7a9-446d-9bb4-4093a585545d None None] Starting request: 10.222.0.21 "GET /placement/traits?name=in:COMPUTE_IMAGE_TYPE_VHDX,COMPUTE_DEVICE_TAGGING,COMPUTE_IMAGE_TYPE_VHD,COMPUTE_NODE,COMPUTE_NET_ATTACH_INTERFACE,COMPUTE_SECURITY_UEFI_SECURE_BOOT" {{(pid=88081) __call__ /opt/stack/placement/placement/requestlog.py:55}}
Feb 09 13:58:15.183173 n-d-828418-2 devstack@placement-api.service[88081]: INFO placement.requestlog [req-9e94a17e-e336-48d6-b55a-cd259df9d62b req-86498315-b7a9-446d-9bb4-4093a585545d service placement] 10.222.0.21 "GET /placement/traits?name=in:COMPUTE_IMAGE_TYPE_VHDX,COMPUTE_DEVICE_TAGGING,COMPUTE_IMAGE_TYPE_VHD,COMPUTE_NODE,COMPUTE_NET_ATTACH_INTERFACE,COMPUTE_SECURITY_UEFI_SECURE_BOOT" status: 200 len: 176 microversion: 1.6
Feb 09 13:58:15.183400 n-d-828418-2 devstack@placement-api.service[88081]: [pid: 88081|app: 0|req: 7/12] 10.222.0.21 () {60 vars in 1557 bytes} [Wed Feb 9 13:58:15 2022] GET /placement/traits?name=in:COMPUTE_IMAGE_TYPE_VHDX,COMPUTE_DEVICE_TAGGING,COMPUTE_IMAGE_TYPE_VHD,COMPUTE_NODE,COMPUTE_NET_ATTACH_INTERFACE,COMPUTE_SECURITY_UEFI_SECURE_BOOT => generated 176 bytes in 13 msecs (HTTP/1.1 200) 6 headers in 224 bytes (2 switches on core 0)
Feb 09 13:58:15.189669 n-d-828418-2 devstack@placement-api.service[88080]: DEBUG placement.requestlog [req-9e94a17e-e336-48d6-b55a-cd259df9d62b req-05e4d08e-ed2c-4577-8aa6-f1e6a3699a9a None None] Starting request: 10.222.0.21 "PUT /placement/resource_providers/061337e1-37f3-442b-b2fb-5fa097bd1793/traits" {{(pid=88080) __call__ /opt/stack/placement/placement/requestlog.py:55}}
Feb 09 13:58:15.232420 n-d-828418-2 devstack@placement-api.service[88080]: INFO placement.requestlog [req-9e94a17e-e336-48d6-b55a-cd259df9d62b req-05e4d08e-ed2c-4577-8aa6-f1e6a3699a9a service placement] 10.222.0.21 "PUT /placement/resource_providers/061337e1-37f3-442b-b2fb-5fa097bd1793/traits" status: 200 len: 211 microversion: 1.6
Feb 09 13:58:15.232682 n-d-828418-2 devstack@placement-api.service[88080]: [pid: 88080|app: 0|req: 6/13] 10.222.0.21 () {64 vars in 1471 bytes} [Wed Feb 9 13:58:15 2022] PUT /placement/resource_providers/061337e1-37f3-442b-b2fb-5fa097bd1793/traits => generated 211 bytes in 43 msecs (HTTP/1.1 200) 6 headers in 224 bytes (2 switches on core 0)
Feb 09 13:58:16.650847 n-d-828418-2 devstack@placement-api.service[88081]: DEBUG placement.requestlog [req-a741a5fd-efeb-48ce-afc5-9e9e5ba725aa req-58054a1f-05dc-4d2c-acdb-fb4bed1b5633 None None] Starting request: 10.222.0.35 "GET /placement/resource_providers?in_tree=79e06895-aa72-41d8-a907-fdbd5aae7909" {{(pid=88081) __call__ /opt/stack/placement/placement/requestlog.py:55}}
Feb 09 13:58:16.787234 n-d-828418-2 devstack@placement-api.service[88081]: INFO placement.requestlog [req-a741a5fd-efeb-48ce-afc5-9e9e5ba725aa req-58054a1f-05dc-4d2c-acdb-fb4bed1b5633 service placement] 10.222.0.35 "GET /placement/resource_providers?in_tree=79e06895-aa72-41d8-a907-fdbd5aae7909" status: 200 len: 26 microversion: 1.14
Feb 09 13:58:16.787490 n-d-828418-2 devstack@placement-api.service[88081]: [pid: 88081|app: 0|req: 8/14] 10.222.0.35 () {60 vars in 1376 bytes} [Wed Feb 9 13:58:16 2022] GET /placement/resource_providers?in_tree=79e06895-aa72-41d8-a907-fdbd5aae7909 => generated 26 bytes in 137 msecs (HTTP/1.1 200) 6 headers in 224 bytes (1 switches on core 0)
Feb 09 13:58:16.801286 n-d-828418-2 devstack@placement-api.service[88080]: DEBUG placement.requestlog [req-a741a5fd-efeb-48ce-afc5-9e9e5ba725aa req-d633373f-0b23-4402-9b15-0bcf95909b84 None None] Starting request: 10.222.0.35 "POST /placement/resource_providers" {{(pid=88080) __call__ /opt/stack/placement/placement/requestlog.py:55}}
Feb 09 13:58:16.817897 n-d-828418-2 devstack@placement-api.service[88080]: INFO placement.requestlog [req-a741a5fd-efeb-48ce-afc5-9e9e5ba725aa req-d633373f-0b23-4402-9b15-0bcf95909b84 service placement] 10.222.0.35 "POST /placement/resource_providers" status: 200 len: 836 microversion: 1.20
Feb 09 13:58:16.818131 n-d-828418-2 devstack@placement-api.service[88080]: [pid: 88080|app: 0|req: 7/15] 10.222.0.35 () {64 vars in 1340 bytes} [Wed Feb 9 13:58:16 2022] POST /placement/resource_providers => generated 836 bytes in 17 msecs (HTTP/1.1 200) 9 headers in 392 bytes (1 switches on core 0)
Feb 09 13:58:17.051033 n-d-828418-2 devstack@placement-api.service[88081]: DEBUG placement.requestlog [req-a741a5fd-efeb-48ce-afc5-9e9e5ba725aa req-923177ed-0421-40e8-8134-c3abcdd5c2d7 None None] Starting request: 10.222.0.35 "PUT /placement/resource_providers/79e06895-aa72-41d8-a907-fdbd5aae7909/inventories" {{(pid=88081) __call__ /opt/stack/placement/placement/requestlog.py:55}}
Feb 09 13:58:17.083248 n-d-828418-2 devstack@placement-api.service[88081]: INFO placement.requestlog [req-a741a5fd-efeb-48ce-afc5-9e9e5ba725aa req-923177ed-0421-40e8-8134-c3abcdd5c2d7 service placement] 10.222.0.35 "PUT /placement/resource_providers/79e06895-aa72-41d8-a907-fdbd5aae7909/inventories" status: 200 len: 397 microversion: 1.26
Feb 09 13:58:17.083480 n-d-828418-2 devstack@placement-api.service[88081]: [pid: 88081|app: 0|req: 9/16] 10.222.0.35 () {64 vars in 1487 bytes} [Wed Feb 9 13:58:17 2022] PUT /placement/resource_providers/79e06895-aa72-41d8-a907-fdbd5aae7909/inventories => generated 397 bytes in 33 msecs (HTTP/1.1 200) 8 headers in 296 bytes (1 switches on core 0)
Feb 09 13:58:17.092790 n-d-828418-2 devstack@placement-api.service[88080]: DEBUG placement.requestlog [req-a741a5fd-efeb-48ce-afc5-9e9e5ba725aa req-53751e48-62ee-4e22-a44c-ac89a3f3cc20 None None] Starting request: 10.222.0.35 "GET /placement/traits?name=in:COMPUTE_SECURITY_UEFI_SECURE_BOOT,COMPUTE_IMAGE_TYPE_VHD,COMPUTE_IMAGE_TYPE_VHDX,COMPUTE_NODE,COMPUTE_NET_ATTACH_INTERFACE,COMPUTE_DEVICE_TAGGING" {{(pid=88080) __call__ /opt/stack/placement/placement/requestlog.py:55}}
Feb 09 13:58:17.102428 n-d-828418-2 devstack@placement-api.service[88080]: INFO placement.requestlog [req-a741a5fd-efeb-48ce-afc5-9e9e5ba725aa req-53751e48-62ee-4e22-a44c-ac89a3f3cc20 service placement] 10.222.0.35 "GET /placement/traits?name=in:COMPUTE_SECURITY_UEFI_SECURE_BOOT,COMPUTE_IMAGE_TYPE_VHD,COMPUTE_IMAGE_TYPE_VHDX,COMPUTE_NODE,COMPUTE_NET_ATTACH_INTERFACE,COMPUTE_DEVICE_TAGGING" status: 200 len: 176 microversion: 1.6
Feb 09 13:58:17.102659 n-d-828418-2 devstack@placement-api.service[88080]: [pid: 88080|app: 0|req: 8/17] 10.222.0.35 () {60 vars in 1557 bytes} [Wed Feb 9 13:58:17 2022] GET /placement/traits?name=in:COMPUTE_SECURITY_UEFI_SECURE_BOOT,COMPUTE_IMAGE_TYPE_VHD,COMPUTE_IMAGE_TYPE_VHDX,COMPUTE_NODE,COMPUTE_NET_ATTACH_INTERFACE,COMPUTE_DEVICE_TAGGING => generated 176 bytes in 10 msecs (HTTP/1.1 200) 6 headers in 224 bytes (2 switches on core 0)
Feb 09 13:58:17.110481 n-d-828418-2 devstack@placement-api.service[88081]: DEBUG placement.requestlog [req-a741a5fd-efeb-48ce-afc5-9e9e5ba725aa req-1c64205a-cc9b-4dcc-afc0-88a1acbf67e6 None None] Starting request: 10.222.0.35 "PUT /placement/resource_providers/79e06895-aa72-41d8-a907-fdbd5aae7909/traits" {{(pid=88081) __call__ /opt/stack/placement/placement/requestlog.py:55}}
Feb 09 13:58:17.140867 n-d-828418-2 devstack@placement-api.service[88081]: INFO placement.requestlog [req-a741a5fd-efeb-48ce-afc5-9e9e5ba725aa req-1c64205a-cc9b-4dcc-afc0-88a1acbf67e6 service placement] 10.222.0.35 "PUT /placement/resource_providers/79e06895-aa72-41d8-a907-fdbd5aae7909/traits" status: 200 len: 211 microversion: 1.6
Feb 09 13:58:17.141486 n-d-828418-2 devstack@placement-api.service[88081]: [pid: 88081|app: 0|req: 10/18] 10.222.0.35 () {64 vars in 1471 bytes} [Wed Feb 9 13:58:17 2022] PUT /placement/resource_providers/79e06895-aa72-41d8-a907-fdbd5aae7909/traits => generated 211 bytes in 31 msecs (HTTP/1.1 200) 6 headers in 224 bytes (2 switches on core 0)
Feb 09 13:59:11.664970 n-d-828418-2 devstack@placement-api.service[88080]: DEBUG placement.requestlog [req-7f5b9142-32b9-42a4-94c2-b05e59ee5cd4 req-61d3b57b-7096-4318-b007-35b1bd9bfd38 None None] Starting request: 10.222.0.21 "GET /placement/resource_providers/061337e1-37f3-442b-b2fb-5fa097bd1793/allocations" {{(pid=88080) __call__ /opt/stack/placement/placement/requestlog.py:55}}
Feb 09 13:59:11.683905 n-d-828418-2 devstack@placement-api.service[88080]: INFO placement.requestlog [req-7f5b9142-32b9-42a4-94c2-b05e59ee5cd4 req-61d3b57b-7096-4318-b007-35b1bd9bfd38 service placement] 10.222.0.21 "GET /placement/resource_providers/061337e1-37f3-442b-b2fb-5fa097bd1793/allocations" status: 200 len: 54 microversion: 1.0
Feb 09 13:59:11.684238 n-d-828418-2 devstack@placement-api.service[88080]: [pid: 88080|app: 0|req: 9/19] 10.222.0.21 () {58 vars in 1390 bytes} [Wed Feb 9 13:59:11 2022] GET /placement/resource_providers/061337e1-37f3-442b-b2fb-5fa097bd1793/allocations => generated 54 bytes in 20 msecs (HTTP/1.1 200) 6 headers in 223 bytes (1 switches on core 0)
Feb 09 13:59:13.080050 n-d-828418-2 devstack@placement-api.service[88081]: DEBUG placement.requestlog [req-403869cb-c426-4092-950b-2f265c753c5d req-a2eec68c-11f9-41ff-b6ac-8784937fd568 None None] Starting request: 10.222.0.35 "GET /placement/resource_providers/79e06895-aa72-41d8-a907-fdbd5aae7909/allocations" {{(pid=88081) __call__ /opt/stack/placement/placement/requestlog.py:55}}
Feb 09 13:59:13.101926 n-d-828418-2 devstack@placement-api.service[88081]: INFO placement.requestlog [req-403869cb-c426-4092-950b-2f265c753c5d req-a2eec68c-11f9-41ff-b6ac-8784937fd568 service placement] 10.222.0.35 "GET /placement/resource_providers/79e06895-aa72-41d8-a907-fdbd5aae7909/allocations" status: 200 len: 54 microversion: 1.0
Feb 09 13:59:13.102386 n-d-828418-2 devstack@placement-api.service[88081]: [pid: 88081|app: 0|req: 11/20] 10.222.0.35 () {58 vars in 1390 bytes} [Wed Feb 9 13:59:13 2022] GET /placement/resource_providers/79e06895-aa72-41d8-a907-fdbd5aae7909/allocations => generated 54 bytes in 23 msecs (HTTP/1.1 200) 6 headers in 223 bytes (1 switches on core 0)
Feb 09 13:59:46.199224 n-d-828418-2 devstack@placement-api.service[88080]: DEBUG placement.requestlog [None req-f4a39eb3-253c-490f-8d99-e5091046b5e7 None None] Starting request: 10.222.0.48 "GET /placement/" {{(pid=88080) __call__ /opt/stack/placement/placement/requestlog.py:55}}
Feb 09 13:59:46.200235 n-d-828418-2 devstack@placement-api.service[88080]: INFO placement.requestlog [None req-f4a39eb3-253c-490f-8d99-e5091046b5e7 None None] 10.222.0.48 "GET /placement/" status: 200 len: 136 microversion: 1.0
Feb 09 13:59:46.200409 n-d-828418-2 devstack@placement-api.service[88080]: [pid: 88080|app: 0|req: 10/21] 10.222.0.48 () {54 vars in 916 bytes} [Wed Feb 9 13:59:46 2022] GET /placement => generated 136 bytes in 1 msecs (HTTP/1.1 200) 6 headers in 224 bytes (1 switches on core 0)
Feb 09 14:00:13.276334 n-d-828418-2 devstack@placement-api.service[88081]: DEBUG placement.requestlog [req-d2d00ff6-5c20-4633-8121-a00d2a44e9ba req-9e5f656a-e3e7-4939-b5fb-3c90c4f87bf7 None None] Starting request: 10.222.0.21 "GET /placement/resource_providers/061337e1-37f3-442b-b2fb-5fa097bd1793/allocations" {{(pid=88081) __call__ /opt/stack/placement/placement/requestlog.py:55}}
Feb 09 14:00:13.292627 n-d-828418-2 devstack@placement-api.service[88081]: INFO placement.requestlog [req-d2d00ff6-5c20-4633-8121-a00d2a44e9ba req-9e5f656a-e3e7-4939-b5fb-3c90c4f87bf7 service placement] 10.222.0.21 "GET /placement/resource_providers/061337e1-37f3-442b-b2fb-5fa097bd1793/allocations" status: 200 len: 54 microversion: 1.0
Feb 09 14:00:13.292968 n-d-828418-2 devstack@placement-api.service[88081]: [pid: 88081|app: 0|req: 12/22] 10.222.0.21 () {58 vars in 1390 bytes} [Wed Feb 9 14:00:13 2022] GET /placement/resource_providers/061337e1-37f3-442b-b2fb-5fa097bd1793/allocations => generated 54 bytes in 17 msecs (HTTP/1.1 200) 6 headers in 223 bytes (1 switches on core 0)
Feb 09 14:00:14.025736 n-d-828418-2 devstack@placement-api.service[88080]: DEBUG placement.requestlog [req-14b51bcf-70c1-4b5c-9381-df7b27bf39a0 req-deeea404-92dc-4a2f-a601-8e9053203d24 None None] Starting request: 10.222.0.35 "GET /placement/resource_providers/79e06895-aa72-41d8-a907-fdbd5aae7909/allocations" {{(pid=88080) __call__ /opt/stack/placement/placement/requestlog.py:55}}
Feb 09 14:00:14.042377 n-d-828418-2 devstack@placement-api.service[88080]: INFO placement.requestlog [req-14b51bcf-70c1-4b5c-9381-df7b27bf39a0 req-deeea404-92dc-4a2f-a601-8e9053203d24 service placement] 10.222.0.35 "GET /placement/resource_providers/79e06895-aa72-41d8-a907-fdbd5aae7909/allocations" status: 200 len: 54 microversion: 1.0
Feb 09 14:00:14.042706 n-d-828418-2 devstack@placement-api.service[88080]: [pid: 88080|app: 0|req: 11/23] 10.222.0.35 () {58 vars in 1390 bytes} [Wed Feb 9 14:00:14 2022] GET /placement/resource_providers/79e06895-aa72-41d8-a907-fdbd5aae7909/allocations => generated 54 bytes in 17 msecs (HTTP/1.1 200) 6 headers in 223 bytes (1 switches on core 0)
Feb 09 14:00:34.827037 n-d-828418-2 devstack@placement-api.service[88081]: DEBUG placement.requestlog [None req-3b3859ca-e7f6-4ebd-8bf7-f124acefbc73 None None] Starting request: 10.222.0.48 "GET /placement/" {{(pid=88081) __call__ /opt/stack/placement/placement/requestlog.py:55}}
Feb 09 14:00:34.828072 n-d-828418-2 devstack@placement-api.service[88081]: INFO placement.requestlog [None req-3b3859ca-e7f6-4ebd-8bf7-f124acefbc73 None None] 10.222.0.48 "GET /placement/" status: 200 len: 136 microversion: 1.0
Feb 09 14:00:34.828404 n-d-828418-2 devstack@placement-api.service[88081]: [pid: 88081|app: 0|req: 13/24] 10.222.0.48 () {54 vars in 907 bytes} [Wed Feb 9 14:00:34 2022] GET /placement => generated 136 bytes in 2 msecs (HTTP/1.1 200) 6 headers in 224 bytes (1 switches on core 0)
Feb 09 14:00:34.835219 n-d-828418-2 devstack@placement-api.service[88080]: DEBUG placement.requestlog [req-75d2f004-fce8-4b65-bc57-ac16f507dba2 req-f2f473db-263e-4c4e-aea9-c39e55d08658 None None] Starting request: 10.222.0.48 "GET /placement/resource_providers?name=n-h2-828418-2" {{(pid=88080) __call__ /opt/stack/placement/placement/requestlog.py:55}}
Feb 09 14:00:34.995244 n-d-828418-2 devstack@placement-api.service[88081]: DEBUG placement.requestlog [req-0505316a-29f7-4525-8d8a-77602144fabd req-a918e6ae-ebe5-4eb6-b09e-3696c7e28165 None None] Starting request: 10.222.0.48 "GET /placement/allocation_candidates?limit=1000&resources=DISK_GB%3A1%2CMEMORY_MB%3A1024%2CVCPU%3A1&root_required=%21COMPUTE_STATUS_DISABLED" {{(pid=88081) __call__ /opt/stack/placement/placement/requestlog.py:55}}
Feb 09 14:00:35.067442 n-d-828418-2 devstack@placement-api.service[88080]: INFO placement.requestlog [req-75d2f004-fce8-4b65-bc57-ac16f507dba2 req-f2f473db-263e-4c4e-aea9-c39e55d08658 service placement] 10.222.0.48 "GET /placement/resource_providers?name=n-h2-828418-2" status: 200 len: 440 microversion: 1.0
Feb 09 14:00:35.068310 n-d-828418-2 devstack@placement-api.service[88080]: [pid: 88080|app: 0|req: 12/25] 10.222.0.48 () {58 vars in 1274 bytes} [Wed Feb 9 14:00:34 2022] GET /placement/resource_providers?name=n-h2-828418-2 => generated 440 bytes in 234 msecs (HTTP/1.1 200) 6 headers in 224 bytes (1 switches on core 0)
Feb 09 14:00:35.079031 n-d-828418-2 devstack@placement-api.service[88080]: DEBUG placement.requestlog [req-75d2f004-fce8-4b65-bc57-ac16f507dba2 req-29f6b3a8-b2c1-4536-80c6-82d939e533ce None None] Starting request: 10.222.0.48 "GET /placement/resource_providers/061337e1-37f3-442b-b2fb-5fa097bd1793/aggregates" {{(pid=88080) __call__ /opt/stack/placement/placement/requestlog.py:55}}
Feb 09 14:00:35.110769 n-d-828418-2 devstack@placement-api.service[88080]: INFO placement.requestlog [req-75d2f004-fce8-4b65-bc57-ac16f507dba2 req-29f6b3a8-b2c1-4536-80c6-82d939e533ce service placement] 10.222.0.48 "GET /placement/resource_providers/061337e1-37f3-442b-b2fb-5fa097bd1793/aggregates" status: 200 len: 53 microversion: 1.19
Feb 09 14:00:35.113614 n-d-828418-2 devstack@placement-api.service[88080]: [pid: 88080|app: 0|req: 13/26] 10.222.0.48 () {60 vars in 1425 bytes} [Wed Feb 9 14:00:35 2022] GET /placement/resource_providers/061337e1-37f3-442b-b2fb-5fa097bd1793/aggregates => generated 53 bytes in 35 msecs (HTTP/1.1 200) 8 headers in 295 bytes (1 switches on core 0)
Feb 09 14:00:35.119608 n-d-828418-2 devstack@placement-api.service[88080]: DEBUG placement.requestlog [req-75d2f004-fce8-4b65-bc57-ac16f507dba2 req-e542c71c-fa39-455e-90ac-1436fbf760f9 None None] Starting request: 10.222.0.48 "PUT /placement/resource_providers/061337e1-37f3-442b-b2fb-5fa097bd1793/aggregates" {{(pid=88080) __call__ /opt/stack/placement/placement/requestlog.py:55}}
Feb 09 14:00:35.144238 n-d-828418-2 devstack@placement-api.service[88080]: DEBUG placement.objects.resource_provider [req-75d2f004-fce8-4b65-bc57-ac16f507dba2 req-e542c71c-fa39-455e-90ac-1436fbf760f9 service placement] _ensure_aggregate() did not find aggregate fcaee8ee-d40d-47fe-8c31-8e3b10a6ee0b. Attempting to create it. {{(pid=88080) _ensure_aggregate /opt/stack/placement/placement/objects/resource_provider.py:319}}
Feb 09 14:00:35.148651 n-d-828418-2 devstack@placement-api.service[88080]: DEBUG placement.objects.resource_provider [req-75d2f004-fce8-4b65-bc57-ac16f507dba2 req-e542c71c-fa39-455e-90ac-1436fbf760f9 service placement] _ensure_aggregate() created new aggregate fcaee8ee-d40d-47fe-8c31-8e3b10a6ee0b (id=1). {{(pid=88080) _ensure_aggregate /opt/stack/placement/placement/objects/resource_provider.py:325}}
Feb 09 14:00:35.150372 n-d-828418-2 devstack@placement-api.service[88080]: DEBUG placement.objects.resource_provider [req-75d2f004-fce8-4b65-bc57-ac16f507dba2 req-e542c71c-fa39-455e-90ac-1436fbf760f9 service placement] Setting aggregates for provider 061337e1-37f3-442b-b2fb-5fa097bd1793. Successfully associated aggregate fcaee8ee-d40d-47fe-8c31-8e3b10a6ee0b. {{(pid=88080) _set_aggregates /opt/stack/placement/placement/objects/resource_provider.py:387}}
Feb 09 14:00:35.151092 n-d-828418-2 devstack@placement-api.service[88081]: DEBUG placement.objects.research_context [req-0505316a-29f7-4525-8d8a-77602144fabd req-a918e6ae-ebe5-4eb6-b09e-3696c7e28165 service placement] getting providers with 1 DISK_GB {{(pid=88081) __init__ /opt/stack/placement/placement/objects/research_context.py:126}}
Feb 09 14:00:35.159537 n-d-828418-2 devstack@placement-api.service[88081]: DEBUG placement.objects.research_context [req-0505316a-29f7-4525-8d8a-77602144fabd req-a918e6ae-ebe5-4eb6-b09e-3696c7e28165 service placement] getting providers with 1024 MEMORY_MB {{(pid=88081) __init__ /opt/stack/placement/placement/objects/research_context.py:126}}
Feb 09 14:00:35.160442 n-d-828418-2 devstack@placement-api.service[88080]: INFO placement.requestlog [req-75d2f004-fce8-4b65-bc57-ac16f507dba2 req-e542c71c-fa39-455e-90ac-1436fbf760f9 service placement] 10.222.0.48 "PUT /placement/resource_providers/061337e1-37f3-442b-b2fb-5fa097bd1793/aggregates" status: 200 len: 91 microversion: 1.19
Feb 09 14:00:35.160638 n-d-828418-2 devstack@placement-api.service[88080]: [pid: 88080|app: 0|req: 14/27] 10.222.0.48 () {64 vars in 1477 bytes} [Wed Feb 9 14:00:35 2022] PUT /placement/resource_providers/061337e1-37f3-442b-b2fb-5fa097bd1793/aggregates => generated 91 bytes in 41 msecs (HTTP/1.1 200) 8 headers in 295 bytes (2 switches on core 0)
Feb 09 14:00:35.193486 n-d-828418-2 devstack@placement-api.service[88081]: DEBUG placement.objects.research_context [req-0505316a-29f7-4525-8d8a-77602144fabd req-a918e6ae-ebe5-4eb6-b09e-3696c7e28165 service placement] getting providers with 1 VCPU {{(pid=88081) __init__ /opt/stack/placement/placement/objects/research_context.py:126}}
Feb 09 14:00:35.201545 n-d-828418-2 devstack@placement-api.service[88081]: DEBUG placement.objects.research_context [req-0505316a-29f7-4525-8d8a-77602144fabd req-a918e6ae-ebe5-4eb6-b09e-3696c7e28165 service placement] found 2 providers with available 1 DISK_GB {{(pid=88081) get_provider_ids_matching /opt/stack/placement/placement/objects/research_context.py:549}}
Feb 09 14:00:35.201823 n-d-828418-2 devstack@placement-api.service[88081]: DEBUG placement.objects.research_context [req-0505316a-29f7-4525-8d8a-77602144fabd req-a918e6ae-ebe5-4eb6-b09e-3696c7e28165 service placement] found 2 providers with available 1024 MEMORY_MB {{(pid=88081) get_provider_ids_matching /opt/stack/placement/placement/objects/research_context.py:549}}
Feb 09 14:00:35.202640 n-d-828418-2 devstack@placement-api.service[88081]: DEBUG placement.objects.research_context [req-0505316a-29f7-4525-8d8a-77602144fabd req-a918e6ae-ebe5-4eb6-b09e-3696c7e28165 service placement] found 2 providers after filtering by previous result {{(pid=88081) get_provider_ids_matching /opt/stack/placement/placement/objects/research_context.py:580}}
Feb 09 14:00:35.202910 n-d-828418-2 devstack@placement-api.service[88081]: DEBUG placement.objects.research_context [req-0505316a-29f7-4525-8d8a-77602144fabd req-a918e6ae-ebe5-4eb6-b09e-3696c7e28165 service placement] found 2 providers with available 1 VCPU {{(pid=88081) get_provider_ids_matching /opt/stack/placement/placement/objects/research_context.py:549}}
Feb 09 14:00:35.203214 n-d-828418-2 devstack@placement-api.service[88081]: DEBUG placement.objects.research_context [req-0505316a-29f7-4525-8d8a-77602144fabd req-a918e6ae-ebe5-4eb6-b09e-3696c7e28165 service placement] found 2 providers after filtering by previous result {{(pid=88081) get_provider_ids_matching /opt/stack/placement/placement/objects/research_context.py:580}}
Feb 09 14:00:35.222040 n-d-828418-2 devstack@placement-api.service[88081]: DEBUG placement.objects.allocation_candidate [req-0505316a-29f7-4525-8d8a-77602144fabd req-a918e6ae-ebe5-4eb6-b09e-3696c7e28165 service placement] RequestGroup(use_same_provider=False, resources={DISK_GB:1, MEMORY_MB:1024, VCPU:1}, traits=[], aggregates=[]) (suffix '') returned 2 matches {{(pid=88081) _get_by_requests /opt/stack/placement/placement/objects/allocation_candidate.py:145}}
Feb 09 14:00:35.222736 n-d-828418-2 devstack@placement-api.service[88081]: DEBUG placement.objects.allocation_candidate [req-0505316a-29f7-4525-8d8a-77602144fabd req-a918e6ae-ebe5-4eb6-b09e-3696c7e28165 service placement] Merging candidates yields 2 allocation requests and 2 provider summaries {{(pid=88081) _merge_candidates /opt/stack/placement/placement/objects/allocation_candidate.py:783}}
Feb 09 14:00:35.225216 n-d-828418-2 devstack@placement-api.service[88081]: INFO placement.requestlog [req-0505316a-29f7-4525-8d8a-77602144fabd req-a918e6ae-ebe5-4eb6-b09e-3696c7e28165 service placement] 10.222.0.48 "GET /placement/allocation_candidates?limit=1000&resources=DISK_GB%3A1%2CMEMORY_MB%3A1024%2CVCPU%3A1&root_required=%21COMPUTE_STATUS_DISABLED" status: 200 len: 1303 microversion: 1.35
Feb 09 14:00:35.226023 n-d-828418-2 devstack@placement-api.service[88081]: [pid: 88081|app: 0|req: 14/28] 10.222.0.48 () {60 vars in 1506 bytes} [Wed Feb 9 14:00:34 2022] GET /placement/allocation_candidates?limit=1000&resources=DISK_GB%3A1%2CMEMORY_MB%3A1024%2CVCPU%3A1&root_required=%21COMPUTE_STATUS_DISABLED => generated 1303 bytes in 231 msecs (HTTP/1.1 200) 8 headers in 297 bytes (2 switches on core 0)
Feb 09 14:00:35.387750 n-d-828418-2 devstack@placement-api.service[88080]: DEBUG placement.requestlog [req-0505316a-29f7-4525-8d8a-77602144fabd req-4ac94f79-fb8c-4e67-b904-0d668d7d1548 None None] Starting request: 10.222.0.48 "GET /placement/allocations/4b3d39d0-ccfe-4581-ba6f-ea61a220de20" {{(pid=88080) __call__ /opt/stack/placement/placement/requestlog.py:55}}
Feb 09 14:00:35.637105 n-d-828418-2 devstack@placement-api.service[88080]: INFO placement.requestlog [req-0505316a-29f7-4525-8d8a-77602144fabd req-4ac94f79-fb8c-4e67-b904-0d668d7d1548 service placement] 10.222.0.48 "GET /placement/allocations/4b3d39d0-ccfe-4581-ba6f-ea61a220de20" status: 200 len: 19 microversion: 1.28
Feb 09 14:00:35.637838 n-d-828418-2 devstack@placement-api.service[88080]: [pid: 88080|app: 0|req: 15/29] 10.222.0.48 () {60 vars in 1380 bytes} [Wed Feb 9 14:00:35 2022] GET /placement/allocations/4b3d39d0-ccfe-4581-ba6f-ea61a220de20 => generated 19 bytes in 250 msecs (HTTP/1.1 200) 8 headers in 295 bytes (1 switches on core 0)
Feb 09 14:00:35.644444 n-d-828418-2 devstack@placement-api.service[88081]: DEBUG placement.requestlog [req-0505316a-29f7-4525-8d8a-77602144fabd req-d783ca15-6064-4334-85ce-e7c87852e7cf None None] Starting request: 10.222.0.48 "PUT /placement/allocations/4b3d39d0-ccfe-4581-ba6f-ea61a220de20" {{(pid=88081) __call__ /opt/stack/placement/placement/requestlog.py:55}}
Feb 09 14:00:35.737431 n-d-828418-2 devstack@placement-api.service[88081]: DEBUG placement.handlers.allocation [req-0505316a-29f7-4525-8d8a-77602144fabd req-d783ca15-6064-4334-85ce-e7c87852e7cf service placement] Successfully wrote allocations [, , ] {{(pid=88081) _create_allocations /opt/stack/placement/placement/handlers/allocation.py:435}}
Feb 09 14:00:35.738607 n-d-828418-2 devstack@placement-api.service[88081]: INFO placement.requestlog [req-0505316a-29f7-4525-8d8a-77602144fabd req-d783ca15-6064-4334-85ce-e7c87852e7cf service placement] 10.222.0.48 "PUT /placement/allocations/4b3d39d0-ccfe-4581-ba6f-ea61a220de20" status: 204 len: 0 microversion: 1.35
Feb 09 14:00:35.752921 n-d-828418-2 devstack@placement-api.service[88081]: [pid: 88081|app: 0|req: 15/30] 10.222.0.48 () {64 vars in 1433 bytes} [Wed Feb 9 14:00:35 2022] PUT /placement/allocations/4b3d39d0-ccfe-4581-ba6f-ea61a220de20 => generated 0 bytes in 95 msecs (HTTP/1.1 204) 5 headers in 199 bytes (1 switches on core 0)
Feb 09 14:00:36.444572 n-d-828418-2 devstack@placement-api.service[88080]: DEBUG placement.requestlog [req-0505316a-29f7-4525-8d8a-77602144fabd req-0dfe6856-ba6f-4521-926e-f03ce14c8778 None None] Starting request: 10.222.0.35 "GET /placement/allocations/4b3d39d0-ccfe-4581-ba6f-ea61a220de20" {{(pid=88080) __call__ /opt/stack/placement/placement/requestlog.py:55}}
Feb 09 14:00:36.466239 n-d-828418-2 devstack@placement-api.service[88080]: INFO placement.requestlog [req-0505316a-29f7-4525-8d8a-77602144fabd req-0dfe6856-ba6f-4521-926e-f03ce14c8778 service placement] 10.222.0.35 "GET /placement/allocations/4b3d39d0-ccfe-4581-ba6f-ea61a220de20" status: 200 len: 258 microversion: 1.28
Feb 09 14:00:36.467004 n-d-828418-2 devstack@placement-api.service[88080]: [pid: 88080|app: 0|req: 16/31] 10.222.0.35 () {60 vars in 1377 bytes} [Wed Feb 9 14:00:36 2022] GET /placement/allocations/4b3d39d0-ccfe-4581-ba6f-ea61a220de20 => generated 258 bytes in 23 msecs (HTTP/1.1 200) 8 headers in 296 bytes (1 switches on core 0)
Feb 09 14:00:37.820925 n-d-828418-2 devstack@placement-api.service[88081]: DEBUG placement.requestlog [req-b3f23607-0c5a-4e80-9eac-2ba0af1a83cd req-71706550-6844-429a-b778-c40f5c028aa5 None None] Starting request: 10.222.0.48 "GET /placement/allocation_candidates?limit=1000&resources=DISK_GB%3A1%2CMEMORY_MB%3A1024%2CVCPU%3A1&root_required=%21COMPUTE_STATUS_DISABLED" {{(pid=88081) __call__ /opt/stack/placement/placement/requestlog.py:55}}
