Feb 09 00:51:04.848112 n-d-828418-1 neutron-server[87639]: DEBUG neutron.pecan_wsgi.hooks.policy_enforcement [req-f474c5c2-9ae4-45ce-ad5f-769572203e7a req-9ef0e95a-94db-4a29-b365-95b9844ab5bd tempest-LiveMigrationNegativeTest-1638058601 tempest-LiveMigrationNegativeTest-1638058601-project] Attributes excluded by policy engine: ['standard_attr_id', 'binding:profile', 'binding:host_id', 'binding:vif_type', 'binding:vif_details'] {{(pid=87639) _exclude_attributes_by_policy /opt/stack/neutron/neutron/pecan_wsgi/hooks/policy_enforcement.py:255}}
Feb 09 00:51:04.856258 n-d-828418-1 neutron-server[87639]: INFO neutron.wsgi [req-f474c5c2-9ae4-45ce-ad5f-769572203e7a req-9ef0e95a-94db-4a29-b365-95b9844ab5bd tempest-LiveMigrationNegativeTest-1638058601 tempest-LiveMigrationNegativeTest-1638058601-project] 10.222.0.105 "GET /v2.0/ports?device_id=adb669b8-f043-4035-a1e4-d6dc93d3f38e HTTP/1.1" status: 200 len: 950 time: 0.3126454
Feb 09 00:51:04.918533 n-d-828418-1 neutron-server[87639]: INFO neutron.wsgi [req-f474c5c2-9ae4-45ce-ad5f-769572203e7a req-e499db7d-ffe6-4275-acfd-4e2eda1ef836 tempest-LiveMigrationNegativeTest-1638058601 tempest-LiveMigrationNegativeTest-1638058601-project] 10.222.0.105 "GET /v2.0/security-groups?id=a13e4638-b350-4af6-8b8a-44791571b941&fields=id&fields=name HTTP/1.1" status: 200 len: 286 time: 0.0612881
Feb 09 00:51:04.934023 n-d-828418-1 neutron-server[87638]: DEBUG neutron_lib.callbacks.manager [None req-970811f3-44a5-4ff8-891d-bd5e644422b3 admin admin] Notify callbacks [] for security_group, before_delete {{(pid=87638) _notify_loop /usr/local/lib/python3.8/dist-packages/neutron_lib/callbacks/manager.py:192}}
Feb 09 00:51:04.938845 n-d-828418-1 neutron-server[87639]: DEBUG neutron.pecan_wsgi.hooks.policy_enforcement [req-fef55f0d-8c70-4b2e-b004-797cb2828a72 req-fe85be8c-49d0-428d-816d-1fa7e57a1c7e tempest-ServersAdminNegativeTestJSON-826093137 tempest-ServersAdminNegativeTestJSON-826093137-project] Attributes excluded by policy engine: ['standard_attr_id', 'binding:profile', 'binding:host_id', 'binding:vif_type', 'binding:vif_details'] {{(pid=87639) _exclude_attributes_by_policy /opt/stack/neutron/neutron/pecan_wsgi/hooks/policy_enforcement.py:255}}
Feb 09 00:51:04.947168 n-d-828418-1 neutron-server[87639]: INFO neutron.wsgi [req-fef55f0d-8c70-4b2e-b004-797cb2828a72 req-fe85be8c-49d0-428d-816d-1fa7e57a1c7e tempest-ServersAdminNegativeTestJSON-826093137 tempest-ServersAdminNegativeTestJSON-826093137-project] 10.222.0.105 "GET /v2.0/ports?device_id=2f21073e-4fef-4a13-85a1-ceb1e32e7a43 HTTP/1.1" status: 200 len: 950 time: 0.2500856
Feb 09 00:51:05.000568 n-d-828418-1 neutron-server[87638]: DEBUG neutron_lib.callbacks.manager [None req-08214967-1d48-420c-bef6-e4d8e92a457b admin admin] Notify callbacks [] for security_group, before_create {{(pid=87638) _notify_loop /usr/local/lib/python3.8/dist-packages/neutron_lib/callbacks/manager.py:192}}
Feb 09 00:51:05.004937 n-d-828418-1 neutron-server[87639]: INFO neutron.wsgi [req-fef55f0d-8c70-4b2e-b004-797cb2828a72 req-c44b197e-7f27-4c55-a223-97e0bb12ec80 tempest-ServersAdminNegativeTestJSON-826093137 tempest-ServersAdminNegativeTestJSON-826093137-project] 10.222.0.105 "GET /v2.0/security-groups?id=1ed07dad-ca98-4563-9313-f42f82b46bbc&fields=id&fields=name HTTP/1.1" status: 200 len: 286 time: 0.0566399
Feb 09 00:51:05.013436 n-d-828418-1 neutron-server[87638]: DEBUG neutron_lib.callbacks.manager [None req-970811f3-44a5-4ff8-891d-bd5e644422b3 admin admin] Notify callbacks [] for security_group, precommit_delete {{(pid=87638) _notify_loop /usr/local/lib/python3.8/dist-packages/neutron_lib/callbacks/manager.py:192}}
Feb 09 00:51:05.041959 n-d-828418-1 neutron-server[87638]: DEBUG neutron.db.quota.driver [None req-08214967-1d48-420c-bef6-e4d8e92a457b admin admin] Resources subnetpool have unlimited quota limit. It is not required to calculate headroom {{(pid=87638) make_reservation /opt/stack/neutron/neutron/db/quota/driver.py:219}}
Feb 09 00:51:05.050211 n-d-828418-1 neutron-server[87638]: DEBUG neutron.quota.resource [None req-08214967-1d48-420c-bef6-e4d8e92a457b admin admin] Usage tracker for resource:security_group_rule and tenant:79775f20ceac4ae69904fc09e58f1d37 is out of sync, need to count used quota {{(pid=87638) count_used /opt/stack/neutron/neutron/quota/resource.py:270}}
Feb 09 00:51:05.061103 n-d-828418-1 neutron-server[87638]: DEBUG neutron.quota.resource [None req-08214967-1d48-420c-bef6-e4d8e92a457b admin admin] Quota usage for security_group_rule was recalculated. Used quota:0. {{(pid=87638) count_used /opt/stack/neutron/neutron/quota/resource.py:290}}
Feb 09 00:51:05.071760 n-d-828418-1 neutron-server[87638]: DEBUG neutron.db.quota.driver [None req-08214967-1d48-420c-bef6-e4d8e92a457b admin admin] Attempting to reserve 4 items for resource security_group_rule. Total usage: 0; quota limit: 100; headroom:100 {{(pid=87638) make_reservation /opt/stack/neutron/neutron/db/quota/driver.py:246}}
Feb 09 00:51:05.121450 n-d-828418-1 neutron-server[87638]: DEBUG neutron_lib.callbacks.manager [None req-970811f3-44a5-4ff8-891d-bd5e644422b3 admin admin] Notify callbacks ['neutron.plugins.ml2.ovo_rpc._ObjectChangeHandler.handle_event-1691118'] for security_group, after_delete {{(pid=87638) _notify_loop /usr/local/lib/python3.8/dist-packages/neutron_lib/callbacks/manager.py:192}}
Feb 09 00:51:05.145660 n-d-828418-1 neutron-server[87638]: DEBUG neutron.api.rpc.handlers.resources_rpc [None req-970811f3-44a5-4ff8-891d-bd5e644422b3 admin admin] Pushing event deleted for resources: {'SecurityGroup': ['ID=097a1cb9-f2bd-4208-89fb-967b0117a0ea,revision_number=None']} {{(pid=87638) push /opt/stack/neutron/neutron/api/rpc/handlers/resources_rpc.py:237}}
Feb 09 00:51:05.183168 n-d-828418-1 neutron-server[87638]: DEBUG neutron_lib.callbacks.manager [None req-970811f3-44a5-4ff8-891d-bd5e644422b3 admin admin] Notify callbacks [] for security_group, before_response {{(pid=87638) _notify_loop /usr/local/lib/python3.8/dist-packages/neutron_lib/callbacks/manager.py:192}}
Feb 09 00:51:05.184476 n-d-828418-1 neutron-server[87638]: INFO neutron.wsgi [None req-970811f3-44a5-4ff8-891d-bd5e644422b3 admin admin] 10.222.0.105 "DELETE /v2.0/security-groups/097a1cb9-f2bd-4208-89fb-967b0117a0ea HTTP/1.1" status: 204 len: 168 time: 0.3603487
Feb 09 00:51:05.216149 n-d-828418-1 neutron-server[87638]: DEBUG neutron_lib.callbacks.manager [None req-08214967-1d48-420c-bef6-e4d8e92a457b admin admin] Notify callbacks [] for security_group, precommit_create {{(pid=87638) _notify_loop /usr/local/lib/python3.8/dist-packages/neutron_lib/callbacks/manager.py:192}}
Feb 09 00:51:05.221251 n-d-828418-1 neutron-server[87638]: DEBUG neutron_lib.callbacks.manager [None req-08214967-1d48-420c-bef6-e4d8e92a457b admin admin] Notify callbacks ['neutron.plugins.ml2.ovo_rpc._ObjectChangeHandler.handle_event-1691118'] for security_group, after_create {{(pid=87638) _notify_loop /usr/local/lib/python3.8/dist-packages/neutron_lib/callbacks/manager.py:192}}
Feb 09 00:51:05.289831 n-d-828418-1 neutron-server[87638]: INFO neutron.wsgi [None req-08214967-1d48-420c-bef6-e4d8e92a457b admin admin] 10.222.0.105 "GET /v2.0/security-groups?tenant_id=79775f20ceac4ae69904fc09e58f1d37&name=default HTTP/1.1" status: 200 len: 2979 time: 0.4985356
Feb 09 00:51:05.290984 n-d-828418-1 neutron-server[87638]: DEBUG neutron.api.rpc.handlers.resources_rpc [None req-08214967-1d48-420c-bef6-e4d8e92a457b admin admin] Pushing event updated for resources: {'SecurityGroup': ['ID=bb87b298-c472-4435-b1dd-9c03f9265881,revision_number=1']} {{(pid=87638) push /opt/stack/neutron/neutron/api/rpc/handlers/resources_rpc.py:237}}
Feb 09 00:51:05.292663 n-d-828418-1 neutron-server[87639]: DEBUG neutron.wsgi [-] (87639) accepted ('10.222.0.105', 38898) {{(pid=87639) server /usr/local/lib/python3.8/dist-packages/eventlet/wsgi.py:992}}
Feb 09 00:51:05.379864 n-d-828418-1 neutron-server[87639]: DEBUG neutron_lib.callbacks.manager [None req-1dfc0033-4f00-4a03-a75e-b7195f830934 admin admin] Notify callbacks [] for security_group, before_delete {{(pid=87639) _notify_loop /usr/local/lib/python3.8/dist-packages/neutron_lib/callbacks/manager.py:192}}
Feb 09 00:51:05.411330 n-d-828418-1 neutron-server[87639]: DEBUG neutron_lib.callbacks.manager [None req-1dfc0033-4f00-4a03-a75e-b7195f830934 admin admin] Notify callbacks [] for security_group, precommit_delete {{(pid=87639) _notify_loop /usr/local/lib/python3.8/dist-packages/neutron_lib/callbacks/manager.py:192}}
Feb 09 00:51:05.472346 n-d-828418-1 neutron-server[87639]: DEBUG neutron_lib.callbacks.manager [None req-1dfc0033-4f00-4a03-a75e-b7195f830934 admin admin] Notify callbacks ['neutron.plugins.ml2.ovo_rpc._ObjectChangeHandler.handle_event-1691118'] for security_group, after_delete {{(pid=87639) _notify_loop /usr/local/lib/python3.8/dist-packages/neutron_lib/callbacks/manager.py:192}}
Feb 09 00:51:05.489808 n-d-828418-1 neutron-server[87639]: DEBUG neutron.api.rpc.handlers.resources_rpc [None req-1dfc0033-4f00-4a03-a75e-b7195f830934 admin admin] Pushing event deleted for resources: {'SecurityGroup': ['ID=bb87b298-c472-4435-b1dd-9c03f9265881,revision_number=None']} {{(pid=87639) push /opt/stack/neutron/neutron/api/rpc/handlers/resources_rpc.py:237}}
Feb 09 00:51:05.499716 n-d-828418-1 neutron-server[87639]: DEBUG neutron_lib.callbacks.manager [None req-1dfc0033-4f00-4a03-a75e-b7195f830934 admin admin] Notify callbacks [] for security_group, before_response {{(pid=87639) _notify_loop /usr/local/lib/python3.8/dist-packages/neutron_lib/callbacks/manager.py:192}}
Feb 09 00:51:05.500821 n-d-828418-1 neutron-server[87639]: INFO neutron.wsgi [None req-1dfc0033-4f00-4a03-a75e-b7195f830934 admin admin] 10.222.0.105 "DELETE /v2.0/security-groups/bb87b298-c472-4435-b1dd-9c03f9265881 HTTP/1.1" status: 204 len: 168 time: 0.2071025
Feb 09 00:51:05.738278 n-d-828418-1 neutron-server[87639]: DEBUG neutron.pecan_wsgi.hooks.policy_enforcement [req-bf07a5f8-b439-4d93-9449-357672fd25ca req-ded30038-e269-4fa9-a712-1e7abf15bc41 tempest-LiveMigrationTest-1219107333 tempest-LiveMigrationTest-1219107333-project] Attributes excluded by policy engine: ['standard_attr_id', 'binding:profile', 'binding:host_id', 'binding:vif_type', 'binding:vif_details'] {{(pid=87639) _exclude_attributes_by_policy /opt/stack/neutron/neutron/pecan_wsgi/hooks/policy_enforcement.py:255}}
Feb 09 00:51:05.739108 n-d-828418-1 neutron-server[87639]: INFO neutron.wsgi [req-bf07a5f8-b439-4d93-9449-357672fd25ca req-ded30038-e269-4fa9-a712-1e7abf15bc41 tempest-LiveMigrationTest-1219107333 tempest-LiveMigrationTest-1219107333-project] 10.222.0.105 "GET /v2.0/ports?device_id=4217fae3-6087-4477-8eed-859d85400796 HTTP/1.1" status: 200 len: 943 time: 0.0941191
Feb 09 00:51:05.783454 n-d-828418-1 neutron-server[87639]: INFO neutron.wsgi [req-bf07a5f8-b439-4d93-9449-357672fd25ca req-f0bc846a-3b10-4d1a-9027-38022ab96da4 tempest-LiveMigrationTest-1219107333 tempest-LiveMigrationTest-1219107333-project] 10.222.0.105 "GET /v2.0/security-groups?id=7bed8753-bb44-44a9-9228-7634b14a83f2&fields=id&fields=name HTTP/1.1" status: 200 len: 286 time: 0.0434074
Feb 09 00:51:05.991298 n-d-828418-1 neutron-server[87639]: DEBUG neutron.wsgi [-] (87639) accepted ('10.222.0.105', 38926) {{(pid=87639) server /usr/local/lib/python3.8/dist-packages/eventlet/wsgi.py:992}}
Feb 09 00:51:06.034193 n-d-828418-1 neutron-server[87639]: DEBUG neutron_lib.callbacks.manager [None req-6de528c2-e02e-451b-9152-44bb88550953 admin admin] Notify callbacks [] for security_group, before_create {{(pid=87639) _notify_loop /usr/local/lib/python3.8/dist-packages/neutron_lib/callbacks/manager.py:192}}
Feb 09 00:51:06.078143 n-d-828418-1 neutron-server[87639]: DEBUG neutron.db.quota.driver [None req-6de528c2-e02e-451b-9152-44bb88550953 admin admin] Resources subnetpool have unlimited quota limit. It is not required to calculate headroom {{(pid=87639) make_reservation /opt/stack/neutron/neutron/db/quota/driver.py:219}}
Feb 09 00:51:06.090076 n-d-828418-1 neutron-server[87639]: DEBUG neutron.quota.resource [None req-6de528c2-e02e-451b-9152-44bb88550953 admin admin] Usage tracker for resource:security_group_rule and tenant:04bff053484648bc80f51ebaf71ce145 is out of sync, need to count used quota {{(pid=87639) count_used /opt/stack/neutron/neutron/quota/resource.py:270}}
Feb 09 00:51:06.139798 n-d-828418-1 neutron-server[87639]: DEBUG neutron.quota.resource [None req-6de528c2-e02e-451b-9152-44bb88550953 admin admin] Quota usage for security_group_rule was recalculated. Used quota:0. {{(pid=87639) count_used /opt/stack/neutron/neutron/quota/resource.py:290}}
Feb 09 00:51:06.191292 n-d-828418-1 neutron-server[87638]: DEBUG neutron.pecan_wsgi.hooks.policy_enforcement [req-65a3f250-5b61-4547-ab7b-3552be75d18a req-cf7cd19d-1799-4501-badc-ca29e6f65aab tempest-LiveMigrationNegativeTest-1638058601 tempest-LiveMigrationNegativeTest-1638058601-project] Attributes excluded by policy engine: ['standard_attr_id', 'binding:profile', 'binding:host_id', 'binding:vif_type', 'binding:vif_details'] {{(pid=87638) _exclude_attributes_by_policy /opt/stack/neutron/neutron/pecan_wsgi/hooks/policy_enforcement.py:255}}
Feb 09 00:51:06.192205 n-d-828418-1 neutron-server[87638]: DEBUG neutron.quota.resource [req-65a3f250-5b61-4547-ab7b-3552be75d18a req-cf7cd19d-1799-4501-badc-ca29e6f65aab tempest-LiveMigrationNegativeTest-1638058601 tempest-LiveMigrationNegativeTest-1638058601-project] Synchronizing usage tracker for tenant:d822affed756490e9875bac6497daede on resource:port {{(pid=87638) resync /opt/stack/neutron/neutron/quota/resource.py:241}}
Feb 09 00:51:06.207968 n-d-828418-1 neutron-server[87639]: DEBUG neutron.db.quota.driver [None req-6de528c2-e02e-451b-9152-44bb88550953 admin admin] Attempting to reserve 4 items for resource security_group_rule. Total usage: 0; quota limit: 100; headroom:100 {{(pid=87639) make_reservation /opt/stack/neutron/neutron/db/quota/driver.py:246}}
Feb 09 00:51:06.223141 n-d-828418-1 neutron-server[87638]: DEBUG neutron.quota.resource [req-65a3f250-5b61-4547-ab7b-3552be75d18a req-cf7cd19d-1799-4501-badc-ca29e6f65aab tempest-LiveMigrationNegativeTest-1638058601 tempest-LiveMigrationNegativeTest-1638058601-project] Unset dirty status for tenant:d822affed756490e9875bac6497daede on resource:port {{(pid=87638) _resync /opt/stack/neutron/neutron/quota/resource.py:233}}
Feb 09 00:51:06.227638 n-d-828418-1 neutron-server[87638]: INFO neutron.wsgi [req-65a3f250-5b61-4547-ab7b-3552be75d18a req-cf7cd19d-1799-4501-badc-ca29e6f65aab tempest-LiveMigrationNegativeTest-1638058601 tempest-LiveMigrationNegativeTest-1638058601-project] 10.222.0.99 "GET /v2.0/ports?device_id=adb669b8-f043-4035-a1e4-d6dc93d3f38e HTTP/1.1" status: 200 len: 950 time: 0.2105143
Feb 09 00:51:06.295426 n-d-828418-1 neutron-server[87639]: DEBUG neutron.pecan_wsgi.hooks.policy_enforcement [req-95222865-d0d9-4826-9eb0-6ebcd7d4dc41 req-53e8ae9b-b7da-4fab-b4e5-11f4e9f4032d tempest-ServersAdminNegativeTestJSON-826093137 tempest-ServersAdminNegativeTestJSON-826093137-project] Attributes excluded by policy engine: ['standard_attr_id', 'binding:profile', 'binding:host_id', 'binding:vif_type', 'binding:vif_details'] {{(pid=87639) _exclude_attributes_by_policy /opt/stack/neutron/neutron/pecan_wsgi/hooks/policy_enforcement.py:255}}
Feb 09 00:51:06.297517 n-d-828418-1 neutron-server[87639]: INFO neutron.wsgi [req-95222865-d0d9-4826-9eb0-6ebcd7d4dc41 req-53e8ae9b-b7da-4fab-b4e5-11f4e9f4032d tempest-ServersAdminNegativeTestJSON-826093137 tempest-ServersAdminNegativeTestJSON-826093137-project] 10.222.0.105 "GET /v2.0/ports?device_id=2f21073e-4fef-4a13-85a1-ceb1e32e7a43 HTTP/1.1" status: 200 len: 950 time: 0.1532614
Feb 09 00:51:06.320613 n-d-828418-1 neutron-server[87638]: DEBUG neutron.plugins.ml2.plugin [req-65a3f250-5b61-4547-ab7b-3552be75d18a req-e12e64b1-f3b3-47a6-bd92-d861edd39db7 tempest-LiveMigrationNegativeTest-1638058601 tempest-LiveMigrationNegativeTest-1638058601-project] Deleting port ded3b628-89d7-49c4-95e2-f528fa36d665 {{(pid=87638) _pre_delete_port /opt/stack/neutron/neutron/plugins/ml2/plugin.py:1915}}
Feb 09 00:51:06.321234 n-d-828418-1 neutron-server[87638]: DEBUG neutron_lib.callbacks.manager [req-65a3f250-5b61-4547-ab7b-3552be75d18a req-e12e64b1-f3b3-47a6-bd92-d861edd39db7 tempest-LiveMigrationNegativeTest-1638058601 tempest-LiveMigrationNegativeTest-1638058601-project] Notify callbacks ['neutron.db.l3_db.L3_NAT_dbonly_mixin._prevent_l3_port_delete_callback-8734725314798'] for port, before_delete {{(pid=87638) _notify_loop /usr/local/lib/python3.8/dist-packages/neutron_lib/callbacks/manager.py:192}}
Feb 09 00:51:06.371060 n-d-828418-1 neutron-server[87639]: INFO neutron.wsgi [req-95222865-d0d9-4826-9eb0-6ebcd7d4dc41 req-ec8544d6-d77a-40ad-80d4-d6eaa0454824 tempest-ServersAdminNegativeTestJSON-826093137 tempest-ServersAdminNegativeTestJSON-826093137-project] 10.222.0.105 "GET /v2.0/security-groups?id=1ed07dad-ca98-4563-9313-f42f82b46bbc&fields=id&fields=name HTTP/1.1" status: 200 len: 286 time: 0.0588365
Feb 09 00:51:06.392564 n-d-828418-1 neutron-server[87639]: DEBUG neutron.pecan_wsgi.hooks.policy_enforcement [req-885a9d4e-2e0e-4762-a70e-139a64c7415d req-5ff2f13d-090d-4b2f-be29-bf020004ab44 tempest-LiveMigrationNegativeTest-1638058601 tempest-LiveMigrationNegativeTest-1638058601-project] Attributes excluded by policy engine: ['standard_attr_id', 'binding:profile', 'binding:host_id', 'binding:vif_type', 'binding:vif_details'] {{(pid=87639) _exclude_attributes_by_policy /opt/stack/neutron/neutron/pecan_wsgi/hooks/policy_enforcement.py:255}}
Feb 09 00:51:06.401979 n-d-828418-1 neutron-server[87639]: INFO neutron.wsgi [req-885a9d4e-2e0e-4762-a70e-139a64c7415d req-5ff2f13d-090d-4b2f-be29-bf020004ab44 tempest-LiveMigrationNegativeTest-1638058601 tempest-LiveMigrationNegativeTest-1638058601-project] 10.222.0.105 "GET /v2.0/ports?device_id=adb669b8-f043-4035-a1e4-d6dc93d3f38e HTTP/1.1" status: 200 len: 950 time: 0.3159673
Feb 09 00:51:06.486237 n-d-828418-1 neutron-server[87639]: INFO neutron.wsgi [req-885a9d4e-2e0e-4762-a70e-139a64c7415d req-07e341b9-3878-475c-ae30-6d478eece482 tempest-LiveMigrationNegativeTest-1638058601 tempest-LiveMigrationNegativeTest-1638058601-project] 10.222.0.105 "GET /v2.0/security-groups?id=a13e4638-b350-4af6-8b8a-44791571b941&fields=id&fields=name HTTP/1.1" status: 200 len: 286 time: 0.0826716
Feb 09 00:51:06.576556 n-d-828418-1 neutron-server[87639]: DEBUG neutron_lib.callbacks.manager [None req-6de528c2-e02e-451b-9152-44bb88550953 admin admin] Notify callbacks [] for security_group, precommit_create {{(pid=87639) _notify_loop /usr/local/lib/python3.8/dist-packages/neutron_lib/callbacks/manager.py:192}}
Feb 09 00:51:06.583233 n-d-828418-1 neutron-server[87639]: DEBUG neutron_lib.callbacks.manager [None req-6de528c2-e02e-451b-9152-44bb88550953 admin admin] Notify callbacks ['neutron.plugins.ml2.ovo_rpc._ObjectChangeHandler.handle_event-1691118'] for security_group, after_create {{(pid=87639) _notify_loop /usr/local/lib/python3.8/dist-packages/neutron_lib/callbacks/manager.py:192}}
Feb 09 00:51:06.638533 n-d-828418-1 neutron-server[87639]: DEBUG neutron.api.rpc.handlers.resources_rpc [None req-6de528c2-e02e-451b-9152-44bb88550953 admin admin] Pushing event updated for resources: {'SecurityGroup': ['ID=39afb09f-5e2a-4ff9-b58f-f17c59fe86ec,revision_number=1']} {{(pid=87639) push /opt/stack/neutron/neutron/api/rpc/handlers/resources_rpc.py:237}}
Feb 09 00:51:06.674136 n-d-828418-1 neutron-server[87638]: DEBUG neutron.plugins.ml2.db [req-65a3f250-5b61-4547-ab7b-3552be75d18a req-e12e64b1-f3b3-47a6-bd92-d861edd39db7 tempest-LiveMigrationNegativeTest-1638058601 tempest-LiveMigrationNegativeTest-1638058601-project] For port ded3b628-89d7-49c4-95e2-f528fa36d665, host n-h2-828418-1, got binding levels [PortBindingLevel(driver='hyperv',host='n-h2-828418-1',level=0,port_id=ded3b628-89d7-49c4-95e2-f528fa36d665,segment=NetworkSegment(59f3f685-c18b-4061-8f29-d052f08dc823),segment_id=59f3f685-c18b-4061-8f29-d052f08dc823)] {{(pid=87638) get_binding_level_objs /opt/stack/neutron/neutron/plugins/ml2/db.py:75}}
Feb 09 00:51:06.674493 n-d-828418-1 neutron-server[87638]: DEBUG neutron_lib.callbacks.manager [req-65a3f250-5b61-4547-ab7b-3552be75d18a req-e12e64b1-f3b3-47a6-bd92-d861edd39db7 tempest-LiveMigrationNegativeTest-1638058601 tempest-LiveMigrationNegativeTest-1638058601-project] Notify callbacks ['neutron.services.l3_router.l3_router_plugin.L3_NAT_dbonly_mixin._precommit_delete_port_callback-1671817'] for port, precommit_delete {{(pid=87638) _notify_loop /usr/local/lib/python3.8/dist-packages/neutron_lib/callbacks/manager.py:192}}
Feb 09 00:51:06.676479 n-d-828418-1 neutron-server[87639]: INFO neutron.wsgi [None req-6de528c2-e02e-451b-9152-44bb88550953 admin admin] 10.222.0.105 "GET /v2.0/security-groups?tenant_id=04bff053484648bc80f51ebaf71ce145&name=default HTTP/1.1" status: 200 len: 2979 time: 0.6827965
Feb 09 00:51:06.679694 n-d-828418-1 neutron-server[87639]: DEBUG neutron.wsgi [-] (87639) accepted ('10.222.0.105', 38958) {{(pid=87639) server /usr/local/lib/python3.8/dist-packages/eventlet/wsgi.py:992}}
Feb 09 00:51:06.815992 n-d-828418-1 neutron-server[87639]: DEBUG neutron_lib.callbacks.manager [None req-02b96267-d1c7-4f07-a71f-3ff29555c4be admin admin] Notify callbacks [] for security_group, before_delete {{(pid=87639) _notify_loop /usr/local/lib/python3.8/dist-packages/neutron_lib/callbacks/manager.py:192}}
Feb 09 00:51:06.825926 n-d-828418-1 neutron-server[87638]: DEBUG neutron.plugins.ml2.plugin [req-65a3f250-5b61-4547-ab7b-3552be75d18a req-e12e64b1-f3b3-47a6-bd92-d861edd39db7 tempest-LiveMigrationNegativeTest-1638058601 tempest-LiveMigrationNegativeTest-1638058601-project] Calling delete_port for ded3b628-89d7-49c4-95e2-f528fa36d665 owned by compute:nova {{(pid=87638) delete_port /opt/stack/neutron/neutron/plugins/ml2/plugin.py:1987}}
Feb 09 00:51:06.855675 n-d-828418-1 neutron-server[87639]: DEBUG neutron_lib.callbacks.manager [None req-02b96267-d1c7-4f07-a71f-3ff29555c4be admin admin] Notify callbacks [] for security_group, precommit_delete {{(pid=87639) _notify_loop /usr/local/lib/python3.8/dist-packages/neutron_lib/callbacks/manager.py:192}}
Feb 09 00:51:06.923447 n-d-828418-1 neutron-server[87639]: DEBUG neutron_lib.callbacks.manager [None req-02b96267-d1c7-4f07-a71f-3ff29555c4be admin admin] Notify callbacks ['neutron.plugins.ml2.ovo_rpc._ObjectChangeHandler.handle_event-1691118'] for security_group, after_delete {{(pid=87639) _notify_loop /usr/local/lib/python3.8/dist-packages/neutron_lib/callbacks/manager.py:192}}
Feb 09 00:51:06.948317 n-d-828418-1 neutron-server[87639]: DEBUG neutron.api.rpc.handlers.resources_rpc [None req-02b96267-d1c7-4f07-a71f-3ff29555c4be admin admin] Pushing event deleted for resources: {'SecurityGroup': ['ID=39afb09f-5e2a-4ff9-b58f-f17c59fe86ec,revision_number=None']} {{(pid=87639) push /opt/stack/neutron/neutron/api/rpc/handlers/resources_rpc.py:237}}
Feb 09 00:51:06.950397 n-d-828418-1 neutron-server[87639]: DEBUG neutron_lib.callbacks.manager [None req-02b96267-d1c7-4f07-a71f-3ff29555c4be admin admin] Notify callbacks [] for security_group, before_response {{(pid=87639) _notify_loop /usr/local/lib/python3.8/dist-packages/neutron_lib/callbacks/manager.py:192}}
Feb 09 00:51:06.953923 n-d-828418-1 neutron-server[87639]: INFO neutron.wsgi [None req-02b96267-d1c7-4f07-a71f-3ff29555c4be admin admin] 10.222.0.105 "DELETE /v2.0/security-groups/39afb09f-5e2a-4ff9-b58f-f17c59fe86ec HTTP/1.1" status: 204 len: 168 time: 0.2701063
Feb 09 00:51:07.117654 n-d-828418-1 neutron-server[87638]: DEBUG neutron_lib.callbacks.manager [req-65a3f250-5b61-4547-ab7b-3552be75d18a req-e12e64b1-f3b3-47a6-bd92-d861edd39db7 tempest-LiveMigrationNegativeTest-1638058601 tempest-LiveMigrationNegativeTest-1638058601-project] Notify callbacks ['neutron.plugins.ml2.plugin.SecurityGroupServerNotifierRpcMixin.notify_sg_on_port_change-566270', 'neutron.plugins.ml2.ovo_rpc._ObjectChangeHandler.handle_event-72681', 'neutron.api.rpc.agentnotifiers.dhcp_rpc_agent_api.DhcpAgentNotifyAPI._native_event_send_dhcp_notification-1579806', 'neutron.db.l3_db.L3RpcNotifierMixin._notify_routers_callback-8734725384982', 'neutron.db.l3_dvrscheduler_db._notify_port_delete-8734724943876'] for port, after_delete {{(pid=87638) _notify_loop /usr/local/lib/python3.8/dist-packages/neutron_lib/callbacks/manager.py:192}}
Feb 09 00:51:07.130442 n-d-828418-1 neutron-server[87640]: DEBUG neutron.plugins.ml2.db [None req-a148ee7b-45ee-46ac-a497-7fb6a2638c63 None None] get_ports_and_sgs() called for port_ids ['ded3b628-89d7-49c4-95e2-f528fa36d665'] {{(pid=87640) get_ports_and_sgs /opt/stack/neutron/neutron/plugins/ml2/db.py:164}}
Feb 09 00:51:07.183080 n-d-828418-1 neutron-server[87640]: DEBUG neutron.plugins.ml2.db [None req-d2318c07-16b2-45c6-b6f4-080471d7a59b None None] get_ports_and_sgs() called for port_ids ['e0c90098-2788-42f0-bc70-1f7dff3385fe'] {{(pid=87640) get_ports_and_sgs /opt/stack/neutron/neutron/plugins/ml2/db.py:164}}
Feb 09 00:51:07.187862 n-d-828418-1 neutron-server[87639]: DEBUG neutron.pecan_wsgi.hooks.policy_enforcement [req-6fe43211-f198-41b5-8a61-bb1df79b93fb req-0e8a66fc-efe4-4b39-9cb6-a710ba054109 tempest-LiveMigrationTest-1219107333 tempest-LiveMigrationTest-1219107333-project] Attributes excluded by policy engine: ['standard_attr_id', 'binding:profile', 'binding:host_id', 'binding:vif_type', 'binding:vif_details'] {{(pid=87639) _exclude_attributes_by_policy /opt/stack/neutron/neutron/pecan_wsgi/hooks/policy_enforcement.py:255}}
Feb 09 00:51:07.197308 n-d-828418-1 neutron-server[87639]: INFO neutron.wsgi [req-6fe43211-f198-41b5-8a61-bb1df79b93fb req-0e8a66fc-efe4-4b39-9cb6-a710ba054109 tempest-LiveMigrationTest-1219107333 tempest-LiveMigrationTest-1219107333-project] 10.222.0.105 "GET /v2.0/ports?device_id=4217fae3-6087-4477-8eed-859d85400796 HTTP/1.1" status: 200 len: 943 time: 0.1344769
Feb 09 00:51:07.280674 n-d-828418-1 neutron-server[87639]: INFO neutron.wsgi [req-6fe43211-f198-41b5-8a61-bb1df79b93fb req-1b5878e5-7acd-41fa-a4e0-71c82ff837c2 tempest-LiveMigrationTest-1219107333 tempest-LiveMigrationTest-1219107333-project] 10.222.0.105 "GET /v2.0/security-groups?id=7bed8753-bb44-44a9-9228-7634b14a83f2&fields=id&fields=name HTTP/1.1" status: 200 len: 286 time: 0.0787144
Feb 09 00:51:07.353290 n-d-828418-1 neutron-server[87638]: DEBUG neutron.api.rpc.handlers.resources_rpc [None req-e12e64b1-f3b3-47a6-bd92-d861edd39db7 tempest-LiveMigrationNegativeTest-1638058601 tempest-LiveMigrationNegativeTest-1638058601-project] Pushing event deleted for resources: {'Port': ['ID=ded3b628-89d7-49c4-95e2-f528fa36d665,revision_number=None']} {{(pid=87638) push /opt/stack/neutron/neutron/api/rpc/handlers/resources_rpc.py:237}}
Feb 09 00:51:07.447404 n-d-828418-1 neutron-server[87638]: DEBUG neutron.db.l3_dvrscheduler_db [req-65a3f250-5b61-4547-ab7b-3552be75d18a req-e12e64b1-f3b3-47a6-bd92-d861edd39db7 tempest-LiveMigrationNegativeTest-1638058601 tempest-LiveMigrationNegativeTest-1638058601-project] No DVR routers for this DVR port ded3b628-89d7-49c4-95e2-f528fa36d665 on host n-h2-828418-1 {{(pid=87638) get_dvr_routers_to_remove /opt/stack/neutron/neutron/db/l3_dvrscheduler_db.py:214}}
Feb 09 00:51:07.464419 n-d-828418-1 neutron-server[87638]: DEBUG neutron_lib.callbacks.manager [req-65a3f250-5b61-4547-ab7b-3552be75d18a req-e12e64b1-f3b3-47a6-bd92-d861edd39db7 tempest-LiveMigrationNegativeTest-1638058601 tempest-LiveMigrationNegativeTest-1638058601-project] Notify callbacks ['neutron.notifiers.nova.Notifier._send_nova_notification-415011'] for port, before_response {{(pid=87638) _notify_loop /usr/local/lib/python3.8/dist-packages/neutron_lib/callbacks/manager.py:192}}
Feb 09 00:51:07.480556 n-d-828418-1 neutron-server[87638]: DEBUG neutron.notifiers.nova [-] Sending events: [{'server_uuid': 'adb669b8-f043-4035-a1e4-d6dc93d3f38e', 'name': 'network-vif-deleted', 'tag': 'ded3b628-89d7-49c4-95e2-f528fa36d665'}] {{(pid=87638) send_events /opt/stack/neutron/neutron/notifiers/nova.py:262}}
Feb 09 00:51:07.500206 n-d-828418-1 neutron-server[87639]: INFO neutron.wsgi [req-f16cb4c3-e909-4c4c-ad07-8b2f42dce28d req-c1671f5a-8af9-40db-9571-3ce55cdb461e tempest-ServersAdminNegativeTestJSON-826093137 tempest-ServersAdminNegativeTestJSON-826093137-project] 10.222.0.105 "GET /v2.0/networks?tenant_id=50707b6a9de04832ba2e0ca2ee0dbd71&shared=False HTTP/1.1" status: 200 len: 213 time: 0.1800787
Feb 09 00:51:07.544864 n-d-828418-1 neutron-server[87638]: INFO neutron.wsgi [req-053c1445-a3a7-4757-a86f-522e71772cf8 req-b016f513-a921-44f6-accd-fa795265e328 service neutron] 10.222.0.99 "GET /v2.0/ports/0c26df16-b85b-4e62-8100-31c95a5c2dfc/bindings/n-h1-828418-1 HTTP/1.1" status: 200 len: 384 time: 0.2817094
Feb 09 00:51:07.549668 n-d-828418-1 neutron-server[87638]: INFO neutron.wsgi [req-65a3f250-5b61-4547-ab7b-3552be75d18a req-e12e64b1-f3b3-47a6-bd92-d861edd39db7 tempest-LiveMigrationNegativeTest-1638058601 tempest-LiveMigrationNegativeTest-1638058601-project] 10.222.0.99 "DELETE /v2.0/ports/ded3b628-89d7-49c4-95e2-f528fa36d665 HTTP/1.1" status: 204 len: 173 time: 1.3169806
Feb 09 00:51:07.742726 n-d-828418-1 neutron-server[87638]: INFO neutron.notifiers.nova [-] Nova event response: {'server_uuid': 'adb669b8-f043-4035-a1e4-d6dc93d3f38e', 'name': 'network-vif-deleted', 'tag': 'ded3b628-89d7-49c4-95e2-f528fa36d665', 'status': 'completed', 'code': 200}
Feb 09 00:51:07.885969 n-d-828418-1 neutron-server[87639]: INFO neutron.wsgi [req-4faf94ca-374a-4eb9-89cf-5254da2ee45f req-b64dafab-14a2-4b8d-a562-f1a6271cfe6a tempest-LiveMigrationNegativeTest-1638058601 tempest-LiveMigrationNegativeTest-1638058601-project] 10.222.0.105 "GET /v2.0/ports?device_id=adb669b8-f043-4035-a1e4-d6dc93d3f38e HTTP/1.1" status: 200 len: 210 time: 0.0530739
Feb 09 00:51:07.905655 n-d-828418-1 neutron-server[87639]: DEBUG neutron.pecan_wsgi.hooks.policy_enforcement [req-f16cb4c3-e909-4c4c-ad07-8b2f42dce28d req-41e6fb11-fb11-45b6-b804-ec0499f9b32d tempest-ServersAdminNegativeTestJSON-826093137 tempest-ServersAdminNegativeTestJSON-826093137-project] Attributes excluded by policy engine: ['standard_attr_id', 'vlan_transparent', 'provider:network_type', 'provider:physical_network', 'provider:segmentation_id'] {{(pid=87639) _exclude_attributes_by_policy /opt/stack/neutron/neutron/pecan_wsgi/hooks/policy_enforcement.py:255}}
Feb 09 00:51:07.907845 n-d-828418-1 neutron-server[87639]: INFO neutron.wsgi [req-f16cb4c3-e909-4c4c-ad07-8b2f42dce28d req-41e6fb11-fb11-45b6-b804-ec0499f9b32d tempest-ServersAdminNegativeTestJSON-826093137 tempest-ServersAdminNegativeTestJSON-826093137-project] 10.222.0.105 "GET /v2.0/networks?shared=True HTTP/1.1" status: 200 len: 769 time: 0.3997669
Feb 09 00:51:07.929650 n-d-828418-1 neutron-server[87639]: INFO neutron.wsgi [req-f16cb4c3-e909-4c4c-ad07-8b2f42dce28d req-facea9bd-4b27-49f9-962c-56b47a3b62f1 tempest-ServersAdminNegativeTestJSON-826093137 tempest-ServersAdminNegativeTestJSON-826093137-project] 10.222.0.105 "GET /v2.0/quotas/50707b6a9de04832ba2e0ca2ee0dbd71 HTTP/1.1" status: 200 len: 375 time: 0.0109565
Feb 09 00:51:08.045168 n-d-828418-1 neutron-server[87638]: DEBUG neutron.plugins.ml2.db [req-053c1445-a3a7-4757-a86f-522e71772cf8 req-0456219c-9558-4ec3-9f06-6d35a042ed74 service neutron] For port 0c26df16-b85b-4e62-8100-31c95a5c2dfc, host n-h2-828418-1, got binding levels [PortBindingLevel(driver='hyperv',host='n-h2-828418-1',level=0,port_id=0c26df16-b85b-4e62-8100-31c95a5c2dfc,segment=NetworkSegment(b907962e-2c92-4e5e-9eb3-daae4f34051b),segment_id=b907962e-2c92-4e5e-9eb3-daae4f34051b)] {{(pid=87638) get_binding_level_objs /opt/stack/neutron/neutron/plugins/ml2/db.py:75}}
Feb 09 00:51:08.065930 n-d-828418-1 neutron-server[87640]: DEBUG neutron_lib.callbacks.manager [None req-dfa4ba8f-9bd6-4c9b-a2af-eebc4758fd40 None None] Notify callbacks ['neutron.services.segments.db._update_segment_host_mapping_for_agent-8734725430312', 'neutron.plugins.ml2.plugin.Ml2Plugin._retry_binding_revived_agents-627710'] for agent, after_update {{(pid=87640) _notify_loop /usr/local/lib/python3.8/dist-packages/neutron_lib/callbacks/manager.py:192}}
Feb 09 00:51:08.075573 n-d-828418-1 neutron-server[87638]: DEBUG neutron.plugins.ml2.db [req-053c1445-a3a7-4757-a86f-522e71772cf8 req-0456219c-9558-4ec3-9f06-6d35a042ed74 service neutron] For port 0c26df16-b85b-4e62-8100-31c95a5c2dfc, host n-h2-828418-1, cleared binding levels {{(pid=87638) clear_binding_levels /opt/stack/neutron/neutron/plugins/ml2/db.py:88}}
Feb 09 00:51:08.077935 n-d-828418-1 neutron-server[87639]: INFO neutron.wsgi [req-f16cb4c3-e909-4c4c-ad07-8b2f42dce28d req-f59cd120-267e-42d0-a63e-95b4f76af7bc tempest-ServersAdminNegativeTestJSON-826093137 tempest-ServersAdminNegativeTestJSON-826093137-project] 10.222.0.105 "GET /v2.0/ports?tenant_id=50707b6a9de04832ba2e0ca2ee0dbd71&fields=id HTTP/1.1" status: 200 len: 255 time: 0.1414609
Feb 09 00:51:08.158302 n-d-828418-1 neutron-server[87638]: DEBUG neutron.notifiers.nova [req-053c1445-a3a7-4757-a86f-522e71772cf8 req-0456219c-9558-4ec3-9f06-6d35a042ed74 service neutron] Ignoring state change previous_port_status: DOWN current_port_status: DOWN port_id 0c26df16-b85b-4e62-8100-31c95a5c2dfc {{(pid=87638) record_port_status_changed /opt/stack/neutron/neutron/notifiers/nova.py:224}}
Feb 09 00:51:08.183151 n-d-828418-1 neutron-server[87638]: DEBUG neutron.plugins.ml2.db [req-053c1445-a3a7-4757-a86f-522e71772cf8 req-0456219c-9558-4ec3-9f06-6d35a042ed74 service neutron] For port 0c26df16-b85b-4e62-8100-31c95a5c2dfc, host n-h1-828418-1, got binding levels [PortBindingLevel(driver='hyperv',host='n-h1-828418-1',level=0,port_id=0c26df16-b85b-4e62-8100-31c95a5c2dfc,segment=NetworkSegment(b907962e-2c92-4e5e-9eb3-daae4f34051b),segment_id=b907962e-2c92-4e5e-9eb3-daae4f34051b)] {{(pid=87638) get_binding_level_objs /opt/stack/neutron/neutron/plugins/ml2/db.py:75}}
Feb 09 00:51:08.206425 n-d-828418-1 neutron-server[87638]: DEBUG neutron_lib.callbacks.manager [req-053c1445-a3a7-4757-a86f-522e71772cf8 req-0456219c-9558-4ec3-9f06-6d35a042ed74 service neutron] Notify callbacks ['neutron.plugins.ml2.plugin.SecurityGroupDbMixin._ensure_default_security_group_handler-566587'] for port, before_update {{(pid=87638) _notify_loop /usr/local/lib/python3.8/dist-packages/neutron_lib/callbacks/manager.py:192}}
Feb 09 00:51:08.378810 n-d-828418-1 neutron-server[87638]: DEBUG neutron.db.provisioning_blocks [req-053c1445-a3a7-4757-a86f-522e71772cf8 req-0456219c-9558-4ec3-9f06-6d35a042ed74 service neutron] Transition to ACTIVE for port object 0c26df16-b85b-4e62-8100-31c95a5c2dfc will not be triggered until provisioned by entity L2. {{(pid=87638) add_provisioning_component /opt/stack/neutron/neutron/db/provisioning_blocks.py:73}}
Feb 09 00:51:08.398739 n-d-828418-1 neutron-server[87638]: DEBUG neutron_lib.callbacks.manager [req-053c1445-a3a7-4757-a86f-522e71772cf8 req-0456219c-9558-4ec3-9f06-6d35a042ed74 service neutron] Notify callbacks ['neutron.plugins.ml2.plugin.SecurityGroupServerNotifierRpcMixin.notify_sg_on_port_change-566270', 'neutron.plugins.ml2.ovo_rpc._ObjectChangeHandler.handle_event-72681', 'neutron.api.rpc.agentnotifiers.dhcp_rpc_agent_api.DhcpAgentNotifyAPI._native_event_send_dhcp_notification-1579806', 'neutron.db.l3_db.L3RpcNotifierMixin._notify_gateway_port_ip_changed-8734725384973', 'neutron.db.l3_dvrscheduler_db._notify_l3_agent_port_update-8734724943885', 'neutron.db.l3_hascheduler_db._notify_l3_agent_ha_port_update-8734724943930'] for port, after_update {{(pid=87638) _notify_loop /usr/local/lib/python3.8/dist-packages/neutron_lib/callbacks/manager.py:192}}
Feb 09 00:51:08.400845 n-d-828418-1 neutron-server[87639]: INFO neutron.wsgi [req-e0b5b661-46d0-43f9-a061-a5a5fe9934c5 req-23ce2f54-9896-48be-8517-640ad5066c13 tempest-ServersAdminNegativeTestJSON-826093137 tempest-ServersAdminNegativeTestJSON-826093137-project] 10.222.0.105 "GET /v2.0/ports?device_id=84a91593-88c5-43c2-b1bf-4bdfc679ad04 HTTP/1.1" status: 200 len: 210 time: 0.0680113
Feb 09 00:51:08.499542 n-d-828418-1 neutron-server[87638]: DEBUG neutron.api.rpc.handlers.resources_rpc [None req-0456219c-9558-4ec3-9f06-6d35a042ed74 service neutron] Pushing event updated for resources: {'Port': ['ID=0c26df16-b85b-4e62-8100-31c95a5c2dfc,revision_number=10']} {{(pid=87638) push /opt/stack/neutron/neutron/api/rpc/handlers/resources_rpc.py:237}}
Feb 09 00:51:08.655725 n-d-828418-1 neutron-server[87638]: DEBUG neutron.db.l3_dvrscheduler_db [req-053c1445-a3a7-4757-a86f-522e71772cf8 req-0456219c-9558-4ec3-9f06-6d35a042ed74 service neutron] No DVR routers for this DVR port 0c26df16-b85b-4e62-8100-31c95a5c2dfc on host n-h2-828418-1 {{(pid=87638) get_dvr_routers_to_remove /opt/stack/neutron/neutron/db/l3_dvrscheduler_db.py:214}}
Feb 09 00:51:08.728181 n-d-828418-1 neutron-server[87638]: INFO neutron.wsgi [req-053c1445-a3a7-4757-a86f-522e71772cf8 req-0456219c-9558-4ec3-9f06-6d35a042ed74 service neutron] 10.222.0.99 "PUT /v2.0/ports/0c26df16-b85b-4e62-8100-31c95a5c2dfc/bindings/n-h1-828418-1/activate HTTP/1.1" status: 200 len: 369 time: 1.1742923
Feb 09 00:51:08.752951 n-d-828418-1 neutron-server[87639]: DEBUG neutron.pecan_wsgi.hooks.policy_enforcement [req-2ffad033-7ca9-4354-ba42-d2384f31527b req-e1224d9b-1c47-4ec4-aa72-41f6b6dd7f0b tempest-LiveMigrationTest-1219107333 tempest-LiveMigrationTest-1219107333-project] Attributes excluded by policy engine: ['standard_attr_id', 'binding:profile', 'binding:host_id', 'binding:vif_type', 'binding:vif_details'] {{(pid=87639) _exclude_attributes_by_policy /opt/stack/neutron/neutron/pecan_wsgi/hooks/policy_enforcement.py:255}}
Feb 09 00:51:08.755165 n-d-828418-1 neutron-server[87639]: INFO neutron.wsgi [req-2ffad033-7ca9-4354-ba42-d2384f31527b req-e1224d9b-1c47-4ec4-aa72-41f6b6dd7f0b tempest-LiveMigrationTest-1219107333 tempest-LiveMigrationTest-1219107333-project] 10.222.0.105 "GET /v2.0/ports?device_id=4217fae3-6087-4477-8eed-859d85400796 HTTP/1.1" status: 200 len: 944 time: 0.1510873
Feb 09 00:51:08.834294 n-d-828418-1 neutron-server[87639]: INFO neutron.wsgi [req-2ffad033-7ca9-4354-ba42-d2384f31527b req-fbab1df4-8aeb-48c4-8282-7ebd7664cfb9 tempest-LiveMigrationTest-1219107333 tempest-LiveMigrationTest-1219107333-project] 10.222.0.105 "GET /v2.0/security-groups?id=7bed8753-bb44-44a9-9228-7634b14a83f2&fields=id&fields=name HTTP/1.1" status: 200 len: 286 time: 0.0636811
Feb 09 00:51:09.016775 n-d-828418-1 neutron-server[87638]: DEBUG neutron.pecan_wsgi.hooks.policy_enforcement [req-053c1445-a3a7-4757-a86f-522e71772cf8 req-8abb575d-9568-40ff-ba1e-5ee1a1a521af tempest-LiveMigrationTest-757645410 tempest-LiveMigrationTest-757645410-project-admin] Attributes excluded by policy engine: ['standard_attr_id'] {{(pid=87638) _exclude_attributes_by_policy /opt/stack/neutron/neutron/pecan_wsgi/hooks/policy_enforcement.py:255}}
Feb 09 00:51:09.018420 n-d-828418-1 neutron-server[87638]: INFO neutron.wsgi [req-053c1445-a3a7-4757-a86f-522e71772cf8 req-8abb575d-9568-40ff-ba1e-5ee1a1a521af tempest-LiveMigrationTest-757645410 tempest-LiveMigrationTest-757645410-project-admin] 10.222.0.62 "GET /v2.0/ports?device_id=4217fae3-6087-4477-8eed-859d85400796&tenant_id=8d883076d7064c219a98a8f981d7945a&binding%3Ahost_id=n-h2-828418-1 HTTP/1.1" status: 200 len: 1095 time: 0.2103105
Feb 09 00:51:09.037995 n-d-828418-1 neutron-server[87639]: INFO neutron.wsgi [req-12b9b77f-f3ab-4f67-850a-add23239b464 req-2e18e465-4f81-4ffc-b596-ee12dcb62dd3 tempest-DeleteServersAdminTestJSON-1042070455 tempest-DeleteServersAdminTestJSON-1042070455-project] 10.222.0.105 "GET /v2.0/networks?tenant_id=638657b25bbe4ae19e86726cc9773ae8&shared=False HTTP/1.1" status: 200 len: 213 time: 0.0690856
Feb 09 00:51:09.165731 n-d-828418-1 neutron-server[87638]: DEBUG neutron.pecan_wsgi.hooks.policy_enforcement [req-053c1445-a3a7-4757-a86f-522e71772cf8 req-8ef72c8b-8e41-42ca-b775-3d1bd4078237 service neutron] Attributes excluded by policy engine: ['standard_attr_id'] {{(pid=87638) _exclude_attributes_by_policy /opt/stack/neutron/neutron/pecan_wsgi/hooks/policy_enforcement.py:255}}
Feb 09 00:51:09.167665 n-d-828418-1 neutron-server[87638]: INFO neutron.wsgi [req-053c1445-a3a7-4757-a86f-522e71772cf8 req-8ef72c8b-8e41-42ca-b775-3d1bd4078237 service neutron] 10.222.0.62 "GET /v2.0/ports?device_id=4217fae3-6087-4477-8eed-859d85400796&tenant_id=8d883076d7064c219a98a8f981d7945a HTTP/1.1" status: 200 len: 1095 time: 0.1370199
Feb 09 00:51:09.281274 n-d-828418-1 neutron-server[87639]: DEBUG neutron.pecan_wsgi.hooks.policy_enforcement [req-12b9b77f-f3ab-4f67-850a-add23239b464 req-b9ebd0d4-8cea-4f6b-b2d0-f46303dcfd71 tempest-DeleteServersAdminTestJSON-1042070455 tempest-DeleteServersAdminTestJSON-1042070455-project] Attributes excluded by policy engine: ['standard_attr_id', 'vlan_transparent', 'provider:network_type', 'provider:physical_network', 'provider:segmentation_id'] {{(pid=87639) _exclude_attributes_by_policy /opt/stack/neutron/neutron/pecan_wsgi/hooks/policy_enforcement.py:255}}
Feb 09 00:51:09.289910 n-d-828418-1 neutron-server[87639]: INFO neutron.wsgi [req-12b9b77f-f3ab-4f67-850a-add23239b464 req-b9ebd0d4-8cea-4f6b-b2d0-f46303dcfd71 tempest-DeleteServersAdminTestJSON-1042070455 tempest-DeleteServersAdminTestJSON-1042070455-project] 10.222.0.105 "GET /v2.0/networks?shared=True HTTP/1.1" status: 200 len: 769 time: 0.2509115
Feb 09 00:51:09.305980 n-d-828418-1 neutron-server[87638]: DEBUG neutron.pecan_wsgi.hooks.policy_enforcement [req-053c1445-a3a7-4757-a86f-522e71772cf8 req-8d1fe979-2f6a-463c-8296-d89537d1437b service neutron] Attributes excluded by policy engine: ['standard_attr_id'] {{(pid=87638) _exclude_attributes_by_policy /opt/stack/neutron/neutron/pecan_wsgi/hooks/policy_enforcement.py:255}}
Feb 09 00:51:09.306920 n-d-828418-1 neutron-server[87639]: INFO neutron.wsgi [req-12b9b77f-f3ab-4f67-850a-add23239b464 req-9a6aecce-ef06-46cb-87d1-519ecc1e806f tempest-DeleteServersAdminTestJSON-1042070455 tempest-DeleteServersAdminTestJSON-1042070455-project] 10.222.0.105 "GET /v2.0/quotas/638657b25bbe4ae19e86726cc9773ae8 HTTP/1.1" status: 200 len: 375 time: 0.0158770
Feb 09 00:51:09.308157 n-d-828418-1 neutron-server[87638]: INFO neutron.wsgi [req-053c1445-a3a7-4757-a86f-522e71772cf8 req-8d1fe979-2f6a-463c-8296-d89537d1437b service neutron] 10.222.0.62 "GET /v2.0/ports?tenant_id=8d883076d7064c219a98a8f981d7945a&device_id=4217fae3-6087-4477-8eed-859d85400796 HTTP/1.1" status: 200 len: 1095 time: 0.1162906
Feb 09 00:51:09.364405 n-d-828418-1 neutron-server[87639]: INFO neutron.wsgi [req-12b9b77f-f3ab-4f67-850a-add23239b464 req-46f0b1f5-4a30-404d-9a36-c605dd26a809 tempest-DeleteServersAdminTestJSON-1042070455 tempest-DeleteServersAdminTestJSON-1042070455-project] 10.222.0.105 "GET /v2.0/ports?tenant_id=638657b25bbe4ae19e86726cc9773ae8&fields=id HTTP/1.1" status: 200 len: 210 time: 0.0563712
Feb 09 00:51:09.546841 n-d-828418-1 neutron-server[87638]: DEBUG neutron.pecan_wsgi.hooks.policy_enforcement [req-053c1445-a3a7-4757-a86f-522e71772cf8 req-4819a6a6-d4e3-4586-aad2-7bca684b9e44 service neutron] Attributes excluded by policy engine: ['standard_attr_id', 'vlan_transparent'] {{(pid=87638) _exclude_attributes_by_policy /opt/stack/neutron/neutron/pecan_wsgi/hooks/policy_enforcement.py:255}}
Feb 09 00:51:09.549263 n-d-828418-1 neutron-server[87638]: INFO neutron.wsgi [req-053c1445-a3a7-4757-a86f-522e71772cf8 req-4819a6a6-d4e3-4586-aad2-7bca684b9e44 service neutron] 10.222.0.62 "GET /v2.0/networks?id=ded91f5f-4c52-4e17-8569-d9d1696711b8 HTTP/1.1" status: 200 len: 909 time: 0.2300701
Feb 09 00:51:09.644603 n-d-828418-1 neutron-server[87638]: INFO neutron.wsgi [req-053c1445-a3a7-4757-a86f-522e71772cf8 req-20893d70-b592-41cc-b485-62c3a86e2d15 service neutron] 10.222.0.62 "GET /v2.0/floatingips?fixed_ip_address=172.20.0.4&port_id=0c26df16-b85b-4e62-8100-31c95a5c2dfc HTTP/1.1" status: 200 len: 217 time: 0.0793030
Feb 09 00:51:09.779670 n-d-828418-1 neutron-server[87639]: INFO neutron.wsgi [req-f05d22ef-1bd5-4c5b-a698-494f48cbedad req-beb2fe2a-5aaf-472f-ac09-fd592eed95f9 tempest-ServersAdminNegativeTestJSON-826093137 tempest-ServersAdminNegativeTestJSON-826093137-project] 10.222.0.105 "GET /v2.0/ports?device_id=84a91593-88c5-43c2-b1bf-4bdfc679ad04 HTTP/1.1" status: 200 len: 210 time: 0.0942366
Feb 09 00:51:09.806082 n-d-828418-1 neutron-server[87638]: INFO neutron.wsgi [req-f16cb4c3-e909-4c4c-ad07-8b2f42dce28d req-dc8200d6-b125-47b1-9f60-b217ceb54ba7 tempest-ServersAdminNegativeTestJSON-826093137 tempest-ServersAdminNegativeTestJSON-826093137-project] 10.222.0.99 "GET /v2.0/networks?tenant_id=50707b6a9de04832ba2e0ca2ee0dbd71&shared=False HTTP/1.1" status: 200 len: 213 time: 0.0513492
Feb 09 00:51:09.952515 n-d-828418-1 neutron-server[87639]: INFO neutron.wsgi [req-b6824c8c-3e8d-4c38-8e69-0095ec27b574 req-23211563-678a-4f05-9e8d-07ae75e1480d tempest-DeleteServersAdminTestJSON-1042070455 tempest-DeleteServersAdminTestJSON-1042070455-project] 10.222.0.105 "GET /v2.0/ports?device_id=f9a00739-6bf6-4243-a8e9-6c73cabddce3 HTTP/1.1" status: 200 len: 210 time: 0.0678394
Feb 09 00:51:10.091843 n-d-828418-1 neutron-server[87638]: DEBUG neutron.pecan_wsgi.hooks.policy_enforcement [req-053c1445-a3a7-4757-a86f-522e71772cf8 req-5b6725c0-9b77-4fa4-b589-c6a32d2d3bb8 service neutron] Attributes excluded by policy engine: ['standard_attr_id', 'shared'] {{(pid=87638) _exclude_attributes_by_policy /opt/stack/neutron/neutron/pecan_wsgi/hooks/policy_enforcement.py:255}}
Feb 09 00:51:10.100576 n-d-828418-1 neutron-server[87638]: INFO neutron.wsgi [req-053c1445-a3a7-4757-a86f-522e71772cf8 req-5b6725c0-9b77-4fa4-b589-c6a32d2d3bb8 service neutron] 10.222.0.62 "GET /v2.0/subnets?id=103c212c-bf16-40d1-a89c-07252434eb67 HTTP/1.1" status: 200 len: 848 time: 0.4471295
Feb 09 00:51:10.123258 n-d-828418-1 neutron-server[87639]: DEBUG neutron.pecan_wsgi.hooks.policy_enforcement [req-efc0fd16-dc51-42cd-a019-8e468cd76cc4 req-b0ec0fcf-9068-4714-a0b1-fa4d5e9bcc5e tempest-LiveMigrationNegativeTest-1638058601 tempest-LiveMigrationNegativeTest-1638058601-project] Attributes excluded by policy engine: ['standard_attr_id', 'binding:profile', 'binding:host_id', 'binding:vif_type', 'binding:vif_details'] {{(pid=87639) _exclude_attributes_by_policy /opt/stack/neutron/neutron/pecan_wsgi/hooks/policy_enforcement.py:255}}
Feb 09 00:51:10.133320 n-d-828418-1 neutron-server[87639]: INFO neutron.wsgi [req-efc0fd16-dc51-42cd-a019-8e468cd76cc4 req-b0ec0fcf-9068-4714-a0b1-fa4d5e9bcc5e tempest-LiveMigrationNegativeTest-1638058601 tempest-LiveMigrationNegativeTest-1638058601-project] 10.222.0.105 "GET /v2.0/ports?device_id=da481b83-3be9-4826-9cbc-c2dd55ec6236 HTTP/1.1" status: 200 len: 949 time: 0.1237268
Feb 09 00:51:10.184905 n-d-828418-1 neutron-server[87638]: INFO neutron.wsgi [req-053c1445-a3a7-4757-a86f-522e71772cf8 req-e992be43-6d7d-443d-9b61-c2db8dfbfcdc service neutron] 10.222.0.62 "GET /v2.0/ports?network_id=ded91f5f-4c52-4e17-8569-d9d1696711b8&device_owner=network%3Adhcp HTTP/1.1" status: 200 len: 210 time: 0.0759511
Feb 09 00:51:10.201101 n-d-828418-1 neutron-server[87639]: INFO neutron.wsgi [req-efc0fd16-dc51-42cd-a019-8e468cd76cc4 req-28141eea-80bf-486e-9177-2ba1bb438bbb tempest-LiveMigrationNegativeTest-1638058601 tempest-LiveMigrationNegativeTest-1638058601-project] 10.222.0.105 "GET /v2.0/security-groups?id=a13e4638-b350-4af6-8b8a-44791571b941&fields=id&fields=name HTTP/1.1" status: 200 len: 286 time: 0.0666106
Feb 09 00:51:10.222343 n-d-828418-1 neutron-server[87639]: DEBUG neutron.wsgi [-] (87639) accepted ('10.222.0.105', 39102) {{(pid=87639) server /usr/local/lib/python3.8/dist-packages/eventlet/wsgi.py:992}}
Feb 09 00:51:10.348595 n-d-828418-1 neutron-server[87638]: DEBUG neutron.pecan_wsgi.hooks.policy_enforcement [req-f16cb4c3-e909-4c4c-ad07-8b2f42dce28d req-c75f2a9b-f41e-4368-9dd8-63304edf53a0 tempest-ServersAdminNegativeTestJSON-826093137 tempest-ServersAdminNegativeTestJSON-826093137-project] Attributes excluded by policy engine: ['standard_attr_id', 'vlan_transparent', 'provider:network_type', 'provider:physical_network', 'provider:segmentation_id'] {{(pid=87638) _exclude_attributes_by_policy /opt/stack/neutron/neutron/pecan_wsgi/hooks/policy_enforcement.py:255}}
Feb 09 00:51:10.350299 n-d-828418-1 neutron-server[87638]: INFO neutron.wsgi [req-f16cb4c3-e909-4c4c-ad07-8b2f42dce28d req-c75f2a9b-f41e-4368-9dd8-63304edf53a0 tempest-ServersAdminNegativeTestJSON-826093137 tempest-ServersAdminNegativeTestJSON-826093137-project] 10.222.0.99 "GET /v2.0/networks?shared=True HTTP/1.1" status: 200 len: 769 time: 0.5396571
Feb 09 00:51:10.368641 n-d-828418-1 neutron-server[87638]: DEBUG neutron.api.v2.base [req-f16cb4c3-e909-4c4c-ad07-8b2f42dce28d req-651ce4fa-d2ad-498e-81c8-e745074defe2 tempest-ServersAdminNegativeTestJSON-826093137 tempest-ServersAdminNegativeTestJSON-826093137-project] Request body: {'port': {'device_id': '84a91593-88c5-43c2-b1bf-4bdfc679ad04', 'network_id': '42d335cf-a678-4bc3-901b-7d21fb8587e6', 'admin_state_up': True, 'tenant_id': '50707b6a9de04832ba2e0ca2ee0dbd71'}} {{(pid=87638) prepare_request_body /opt/stack/neutron/neutron/api/v2/base.py:729}}
Feb 09 00:51:10.415075 n-d-828418-1 neutron-server[87640]: DEBUG neutron_lib.callbacks.manager [None req-8ddf60d3-59b2-465b-955e-4b0e812811da None None] Notify callbacks ['neutron.services.segments.db._update_segment_host_mapping_for_agent-8734725430312', 'neutron.plugins.ml2.plugin.Ml2Plugin._retry_binding_revived_agents-627710'] for agent, after_update {{(pid=87640) _notify_loop /usr/local/lib/python3.8/dist-packages/neutron_lib/callbacks/manager.py:192}}
Feb 09 00:51:10.419435 n-d-828418-1 neutron-server[87639]: DEBUG neutron_lib.callbacks.manager [None req-74d28651-44bb-4b9a-a654-53e52bee9b84 admin admin] Notify callbacks [] for security_group, before_create {{(pid=87639) _notify_loop /usr/local/lib/python3.8/dist-packages/neutron_lib/callbacks/manager.py:192}}
