Feb 08 23:43:42.380325 n-d-828413-1 devstack@placement-api.service[107899]: INFO placement.requestlog [req-1a29f655-a74f-4bb9-b263-19bb1d46f83f req-9e50ef80-5970-4ba2-b947-fd6f8587edb3 service placement] 10.222.0.21 "GET /placement/resource_providers/c076d387-9710-4699-a80e-75ce1b030495/allocations" status: 200 len: 659 microversion: 1.0
Feb 08 23:43:42.381044 n-d-828413-1 devstack@placement-api.service[107899]: [pid: 107899|app: 0|req: 120/241] 10.222.0.21 () {58 vars in 1390 bytes} [Tue Feb  8 23:43:42 2022] GET /placement/resource_providers/c076d387-9710-4699-a80e-75ce1b030495/allocations => generated 659 bytes in 324 msecs (HTTP/1.1 200) 6 headers in 224 bytes (1 switches on core 0)
Feb 08 23:43:42.430313 n-d-828413-1 devstack@placement-api.service[107900]: DEBUG placement.requestlog [req-1a29f655-a74f-4bb9-b263-19bb1d46f83f req-8628a1f5-ddf9-4037-966a-58144ff833f3 None None] Starting request: 10.222.0.21 "GET /placement/resource_providers?in_tree=c076d387-9710-4699-a80e-75ce1b030495" {{(pid=107900) __call__ /opt/stack/placement/placement/requestlog.py:55}}
Feb 08 23:43:42.477462 n-d-828413-1 devstack@placement-api.service[107900]: INFO placement.requestlog [req-1a29f655-a74f-4bb9-b263-19bb1d46f83f req-8628a1f5-ddf9-4037-966a-58144ff833f3 service placement] 10.222.0.21 "GET /placement/resource_providers?in_tree=c076d387-9710-4699-a80e-75ce1b030495" status: 200 len: 863 microversion: 1.14
Feb 08 23:43:42.479586 n-d-828413-1 devstack@placement-api.service[107900]: [pid: 107900|app: 0|req: 122/242] 10.222.0.21 () {60 vars in 1376 bytes} [Tue Feb  8 23:43:42 2022] GET /placement/resource_providers?in_tree=c076d387-9710-4699-a80e-75ce1b030495 => generated 863 bytes in 52 msecs (HTTP/1.1 200) 6 headers in 225 bytes (1 switches on core 0)
Feb 08 23:43:42.488533 n-d-828413-1 devstack@placement-api.service[107899]: DEBUG placement.requestlog [req-1a29f655-a74f-4bb9-b263-19bb1d46f83f req-082a2ba6-b117-4cd5-8bed-ba999e33322c None None] Starting request: 10.222.0.21 "GET /placement/resource_providers/c076d387-9710-4699-a80e-75ce1b030495/inventories" {{(pid=107899) __call__ /opt/stack/placement/placement/requestlog.py:55}}
Feb 08 23:43:42.521846 n-d-828413-1 devstack@placement-api.service[107899]: INFO placement.requestlog [req-1a29f655-a74f-4bb9-b263-19bb1d46f83f req-082a2ba6-b117-4cd5-8bed-ba999e33322c service placement] 10.222.0.21 "GET /placement/resource_providers/c076d387-9710-4699-a80e-75ce1b030495/inventories" status: 200 len: 398 microversion: 1.0
Feb 08 23:43:42.522947 n-d-828413-1 devstack@placement-api.service[107899]: [pid: 107899|app: 0|req: 121/243] 10.222.0.21 () {58 vars in 1390 bytes} [Tue Feb  8 23:43:42 2022] GET /placement/resource_providers/c076d387-9710-4699-a80e-75ce1b030495/inventories => generated 398 bytes in 35 msecs (HTTP/1.1 200) 6 headers in 224 bytes (1 switches on core 0)
Feb 08 23:43:42.533859 n-d-828413-1 devstack@placement-api.service[107900]: DEBUG placement.requestlog [req-1a29f655-a74f-4bb9-b263-19bb1d46f83f req-320e2d3f-ffe7-403a-8f28-74ccbf32e09f None None] Starting request: 10.222.0.21 "GET /placement/resource_providers/c076d387-9710-4699-a80e-75ce1b030495/aggregates" {{(pid=107900) __call__ /opt/stack/placement/placement/requestlog.py:55}}
Feb 08 23:43:42.551340 n-d-828413-1 devstack@placement-api.service[107900]: INFO placement.requestlog [req-1a29f655-a74f-4bb9-b263-19bb1d46f83f req-320e2d3f-ffe7-403a-8f28-74ccbf32e09f service placement] 10.222.0.21 "GET /placement/resource_providers/c076d387-9710-4699-a80e-75ce1b030495/aggregates" status: 200 len: 54 microversion: 1.19
Feb 08 23:43:42.551921 n-d-828413-1 devstack@placement-api.service[107900]: [pid: 107900|app: 0|req: 123/244] 10.222.0.21 () {60 vars in 1431 bytes} [Tue Feb  8 23:43:42 2022] GET /placement/resource_providers/c076d387-9710-4699-a80e-75ce1b030495/aggregates => generated 54 bytes in 19 msecs (HTTP/1.1 200) 8 headers in 295 bytes (1 switches on core 0)
Feb 08 23:43:42.559648 n-d-828413-1 devstack@placement-api.service[107899]: DEBUG placement.requestlog [req-1a29f655-a74f-4bb9-b263-19bb1d46f83f req-39e89a41-bbd6-4712-aab7-6f0432d96f21 None None] Starting request: 10.222.0.21 "GET /placement/resource_providers/c076d387-9710-4699-a80e-75ce1b030495/traits" {{(pid=107899) __call__ /opt/stack/placement/placement/requestlog.py:55}}
Feb 08 23:43:42.600531 n-d-828413-1 devstack@placement-api.service[107899]: INFO placement.requestlog [req-1a29f655-a74f-4bb9-b263-19bb1d46f83f req-39e89a41-bbd6-4712-aab7-6f0432d96f21 service placement] 10.222.0.21 "GET /placement/resource_providers/c076d387-9710-4699-a80e-75ce1b030495/traits" status: 200 len: 212 microversion: 1.6
Feb 08 23:43:42.601422 n-d-828413-1 devstack@placement-api.service[107899]: [pid: 107899|app: 0|req: 122/245] 10.222.0.21 () {60 vars in 1418 bytes} [Tue Feb  8 23:43:42 2022] GET /placement/resource_providers/c076d387-9710-4699-a80e-75ce1b030495/traits => generated 212 bytes in 42 msecs (HTTP/1.1 200) 6 headers in 224 bytes (1 switches on core 0)
Feb 08 23:43:51.111073 n-d-828413-1 devstack@placement-api.service[107900]: DEBUG placement.requestlog [req-cca0f138-98d2-42b8-9aac-0ebf51608fd3 req-a89c7cb7-1106-4a02-9118-a1e381dfe0f1 None None] Starting request: 10.222.0.84 "GET /placement/allocations/a60967ce-d38f-4399-b7fe-7499df7a49fc" {{(pid=107900) __call__ /opt/stack/placement/placement/requestlog.py:55}}
Feb 08 23:43:51.141453 n-d-828413-1 devstack@placement-api.service[107900]: INFO placement.requestlog [req-cca0f138-98d2-42b8-9aac-0ebf51608fd3 req-a89c7cb7-1106-4a02-9118-a1e381dfe0f1 service placement] 10.222.0.84 "GET /placement/allocations/a60967ce-d38f-4399-b7fe-7499df7a49fc" status: 200 len: 258 microversion: 1.28
Feb 08 23:43:51.142133 n-d-828413-1 devstack@placement-api.service[107900]: [pid: 107900|app: 0|req: 124/246] 10.222.0.84 () {60 vars in 1377 bytes} [Tue Feb  8 23:43:51 2022] GET /placement/allocations/a60967ce-d38f-4399-b7fe-7499df7a49fc => generated 258 bytes in 31 msecs (HTTP/1.1 200) 8 headers in 296 bytes (1 switches on core 0)
Feb 08 23:43:53.043014 n-d-828413-1 devstack@placement-api.service[107899]: DEBUG placement.requestlog [req-0ee5294e-d1e2-4eb6-90b2-201087964305 req-3fc01e58-0017-4b0e-866f-9173dc6187ff None None] Starting request: 10.222.0.21 "DELETE /placement/allocations/63da7770-124d-4d3b-9f0f-290752be0980" {{(pid=107899) __call__ /opt/stack/placement/placement/requestlog.py:55}}
Feb 08 23:43:53.089284 n-d-828413-1 devstack@placement-api.service[107899]: DEBUG placement.handlers.allocation [req-0ee5294e-d1e2-4eb6-90b2-201087964305 req-3fc01e58-0017-4b0e-866f-9173dc6187ff service placement] Successfully deleted allocations [<placement.objects.allocation.Allocation object at 0x7f7d1c136bb0>, <placement.objects.allocation.Allocation object at 0x7f7d1c191220>, <placement.objects.allocation.Allocation object at 0x7f7d1c2b6190>] {{(pid=107899) delete_allocations /opt/stack/placement/placement/handlers/allocation.py:627}}
Feb 08 23:43:53.090163 n-d-828413-1 devstack@placement-api.service[107899]: INFO placement.requestlog [req-0ee5294e-d1e2-4eb6-90b2-201087964305 req-3fc01e58-0017-4b0e-866f-9173dc6187ff service placement] 10.222.0.21 "DELETE /placement/allocations/63da7770-124d-4d3b-9f0f-290752be0980" status: 204 len: 0 microversion: 1.0
Feb 08 23:43:53.091037 n-d-828413-1 devstack@placement-api.service[107899]: [pid: 107899|app: 0|req: 123/247] 10.222.0.21 () {60 vars in 1355 bytes} [Tue Feb  8 23:43:53 2022] DELETE /placement/allocations/63da7770-124d-4d3b-9f0f-290752be0980 => generated 0 bytes in 48 msecs (HTTP/1.1 204) 5 headers in 198 bytes (2 switches on core 0)
Feb 08 23:43:54.555960 n-d-828413-1 devstack@placement-api.service[107900]: DEBUG placement.requestlog [req-32e0c266-7ccb-48fd-84ee-82d65aab0ed1 req-1354f0bf-02c1-48fb-b2f1-2fbd56bbe99c None None] Starting request: 10.222.0.21 "DELETE /placement/allocations/fc118064-e0f9-469e-ad97-5d8e44465fd4" {{(pid=107900) __call__ /opt/stack/placement/placement/requestlog.py:55}}
Feb 08 23:43:54.603649 n-d-828413-1 devstack@placement-api.service[107900]: DEBUG placement.handlers.allocation [req-32e0c266-7ccb-48fd-84ee-82d65aab0ed1 req-1354f0bf-02c1-48fb-b2f1-2fbd56bbe99c service placement] Successfully deleted allocations [<placement.objects.allocation.Allocation object at 0x7f7d1c205b20>, <placement.objects.allocation.Allocation object at 0x7f7d1c11c940>, <placement.objects.allocation.Allocation object at 0x7f7d1c11c730>] {{(pid=107900) delete_allocations /opt/stack/placement/placement/handlers/allocation.py:627}}
Feb 08 23:43:54.604663 n-d-828413-1 devstack@placement-api.service[107900]: INFO placement.requestlog [req-32e0c266-7ccb-48fd-84ee-82d65aab0ed1 req-1354f0bf-02c1-48fb-b2f1-2fbd56bbe99c service placement] 10.222.0.21 "DELETE /placement/allocations/fc118064-e0f9-469e-ad97-5d8e44465fd4" status: 204 len: 0 microversion: 1.0
Feb 08 23:43:54.605331 n-d-828413-1 devstack@placement-api.service[107900]: [pid: 107900|app: 0|req: 125/248] 10.222.0.21 () {60 vars in 1355 bytes} [Tue Feb  8 23:43:54 2022] DELETE /placement/allocations/fc118064-e0f9-469e-ad97-5d8e44465fd4 => generated 0 bytes in 49 msecs (HTTP/1.1 204) 5 headers in 198 bytes (1 switches on core 0)
Feb 08 23:43:54.650307 n-d-828413-1 devstack@placement-api.service[107899]: DEBUG placement.requestlog [None req-f3872694-c3a6-4fba-9913-e89473161be1 None None] Starting request: 10.222.0.32 "GET /placement/" {{(pid=107899) __call__ /opt/stack/placement/placement/requestlog.py:55}}
Feb 08 23:43:54.652325 n-d-828413-1 devstack@placement-api.service[107899]: INFO placement.requestlog [None req-f3872694-c3a6-4fba-9913-e89473161be1 None None] 10.222.0.32 "GET /placement/" status: 200 len: 136 microversion: 1.0
Feb 08 23:43:54.653030 n-d-828413-1 devstack@placement-api.service[107899]: [pid: 107899|app: 0|req: 124/249] 10.222.0.32 () {54 vars in 916 bytes} [Tue Feb  8 23:43:54 2022] GET /placement => generated 136 bytes in 3 msecs (HTTP/1.1 200) 6 headers in 224 bytes (1 switches on core 0)
Feb 08 23:43:54.670046 n-d-828413-1 devstack@placement-api.service[107900]: DEBUG placement.requestlog [req-70fa3bfa-0205-422b-866d-7398ed05bb29 req-eee81b9b-6576-4f7e-8778-1eb0b977e590 None None] Starting request: 10.222.0.32 "GET /placement/allocations/833956e3-4311-4957-b1a0-e6989ae0a655" {{(pid=107900) __call__ /opt/stack/placement/placement/requestlog.py:55}}
Feb 08 23:43:54.761788 n-d-828413-1 devstack@placement-api.service[107900]: INFO placement.requestlog [req-70fa3bfa-0205-422b-866d-7398ed05bb29 req-eee81b9b-6576-4f7e-8778-1eb0b977e590 service placement] 10.222.0.32 "GET /placement/allocations/833956e3-4311-4957-b1a0-e6989ae0a655" status: 200 len: 259 microversion: 1.28
Feb 08 23:43:54.762766 n-d-828413-1 devstack@placement-api.service[107900]: [pid: 107900|app: 0|req: 126/250] 10.222.0.32 () {60 vars in 1380 bytes} [Tue Feb  8 23:43:54 2022] GET /placement/allocations/833956e3-4311-4957-b1a0-e6989ae0a655 => generated 259 bytes in 93 msecs (HTTP/1.1 200) 8 headers in 296 bytes (1 switches on core 0)
Feb 08 23:43:54.778780 n-d-828413-1 devstack@placement-api.service[107899]: DEBUG placement.requestlog [req-70fa3bfa-0205-422b-866d-7398ed05bb29 req-dbb43968-95b0-41da-a4ac-8ec85a8e9e62 None None] Starting request: 10.222.0.32 "GET /placement/allocations/833956e3-4311-4957-b1a0-e6989ae0a655" {{(pid=107899) __call__ /opt/stack/placement/placement/requestlog.py:55}}
Feb 08 23:43:54.809780 n-d-828413-1 devstack@placement-api.service[107899]: INFO placement.requestlog [req-70fa3bfa-0205-422b-866d-7398ed05bb29 req-dbb43968-95b0-41da-a4ac-8ec85a8e9e62 service placement] 10.222.0.32 "GET /placement/allocations/833956e3-4311-4957-b1a0-e6989ae0a655" status: 200 len: 259 microversion: 1.28
Feb 08 23:43:54.817639 n-d-828413-1 devstack@placement-api.service[107900]: DEBUG placement.requestlog [req-70fa3bfa-0205-422b-866d-7398ed05bb29 req-2c69d78d-b67d-4051-b9d8-cfc9cb02219b None None] Starting request: 10.222.0.32 "GET /placement/allocations/49dd6b44-f1f0-4305-a977-3d8743bcd2fa" {{(pid=107900) __call__ /opt/stack/placement/placement/requestlog.py:55}}
Feb 08 23:43:54.817865 n-d-828413-1 devstack@placement-api.service[107899]: [pid: 107899|app: 0|req: 125/251] 10.222.0.32 () {60 vars in 1380 bytes} [Tue Feb  8 23:43:54 2022] GET /placement/allocations/833956e3-4311-4957-b1a0-e6989ae0a655 => generated 259 bytes in 38 msecs (HTTP/1.1 200) 8 headers in 296 bytes (1 switches on core 0)
Feb 08 23:43:54.851610 n-d-828413-1 devstack@placement-api.service[107900]: INFO placement.requestlog [req-70fa3bfa-0205-422b-866d-7398ed05bb29 req-2c69d78d-b67d-4051-b9d8-cfc9cb02219b service placement] 10.222.0.32 "GET /placement/allocations/49dd6b44-f1f0-4305-a977-3d8743bcd2fa" status: 200 len: 19 microversion: 1.28
Feb 08 23:43:54.852523 n-d-828413-1 devstack@placement-api.service[107900]: [pid: 107900|app: 0|req: 127/252] 10.222.0.32 () {60 vars in 1380 bytes} [Tue Feb  8 23:43:54 2022] GET /placement/allocations/49dd6b44-f1f0-4305-a977-3d8743bcd2fa => generated 19 bytes in 36 msecs (HTTP/1.1 200) 8 headers in 295 bytes (2 switches on core 0)
Feb 08 23:43:54.866181 n-d-828413-1 devstack@placement-api.service[107899]: DEBUG placement.requestlog [req-70fa3bfa-0205-422b-866d-7398ed05bb29 req-25e101f1-aab9-4634-bbab-df5a1a284059 None None] Starting request: 10.222.0.32 "POST /placement/allocations" {{(pid=107899) __call__ /opt/stack/placement/placement/requestlog.py:55}}
Feb 08 23:43:55.085974 n-d-828413-1 devstack@placement-api.service[107899]: DEBUG placement.handlers.allocation [req-70fa3bfa-0205-422b-866d-7398ed05bb29 req-25e101f1-aab9-4634-bbab-df5a1a284059 service placement] Successfully wrote allocations [<placement.objects.allocation.Allocation object at 0x7f7d1c0bfee0>, <placement.objects.allocation.Allocation object at 0x7f7d1c0bff70>, <placement.objects.allocation.Allocation object at 0x7f7d1c1160d0>, <placement.objects.allocation.Allocation object at 0x7f7d1c0ddee0>, <placement.objects.allocation.Allocation object at 0x7f7d1c0bffa0>, <placement.objects.allocation.Allocation object at 0x7f7d1c1163a0>] {{(pid=107899) _update_consumers_and_create_allocations /opt/stack/placement/placement/handlers/allocation.py:572}}
Feb 08 23:43:55.093184 n-d-828413-1 devstack@placement-api.service[107899]: INFO placement.requestlog [req-70fa3bfa-0205-422b-866d-7398ed05bb29 req-25e101f1-aab9-4634-bbab-df5a1a284059 service placement] 10.222.0.32 "POST /placement/allocations" status: 204 len: 0 microversion: 1.28
Feb 08 23:43:55.102885 n-d-828413-1 devstack@placement-api.service[107899]: [pid: 107899|app: 0|req: 126/253] 10.222.0.32 () {64 vars in 1323 bytes} [Tue Feb  8 23:43:54 2022] POST /placement/allocations => generated 0 bytes in 228 msecs (HTTP/1.1 204) 5 headers in 199 bytes (1 switches on core 0)
Feb 08 23:43:55.146135 n-d-828413-1 devstack@placement-api.service[107900]: DEBUG placement.requestlog [req-70fa3bfa-0205-422b-866d-7398ed05bb29 req-2b8178cd-c107-487c-90ba-b0fc561cf5d6 None None] Starting request: 10.222.0.32 "GET /placement/allocations/833956e3-4311-4957-b1a0-e6989ae0a655" {{(pid=107900) __call__ /opt/stack/placement/placement/requestlog.py:55}}
Feb 08 23:43:55.164880 n-d-828413-1 devstack@placement-api.service[107900]: INFO placement.requestlog [req-70fa3bfa-0205-422b-866d-7398ed05bb29 req-2b8178cd-c107-487c-90ba-b0fc561cf5d6 service placement] 10.222.0.32 "GET /placement/allocations/833956e3-4311-4957-b1a0-e6989ae0a655" status: 200 len: 19 microversion: 1.28
Feb 08 23:43:55.165791 n-d-828413-1 devstack@placement-api.service[107900]: [pid: 107900|app: 0|req: 128/254] 10.222.0.32 () {60 vars in 1380 bytes} [Tue Feb  8 23:43:55 2022] GET /placement/allocations/833956e3-4311-4957-b1a0-e6989ae0a655 => generated 19 bytes in 20 msecs (HTTP/1.1 200) 8 headers in 295 bytes (1 switches on core 0)
Feb 08 23:43:55.174593 n-d-828413-1 devstack@placement-api.service[107899]: DEBUG placement.requestlog [req-70fa3bfa-0205-422b-866d-7398ed05bb29 req-bc5cc866-de2a-4033-984f-4df9f354f71f None None] Starting request: 10.222.0.32 "PUT /placement/allocations/833956e3-4311-4957-b1a0-e6989ae0a655" {{(pid=107899) __call__ /opt/stack/placement/placement/requestlog.py:55}}
Feb 08 23:43:55.253372 n-d-828413-1 devstack@placement-api.service[107899]: DEBUG placement.handlers.allocation [req-70fa3bfa-0205-422b-866d-7398ed05bb29 req-bc5cc866-de2a-4033-984f-4df9f354f71f service placement] Successfully wrote allocations [<placement.objects.allocation.Allocation object at 0x7f7d1c1e3310>, <placement.objects.allocation.Allocation object at 0x7f7d1c086490>, <placement.objects.allocation.Allocation object at 0x7f7d1c086280>] {{(pid=107899) _update_consumers_and_create_allocations /opt/stack/placement/placement/handlers/allocation.py:462}}
Feb 08 23:43:55.259432 n-d-828413-1 devstack@placement-api.service[107899]: INFO placement.requestlog [req-70fa3bfa-0205-422b-866d-7398ed05bb29 req-bc5cc866-de2a-4033-984f-4df9f354f71f service placement] 10.222.0.32 "PUT /placement/allocations/833956e3-4311-4957-b1a0-e6989ae0a655" status: 204 len: 0 microversion: 1.28
Feb 08 23:43:55.268198 n-d-828413-1 devstack@placement-api.service[107899]: [pid: 107899|app: 0|req: 127/255] 10.222.0.32 () {64 vars in 1433 bytes} [Tue Feb  8 23:43:55 2022] PUT /placement/allocations/833956e3-4311-4957-b1a0-e6989ae0a655 => generated 0 bytes in 85 msecs (HTTP/1.1 204) 5 headers in 199 bytes (1 switches on core 0)
Feb 08 23:43:55.480310 n-d-828413-1 devstack@placement-api.service[107900]: DEBUG placement.requestlog [req-70fa3bfa-0205-422b-866d-7398ed05bb29 req-cecf0118-7743-453a-b5d3-1658239efc0e None None] Starting request: 10.222.0.84 "GET /placement/allocations/833956e3-4311-4957-b1a0-e6989ae0a655" {{(pid=107900) __call__ /opt/stack/placement/placement/requestlog.py:55}}
Feb 08 23:43:55.508500 n-d-828413-1 devstack@placement-api.service[107900]: INFO placement.requestlog [req-70fa3bfa-0205-422b-866d-7398ed05bb29 req-cecf0118-7743-453a-b5d3-1658239efc0e service placement] 10.222.0.84 "GET /placement/allocations/833956e3-4311-4957-b1a0-e6989ae0a655" status: 200 len: 259 microversion: 1.28
Feb 08 23:43:55.509079 n-d-828413-1 devstack@placement-api.service[107900]: [pid: 107900|app: 0|req: 129/256] 10.222.0.84 () {60 vars in 1377 bytes} [Tue Feb  8 23:43:55 2022] GET /placement/allocations/833956e3-4311-4957-b1a0-e6989ae0a655 => generated 259 bytes in 29 msecs (HTTP/1.1 200) 8 headers in 296 bytes (2 switches on core 0)
Feb 08 23:43:58.400735 n-d-828413-1 devstack@placement-api.service[107899]: DEBUG placement.requestlog [req-5848e37b-c046-4d16-96a0-6d49d2e795e4 req-148f5eb1-59f3-4b0e-ae69-45bdd748361a None None] Starting request: 10.222.0.32 "GET /placement/allocation_candidates?limit=1000&resources=DISK_GB%3A1%2CMEMORY_MB%3A1024%2CVCPU%3A1&root_required=%21COMPUTE_STATUS_DISABLED" {{(pid=107899) __call__ /opt/stack/placement/placement/requestlog.py:55}}
Feb 08 23:43:58.409231 n-d-828413-1 devstack@placement-api.service[107900]: DEBUG placement.requestlog [req-6b1a9244-f1e9-49d7-8f06-02187f4ecb76 req-0bf19607-c6ef-4ef7-89dd-c3c59e12dc32 None None] Starting request: 10.222.0.21 "GET /placement/allocations/00908c23-8265-4add-be73-8650b8ce1ac4" {{(pid=107900) __call__ /opt/stack/placement/placement/requestlog.py:55}}
Feb 08 23:43:58.449487 n-d-828413-1 devstack@placement-api.service[107900]: INFO placement.requestlog [req-6b1a9244-f1e9-49d7-8f06-02187f4ecb76 req-0bf19607-c6ef-4ef7-89dd-c3c59e12dc32 service placement] 10.222.0.21 "GET /placement/allocations/00908c23-8265-4add-be73-8650b8ce1ac4" status: 200 len: 259 microversion: 1.28
Feb 08 23:43:58.450689 n-d-828413-1 devstack@placement-api.service[107900]: [pid: 107900|app: 0|req: 130/257] 10.222.0.21 () {60 vars in 1377 bytes} [Tue Feb  8 23:43:58 2022] GET /placement/allocations/00908c23-8265-4add-be73-8650b8ce1ac4 => generated 259 bytes in 42 msecs (HTTP/1.1 200) 8 headers in 296 bytes (1 switches on core 0)
Feb 08 23:43:58.461797 n-d-828413-1 devstack@placement-api.service[107900]: DEBUG placement.requestlog [req-6b1a9244-f1e9-49d7-8f06-02187f4ecb76 req-21a7d090-8290-40b0-92a6-e608c704c042 None None] Starting request: 10.222.0.21 "PUT /placement/allocations/00908c23-8265-4add-be73-8650b8ce1ac4" {{(pid=107900) __call__ /opt/stack/placement/placement/requestlog.py:55}}
Feb 08 23:43:58.472789 n-d-828413-1 devstack@placement-api.service[107899]: DEBUG placement.objects.research_context [req-5848e37b-c046-4d16-96a0-6d49d2e795e4 req-148f5eb1-59f3-4b0e-ae69-45bdd748361a service placement] getting providers with 1 DISK_GB {{(pid=107899) __init__ /opt/stack/placement/placement/objects/research_context.py:126}}
Feb 08 23:43:58.486804 n-d-828413-1 devstack@placement-api.service[107899]: DEBUG placement.objects.research_context [req-5848e37b-c046-4d16-96a0-6d49d2e795e4 req-148f5eb1-59f3-4b0e-ae69-45bdd748361a service placement] getting providers with 1024 MEMORY_MB {{(pid=107899) __init__ /opt/stack/placement/placement/objects/research_context.py:126}}
Feb 08 23:43:58.502744 n-d-828413-1 devstack@placement-api.service[107899]: DEBUG placement.objects.research_context [req-5848e37b-c046-4d16-96a0-6d49d2e795e4 req-148f5eb1-59f3-4b0e-ae69-45bdd748361a service placement] getting providers with 1 VCPU {{(pid=107899) __init__ /opt/stack/placement/placement/objects/research_context.py:126}}
Feb 08 23:43:58.515365 n-d-828413-1 devstack@placement-api.service[107899]: DEBUG placement.objects.research_context [req-5848e37b-c046-4d16-96a0-6d49d2e795e4 req-148f5eb1-59f3-4b0e-ae69-45bdd748361a service placement] found 2 providers with available 1 DISK_GB {{(pid=107899) get_provider_ids_matching /opt/stack/placement/placement/objects/research_context.py:549}}
Feb 08 23:43:58.517932 n-d-828413-1 devstack@placement-api.service[107899]: DEBUG placement.objects.research_context [req-5848e37b-c046-4d16-96a0-6d49d2e795e4 req-148f5eb1-59f3-4b0e-ae69-45bdd748361a service placement] found 2 providers with available 1024 MEMORY_MB {{(pid=107899) get_provider_ids_matching /opt/stack/placement/placement/objects/research_context.py:549}}
Feb 08 23:43:58.518387 n-d-828413-1 devstack@placement-api.service[107899]: DEBUG placement.objects.research_context [req-5848e37b-c046-4d16-96a0-6d49d2e795e4 req-148f5eb1-59f3-4b0e-ae69-45bdd748361a service placement] found 2 providers after filtering by previous result {{(pid=107899) get_provider_ids_matching /opt/stack/placement/placement/objects/research_context.py:580}}
Feb 08 23:43:58.518807 n-d-828413-1 devstack@placement-api.service[107899]: DEBUG placement.objects.research_context [req-5848e37b-c046-4d16-96a0-6d49d2e795e4 req-148f5eb1-59f3-4b0e-ae69-45bdd748361a service placement] found 2 providers with available 1 VCPU {{(pid=107899) get_provider_ids_matching /opt/stack/placement/placement/objects/research_context.py:549}}
Feb 08 23:43:58.519220 n-d-828413-1 devstack@placement-api.service[107899]: DEBUG placement.objects.research_context [req-5848e37b-c046-4d16-96a0-6d49d2e795e4 req-148f5eb1-59f3-4b0e-ae69-45bdd748361a service placement] found 2 providers after filtering by previous result {{(pid=107899) get_provider_ids_matching /opt/stack/placement/placement/objects/research_context.py:580}}
Feb 08 23:43:58.559465 n-d-828413-1 devstack@placement-api.service[107899]: DEBUG placement.objects.allocation_candidate [req-5848e37b-c046-4d16-96a0-6d49d2e795e4 req-148f5eb1-59f3-4b0e-ae69-45bdd748361a service placement] RequestGroup(use_same_provider=False, resources={DISK_GB:1, MEMORY_MB:1024, VCPU:1}, traits=[], aggregates=[]) (suffix '') returned 2 matches {{(pid=107899) _get_by_requests /opt/stack/placement/placement/objects/allocation_candidate.py:145}}
Feb 08 23:43:58.560798 n-d-828413-1 devstack@placement-api.service[107899]: DEBUG placement.objects.allocation_candidate [req-5848e37b-c046-4d16-96a0-6d49d2e795e4 req-148f5eb1-59f3-4b0e-ae69-45bdd748361a service placement] Merging candidates yields 2 allocation requests and 2 provider summaries {{(pid=107899) _merge_candidates /opt/stack/placement/placement/objects/allocation_candidate.py:783}}
Feb 08 23:43:58.566497 n-d-828413-1 devstack@placement-api.service[107899]: INFO placement.requestlog [req-5848e37b-c046-4d16-96a0-6d49d2e795e4 req-148f5eb1-59f3-4b0e-ae69-45bdd748361a service placement] 10.222.0.32 "GET /placement/allocation_candidates?limit=1000&resources=DISK_GB%3A1%2CMEMORY_MB%3A1024%2CVCPU%3A1&root_required=%21COMPUTE_STATUS_DISABLED" status: 200 len: 1312 microversion: 1.36
Feb 08 23:43:58.567208 n-d-828413-1 devstack@placement-api.service[107899]: [pid: 107899|app: 0|req: 128/258] 10.222.0.32 () {60 vars in 1506 bytes} [Tue Feb  8 23:43:58 2022] GET /placement/allocation_candidates?limit=1000&resources=DISK_GB%3A1%2CMEMORY_MB%3A1024%2CVCPU%3A1&root_required=%21COMPUTE_STATUS_DISABLED => generated 1312 bytes in 167 msecs (HTTP/1.1 200) 8 headers in 297 bytes (1 switches on core 0)
Feb 08 23:43:58.583015 n-d-828413-1 devstack@placement-api.service[107900]: DEBUG placement.handlers.allocation [req-6b1a9244-f1e9-49d7-8f06-02187f4ecb76 req-21a7d090-8290-40b0-92a6-e608c704c042 service placement] Successfully wrote allocations [<placement.objects.allocation.Allocation object at 0x7f7d1c2c0c70>, <placement.objects.allocation.Allocation object at 0x7f7d1c2c0cd0>, <placement.objects.allocation.Allocation object at 0x7f7d1c2c0ca0>] {{(pid=107900) _update_consumers_and_create_allocations /opt/stack/placement/placement/handlers/allocation.py:462}}
Feb 08 23:43:58.588504 n-d-828413-1 devstack@placement-api.service[107900]: INFO placement.requestlog [req-6b1a9244-f1e9-49d7-8f06-02187f4ecb76 req-21a7d090-8290-40b0-92a6-e608c704c042 service placement] 10.222.0.21 "PUT /placement/allocations/00908c23-8265-4add-be73-8650b8ce1ac4" status: 204 len: 0 microversion: 1.28
Feb 08 23:43:58.588759 n-d-828413-1 devstack@placement-api.service[107900]: [pid: 107900|app: 0|req: 131/259] 10.222.0.21 () {64 vars in 1430 bytes} [Tue Feb  8 23:43:58 2022] PUT /placement/allocations/00908c23-8265-4add-be73-8650b8ce1ac4 => generated 0 bytes in 129 msecs (HTTP/1.1 204) 5 headers in 199 bytes (1 switches on core 0)
Feb 08 23:43:58.706562 n-d-828413-1 devstack@placement-api.service[107899]: DEBUG placement.requestlog [req-5848e37b-c046-4d16-96a0-6d49d2e795e4 req-b79da949-d714-4072-bdea-fc9d84d22a75 None None] Starting request: 10.222.0.32 "GET /placement/allocations/70488157-5263-4728-a263-452398b813c7" {{(pid=107899) __call__ /opt/stack/placement/placement/requestlog.py:55}}
Feb 08 23:43:58.720457 n-d-828413-1 devstack@placement-api.service[107899]: INFO placement.requestlog [req-5848e37b-c046-4d16-96a0-6d49d2e795e4 req-b79da949-d714-4072-bdea-fc9d84d22a75 service placement] 10.222.0.32 "GET /placement/allocations/70488157-5263-4728-a263-452398b813c7" status: 200 len: 19 microversion: 1.28
Feb 08 23:43:58.722301 n-d-828413-1 devstack@placement-api.service[107899]: [pid: 107899|app: 0|req: 129/260] 10.222.0.32 () {60 vars in 1380 bytes} [Tue Feb  8 23:43:58 2022] GET /placement/allocations/70488157-5263-4728-a263-452398b813c7 => generated 19 bytes in 15 msecs (HTTP/1.1 200) 8 headers in 295 bytes (1 switches on core 0)
Feb 08 23:43:58.729082 n-d-828413-1 devstack@placement-api.service[107900]: DEBUG placement.requestlog [req-5848e37b-c046-4d16-96a0-6d49d2e795e4 req-d026633a-b875-479b-89a3-aa17fb89c0b0 None None] Starting request: 10.222.0.32 "PUT /placement/allocations/70488157-5263-4728-a263-452398b813c7" {{(pid=107900) __call__ /opt/stack/placement/placement/requestlog.py:55}}
Feb 08 23:43:58.857259 n-d-828413-1 devstack@placement-api.service[107900]: DEBUG placement.handlers.allocation [req-5848e37b-c046-4d16-96a0-6d49d2e795e4 req-d026633a-b875-479b-89a3-aa17fb89c0b0 service placement] Successfully wrote allocations [<placement.objects.allocation.Allocation object at 0x7f7d1c11ca30>, <placement.objects.allocation.Allocation object at 0x7f7d1c3bf4c0>, <placement.objects.allocation.Allocation object at 0x7f7d1c268910>] {{(pid=107900) _update_consumers_and_create_allocations /opt/stack/placement/placement/handlers/allocation.py:462}}
Feb 08 23:43:58.863180 n-d-828413-1 devstack@placement-api.service[107900]: INFO placement.requestlog [req-5848e37b-c046-4d16-96a0-6d49d2e795e4 req-d026633a-b875-479b-89a3-aa17fb89c0b0 service placement] 10.222.0.32 "PUT /placement/allocations/70488157-5263-4728-a263-452398b813c7" status: 204 len: 0 microversion: 1.36
Feb 08 23:43:58.863814 n-d-828413-1 devstack@placement-api.service[107900]: [pid: 107900|app: 0|req: 132/261] 10.222.0.32 () {64 vars in 1433 bytes} [Tue Feb  8 23:43:58 2022] PUT /placement/allocations/70488157-5263-4728-a263-452398b813c7 => generated 0 bytes in 135 msecs (HTTP/1.1 204) 5 headers in 199 bytes (1 switches on core 0)
Feb 08 23:43:59.422244 n-d-828413-1 devstack@placement-api.service[107899]: DEBUG placement.requestlog [req-5848e37b-c046-4d16-96a0-6d49d2e795e4 req-76ac941b-ef01-461e-adeb-7f4c8281ffe9 None None] Starting request: 10.222.0.21 "GET /placement/allocations/70488157-5263-4728-a263-452398b813c7" {{(pid=107899) __call__ /opt/stack/placement/placement/requestlog.py:55}}
Feb 08 23:43:59.459560 n-d-828413-1 devstack@placement-api.service[107899]: INFO placement.requestlog [req-5848e37b-c046-4d16-96a0-6d49d2e795e4 req-76ac941b-ef01-461e-adeb-7f4c8281ffe9 service placement] 10.222.0.21 "GET /placement/allocations/70488157-5263-4728-a263-452398b813c7" status: 200 len: 259 microversion: 1.28
Feb 08 23:43:59.459973 n-d-828413-1 devstack@placement-api.service[107899]: [pid: 107899|app: 0|req: 130/262] 10.222.0.21 () {60 vars in 1377 bytes} [Tue Feb  8 23:43:59 2022] GET /placement/allocations/70488157-5263-4728-a263-452398b813c7 => generated 259 bytes in 38 msecs (HTTP/1.1 200) 8 headers in 296 bytes (1 switches on core 0)
Feb 08 23:44:00.698664 n-d-828413-1 devstack@placement-api.service[107900]: DEBUG placement.requestlog [req-6415e54f-e8e7-4aa4-9e5f-99d666c3c6dd req-bab78119-97f3-4f00-ac7f-3730f2ef5229 None None] Starting request: 10.222.0.32 "GET /placement/allocation_candidates?limit=1000&resources=DISK_GB%3A1%2CMEMORY_MB%3A1024%2CVCPU%3A1&root_required=%21COMPUTE_STATUS_DISABLED" {{(pid=107900) __call__ /opt/stack/placement/placement/requestlog.py:55}}
Feb 08 23:44:00.780438 n-d-828413-1 devstack@placement-api.service[107900]: DEBUG placement.objects.research_context [req-6415e54f-e8e7-4aa4-9e5f-99d666c3c6dd req-bab78119-97f3-4f00-ac7f-3730f2ef5229 service placement] getting providers with 1 DISK_GB {{(pid=107900) __init__ /opt/stack/placement/placement/objects/research_context.py:126}}
Feb 08 23:44:00.793203 n-d-828413-1 devstack@placement-api.service[107900]: DEBUG placement.objects.research_context [req-6415e54f-e8e7-4aa4-9e5f-99d666c3c6dd req-bab78119-97f3-4f00-ac7f-3730f2ef5229 service placement] getting providers with 1024 MEMORY_MB {{(pid=107900) __init__ /opt/stack/placement/placement/objects/research_context.py:126}}
Feb 08 23:44:00.807898 n-d-828413-1 devstack@placement-api.service[107900]: DEBUG placement.objects.research_context [req-6415e54f-e8e7-4aa4-9e5f-99d666c3c6dd req-bab78119-97f3-4f00-ac7f-3730f2ef5229 service placement] getting providers with 1 VCPU {{(pid=107900) __init__ /opt/stack/placement/placement/objects/research_context.py:126}}
Feb 08 23:44:00.836946 n-d-828413-1 devstack@placement-api.service[107900]: DEBUG placement.objects.research_context [req-6415e54f-e8e7-4aa4-9e5f-99d666c3c6dd req-bab78119-97f3-4f00-ac7f-3730f2ef5229 service placement] found 2 providers with available 1 DISK_GB {{(pid=107900) get_provider_ids_matching /opt/stack/placement/placement/objects/research_context.py:549}}
Feb 08 23:44:00.837414 n-d-828413-1 devstack@placement-api.service[107900]: DEBUG placement.objects.research_context [req-6415e54f-e8e7-4aa4-9e5f-99d666c3c6dd req-bab78119-97f3-4f00-ac7f-3730f2ef5229 service placement] found 2 providers with available 1024 MEMORY_MB {{(pid=107900) get_provider_ids_matching /opt/stack/placement/placement/objects/research_context.py:549}}
Feb 08 23:44:00.837845 n-d-828413-1 devstack@placement-api.service[107900]: DEBUG placement.objects.research_context [req-6415e54f-e8e7-4aa4-9e5f-99d666c3c6dd req-bab78119-97f3-4f00-ac7f-3730f2ef5229 service placement] found 2 providers after filtering by previous result {{(pid=107900) get_provider_ids_matching /opt/stack/placement/placement/objects/research_context.py:580}}
Feb 08 23:44:00.838279 n-d-828413-1 devstack@placement-api.service[107900]: DEBUG placement.objects.research_context [req-6415e54f-e8e7-4aa4-9e5f-99d666c3c6dd req-bab78119-97f3-4f00-ac7f-3730f2ef5229 service placement] found 2 providers with available 1 VCPU {{(pid=107900) get_provider_ids_matching /opt/stack/placement/placement/objects/research_context.py:549}}
Feb 08 23:44:00.838717 n-d-828413-1 devstack@placement-api.service[107900]: DEBUG placement.objects.research_context [req-6415e54f-e8e7-4aa4-9e5f-99d666c3c6dd req-bab78119-97f3-4f00-ac7f-3730f2ef5229 service placement] found 2 providers after filtering by previous result {{(pid=107900) get_provider_ids_matching /opt/stack/placement/placement/objects/research_context.py:580}}
Feb 08 23:44:00.857530 n-d-828413-1 devstack@placement-api.service[107900]: DEBUG placement.objects.allocation_candidate [req-6415e54f-e8e7-4aa4-9e5f-99d666c3c6dd req-bab78119-97f3-4f00-ac7f-3730f2ef5229 service placement] RequestGroup(use_same_provider=False, resources={DISK_GB:1, MEMORY_MB:1024, VCPU:1}, traits=[], aggregates=[]) (suffix '') returned 2 matches {{(pid=107900) _get_by_requests /opt/stack/placement/placement/objects/allocation_candidate.py:145}}
Feb 08 23:44:00.858016 n-d-828413-1 devstack@placement-api.service[107900]: DEBUG placement.objects.allocation_candidate [req-6415e54f-e8e7-4aa4-9e5f-99d666c3c6dd req-bab78119-97f3-4f00-ac7f-3730f2ef5229 service placement] Merging candidates yields 2 allocation requests and 2 provider summaries {{(pid=107900) _merge_candidates /opt/stack/placement/placement/objects/allocation_candidate.py:783}}
Feb 08 23:44:00.869591 n-d-828413-1 devstack@placement-api.service[107900]: INFO placement.requestlog [req-6415e54f-e8e7-4aa4-9e5f-99d666c3c6dd req-bab78119-97f3-4f00-ac7f-3730f2ef5229 service placement] 10.222.0.32 "GET /placement/allocation_candidates?limit=1000&resources=DISK_GB%3A1%2CMEMORY_MB%3A1024%2CVCPU%3A1&root_required=%21COMPUTE_STATUS_DISABLED" status: 200 len: 1312 microversion: 1.36
Feb 08 23:44:00.875393 n-d-828413-1 devstack@placement-api.service[107900]: [pid: 107900|app: 0|req: 133/263] 10.222.0.32 () {60 vars in 1506 bytes} [Tue Feb  8 23:44:00 2022] GET /placement/allocation_candidates?limit=1000&resources=DISK_GB%3A1%2CMEMORY_MB%3A1024%2CVCPU%3A1&root_required=%21COMPUTE_STATUS_DISABLED => generated 1312 bytes in 177 msecs (HTTP/1.1 200) 8 headers in 297 bytes (1 switches on core 0)
Feb 08 23:44:00.975418 n-d-828413-1 devstack@placement-api.service[107899]: DEBUG placement.requestlog [req-6415e54f-e8e7-4aa4-9e5f-99d666c3c6dd req-07545abd-d0b9-475e-8ecc-d7232935c4d6 None None] Starting request: 10.222.0.32 "GET /placement/allocations/022c7ee1-d72c-4721-bf8b-74f8113de71f" {{(pid=107899) __call__ /opt/stack/placement/placement/requestlog.py:55}}
Feb 08 23:44:00.999604 n-d-828413-1 devstack@placement-api.service[107899]: INFO placement.requestlog [req-6415e54f-e8e7-4aa4-9e5f-99d666c3c6dd req-07545abd-d0b9-475e-8ecc-d7232935c4d6 service placement] 10.222.0.32 "GET /placement/allocations/022c7ee1-d72c-4721-bf8b-74f8113de71f" status: 200 len: 19 microversion: 1.28
Feb 08 23:44:01.000275 n-d-828413-1 devstack@placement-api.service[107899]: [pid: 107899|app: 0|req: 131/264] 10.222.0.32 () {60 vars in 1380 bytes} [Tue Feb  8 23:44:00 2022] GET /placement/allocations/022c7ee1-d72c-4721-bf8b-74f8113de71f => generated 19 bytes in 25 msecs (HTTP/1.1 200) 8 headers in 295 bytes (1 switches on core 0)
Feb 08 23:44:01.013056 n-d-828413-1 devstack@placement-api.service[107900]: DEBUG placement.requestlog [req-6415e54f-e8e7-4aa4-9e5f-99d666c3c6dd req-b2e285e9-1918-47f8-b317-51654546c5b6 None None] Starting request: 10.222.0.32 "PUT /placement/allocations/022c7ee1-d72c-4721-bf8b-74f8113de71f" {{(pid=107900) __call__ /opt/stack/placement/placement/requestlog.py:55}}
Feb 08 23:44:01.162757 n-d-828413-1 devstack@placement-api.service[107900]: DEBUG placement.handlers.allocation [req-6415e54f-e8e7-4aa4-9e5f-99d666c3c6dd req-b2e285e9-1918-47f8-b317-51654546c5b6 service placement] Successfully wrote allocations [<placement.objects.allocation.Allocation object at 0x7f7d1c0bdfa0>, <placement.objects.allocation.Allocation object at 0x7f7d1c1d3cd0>, <placement.objects.allocation.Allocation object at 0x7f7d1c0c5070>] {{(pid=107900) _update_consumers_and_create_allocations /opt/stack/placement/placement/handlers/allocation.py:462}}
Feb 08 23:44:01.167698 n-d-828413-1 devstack@placement-api.service[107900]: INFO placement.requestlog [req-6415e54f-e8e7-4aa4-9e5f-99d666c3c6dd req-b2e285e9-1918-47f8-b317-51654546c5b6 service placement] 10.222.0.32 "PUT /placement/allocations/022c7ee1-d72c-4721-bf8b-74f8113de71f" status: 204 len: 0 microversion: 1.36
Feb 08 23:44:01.176094 n-d-828413-1 devstack@placement-api.service[107900]: [pid: 107900|app: 0|req: 134/265] 10.222.0.32 () {64 vars in 1433 bytes} [Tue Feb  8 23:44:01 2022] PUT /placement/allocations/022c7ee1-d72c-4721-bf8b-74f8113de71f => generated 0 bytes in 156 msecs (HTTP/1.1 204) 5 headers in 199 bytes (1 switches on core 0)
Feb 08 23:44:01.739007 n-d-828413-1 devstack@placement-api.service[107899]: DEBUG placement.requestlog [req-6415e54f-e8e7-4aa4-9e5f-99d666c3c6dd req-628eeb2a-62c1-4755-b092-e9adaf4e35d3 None None] Starting request: 10.222.0.21 "GET /placement/allocations/022c7ee1-d72c-4721-bf8b-74f8113de71f" {{(pid=107899) __call__ /opt/stack/placement/placement/requestlog.py:55}}
Feb 08 23:44:01.759669 n-d-828413-1 devstack@placement-api.service[107899]: INFO placement.requestlog [req-6415e54f-e8e7-4aa4-9e5f-99d666c3c6dd req-628eeb2a-62c1-4755-b092-e9adaf4e35d3 service placement] 10.222.0.21 "GET /placement/allocations/022c7ee1-d72c-4721-bf8b-74f8113de71f" status: 200 len: 259 microversion: 1.28
Feb 08 23:44:01.760087 n-d-828413-1 devstack@placement-api.service[107899]: [pid: 107899|app: 0|req: 132/266] 10.222.0.21 () {60 vars in 1377 bytes} [Tue Feb  8 23:44:01 2022] GET /placement/allocations/022c7ee1-d72c-4721-bf8b-74f8113de71f => generated 259 bytes in 21 msecs (HTTP/1.1 200) 8 headers in 296 bytes (1 switches on core 0)
Feb 08 23:44:06.974403 n-d-828413-1 devstack@placement-api.service[107900]: DEBUG placement.requestlog [None req-6228ffb6-e7da-401c-b9b8-3eed988222fc None None] Starting request: 10.222.0.32 "GET /placement/" {{(pid=107900) __call__ /opt/stack/placement/placement/requestlog.py:55}}
Feb 08 23:44:06.975543 n-d-828413-1 devstack@placement-api.service[107900]: INFO placement.requestlog [None req-6228ffb6-e7da-401c-b9b8-3eed988222fc None None] 10.222.0.32 "GET /placement/" status: 200 len: 136 microversion: 1.0
Feb 08 23:44:06.975804 n-d-828413-1 devstack@placement-api.service[107900]: [pid: 107900|app: 0|req: 135/267] 10.222.0.32 () {54 vars in 916 bytes} [Tue Feb  8 23:44:06 2022] GET /placement => generated 136 bytes in 3 msecs (HTTP/1.1 200) 6 headers in 224 bytes (1 switches on core 0)
Feb 08 23:44:06.985502 n-d-828413-1 devstack@placement-api.service[107899]: DEBUG placement.requestlog [req-1ecd9276-6b2b-4307-a38d-837b15f9d64e req-9497e7e2-a648-46f6-bda8-52d9c38d8a61 None None] Starting request: 10.222.0.32 "GET /placement/allocations/e386125c-b7dc-4d7b-9b4c-bb75c449b8e2" {{(pid=107899) __call__ /opt/stack/placement/placement/requestlog.py:55}}
Feb 08 23:44:07.226000 n-d-828413-1 devstack@placement-api.service[107899]: INFO placement.requestlog [req-1ecd9276-6b2b-4307-a38d-837b15f9d64e req-9497e7e2-a648-46f6-bda8-52d9c38d8a61 service placement] 10.222.0.32 "GET /placement/allocations/e386125c-b7dc-4d7b-9b4c-bb75c449b8e2" status: 200 len: 259 microversion: 1.28
Feb 08 23:44:07.226775 n-d-828413-1 devstack@placement-api.service[107899]: [pid: 107899|app: 0|req: 133/268] 10.222.0.32 () {60 vars in 1380 bytes} [Tue Feb  8 23:44:06 2022] GET /placement/allocations/e386125c-b7dc-4d7b-9b4c-bb75c449b8e2 => generated 259 bytes in 241 msecs (HTTP/1.1 200) 8 headers in 296 bytes (1 switches on core 0)
Feb 08 23:44:07.233423 n-d-828413-1 devstack@placement-api.service[107900]: DEBUG placement.requestlog [req-1ecd9276-6b2b-4307-a38d-837b15f9d64e req-f80c96d1-e673-4b85-bd0e-c297fa4f8aae None None] Starting request: 10.222.0.32 "GET /placement/allocations/e386125c-b7dc-4d7b-9b4c-bb75c449b8e2" {{(pid=107900) __call__ /opt/stack/placement/placement/requestlog.py:55}}
Feb 08 23:44:07.275777 n-d-828413-1 devstack@placement-api.service[107900]: INFO placement.requestlog [req-1ecd9276-6b2b-4307-a38d-837b15f9d64e req-f80c96d1-e673-4b85-bd0e-c297fa4f8aae service placement] 10.222.0.32 "GET /placement/allocations/e386125c-b7dc-4d7b-9b4c-bb75c449b8e2" status: 200 len: 259 microversion: 1.28
Feb 08 23:44:07.276906 n-d-828413-1 devstack@placement-api.service[107900]: [pid: 107900|app: 0|req: 136/269] 10.222.0.32 () {60 vars in 1380 bytes} [Tue Feb  8 23:44:07 2022] GET /placement/allocations/e386125c-b7dc-4d7b-9b4c-bb75c449b8e2 => generated 259 bytes in 44 msecs (HTTP/1.1 200) 8 headers in 296 bytes (1 switches on core 0)
Feb 08 23:44:07.283624 n-d-828413-1 devstack@placement-api.service[107899]: DEBUG placement.requestlog [req-1ecd9276-6b2b-4307-a38d-837b15f9d64e req-8adfd316-949a-472e-b220-37a8098290ea None None] Starting request: 10.222.0.32 "GET /placement/allocations/c037b1d8-2360-411d-82c9-731d3e0e87bb" {{(pid=107899) __call__ /opt/stack/placement/placement/requestlog.py:55}}
Feb 08 23:44:07.299168 n-d-828413-1 devstack@placement-api.service[107899]: INFO placement.requestlog [req-1ecd9276-6b2b-4307-a38d-837b15f9d64e req-8adfd316-949a-472e-b220-37a8098290ea service placement] 10.222.0.32 "GET /placement/allocations/c037b1d8-2360-411d-82c9-731d3e0e87bb" status: 200 len: 19 microversion: 1.28
Feb 08 23:44:07.300627 n-d-828413-1 devstack@placement-api.service[107899]: [pid: 107899|app: 0|req: 134/270] 10.222.0.32 () {60 vars in 1380 bytes} [Tue Feb  8 23:44:07 2022] GET /placement/allocations/c037b1d8-2360-411d-82c9-731d3e0e87bb => generated 19 bytes in 17 msecs (HTTP/1.1 200) 8 headers in 295 bytes (1 switches on core 0)
Feb 08 23:44:07.315931 n-d-828413-1 devstack@placement-api.service[107900]: DEBUG placement.requestlog [req-1ecd9276-6b2b-4307-a38d-837b15f9d64e req-3b56943f-bd0c-4773-94cd-65e16336be51 None None] Starting request: 10.222.0.32 "POST /placement/allocations" {{(pid=107900) __call__ /opt/stack/placement/placement/requestlog.py:55}}
Feb 08 23:44:07.477750 n-d-828413-1 devstack@placement-api.service[107900]: DEBUG placement.handlers.allocation [req-1ecd9276-6b2b-4307-a38d-837b15f9d64e req-3b56943f-bd0c-4773-94cd-65e16336be51 service placement] Successfully wrote allocations [<placement.objects.allocation.Allocation object at 0x7f7d1c252760>, <placement.objects.allocation.Allocation object at 0x7f7d1c252e80>, <placement.objects.allocation.Allocation object at 0x7f7d1c252610>, <placement.objects.allocation.Allocation object at 0x7f7d1c252280>, <placement.objects.allocation.Allocation object at 0x7f7d1c2524f0>, <placement.objects.allocation.Allocation object at 0x7f7d1c0ffd90>] {{(pid=107900) _update_consumers_and_create_allocations /opt/stack/placement/placement/handlers/allocation.py:572}}
Feb 08 23:44:07.493803 n-d-828413-1 devstack@placement-api.service[107900]: INFO placement.requestlog [req-1ecd9276-6b2b-4307-a38d-837b15f9d64e req-3b56943f-bd0c-4773-94cd-65e16336be51 service placement] 10.222.0.32 "POST /placement/allocations" status: 204 len: 0 microversion: 1.28
Feb 08 23:44:07.494644 n-d-828413-1 devstack@placement-api.service[107900]: [pid: 107900|app: 0|req: 137/271] 10.222.0.32 () {64 vars in 1323 bytes} [Tue Feb  8 23:44:07 2022] POST /placement/allocations => generated 0 bytes in 179 msecs (HTTP/1.1 204) 5 headers in 199 bytes (1 switches on core 0)
Feb 08 23:44:07.572376 n-d-828413-1 devstack@placement-api.service[107899]: DEBUG placement.requestlog [req-1ecd9276-6b2b-4307-a38d-837b15f9d64e req-0116c589-99bc-4e7c-93d2-7d3589524c97 None None] Starting request: 10.222.0.32 "GET /placement/allocations/e386125c-b7dc-4d7b-9b4c-bb75c449b8e2" {{(pid=107899) __call__ /opt/stack/placement/placement/requestlog.py:55}}
Feb 08 23:44:07.595299 n-d-828413-1 devstack@placement-api.service[107899]: INFO placement.requestlog [req-1ecd9276-6b2b-4307-a38d-837b15f9d64e req-0116c589-99bc-4e7c-93d2-7d3589524c97 service placement] 10.222.0.32 "GET /placement/allocations/e386125c-b7dc-4d7b-9b4c-bb75c449b8e2" status: 200 len: 19 microversion: 1.28
Feb 08 23:44:07.596310 n-d-828413-1 devstack@placement-api.service[107899]: [pid: 107899|app: 0|req: 135/272] 10.222.0.32 () {60 vars in 1380 bytes} [Tue Feb  8 23:44:07 2022] GET /placement/allocations/e386125c-b7dc-4d7b-9b4c-bb75c449b8e2 => generated 19 bytes in 24 msecs (HTTP/1.1 200) 8 headers in 295 bytes (1 switches on core 0)
Feb 08 23:44:07.602655 n-d-828413-1 devstack@placement-api.service[107900]: DEBUG placement.requestlog [req-1ecd9276-6b2b-4307-a38d-837b15f9d64e req-d79fcd35-71c8-46c3-a87a-3d572bef5c1d None None] Starting request: 10.222.0.32 "PUT /placement/allocations/e386125c-b7dc-4d7b-9b4c-bb75c449b8e2" {{(pid=107900) __call__ /opt/stack/placement/placement/requestlog.py:55}}
Feb 08 23:44:07.735562 n-d-828413-1 devstack@placement-api.service[107900]: DEBUG placement.handlers.allocation [req-1ecd9276-6b2b-4307-a38d-837b15f9d64e req-d79fcd35-71c8-46c3-a87a-3d572bef5c1d service placement] Successfully wrote allocations [<placement.objects.allocation.Allocation object at 0x7f7d1c147ca0>, <placement.objects.allocation.Allocation object at 0x7f7d1c147af0>, <placement.objects.allocation.Allocation object at 0x7f7d1c1472e0>] {{(pid=107900) _update_consumers_and_create_allocations /opt/stack/placement/placement/handlers/allocation.py:462}}
Feb 08 23:44:07.741294 n-d-828413-1 devstack@placement-api.service[107900]: INFO placement.requestlog [req-1ecd9276-6b2b-4307-a38d-837b15f9d64e req-d79fcd35-71c8-46c3-a87a-3d572bef5c1d service placement] 10.222.0.32 "PUT /placement/allocations/e386125c-b7dc-4d7b-9b4c-bb75c449b8e2" status: 204 len: 0 microversion: 1.28
Feb 08 23:44:07.742917 n-d-828413-1 devstack@placement-api.service[107900]: [pid: 107900|app: 0|req: 138/273] 10.222.0.32 () {64 vars in 1433 bytes} [Tue Feb  8 23:44:07 2022] PUT /placement/allocations/e386125c-b7dc-4d7b-9b4c-bb75c449b8e2 => generated 0 bytes in 140 msecs (HTTP/1.1 204) 5 headers in 199 bytes (1 switches on core 0)
Feb 08 23:44:07.897307 n-d-828413-1 devstack@placement-api.service[107899]: DEBUG placement.requestlog [req-1ecd9276-6b2b-4307-a38d-837b15f9d64e req-353fa3a8-c9ff-4e3b-b3ef-4ae8d8294a3a None None] Starting request: 10.222.0.21 "GET /placement/allocations/e386125c-b7dc-4d7b-9b4c-bb75c449b8e2" {{(pid=107899) __call__ /opt/stack/placement/placement/requestlog.py:55}}
Feb 08 23:44:07.922147 n-d-828413-1 devstack@placement-api.service[107899]: INFO placement.requestlog [req-1ecd9276-6b2b-4307-a38d-837b15f9d64e req-353fa3a8-c9ff-4e3b-b3ef-4ae8d8294a3a service placement] 10.222.0.21 "GET /placement/allocations/e386125c-b7dc-4d7b-9b4c-bb75c449b8e2" status: 200 len: 259 microversion: 1.28
Feb 08 23:44:07.923516 n-d-828413-1 devstack@placement-api.service[107899]: [pid: 107899|app: 0|req: 136/274] 10.222.0.21 () {60 vars in 1377 bytes} [Tue Feb  8 23:44:07 2022] GET /placement/allocations/e386125c-b7dc-4d7b-9b4c-bb75c449b8e2 => generated 259 bytes in 26 msecs (HTTP/1.1 200) 8 headers in 296 bytes (1 switches on core 0)
Feb 08 23:44:10.601551 n-d-828413-1 devstack@placement-api.service[107900]: DEBUG placement.requestlog [req-a3f33cbd-725a-4c77-8707-401f2427768d req-baa68d2a-59e7-452f-910a-4edfc1ba3d3c None None] Starting request: 10.222.0.84 "GET /placement/resource_providers?in_tree=d5e3062d-c7bc-43c6-9657-312895e147a1" {{(pid=107900) __call__ /opt/stack/placement/placement/requestlog.py:55}}
Feb 08 23:44:10.633724 n-d-828413-1 devstack@placement-api.service[107900]: INFO placement.requestlog [req-a3f33cbd-725a-4c77-8707-401f2427768d req-baa68d2a-59e7-452f-910a-4edfc1ba3d3c service placement] 10.222.0.84 "GET /placement/resource_providers?in_tree=d5e3062d-c7bc-43c6-9657-312895e147a1" status: 200 len: 863 microversion: 1.14
Feb 08 23:44:10.635914 n-d-828413-1 devstack@placement-api.service[107900]: [pid: 107900|app: 0|req: 139/275] 10.222.0.84 () {60 vars in 1376 bytes} [Tue Feb  8 23:44:10 2022] GET /placement/resource_providers?in_tree=d5e3062d-c7bc-43c6-9657-312895e147a1 => generated 863 bytes in 35 msecs (HTTP/1.1 200) 6 headers in 225 bytes (1 switches on core 0)
Feb 08 23:44:10.643153 n-d-828413-1 devstack@placement-api.service[107899]: DEBUG placement.requestlog [req-a3f33cbd-725a-4c77-8707-401f2427768d req-40647cd6-0cb7-4101-8c1e-9e54bb46f172 None None] Starting request: 10.222.0.84 "GET /placement/resource_providers/d5e3062d-c7bc-43c6-9657-312895e147a1/inventories" {{(pid=107899) __call__ /opt/stack/placement/placement/requestlog.py:55}}
Feb 08 23:44:10.674257 n-d-828413-1 devstack@placement-api.service[107899]: INFO placement.requestlog [req-a3f33cbd-725a-4c77-8707-401f2427768d req-40647cd6-0cb7-4101-8c1e-9e54bb46f172 service placement] 10.222.0.84 "GET /placement/resource_providers/d5e3062d-c7bc-43c6-9657-312895e147a1/inventories" status: 200 len: 398 microversion: 1.0
Feb 08 23:44:10.681613 n-d-828413-1 devstack@placement-api.service[107899]: [pid: 107899|app: 0|req: 137/276] 10.222.0.84 () {58 vars in 1390 bytes} [Tue Feb  8 23:44:10 2022] GET /placement/resource_providers/d5e3062d-c7bc-43c6-9657-312895e147a1/inventories => generated 398 bytes in 39 msecs (HTTP/1.1 200) 6 headers in 224 bytes (1 switches on core 0)
Feb 08 23:44:10.692720 n-d-828413-1 devstack@placement-api.service[107900]: DEBUG placement.requestlog [req-a3f33cbd-725a-4c77-8707-401f2427768d req-95df684d-92b8-45ad-bc0e-a16dd8d1f8f9 None None] Starting request: 10.222.0.84 "GET /placement/resource_providers/d5e3062d-c7bc-43c6-9657-312895e147a1/aggregates" {{(pid=107900) __call__ /opt/stack/placement/placement/requestlog.py:55}}
