Feb 08 23:41:56.163236 n-d-828413-1 devstack@n-api.service[129048]: DEBUG nova.api.openstack.wsgi [None req-aa4ee662-a055-4455-b255-b0d376c7a67a tempest-AggregatesAdminTestJSON-462852583 tempest-AggregatesAdminTestJSON-462852583-project-admin] Calling method '>' {{(pid=129048) _process_stack /opt/stack/nova/nova/api/openstack/wsgi.py:513}}
Feb 08 23:41:56.163236 n-d-828413-1 devstack@n-api.service[129048]: /usr/local/lib/python3.8/dist-packages/oslo_policy/policy.py:1075: UserWarning: Policy os_compute_api:os-aggregates:delete failed scope check. The token used to make the request was project scoped but the policy requires ['system'] scope. This behavior may change in the future where using the intended scope is required
Feb 08 23:41:56.163236 n-d-828413-1 devstack@n-api.service[129048]: warnings.warn(msg)
Feb 08 23:41:56.211118 n-d-828413-1 devstack@n-api.service[129048]: INFO nova.api.openstack.requestlog [None req-aa4ee662-a055-4455-b255-b0d376c7a67a tempest-AggregatesAdminTestJSON-462852583 tempest-AggregatesAdminTestJSON-462852583-project-admin] 10.222.0.32 "DELETE /compute/v2.1/os-aggregates/4" status: 200 len: 0 microversion: 2.1 time: 0.054694
Feb 08 23:41:56.211730 n-d-828413-1 devstack@n-api.service[129048]: [pid: 129048|app: 0|req: 124/245] 10.222.0.32 () {58 vars in 1151 bytes} [Tue Feb 8 23:41:56 2022] DELETE /compute/v2.1/os-aggregates/4 => generated 0 bytes in 57 msecs (HTTP/1.1 200) 9 headers in 355 bytes (1 switches on core 0)
Feb 08 23:41:56.226589 n-d-828413-1 devstack@n-api.service[129048]: DEBUG nova.api.openstack.wsgi [None req-43d9b7f9-e3c1-4ab1-9edb-83a4bcc392bd tempest-ServersWithSpecificFlavorTestJSON-569016874 tempest-ServersWithSpecificFlavorTestJSON-569016874-project] Calling method '>' {{(pid=129048) _process_stack /opt/stack/nova/nova/api/openstack/wsgi.py:513}}
Feb 08 23:41:56.227213 n-d-828413-1 devstack@n-api.service[129048]: DEBUG nova.compute.api [None req-43d9b7f9-e3c1-4ab1-9edb-83a4bcc392bd tempest-ServersWithSpecificFlavorTestJSON-569016874 tempest-ServersWithSpecificFlavorTestJSON-569016874-project] [instance: 8e7be4a7-c803-4e85-90fa-8e79b466d2cd] Fetching instance by UUID {{(pid=129048) get /opt/stack/nova/nova/compute/api.py:2863}}
Feb 08 23:41:56.245724 n-d-828413-1 devstack@n-api.service[129048]: DEBUG oslo_concurrency.lockutils [None req-43d9b7f9-e3c1-4ab1-9edb-83a4bcc392bd tempest-ServersWithSpecificFlavorTestJSON-569016874 tempest-ServersWithSpecificFlavorTestJSON-569016874-project] Lock "6558e7f9-421d-499e-b263-e1995a956e62" acquired by "nova.context.set_target_cell..get_or_set_cached_cell_and_set_connections" :: waited 0.000s {{(pid=129048) inner /usr/local/lib/python3.8/dist-packages/oslo_concurrency/lockutils.py:355}}
Feb 08 23:41:56.246319 n-d-828413-1 devstack@n-api.service[129048]: DEBUG oslo_concurrency.lockutils [None req-43d9b7f9-e3c1-4ab1-9edb-83a4bcc392bd tempest-ServersWithSpecificFlavorTestJSON-569016874 tempest-ServersWithSpecificFlavorTestJSON-569016874-project] Lock "6558e7f9-421d-499e-b263-e1995a956e62" released by "nova.context.set_target_cell..get_or_set_cached_cell_and_set_connections" :: held 0.005s {{(pid=129048) inner /usr/local/lib/python3.8/dist-packages/oslo_concurrency/lockutils.py:367}}
Feb 08 23:41:56.247353 n-d-828413-1 devstack@n-api.service[129048]: DEBUG oslo_concurrency.lockutils [None req-43d9b7f9-e3c1-4ab1-9edb-83a4bcc392bd tempest-ServersWithSpecificFlavorTestJSON-569016874 tempest-ServersWithSpecificFlavorTestJSON-569016874-project] Lock "6558e7f9-421d-499e-b263-e1995a956e62" acquired by "nova.context.set_target_cell..get_or_set_cached_cell_and_set_connections" :: waited 0.000s {{(pid=129048) inner /usr/local/lib/python3.8/dist-packages/oslo_concurrency/lockutils.py:355}}
Feb 08 23:41:56.247787 n-d-828413-1 devstack@n-api.service[129048]: DEBUG oslo_concurrency.lockutils [None req-43d9b7f9-e3c1-4ab1-9edb-83a4bcc392bd tempest-ServersWithSpecificFlavorTestJSON-569016874 tempest-ServersWithSpecificFlavorTestJSON-569016874-project] Lock "6558e7f9-421d-499e-b263-e1995a956e62" released by "nova.context.set_target_cell..get_or_set_cached_cell_and_set_connections" :: held 0.001s {{(pid=129048) inner /usr/local/lib/python3.8/dist-packages/oslo_concurrency/lockutils.py:367}}
Feb 08 23:41:56.375589 n-d-828413-1 devstack@n-api.service[129048]: DEBUG nova.policy [None req-43d9b7f9-e3c1-4ab1-9edb-83a4bcc392bd tempest-ServersWithSpecificFlavorTestJSON-569016874 tempest-ServersWithSpecificFlavorTestJSON-569016874-project] Policy check for os_compute_api:os-extended-server-attributes failed with credentials {'is_admin': False, 'user_id': '63c477a340b74d35bcf0e76620c6d28d', 'user_domain_id': 'default', 'system_scope': None, 'domain_id': None, 'project_id': '3021bf4bcb9f45fe98556fc0739a615c', 'project_domain_id': 'default', 'roles': ['member', 'reader'], 'is_admin_project': True, 'service_user_id': None, 'service_user_domain_id': None, 'service_project_id': None, 'service_project_domain_id': None, 'service_roles': []} {{(pid=129048) authorize /opt/stack/nova/nova/policy.py:199}}
Feb 08 23:41:56.396606 n-d-828413-1 devstack@n-api.service[129048]: INFO nova.api.openstack.requestlog [None req-43d9b7f9-e3c1-4ab1-9edb-83a4bcc392bd tempest-ServersWithSpecificFlavorTestJSON-569016874 tempest-ServersWithSpecificFlavorTestJSON-569016874-project] 10.222.0.32 "GET /compute/v2.1/servers/8e7be4a7-c803-4e85-90fa-8e79b466d2cd" status: 200 len: 1319 microversion: 2.1 time: 0.182844
Feb 08 23:41:56.401633 n-d-828413-1 devstack@n-api.service[129048]: [pid: 129048|app: 0|req: 125/246] 10.222.0.32 () {58 vars in 1235 bytes} [Tue Feb 8 23:41:56 2022] GET /compute/v2.1/servers/8e7be4a7-c803-4e85-90fa-8e79b466d2cd => generated 1319 bytes in 189 msecs (HTTP/1.1 200) 9 headers in 358 bytes (1 switches on core 0)
Feb 08 23:41:56.413923 n-d-828413-1 devstack@n-api.service[129048]: DEBUG nova.api.openstack.wsgi [None req-e883b574-77e8-4e06-89b9-c1a2efea0f3e tempest-AggregatesAdminTestJSON-462852583 tempest-AggregatesAdminTestJSON-462852583-project-admin] Action: 'create', calling method: >, body: {"aggregate": {"name": "tempest-test_aggregate-309983367"}} {{(pid=129048) _process_stack /opt/stack/nova/nova/api/openstack/wsgi.py:511}}
Feb 08 23:41:56.415813 n-d-828413-1 devstack@n-api.service[129048]: /usr/local/lib/python3.8/dist-packages/oslo_policy/policy.py:1075: UserWarning: Policy os_compute_api:os-aggregates:create failed scope check. The token used to make the request was project scoped but the policy requires ['system'] scope. This behavior may change in the future where using the intended scope is required
Feb 08 23:41:56.415813 n-d-828413-1 devstack@n-api.service[129048]: warnings.warn(msg)
Feb 08 23:41:56.423027 n-d-828413-1 devstack@n-api.service[129048]: DEBUG nova.objects.aggregate [None req-e883b574-77e8-4e06-89b9-c1a2efea0f3e tempest-AggregatesAdminTestJSON-462852583 tempest-AggregatesAdminTestJSON-462852583-project-admin] Generated uuid 6422dc78-3fa0-44ac-a8e7-f61783043012 for aggregate {{(pid=129048) create /opt/stack/nova/nova/objects/aggregate.py:298}}
Feb 08 23:41:56.461122 n-d-828413-1 devstack@n-api.service[129048]: INFO nova.api.openstack.requestlog [None req-e883b574-77e8-4e06-89b9-c1a2efea0f3e tempest-AggregatesAdminTestJSON-462852583 tempest-AggregatesAdminTestJSON-462852583-project-admin] 10.222.0.32 "POST /compute/v2.1/os-aggregates" status: 200 len: 197 microversion: 2.1 time: 0.057098
Feb 08 23:41:56.461731 n-d-828413-1 devstack@n-api.service[129048]: [pid: 129048|app: 0|req: 126/247] 10.222.0.32 () {60 vars in 1163 bytes} [Tue Feb 8 23:41:56 2022] POST /compute/v2.1/os-aggregates => generated 197 bytes in 60 msecs (HTTP/1.1 200) 9 headers in 357 bytes (1 switches on core 0)
Feb 08 23:41:56.484303 n-d-828413-1 devstack@n-api.service[129048]: DEBUG nova.api.openstack.wsgi [None req-2f65c4c8-7a7a-4939-b7c5-3857fcc5bb30 tempest-HostsAdminTestJSON-1841404657 tempest-HostsAdminTestJSON-1841404657-project-admin] Calling method '.version_select at 0x7f3f7d7ff0d0>' {{(pid=129048) _process_stack /opt/stack/nova/nova/api/openstack/wsgi.py:513}}
Feb 08 23:41:56.490229 n-d-828413-1 devstack@n-api.service[129048]: /usr/local/lib/python3.8/dist-packages/oslo_policy/policy.py:1075: UserWarning: Policy os_compute_api:os-hosts:list failed scope check. The token used to make the request was project scoped but the policy requires ['system'] scope. This behavior may change in the future where using the intended scope is required
Feb 08 23:41:56.490229 n-d-828413-1 devstack@n-api.service[129048]: warnings.warn(msg)
Feb 08 23:41:56.496065 n-d-828413-1 devstack@n-api.service[129048]: DEBUG oslo_concurrency.lockutils [None req-2f65c4c8-7a7a-4939-b7c5-3857fcc5bb30 tempest-HostsAdminTestJSON-1841404657 tempest-HostsAdminTestJSON-1841404657-project-admin] Lock "00000000-0000-0000-0000-000000000000" acquired by "nova.context.set_target_cell..get_or_set_cached_cell_and_set_connections" :: waited 0.000s {{(pid=129048) inner /usr/local/lib/python3.8/dist-packages/oslo_concurrency/lockutils.py:355}}
Feb 08 23:41:56.497248 n-d-828413-1 devstack@n-api.service[129048]: DEBUG oslo_concurrency.lockutils [None req-2f65c4c8-7a7a-4939-b7c5-3857fcc5bb30 tempest-HostsAdminTestJSON-1841404657 tempest-HostsAdminTestJSON-1841404657-project-admin] Lock "00000000-0000-0000-0000-000000000000" released by "nova.context.set_target_cell..get_or_set_cached_cell_and_set_connections" :: held 0.001s {{(pid=129048) inner /usr/local/lib/python3.8/dist-packages/oslo_concurrency/lockutils.py:367}}
Feb 08 23:41:56.497523 n-d-828413-1 devstack@n-api.service[129047]: INFO nova.api.openstack.requestlog [None req-2866d929-5f00-43c3-8e0e-79af6ad264af tempest-ImagesMetadataTestJSON-1604378690 tempest-ImagesMetadataTestJSON-1604378690-project] 10.222.0.32 "POST /compute/v2.1/images/d871ac26-b604-41e5-a199-a8385e4f8c81/metadata" status: 200 len: 85 microversion: 2.1 time: 0.731680
Feb 08 23:41:56.498120 n-d-828413-1 devstack@n-api.service[129047]: [pid: 129047|app: 0|req: 122/248] 10.222.0.32 () {60 vars in 1280 bytes} [Tue Feb 8 23:41:55 2022] POST /compute/v2.1/images/d871ac26-b604-41e5-a199-a8385e4f8c81/metadata => generated 85 bytes in 734 msecs (HTTP/1.1 200) 9 headers in 356 bytes (1 switches on core 0)
Feb 08 23:41:56.499004 n-d-828413-1 devstack@n-api.service[129048]: DEBUG oslo_concurrency.lockutils [None req-2f65c4c8-7a7a-4939-b7c5-3857fcc5bb30 tempest-HostsAdminTestJSON-1841404657 tempest-HostsAdminTestJSON-1841404657-project-admin] Lock "6558e7f9-421d-499e-b263-e1995a956e62" acquired by "nova.context.set_target_cell..get_or_set_cached_cell_and_set_connections" :: waited 0.000s {{(pid=129048) inner /usr/local/lib/python3.8/dist-packages/oslo_concurrency/lockutils.py:355}}
Feb 08 23:41:56.499641 n-d-828413-1 devstack@n-api.service[129048]: DEBUG oslo_concurrency.lockutils [None req-2f65c4c8-7a7a-4939-b7c5-3857fcc5bb30 tempest-HostsAdminTestJSON-1841404657 tempest-HostsAdminTestJSON-1841404657-project-admin] Lock "6558e7f9-421d-499e-b263-e1995a956e62" released by "nova.context.set_target_cell..get_or_set_cached_cell_and_set_connections" :: held 0.001s {{(pid=129048) inner /usr/local/lib/python3.8/dist-packages/oslo_concurrency/lockutils.py:367}}
Feb 08 23:41:56.503082 n-d-828413-1 devstack@n-api.service[129047]: DEBUG nova.api.openstack.wsgi [None req-efacf728-65a1-43bf-ac91-bb6ee89cacec tempest-AggregatesAdminTestJSON-462852583 tempest-AggregatesAdminTestJSON-462852583-project-admin] Calling method '>' {{(pid=129047) _process_stack /opt/stack/nova/nova/api/openstack/wsgi.py:513}}
Feb 08 23:41:56.503748 n-d-828413-1 devstack@n-api.service[129047]: /usr/local/lib/python3.8/dist-packages/oslo_policy/policy.py:1075: UserWarning: Policy os_compute_api:os-aggregates:delete failed scope check. The token used to make the request was project scoped but the policy requires ['system'] scope. This behavior may change in the future where using the intended scope is required
Feb 08 23:41:56.503748 n-d-828413-1 devstack@n-api.service[129047]: warnings.warn(msg)
Feb 08 23:41:56.528069 n-d-828413-1 devstack@n-api.service[129048]: INFO nova.api.openstack.requestlog [None req-2f65c4c8-7a7a-4939-b7c5-3857fcc5bb30 tempest-HostsAdminTestJSON-1841404657 tempest-HostsAdminTestJSON-1841404657-project-admin] 10.222.0.32 "GET /compute/v2.1/os-hosts" status: 200 len: 376 microversion: 2.1 time: 0.047268
Feb 08 23:41:56.529100 n-d-828413-1 devstack@n-api.service[129048]: [pid: 129048|app: 0|req: 127/249] 10.222.0.32 () {58 vars in 1127 bytes} [Tue Feb 8 23:41:56 2022] GET /compute/v2.1/os-hosts => generated 376 bytes in 67 msecs (HTTP/1.1 200) 9 headers in 357 bytes (1 switches on core 0)
Feb 08 23:41:56.533724 n-d-828413-1 devstack@n-api.service[129048]: DEBUG nova.api.openstack.wsgi [None req-05762f70-61a1-459b-a423-ea36de4862ea tempest-ImagesMetadataTestJSON-1604378690 tempest-ImagesMetadataTestJSON-1604378690-project] Calling method '.version_select at 0x7f3f7d7ff670>' {{(pid=129048) _process_stack /opt/stack/nova/nova/api/openstack/wsgi.py:513}}
Feb 08 23:41:56.574535 n-d-828413-1 devstack@n-api.service[129047]: INFO nova.api.openstack.requestlog [None req-efacf728-65a1-43bf-ac91-bb6ee89cacec tempest-AggregatesAdminTestJSON-462852583 tempest-AggregatesAdminTestJSON-462852583-project-admin] 10.222.0.32 "DELETE /compute/v2.1/os-aggregates/5" status: 200 len: 0 microversion: 2.1 time: 0.075000
Feb 08 23:41:56.575483 n-d-828413-1 devstack@n-api.service[129047]: [pid: 129047|app: 0|req: 123/250] 10.222.0.32 () {58 vars in 1151 bytes} [Tue Feb 8 23:41:56 2022] DELETE /compute/v2.1/os-aggregates/5 => generated 0 bytes in 77 msecs (HTTP/1.1 200) 9 headers in 355 bytes (1 switches on core 0)
Feb 08 23:41:56.580265 n-d-828413-1 devstack@n-api.service[129047]: DEBUG nova.api.openstack.wsgi [None req-db1a482b-5e80-484f-bbc1-6903c15122e6 tempest-HostsAdminTestJSON-1841404657 tempest-HostsAdminTestJSON-1841404657-project-admin] Calling method '.version_select at 0x7f3f7f6e91f0>' {{(pid=129047) _process_stack /opt/stack/nova/nova/api/openstack/wsgi.py:513}}
Feb 08 23:41:56.581737 n-d-828413-1 devstack@n-api.service[129047]: /usr/local/lib/python3.8/dist-packages/oslo_policy/policy.py:1075: UserWarning: Policy os_compute_api:os-hosts:list failed scope check. The token used to make the request was project scoped but the policy requires ['system'] scope. This behavior may change in the future where using the intended scope is required
Feb 08 23:41:56.581737 n-d-828413-1 devstack@n-api.service[129047]: warnings.warn(msg)
Feb 08 23:41:56.583875 n-d-828413-1 devstack@n-api.service[129047]: DEBUG oslo_concurrency.lockutils [None req-db1a482b-5e80-484f-bbc1-6903c15122e6 tempest-HostsAdminTestJSON-1841404657 tempest-HostsAdminTestJSON-1841404657-project-admin] Lock "00000000-0000-0000-0000-000000000000" acquired by "nova.context.set_target_cell..get_or_set_cached_cell_and_set_connections" :: waited 0.000s {{(pid=129047) inner /usr/local/lib/python3.8/dist-packages/oslo_concurrency/lockutils.py:355}}
Feb 08 23:41:56.584318 n-d-828413-1 devstack@n-api.service[129047]: DEBUG oslo_concurrency.lockutils [None req-db1a482b-5e80-484f-bbc1-6903c15122e6 tempest-HostsAdminTestJSON-1841404657 tempest-HostsAdminTestJSON-1841404657-project-admin] Lock "00000000-0000-0000-0000-000000000000" released by "nova.context.set_target_cell..get_or_set_cached_cell_and_set_connections" :: held 0.001s {{(pid=129047) inner /usr/local/lib/python3.8/dist-packages/oslo_concurrency/lockutils.py:367}}
Feb 08 23:41:56.585309 n-d-828413-1 devstack@n-api.service[129047]: DEBUG oslo_concurrency.lockutils [None req-db1a482b-5e80-484f-bbc1-6903c15122e6 tempest-HostsAdminTestJSON-1841404657 tempest-HostsAdminTestJSON-1841404657-project-admin] Lock "6558e7f9-421d-499e-b263-e1995a956e62" acquired by "nova.context.set_target_cell..get_or_set_cached_cell_and_set_connections" :: waited 0.000s {{(pid=129047) inner /usr/local/lib/python3.8/dist-packages/oslo_concurrency/lockutils.py:355}}
Feb 08 23:41:56.585805 n-d-828413-1 devstack@n-api.service[129047]: DEBUG oslo_concurrency.lockutils [None req-db1a482b-5e80-484f-bbc1-6903c15122e6 tempest-HostsAdminTestJSON-1841404657 tempest-HostsAdminTestJSON-1841404657-project-admin] Lock "6558e7f9-421d-499e-b263-e1995a956e62" released by "nova.context.set_target_cell..get_or_set_cached_cell_and_set_connections" :: held 0.001s {{(pid=129047) inner /usr/local/lib/python3.8/dist-packages/oslo_concurrency/lockutils.py:367}}
Feb 08 23:41:56.609535 n-d-828413-1 devstack@n-api.service[129048]: INFO nova.api.openstack.requestlog [None req-05762f70-61a1-459b-a423-ea36de4862ea tempest-ImagesMetadataTestJSON-1604378690 tempest-ImagesMetadataTestJSON-1604378690-project] 10.222.0.32 "GET /compute/v2.1/images/d871ac26-b604-41e5-a199-a8385e4f8c81/metadata" status: 200 len: 85 microversion: 2.1 time: 0.079015
Feb 08 23:41:56.611670 n-d-828413-1 devstack@n-api.service[129048]: [pid: 129048|app: 0|req: 128/251] 10.222.0.32 () {58 vars in 1259 bytes} [Tue Feb 8 23:41:56 2022] GET /compute/v2.1/images/d871ac26-b604-41e5-a199-a8385e4f8c81/metadata => generated 85 bytes in 82 msecs (HTTP/1.1 200) 9 headers in 356 bytes (1 switches on core 0)
Feb 08 23:41:56.612672 n-d-828413-1 devstack@n-api.service[129047]: INFO nova.api.openstack.requestlog [None req-db1a482b-5e80-484f-bbc1-6903c15122e6 tempest-HostsAdminTestJSON-1841404657 tempest-HostsAdminTestJSON-1841404657-project-admin] 10.222.0.32 "GET /compute/v2.1/os-hosts?zone=internal" status: 200 len: 236 microversion: 2.1 time: 0.035937
Feb 08 23:41:56.613331 n-d-828413-1 devstack@n-api.service[129047]: [pid: 129047|app: 0|req: 124/252] 10.222.0.32 () {58 vars in 1154 bytes} [Tue Feb 8 23:41:56 2022] GET /compute/v2.1/os-hosts?zone=internal => generated 236 bytes in 37 msecs (HTTP/1.1 200) 9 headers in 357 bytes (1 switches on core 0)
Feb 08 23:41:56.620524 n-d-828413-1 devstack@n-api.service[129048]: DEBUG nova.api.openstack.wsgi [None req-a81e7a49-49d9-4af3-b444-3f87f608fb6c tempest-AggregatesAdminTestJSON-462852583 tempest-AggregatesAdminTestJSON-462852583-project-admin] Calling method '>' {{(pid=129048) _process_stack /opt/stack/nova/nova/api/openstack/wsgi.py:513}}
Feb 08 23:41:56.621326 n-d-828413-1 devstack@n-api.service[129048]: /usr/local/lib/python3.8/dist-packages/oslo_policy/policy.py:1075: UserWarning: Policy os_compute_api:os-aggregates:show failed scope check. The token used to make the request was project scoped but the policy requires ['system'] scope. This behavior may change in the future where using the intended scope is required
Feb 08 23:41:56.621326 n-d-828413-1 devstack@n-api.service[129048]: warnings.warn(msg)
Feb 08 23:41:56.627119 n-d-828413-1 devstack@n-api.service[129047]: DEBUG nova.api.openstack.wsgi [None req-9f862b00-ddde-486a-9269-8b0829566e40 tempest-HostsAdminTestJSON-1841404657 tempest-HostsAdminTestJSON-1841404657-project-admin] Calling method '.version_select at 0x7f3f7d7aba60>' {{(pid=129047) _process_stack /opt/stack/nova/nova/api/openstack/wsgi.py:513}}
Feb 08 23:41:56.629174 n-d-828413-1 devstack@n-api.service[129047]: /usr/local/lib/python3.8/dist-packages/oslo_policy/policy.py:1075: UserWarning: Policy os_compute_api:os-hosts:list failed scope check. The token used to make the request was project scoped but the policy requires ['system'] scope. This behavior may change in the future where using the intended scope is required
Feb 08 23:41:56.629174 n-d-828413-1 devstack@n-api.service[129047]: warnings.warn(msg)
Feb 08 23:41:56.630673 n-d-828413-1 devstack@n-api.service[129047]: DEBUG oslo_concurrency.lockutils [None req-9f862b00-ddde-486a-9269-8b0829566e40 tempest-HostsAdminTestJSON-1841404657 tempest-HostsAdminTestJSON-1841404657-project-admin] Lock "00000000-0000-0000-0000-000000000000" acquired by "nova.context.set_target_cell..get_or_set_cached_cell_and_set_connections" :: waited 0.000s {{(pid=129047) inner /usr/local/lib/python3.8/dist-packages/oslo_concurrency/lockutils.py:355}}
Feb 08 23:41:56.631120 n-d-828413-1 devstack@n-api.service[129047]: DEBUG oslo_concurrency.lockutils [None req-9f862b00-ddde-486a-9269-8b0829566e40 tempest-HostsAdminTestJSON-1841404657 tempest-HostsAdminTestJSON-1841404657-project-admin] Lock "00000000-0000-0000-0000-000000000000" released by "nova.context.set_target_cell..get_or_set_cached_cell_and_set_connections" :: held 0.000s {{(pid=129047) inner /usr/local/lib/python3.8/dist-packages/oslo_concurrency/lockutils.py:367}}
Feb 08 23:41:56.631920 n-d-828413-1 devstack@n-api.service[129047]: DEBUG oslo_concurrency.lockutils [None req-9f862b00-ddde-486a-9269-8b0829566e40 tempest-HostsAdminTestJSON-1841404657 tempest-HostsAdminTestJSON-1841404657-project-admin] Lock "6558e7f9-421d-499e-b263-e1995a956e62" acquired by "nova.context.set_target_cell..get_or_set_cached_cell_and_set_connections" :: waited 0.000s {{(pid=129047) inner /usr/local/lib/python3.8/dist-packages/oslo_concurrency/lockutils.py:355}}
Feb 08 23:41:56.632414 n-d-828413-1 devstack@n-api.service[129047]: DEBUG oslo_concurrency.lockutils [None req-9f862b00-ddde-486a-9269-8b0829566e40 tempest-HostsAdminTestJSON-1841404657 tempest-HostsAdminTestJSON-1841404657-project-admin] Lock "6558e7f9-421d-499e-b263-e1995a956e62" released by "nova.context.set_target_cell..get_or_set_cached_cell_and_set_connections" :: held 0.000s {{(pid=129047) inner /usr/local/lib/python3.8/dist-packages/oslo_concurrency/lockutils.py:367}}
Feb 08 23:41:56.637877 n-d-828413-1 devstack@n-api.service[129048]: INFO nova.api.openstack.wsgi [None req-a81e7a49-49d9-4af3-b444-3f87f608fb6c tempest-AggregatesAdminTestJSON-462852583 tempest-AggregatesAdminTestJSON-462852583-project-admin] HTTP exception thrown: Aggregate 5 could not be found.
Feb 08 23:41:56.638484 n-d-828413-1 devstack@n-api.service[129048]: DEBUG nova.api.openstack.wsgi [None req-a81e7a49-49d9-4af3-b444-3f87f608fb6c tempest-AggregatesAdminTestJSON-462852583 tempest-AggregatesAdminTestJSON-462852583-project-admin] Returning 404 to user: Aggregate 5 could not be found. {{(pid=129048) __call__ /opt/stack/nova/nova/api/openstack/wsgi.py:936}}
Feb 08 23:41:56.639324 n-d-828413-1 devstack@n-api.service[129048]: INFO nova.api.openstack.requestlog [None req-a81e7a49-49d9-4af3-b444-3f87f608fb6c tempest-AggregatesAdminTestJSON-462852583 tempest-AggregatesAdminTestJSON-462852583-project-admin] 10.222.0.32 "GET /compute/v2.1/os-aggregates/5" status: 404 len: 77 microversion: 2.1 time: 0.025847
Feb 08 23:41:56.647318 n-d-828413-1 devstack@n-api.service[129048]: [pid: 129048|app: 0|req: 129/253] 10.222.0.32 () {58 vars in 1148 bytes} [Tue Feb 8 23:41:56 2022] GET /compute/v2.1/os-aggregates/5 => generated 77 bytes in 33 msecs (HTTP/1.1 404) 9 headers in 378 bytes (1 switches on core 0)
Feb 08 23:41:56.652201 n-d-828413-1 devstack@n-api.service[129048]: DEBUG nova.api.openstack.wsgi [None req-2bb1171c-604d-403e-8675-9d28b0acc424 tempest-AggregatesAdminTestJSON-462852583 tempest-AggregatesAdminTestJSON-462852583-project-admin] Calling method '>' {{(pid=129048) _process_stack /opt/stack/nova/nova/api/openstack/wsgi.py:513}}
Feb 08 23:41:56.653644 n-d-828413-1 devstack@n-api.service[129048]: /usr/local/lib/python3.8/dist-packages/oslo_policy/policy.py:1075: UserWarning: Policy os_compute_api:os-aggregates:delete failed scope check. The token used to make the request was project scoped but the policy requires ['system'] scope. This behavior may change in the future where using the intended scope is required
Feb 08 23:41:56.653644 n-d-828413-1 devstack@n-api.service[129048]: warnings.warn(msg)
Feb 08 23:41:56.662548 n-d-828413-1 devstack@n-api.service[129047]: INFO nova.api.openstack.requestlog [None req-9f862b00-ddde-486a-9269-8b0829566e40 tempest-HostsAdminTestJSON-1841404657 tempest-HostsAdminTestJSON-1841404657-project-admin] 10.222.0.32 "GET /compute/v2.1/os-hosts" status: 200 len: 376 microversion: 2.1 time: 0.038959
Feb 08 23:41:56.663243 n-d-828413-1 devstack@n-api.service[129047]: [pid: 129047|app: 0|req: 125/254] 10.222.0.32 () {58 vars in 1127 bytes} [Tue Feb 8 23:41:56 2022] GET /compute/v2.1/os-hosts => generated 376 bytes in 40 msecs (HTTP/1.1 200) 9 headers in 357 bytes (1 switches on core 0)
Feb 08 23:41:56.677186 n-d-828413-1 devstack@n-api.service[129047]: DEBUG nova.api.openstack.wsgi [None req-73b38b7c-416b-4041-9a48-a1c19a7bba64 tempest-HostsAdminTestJSON-1841404657 tempest-HostsAdminTestJSON-1841404657-project-admin] Calling method '.version_select at 0x7f3f7ffba5e0>' {{(pid=129047) _process_stack /opt/stack/nova/nova/api/openstack/wsgi.py:513}}
Feb 08 23:41:56.678319 n-d-828413-1 devstack@n-api.service[129047]: /usr/local/lib/python3.8/dist-packages/oslo_policy/policy.py:1075: UserWarning: Policy os_compute_api:os-hosts:show failed scope check. The token used to make the request was project scoped but the policy requires ['system'] scope. This behavior may change in the future where using the intended scope is required
Feb 08 23:41:56.678319 n-d-828413-1 devstack@n-api.service[129047]: warnings.warn(msg)
Feb 08 23:41:56.685554 n-d-828413-1 devstack@n-api.service[129047]: DEBUG oslo_concurrency.lockutils [None req-73b38b7c-416b-4041-9a48-a1c19a7bba64 tempest-HostsAdminTestJSON-1841404657 tempest-HostsAdminTestJSON-1841404657-project-admin] Lock "6558e7f9-421d-499e-b263-e1995a956e62" acquired by "nova.context.set_target_cell..get_or_set_cached_cell_and_set_connections" :: waited 0.000s {{(pid=129047) inner /usr/local/lib/python3.8/dist-packages/oslo_concurrency/lockutils.py:355}}
Feb 08 23:41:56.685986 n-d-828413-1 devstack@n-api.service[129047]: DEBUG oslo_concurrency.lockutils [None req-73b38b7c-416b-4041-9a48-a1c19a7bba64 tempest-HostsAdminTestJSON-1841404657 tempest-HostsAdminTestJSON-1841404657-project-admin] Lock "6558e7f9-421d-499e-b263-e1995a956e62" released by "nova.context.set_target_cell..get_or_set_cached_cell_and_set_connections" :: held 0.001s {{(pid=129047) inner /usr/local/lib/python3.8/dist-packages/oslo_concurrency/lockutils.py:367}}
Feb 08 23:41:56.698170 n-d-828413-1 devstack@n-api.service[129048]: INFO nova.api.openstack.wsgi [None req-2bb1171c-604d-403e-8675-9d28b0acc424 tempest-AggregatesAdminTestJSON-462852583 tempest-AggregatesAdminTestJSON-462852583-project-admin] HTTP exception thrown: Aggregate 5 could not be found.
Feb 08 23:41:56.699229 n-d-828413-1 devstack@n-api.service[129048]: DEBUG nova.api.openstack.wsgi [None req-2bb1171c-604d-403e-8675-9d28b0acc424 tempest-AggregatesAdminTestJSON-462852583 tempest-AggregatesAdminTestJSON-462852583-project-admin] Returning 404 to user: Aggregate 5 could not be found. {{(pid=129048) __call__ /opt/stack/nova/nova/api/openstack/wsgi.py:936}}
Feb 08 23:41:56.701839 n-d-828413-1 devstack@n-api.service[129048]: INFO nova.api.openstack.requestlog [None req-2bb1171c-604d-403e-8675-9d28b0acc424 tempest-AggregatesAdminTestJSON-462852583 tempest-AggregatesAdminTestJSON-462852583-project-admin] 10.222.0.32 "DELETE /compute/v2.1/os-aggregates/5" status: 404 len: 77 microversion: 2.1 time: 0.052945
Feb 08 23:41:56.702966 n-d-828413-1 devstack@n-api.service[129048]: [pid: 129048|app: 0|req: 130/255] 10.222.0.32 () {58 vars in 1151 bytes} [Tue Feb 8 23:41:56 2022] DELETE /compute/v2.1/os-aggregates/5 => generated 77 bytes in 55 msecs (HTTP/1.1 404) 9 headers in 378 bytes (1 switches on core 0)
Feb 08 23:41:56.708179 n-d-828413-1 devstack@n-api.service[129047]: DEBUG oslo_concurrency.lockutils [None req-73b38b7c-416b-4041-9a48-a1c19a7bba64 tempest-HostsAdminTestJSON-1841404657 tempest-HostsAdminTestJSON-1841404657-project-admin] Lock "6558e7f9-421d-499e-b263-e1995a956e62" acquired by "nova.context.set_target_cell..get_or_set_cached_cell_and_set_connections" :: waited 0.000s {{(pid=129047) inner /usr/local/lib/python3.8/dist-packages/oslo_concurrency/lockutils.py:355}}
Feb 08 23:41:56.708956 n-d-828413-1 devstack@n-api.service[129047]: DEBUG oslo_concurrency.lockutils [None req-73b38b7c-416b-4041-9a48-a1c19a7bba64 tempest-HostsAdminTestJSON-1841404657 tempest-HostsAdminTestJSON-1841404657-project-admin] Lock "6558e7f9-421d-499e-b263-e1995a956e62" released by "nova.context.set_target_cell..get_or_set_cached_cell_and_set_connections" :: held 0.001s {{(pid=129047) inner /usr/local/lib/python3.8/dist-packages/oslo_concurrency/lockutils.py:367}}
Feb 08 23:41:56.714082 n-d-828413-1 devstack@n-api.service[129048]: DEBUG nova.api.openstack.wsgi [None req-d5bd4eea-9e5b-4c60-bdbe-f87b2551ce97 tempest-AggregatesAdminTestJSON-462852583 tempest-AggregatesAdminTestJSON-462852583-project-admin] Action: 'create', calling method: >, body: {"aggregate": {"availability_zone": "tempest-test_az-2029018181", "name": "tempest-test_aggregate-198652486"}} {{(pid=129048) _process_stack /opt/stack/nova/nova/api/openstack/wsgi.py:511}}
Feb 08 23:41:56.716284 n-d-828413-1 devstack@n-api.service[129048]: /usr/local/lib/python3.8/dist-packages/oslo_policy/policy.py:1075: UserWarning: Policy os_compute_api:os-aggregates:create failed scope check. The token used to make the request was project scoped but the policy requires ['system'] scope. This behavior may change in the future where using the intended scope is required
Feb 08 23:41:56.716284 n-d-828413-1 devstack@n-api.service[129048]: warnings.warn(msg)
Feb 08 23:41:56.718796 n-d-828413-1 devstack@n-api.service[129048]: DEBUG nova.objects.aggregate [None req-d5bd4eea-9e5b-4c60-bdbe-f87b2551ce97 tempest-AggregatesAdminTestJSON-462852583 tempest-AggregatesAdminTestJSON-462852583-project-admin] Generated uuid 88963621-5601-476a-a488-b350af95e431 for aggregate {{(pid=129048) create /opt/stack/nova/nova/objects/aggregate.py:298}}
Feb 08 23:41:56.741758 n-d-828413-1 devstack@n-api.service[129047]: INFO nova.api.openstack.requestlog [None req-73b38b7c-416b-4041-9a48-a1c19a7bba64 tempest-HostsAdminTestJSON-1841404657 tempest-HostsAdminTestJSON-1841404657-project-admin] 10.222.0.32 "GET /compute/v2.1/os-hosts/n-h2-828413-1" status: 200 len: 467 microversion: 2.1 time: 0.069241
Feb 08 23:41:56.743965 n-d-828413-1 devstack@n-api.service[129047]: [pid: 129047|app: 0|req: 126/256] 10.222.0.32 () {58 vars in 1169 bytes} [Tue Feb 8 23:41:56 2022] GET /compute/v2.1/os-hosts/n-h2-828413-1 => generated 467 bytes in 73 msecs (HTTP/1.1 200) 9 headers in 357 bytes (1 switches on core 0)
Feb 08 23:41:56.762222 n-d-828413-1 devstack@n-api.service[129047]: DEBUG nova.api.openstack.wsgi [None req-3a34d545-f43a-4039-9a57-85be8b0b2512 tempest-HostsAdminTestJSON-1841404657 tempest-HostsAdminTestJSON-1841404657-project-admin] Calling method '.version_select at 0x7f3f7d88b940>' {{(pid=129047) _process_stack /opt/stack/nova/nova/api/openstack/wsgi.py:513}}
Feb 08 23:41:56.766070 n-d-828413-1 devstack@n-api.service[129047]: /usr/local/lib/python3.8/dist-packages/oslo_policy/policy.py:1075: UserWarning: Policy os_compute_api:os-hosts:show failed scope check. The token used to make the request was project scoped but the policy requires ['system'] scope. This behavior may change in the future where using the intended scope is required
Feb 08 23:41:56.766070 n-d-828413-1 devstack@n-api.service[129047]: warnings.warn(msg)
Feb 08 23:41:56.807137 n-d-828413-1 devstack@n-api.service[129047]: DEBUG oslo_concurrency.lockutils [None req-3a34d545-f43a-4039-9a57-85be8b0b2512 tempest-HostsAdminTestJSON-1841404657 tempest-HostsAdminTestJSON-1841404657-project-admin] Lock "6558e7f9-421d-499e-b263-e1995a956e62" acquired by "nova.context.set_target_cell..get_or_set_cached_cell_and_set_connections" :: waited 0.000s {{(pid=129047) inner /usr/local/lib/python3.8/dist-packages/oslo_concurrency/lockutils.py:355}}
Feb 08 23:41:56.808275 n-d-828413-1 devstack@n-api.service[129048]: INFO nova.api.openstack.requestlog [None req-d5bd4eea-9e5b-4c60-bdbe-f87b2551ce97 tempest-AggregatesAdminTestJSON-462852583 tempest-AggregatesAdminTestJSON-462852583-project-admin] 10.222.0.32 "POST /compute/v2.1/os-aggregates" status: 200 len: 221 microversion: 2.1 time: 0.100338
Feb 08 23:41:56.808946 n-d-828413-1 devstack@n-api.service[129047]: DEBUG oslo_concurrency.lockutils [None req-3a34d545-f43a-4039-9a57-85be8b0b2512 tempest-HostsAdminTestJSON-1841404657 tempest-HostsAdminTestJSON-1841404657-project-admin] Lock "6558e7f9-421d-499e-b263-e1995a956e62" released by "nova.context.set_target_cell..get_or_set_cached_cell_and_set_connections" :: held 0.005s {{(pid=129047) inner /usr/local/lib/python3.8/dist-packages/oslo_concurrency/lockutils.py:367}}
Feb 08 23:41:56.811236 n-d-828413-1 devstack@n-api.service[129048]: [pid: 129048|app: 0|req: 131/257] 10.222.0.32 () {60 vars in 1164 bytes} [Tue Feb 8 23:41:56 2022] POST /compute/v2.1/os-aggregates => generated 221 bytes in 104 msecs (HTTP/1.1 200) 9 headers in 357 bytes (2 switches on core 0)
Feb 08 23:41:56.825315 n-d-828413-1 devstack@n-api.service[129048]: DEBUG nova.api.openstack.wsgi [None req-32ef5fd3-2292-43cc-965c-abf08656d57c tempest-AggregatesAdminTestJSON-462852583 tempest-AggregatesAdminTestJSON-462852583-project-admin] Calling method '>' {{(pid=129048) _process_stack /opt/stack/nova/nova/api/openstack/wsgi.py:513}}
Feb 08 23:41:56.828634 n-d-828413-1 devstack@n-api.service[129048]: /usr/local/lib/python3.8/dist-packages/oslo_policy/policy.py:1075: UserWarning: Policy os_compute_api:os-aggregates:delete failed scope check. The token used to make the request was project scoped but the policy requires ['system'] scope. This behavior may change in the future where using the intended scope is required
Feb 08 23:41:56.828634 n-d-828413-1 devstack@n-api.service[129048]: warnings.warn(msg)
Feb 08 23:41:56.844784 n-d-828413-1 devstack@n-api.service[129047]: DEBUG oslo_concurrency.lockutils [None req-3a34d545-f43a-4039-9a57-85be8b0b2512 tempest-HostsAdminTestJSON-1841404657 tempest-HostsAdminTestJSON-1841404657-project-admin] Lock "6558e7f9-421d-499e-b263-e1995a956e62" acquired by "nova.context.set_target_cell..get_or_set_cached_cell_and_set_connections" :: waited 0.000s {{(pid=129047) inner /usr/local/lib/python3.8/dist-packages/oslo_concurrency/lockutils.py:355}}
Feb 08 23:41:56.845249 n-d-828413-1 devstack@n-api.service[129047]: DEBUG oslo_concurrency.lockutils [None req-3a34d545-f43a-4039-9a57-85be8b0b2512 tempest-HostsAdminTestJSON-1841404657 tempest-HostsAdminTestJSON-1841404657-project-admin] Lock "6558e7f9-421d-499e-b263-e1995a956e62" released by "nova.context.set_target_cell..get_or_set_cached_cell_and_set_connections" :: held 0.001s {{(pid=129047) inner /usr/local/lib/python3.8/dist-packages/oslo_concurrency/lockutils.py:367}}
Feb 08 23:41:56.860269 n-d-828413-1 devstack@n-api.service[129048]: INFO nova.api.openstack.requestlog [None req-32ef5fd3-2292-43cc-965c-abf08656d57c tempest-AggregatesAdminTestJSON-462852583 tempest-AggregatesAdminTestJSON-462852583-project-admin] 10.222.0.32 "DELETE /compute/v2.1/os-aggregates/6" status: 200 len: 0 microversion: 2.1 time: 0.042345
Feb 08 23:41:56.862281 n-d-828413-1 devstack@n-api.service[129048]: [pid: 129048|app: 0|req: 132/258] 10.222.0.32 () {58 vars in 1151 bytes} [Tue Feb 8 23:41:56 2022] DELETE /compute/v2.1/os-aggregates/6 => generated 0 bytes in 45 msecs (HTTP/1.1 200) 9 headers in 355 bytes (1 switches on core 0)
Feb 08 23:41:56.874038 n-d-828413-1 devstack@n-api.service[129048]: DEBUG nova.api.openstack.wsgi [None req-9d2dac1d-6aaf-4f34-a9f5-8b0a07fa63c7 tempest-AggregatesAdminTestJSON-462852583 tempest-AggregatesAdminTestJSON-462852583-project-admin] Calling method '>' {{(pid=129048) _process_stack /opt/stack/nova/nova/api/openstack/wsgi.py:513}}
Feb 08 23:41:56.875547 n-d-828413-1 devstack@n-api.service[129048]: /usr/local/lib/python3.8/dist-packages/oslo_policy/policy.py:1075: UserWarning: Policy os_compute_api:os-aggregates:show failed scope check. The token used to make the request was project scoped but the policy requires ['system'] scope. This behavior may change in the future where using the intended scope is required
Feb 08 23:41:56.875547 n-d-828413-1 devstack@n-api.service[129048]: warnings.warn(msg)
Feb 08 23:41:56.885542 n-d-828413-1 devstack@n-api.service[129048]: INFO nova.api.openstack.wsgi [None req-9d2dac1d-6aaf-4f34-a9f5-8b0a07fa63c7 tempest-AggregatesAdminTestJSON-462852583 tempest-AggregatesAdminTestJSON-462852583-project-admin] HTTP exception thrown: Aggregate 6 could not be found.
Feb 08 23:41:56.886484 n-d-828413-1 devstack@n-api.service[129048]: DEBUG nova.api.openstack.wsgi [None req-9d2dac1d-6aaf-4f34-a9f5-8b0a07fa63c7 tempest-AggregatesAdminTestJSON-462852583 tempest-AggregatesAdminTestJSON-462852583-project-admin] Returning 404 to user: Aggregate 6 could not be found. {{(pid=129048) __call__ /opt/stack/nova/nova/api/openstack/wsgi.py:936}}
Feb 08 23:41:56.888899 n-d-828413-1 devstack@n-api.service[129048]: INFO nova.api.openstack.requestlog [None req-9d2dac1d-6aaf-4f34-a9f5-8b0a07fa63c7 tempest-AggregatesAdminTestJSON-462852583 tempest-AggregatesAdminTestJSON-462852583-project-admin] 10.222.0.32 "GET /compute/v2.1/os-aggregates/6" status: 404 len: 77 microversion: 2.1 time: 0.021372
Feb 08 23:41:56.890657 n-d-828413-1 devstack@n-api.service[129047]: INFO nova.api.openstack.requestlog [None req-3a34d545-f43a-4039-9a57-85be8b0b2512 tempest-HostsAdminTestJSON-1841404657 tempest-HostsAdminTestJSON-1841404657-project-admin] 10.222.0.32 "GET /compute/v2.1/os-hosts/n-h1-828413-1" status: 200 len: 467 microversion: 2.1 time: 0.137817
Feb 08 23:41:56.891378 n-d-828413-1 devstack@n-api.service[129048]: [pid: 129048|app: 0|req: 133/259] 10.222.0.32 () {58 vars in 1148 bytes} [Tue Feb 8 23:41:56 2022] GET /compute/v2.1/os-aggregates/6 => generated 77 bytes in 25 msecs (HTTP/1.1 404) 9 headers in 378 bytes (1 switches on core 0)
Feb 08 23:41:56.899168 n-d-828413-1 devstack@n-api.service[129047]: [pid: 129047|app: 0|req: 127/260] 10.222.0.32 () {58 vars in 1169 bytes} [Tue Feb 8 23:41:56 2022] GET /compute/v2.1/os-hosts/n-h1-828413-1 => generated 467 bytes in 150 msecs (HTTP/1.1 200) 9 headers in 357 bytes (1 switches on core 0)
Feb 08 23:41:56.902158 n-d-828413-1 devstack@n-api.service[129048]: DEBUG nova.api.openstack.wsgi [None req-dc48209a-489d-4bc6-a484-4aab8afdaf3b tempest-AggregatesAdminTestJSON-462852583 tempest-AggregatesAdminTestJSON-462852583-project-admin] Calling method '>' {{(pid=129048) _process_stack /opt/stack/nova/nova/api/openstack/wsgi.py:513}}
Feb 08 23:41:56.903426 n-d-828413-1 devstack@n-api.service[129048]: /usr/local/lib/python3.8/dist-packages/oslo_policy/policy.py:1075: UserWarning: Policy os_compute_api:os-aggregates:delete failed scope check. The token used to make the request was project scoped but the policy requires ['system'] scope. This behavior may change in the future where using the intended scope is required
Feb 08 23:41:56.903426 n-d-828413-1 devstack@n-api.service[129048]: warnings.warn(msg)
Feb 08 23:41:56.923868 n-d-828413-1 devstack@n-api.service[129048]: INFO nova.api.openstack.wsgi [None req-dc48209a-489d-4bc6-a484-4aab8afdaf3b tempest-AggregatesAdminTestJSON-462852583 tempest-AggregatesAdminTestJSON-462852583-project-admin] HTTP exception thrown: Aggregate 6 could not be found.
Feb 08 23:41:56.924479 n-d-828413-1 devstack@n-api.service[129048]: DEBUG nova.api.openstack.wsgi [None req-dc48209a-489d-4bc6-a484-4aab8afdaf3b tempest-AggregatesAdminTestJSON-462852583 tempest-AggregatesAdminTestJSON-462852583-project-admin] Returning 404 to user: Aggregate 6 could not be found. {{(pid=129048) __call__ /opt/stack/nova/nova/api/openstack/wsgi.py:936}}
Feb 08 23:41:56.925327 n-d-828413-1 devstack@n-api.service[129048]: INFO nova.api.openstack.requestlog [None req-dc48209a-489d-4bc6-a484-4aab8afdaf3b tempest-AggregatesAdminTestJSON-462852583 tempest-AggregatesAdminTestJSON-462852583-project-admin] 10.222.0.32 "DELETE /compute/v2.1/os-aggregates/6" status: 404 len: 77 microversion: 2.1 time: 0.030898
Feb 08 23:41:56.926610 n-d-828413-1 devstack@n-api.service[129048]: [pid: 129048|app: 0|req: 134/261] 10.222.0.32 () {58 vars in 1151 bytes} [Tue Feb 8 23:41:56 2022] DELETE /compute/v2.1/os-aggregates/6 => generated 77 bytes in 33 msecs (HTTP/1.1 404) 9 headers in 378 bytes (1 switches on core 0)
Feb 08 23:41:56.936800 n-d-828413-1 devstack@n-api.service[129047]: DEBUG nova.api.openstack.wsgi [None req-4f329464-65c4-4114-8932-0c940d731823 tempest-AggregatesAdminTestJSON-462852583 tempest-AggregatesAdminTestJSON-462852583-project-admin] Action: 'create', calling method: >, body: {"aggregate": {"name": "tempest-test_aggregate-1893463883"}} {{(pid=129047) _process_stack /opt/stack/nova/nova/api/openstack/wsgi.py:511}}
Feb 08 23:41:56.938275 n-d-828413-1 devstack@n-api.service[129047]: /usr/local/lib/python3.8/dist-packages/oslo_policy/policy.py:1075: UserWarning: Policy os_compute_api:os-aggregates:create failed scope check. The token used to make the request was project scoped but the policy requires ['system'] scope. This behavior may change in the future where using the intended scope is required
Feb 08 23:41:56.938275 n-d-828413-1 devstack@n-api.service[129047]: warnings.warn(msg)
Feb 08 23:41:56.939848 n-d-828413-1 devstack@n-api.service[129047]: DEBUG nova.objects.aggregate [None req-4f329464-65c4-4114-8932-0c940d731823 tempest-AggregatesAdminTestJSON-462852583 tempest-AggregatesAdminTestJSON-462852583-project-admin] Generated uuid 22383364-f5c9-469e-9be1-41f96b7d6926 for aggregate {{(pid=129047) create /opt/stack/nova/nova/objects/aggregate.py:298}}
Feb 08 23:41:56.972250 n-d-828413-1 devstack@n-api.service[129047]: INFO nova.api.openstack.requestlog [None req-4f329464-65c4-4114-8932-0c940d731823 tempest-AggregatesAdminTestJSON-462852583 tempest-AggregatesAdminTestJSON-462852583-project-admin] 10.222.0.32 "POST /compute/v2.1/os-aggregates" status: 200 len: 198 microversion: 2.1 time: 0.040289
Feb 08 23:41:56.975095 n-d-828413-1 devstack@n-api.service[129047]: [pid: 129047|app: 0|req: 128/262] 10.222.0.32 () {60 vars in 1163 bytes} [Tue Feb 8 23:41:56 2022] POST /compute/v2.1/os-aggregates => generated 198 bytes in 44 msecs (HTTP/1.1 200) 9 headers in 357 bytes (1 switches on core 0)
Feb 08 23:41:56.995198 n-d-828413-1 devstack@n-api.service[129048]: DEBUG nova.api.openstack.wsgi [None req-6422e19c-4517-4785-bbf2-041f0f12827a tempest-AggregatesAdminTestJSON-462852583 tempest-AggregatesAdminTestJSON-462852583-project-admin] Calling method '>' {{(pid=129048) _process_stack /opt/stack/nova/nova/api/openstack/wsgi.py:513}}
Feb 08 23:41:57.007671 n-d-828413-1 devstack@n-api.service[129048]: INFO nova.api.openstack.requestlog [None req-6422e19c-4517-4785-bbf2-041f0f12827a tempest-AggregatesAdminTestJSON-462852583 tempest-AggregatesAdminTestJSON-462852583-project-admin] 10.222.0.32 "GET /compute/v2.1/os-aggregates/7" status: 200 len: 227 microversion: 2.1 time: 0.016896
Feb 08 23:41:57.009497 n-d-828413-1 devstack@n-api.service[129048]: [pid: 129048|app: 0|req: 135/263] 10.222.0.32 () {58 vars in 1148 bytes} [Tue Feb 8 23:41:56 2022] GET /compute/v2.1/os-aggregates/7 => generated 227 bytes in 19 msecs (HTTP/1.1 200) 9 headers in 357 bytes (1 switches on core 0)
Feb 08 23:41:57.019389 n-d-828413-1 devstack@n-api.service[129047]: DEBUG nova.api.openstack.wsgi [None req-67824cd3-bda0-4d5c-a4a7-69f2fa361520 tempest-AggregatesAdminTestJSON-462852583 tempest-AggregatesAdminTestJSON-462852583-project-admin] Action: 'action', calling method: >, body: {"set_metadata": {"metadata": {"key": "value"}}} {{(pid=129047) _process_stack /opt/stack/nova/nova/api/openstack/wsgi.py:511}}
Feb 08 23:41:57.022183 n-d-828413-1 devstack@n-api.service[129047]: /usr/local/lib/python3.8/dist-packages/oslo_policy/policy.py:1075: UserWarning: Policy os_compute_api:os-aggregates:set_metadata failed scope check. The token used to make the request was project scoped but the policy requires ['system'] scope. This behavior may change in the future where using the intended scope is required
Feb 08 23:41:57.022183 n-d-828413-1 devstack@n-api.service[129047]: warnings.warn(msg)
Feb 08 23:41:57.065776 n-d-828413-1 devstack@n-api.service[129047]: INFO nova.api.openstack.requestlog [None req-67824cd3-bda0-4d5c-a4a7-69f2fa361520 tempest-AggregatesAdminTestJSON-462852583 tempest-AggregatesAdminTestJSON-462852583-project-admin] 10.222.0.32 "POST /compute/v2.1/os-aggregates/7/action" status: 200 len: 265 microversion: 2.1 time: 0.049980
Feb 08 23:41:57.067245 n-d-828413-1 devstack@n-api.service[129047]: [pid: 129047|app: 0|req: 129/264] 10.222.0.32 () {60 vars in 1190 bytes} [Tue Feb 8 23:41:57 2022] POST /compute/v2.1/os-aggregates/7/action => generated 265 bytes in 52 msecs (HTTP/1.1 200) 9 headers in 357 bytes (2 switches on core 0)
Feb 08 23:41:57.077152 n-d-828413-1 devstack@n-api.service[129048]: DEBUG nova.api.openstack.wsgi [None req-75ed4590-299f-4b73-9054-389f5609e8de tempest-AggregatesAdminTestJSON-462852583 tempest-AggregatesAdminTestJSON-462852583-project-admin] Calling method '>' {{(pid=129048) _process_stack /opt/stack/nova/nova/api/openstack/wsgi.py:513}}
Feb 08 23:41:57.078345 n-d-828413-1 devstack@n-api.service[129048]: /usr/local/lib/python3.8/dist-packages/oslo_policy/policy.py:1075: UserWarning: Policy os_compute_api:os-aggregates:show failed scope check. The token used to make the request was project scoped but the policy requires ['system'] scope. This behavior may change in the future where using the intended scope is required
Feb 08 23:41:57.078345 n-d-828413-1 devstack@n-api.service[129048]: warnings.warn(msg)
Feb 08 23:41:57.092939 n-d-828413-1 devstack@n-api.service[129048]: INFO nova.api.openstack.requestlog [None req-75ed4590-299f-4b73-9054-389f5609e8de tempest-AggregatesAdminTestJSON-462852583 tempest-AggregatesAdminTestJSON-462852583-project-admin] 10.222.0.32 "GET /compute/v2.1/os-aggregates/7" status: 200 len: 241 microversion: 2.1 time: 0.014528
Feb 08 23:41:57.094503 n-d-828413-1 devstack@n-api.service[129048]: [pid: 129048|app: 0|req: 136/265] 10.222.0.32 () {58 vars in 1148 bytes} [Tue Feb 8 23:41:57 2022] GET /compute/v2.1/os-aggregates/7 => generated 241 bytes in 22 msecs (HTTP/1.1 200) 9 headers in 357 bytes (1 switches on core 0)
Feb 08 23:41:57.104998 n-d-828413-1 devstack@n-api.service[129047]: DEBUG nova.api.openstack.wsgi [None req-5257cf6f-b278-4552-9288-2574b2efb601 tempest-AggregatesAdminTestJSON-462852583 tempest-AggregatesAdminTestJSON-462852583-project-admin] Calling method '>' {{(pid=129047) _process_stack /opt/stack/nova/nova/api/openstack/wsgi.py:513}}
Feb 08 23:41:57.105755 n-d-828413-1 devstack@n-api.service[129047]: /usr/local/lib/python3.8/dist-packages/oslo_policy/policy.py:1075: UserWarning: Policy os_compute_api:os-aggregates:delete failed scope check. The token used to make the request was project scoped but the policy requires ['system'] scope. This behavior may change in the future where using the intended scope is required
Feb 08 23:41:57.105755 n-d-828413-1 devstack@n-api.service[129047]: warnings.warn(msg)
Feb 08 23:41:57.153923 n-d-828413-1 devstack@n-api.service[129047]: INFO nova.api.openstack.requestlog [None req-5257cf6f-b278-4552-9288-2574b2efb601 tempest-AggregatesAdminTestJSON-462852583 tempest-AggregatesAdminTestJSON-462852583-project-admin] 10.222.0.32 "DELETE /compute/v2.1/os-aggregates/7" status: 200 len: 0 microversion: 2.1 time: 0.051968
Feb 08 23:41:57.154942 n-d-828413-1 devstack@n-api.service[129047]: [pid: 129047|app: 0|req: 130/266] 10.222.0.32 () {58 vars in 1151 bytes} [Tue Feb 8 23:41:57 2022] DELETE /compute/v2.1/os-aggregates/7 => generated 0 bytes in 54 msecs (HTTP/1.1 200) 9 headers in 355 bytes (1 switches on core 0)
Feb 08 23:41:57.167151 n-d-828413-1 devstack@n-api.service[129048]: DEBUG nova.api.openstack.wsgi [None req-74bea97e-49c5-493b-872e-b32d2c21212e tempest-AggregatesAdminTestJSON-462852583 tempest-AggregatesAdminTestJSON-462852583-project-admin] Action: 'create', calling method: >, body: {"aggregate": {"name": "tempest-test_aggregate-312812156", "availability_zone": "tempest-test_az-2061883666"}} {{(pid=129048) _process_stack /opt/stack/nova/nova/api/openstack/wsgi.py:511}}
Feb 08 23:41:57.168844 n-d-828413-1 devstack@n-api.service[129048]: /usr/local/lib/python3.8/dist-packages/oslo_policy/policy.py:1075: UserWarning: Policy os_compute_api:os-aggregates:create failed scope check. The token used to make the request was project scoped but the policy requires ['system'] scope. This behavior may change in the future where using the intended scope is required
Feb 08 23:41:57.168844 n-d-828413-1 devstack@n-api.service[129048]: warnings.warn(msg)
Feb 08 23:41:57.170267 n-d-828413-1 devstack@n-api.service[129048]: DEBUG nova.objects.aggregate [None req-74bea97e-49c5-493b-872e-b32d2c21212e tempest-AggregatesAdminTestJSON-462852583 tempest-AggregatesAdminTestJSON-462852583-project-admin] Generated uuid 01db70ea-69fc-4e1d-9363-67b891c196d1 for aggregate {{(pid=129048) create /opt/stack/nova/nova/objects/aggregate.py:298}}
Feb 08 23:41:57.176472 n-d-828413-1 devstack@n-api.service[129047]: DEBUG nova.api.openstack.wsgi [None req-331d599e-b1e4-4c7b-b688-aa02d3603f36 tempest-MigrationsAdminTest-195805467 tempest-MigrationsAdminTest-195805467-project] Calling method '>' {{(pid=129047) _process_stack /opt/stack/nova/nova/api/openstack/wsgi.py:513}}
Feb 08 23:41:57.185829 n-d-828413-1 devstack@n-api.service[129047]: DEBUG nova.compute.api [None req-331d599e-b1e4-4c7b-b688-aa02d3603f36 tempest-MigrationsAdminTest-195805467 tempest-MigrationsAdminTest-195805467-project] [instance: 12b702d9-2746-4758-95d2-f44d64dbf53e] Fetching instance by UUID {{(pid=129047) get /opt/stack/nova/nova/compute/api.py:2863}}
Feb 08 23:41:57.198003 n-d-828413-1 devstack@n-api.service[129047]: DEBUG oslo_concurrency.lockutils [None req-331d599e-b1e4-4c7b-b688-aa02d3603f36 tempest-MigrationsAdminTest-195805467 tempest-MigrationsAdminTest-195805467-project] Lock "6558e7f9-421d-499e-b263-e1995a956e62" acquired by "nova.context.set_target_cell..get_or_set_cached_cell_and_set_connections" :: waited 0.000s {{(pid=129047) inner /usr/local/lib/python3.8/dist-packages/oslo_concurrency/lockutils.py:355}}
