Feb 08 23:42:18.898582 n-d-828413-1 devstack@n-api.service[129047]: [pid: 129047|app: 0|req: 201/398] 10.222.0.32 () {60 vars in 1277 bytes} [Tue Feb 8 23:42:18 2022] POST /compute/v2.1/servers/14be15fb-fd13-4a24-ad83-2e59650f77e0/action => generated 0 bytes in 114 msecs (HTTP/1.1 202) 9 headers in 361 bytes (1 switches on core 0)
Feb 08 23:42:18.907611 n-d-828413-1 devstack@n-api.service[129048]: DEBUG nova.api.openstack.wsgi [None req-f536e5db-6680-40b8-883a-6209c8781a6a tempest-AggregatesAdminNegativeTestJSON-1562426763 tempest-AggregatesAdminNegativeTestJSON-1562426763-project-admin] Calling method '>' {{(pid=129048) _process_stack /opt/stack/nova/nova/api/openstack/wsgi.py:513}}
Feb 08 23:42:18.911836 n-d-828413-1 devstack@n-api.service[129047]: DEBUG nova.api.openstack.wsgi [None req-7d96a885-b312-47ee-918a-a4e922a4332c tempest-ImagesTestJSON-1236655787 tempest-ImagesTestJSON-1236655787-project] Calling method '>' {{(pid=129047) _process_stack /opt/stack/nova/nova/api/openstack/wsgi.py:513}}
Feb 08 23:42:18.912612 n-d-828413-1 devstack@n-api.service[129048]: /usr/local/lib/python3.8/dist-packages/oslo_policy/policy.py:1075: UserWarning: Policy os_compute_api:os-aggregates:delete failed scope check. The token used to make the request was project scoped but the policy requires ['system'] scope. This behavior may change in the future where using the intended scope is required
Feb 08 23:42:18.912612 n-d-828413-1 devstack@n-api.service[129048]: warnings.warn(msg)
Feb 08 23:42:18.912804 n-d-828413-1 devstack@n-api.service[129047]: DEBUG nova.compute.api [None req-7d96a885-b312-47ee-918a-a4e922a4332c tempest-ImagesTestJSON-1236655787 tempest-ImagesTestJSON-1236655787-project] [instance: 14be15fb-fd13-4a24-ad83-2e59650f77e0] Fetching instance by UUID {{(pid=129047) get /opt/stack/nova/nova/compute/api.py:2863}}
Feb 08 23:42:18.921593 n-d-828413-1 devstack@n-api.service[129047]: DEBUG oslo_concurrency.lockutils [None req-7d96a885-b312-47ee-918a-a4e922a4332c tempest-ImagesTestJSON-1236655787 tempest-ImagesTestJSON-1236655787-project] Lock "6558e7f9-421d-499e-b263-e1995a956e62" acquired by "nova.context.set_target_cell..get_or_set_cached_cell_and_set_connections" :: waited 0.000s {{(pid=129047) inner /usr/local/lib/python3.8/dist-packages/oslo_concurrency/lockutils.py:355}}
Feb 08 23:42:18.922062 n-d-828413-1 devstack@n-api.service[129047]: DEBUG oslo_concurrency.lockutils [None req-7d96a885-b312-47ee-918a-a4e922a4332c tempest-ImagesTestJSON-1236655787 tempest-ImagesTestJSON-1236655787-project] Lock "6558e7f9-421d-499e-b263-e1995a956e62" released by "nova.context.set_target_cell..get_or_set_cached_cell_and_set_connections" :: held 0.001s {{(pid=129047) inner /usr/local/lib/python3.8/dist-packages/oslo_concurrency/lockutils.py:367}}
Feb 08 23:42:18.922842 n-d-828413-1 devstack@n-api.service[129047]: DEBUG oslo_concurrency.lockutils [None req-7d96a885-b312-47ee-918a-a4e922a4332c tempest-ImagesTestJSON-1236655787 tempest-ImagesTestJSON-1236655787-project] Lock "6558e7f9-421d-499e-b263-e1995a956e62" acquired by "nova.context.set_target_cell..get_or_set_cached_cell_and_set_connections" :: waited 0.000s {{(pid=129047) inner /usr/local/lib/python3.8/dist-packages/oslo_concurrency/lockutils.py:355}}
Feb 08 23:42:18.923252 n-d-828413-1 devstack@n-api.service[129047]: DEBUG oslo_concurrency.lockutils [None req-7d96a885-b312-47ee-918a-a4e922a4332c tempest-ImagesTestJSON-1236655787 tempest-ImagesTestJSON-1236655787-project] Lock "6558e7f9-421d-499e-b263-e1995a956e62" released by "nova.context.set_target_cell..get_or_set_cached_cell_and_set_connections" :: held 0.000s {{(pid=129047) inner /usr/local/lib/python3.8/dist-packages/oslo_concurrency/lockutils.py:367}}
Feb 08 23:42:18.936130 n-d-828413-1 devstack@n-api.service[129048]: INFO nova.api.openstack.wsgi [None req-f536e5db-6680-40b8-883a-6209c8781a6a tempest-AggregatesAdminNegativeTestJSON-1562426763 tempest-AggregatesAdminNegativeTestJSON-1562426763-project-admin] HTTP exception thrown: Aggregate -1 could not be found.
Feb 08 23:42:18.936754 n-d-828413-1 devstack@n-api.service[129048]: DEBUG nova.api.openstack.wsgi [None req-f536e5db-6680-40b8-883a-6209c8781a6a tempest-AggregatesAdminNegativeTestJSON-1562426763 tempest-AggregatesAdminNegativeTestJSON-1562426763-project-admin] Returning 404 to user: Aggregate -1 could not be found. {{(pid=129048) __call__ /opt/stack/nova/nova/api/openstack/wsgi.py:936}}
Feb 08 23:42:18.937626 n-d-828413-1 devstack@n-api.service[129048]: INFO nova.api.openstack.requestlog [None req-f536e5db-6680-40b8-883a-6209c8781a6a tempest-AggregatesAdminNegativeTestJSON-1562426763 tempest-AggregatesAdminNegativeTestJSON-1562426763-project-admin] 10.222.0.32 "DELETE /compute/v2.1/os-aggregates/-1" status: 404 len: 78 microversion: 2.1 time: 0.039481
Feb 08 23:42:18.938175 n-d-828413-1 devstack@n-api.service[129048]: [pid: 129048|app: 0|req: 198/399] 10.222.0.32 () {58 vars in 1154 bytes} [Tue Feb 8 23:42:18 2022] DELETE /compute/v2.1/os-aggregates/-1 => generated 78 bytes in 44 msecs (HTTP/1.1 404) 9 headers in 378 bytes (1 switches on core 0)
Feb 08 23:42:18.954652 n-d-828413-1 devstack@n-api.service[129048]: DEBUG nova.api.openstack.wsgi [None req-baaa1456-176b-4afe-8f92-6795f01121d6 tempest-AggregatesAdminNegativeTestJSON-1562426763 tempest-AggregatesAdminNegativeTestJSON-1562426763-project-admin] Action: 'create', calling method: >, body: {"aggregate": {"name": "tempest-test_aggregate-1127034829"}} {{(pid=129048) _process_stack /opt/stack/nova/nova/api/openstack/wsgi.py:511}}
Feb 08 23:42:18.957557 n-d-828413-1 devstack@n-api.service[129048]: /usr/local/lib/python3.8/dist-packages/oslo_policy/policy.py:1075: UserWarning: Policy os_compute_api:os-aggregates:create failed scope check. The token used to make the request was project scoped but the policy requires ['system'] scope. This behavior may change in the future where using the intended scope is required
Feb 08 23:42:18.957557 n-d-828413-1 devstack@n-api.service[129048]: warnings.warn(msg)
Feb 08 23:42:18.958793 n-d-828413-1 devstack@n-api.service[129048]: DEBUG nova.objects.aggregate [None req-baaa1456-176b-4afe-8f92-6795f01121d6 tempest-AggregatesAdminNegativeTestJSON-1562426763 tempest-AggregatesAdminNegativeTestJSON-1562426763-project-admin] Generated uuid 6553fad6-4ba0-4ac4-a498-e5ad74d2e61d for aggregate {{(pid=129048) create /opt/stack/nova/nova/objects/aggregate.py:298}}
Feb 08 23:42:18.999899 n-d-828413-1 devstack@n-api.service[129048]: INFO nova.api.openstack.requestlog [None req-baaa1456-176b-4afe-8f92-6795f01121d6 tempest-AggregatesAdminNegativeTestJSON-1562426763 tempest-AggregatesAdminNegativeTestJSON-1562426763-project-admin] 10.222.0.32 "POST /compute/v2.1/os-aggregates" status: 200 len: 199 microversion: 2.1 time: 0.052397
Feb 08 23:42:19.001788 n-d-828413-1 devstack@n-api.service[129048]: [pid: 129048|app: 0|req: 199/400] 10.222.0.32 () {60 vars in 1163 bytes} [Tue Feb 8 23:42:18 2022] POST /compute/v2.1/os-aggregates => generated 199 bytes in 55 msecs (HTTP/1.1 200) 9 headers in 357 bytes (1 switches on core 0)
Feb 08 23:42:19.021354 n-d-828413-1 devstack@n-api.service[129048]: DEBUG nova.api.openstack.wsgi [None req-e1247032-d33e-4e5e-b501-a77883c169a4 tempest-AggregatesAdminNegativeTestJSON-987290511 tempest-AggregatesAdminNegativeTestJSON-987290511-project] Calling method '>' {{(pid=129048) _process_stack /opt/stack/nova/nova/api/openstack/wsgi.py:513}}
Feb 08 23:42:19.022114 n-d-828413-1 devstack@n-api.service[129048]: /usr/local/lib/python3.8/dist-packages/oslo_policy/policy.py:1075: UserWarning: Policy os_compute_api:os-aggregates:show failed scope check. The token used to make the request was project scoped but the policy requires ['system'] scope. This behavior may change in the future where using the intended scope is required
Feb 08 23:42:19.022114 n-d-828413-1 devstack@n-api.service[129048]: warnings.warn(msg)
Feb 08 23:42:19.026444 n-d-828413-1 devstack@n-api.service[129048]: DEBUG nova.policy [None req-e1247032-d33e-4e5e-b501-a77883c169a4 tempest-AggregatesAdminNegativeTestJSON-987290511 tempest-AggregatesAdminNegativeTestJSON-987290511-project] Policy check for os_compute_api:os-aggregates:show failed with credentials {'is_admin': False, 'user_id': '072cd6c04ef54f8988a0aff0d1aa5148', 'user_domain_id': 'default', 'system_scope': None, 'domain_id': None, 'project_id': '6965d6281d6541018b78690f00871c9f', 'project_domain_id': 'default', 'roles': ['member', 'reader'], 'is_admin_project': True, 'service_user_id': None, 'service_user_domain_id': None, 'service_project_id': None, 'service_project_domain_id': None, 'service_roles': []} {{(pid=129048) authorize /opt/stack/nova/nova/policy.py:199}}
Feb 08 23:42:19.027115 n-d-828413-1 devstack@n-api.service[129048]: DEBUG nova.api.openstack.wsgi [None req-e1247032-d33e-4e5e-b501-a77883c169a4 tempest-AggregatesAdminNegativeTestJSON-987290511 tempest-AggregatesAdminNegativeTestJSON-987290511-project] Returning 403 to user: Policy doesn't allow os_compute_api:os-aggregates:show to be performed. {{(pid=129048) __call__ /opt/stack/nova/nova/api/openstack/wsgi.py:936}}
Feb 08 23:42:19.028018 n-d-828413-1 devstack@n-api.service[129048]: INFO nova.api.openstack.requestlog [None req-e1247032-d33e-4e5e-b501-a77883c169a4 tempest-AggregatesAdminNegativeTestJSON-987290511 tempest-AggregatesAdminNegativeTestJSON-987290511-project] 10.222.0.32 "GET /compute/v2.1/os-aggregates/16" status: 403 len: 114 microversion: 2.1 time: 0.017649
Feb 08 23:42:19.032345 n-d-828413-1 devstack@n-api.service[129048]: [pid: 129048|app: 0|req: 200/401] 10.222.0.32 () {58 vars in 1151 bytes} [Tue Feb 8 23:42:19 2022] GET /compute/v2.1/os-aggregates/16 => generated 114 bytes in 25 msecs (HTTP/1.1 403) 9 headers in 379 bytes (1 switches on core 0)
Feb 08 23:42:19.038037 n-d-828413-1 devstack@n-api.service[129048]: DEBUG nova.api.openstack.wsgi [None req-2b06026f-20c7-4368-910f-2f19dee44f88 tempest-AggregatesAdminNegativeTestJSON-1562426763 tempest-AggregatesAdminNegativeTestJSON-1562426763-project-admin] Calling method '>' {{(pid=129048) _process_stack /opt/stack/nova/nova/api/openstack/wsgi.py:513}}
Feb 08 23:42:19.038780 n-d-828413-1 devstack@n-api.service[129048]: /usr/local/lib/python3.8/dist-packages/oslo_policy/policy.py:1075: UserWarning: Policy os_compute_api:os-aggregates:delete failed scope check. The token used to make the request was project scoped but the policy requires ['system'] scope. This behavior may change in the future where using the intended scope is required
Feb 08 23:42:19.038780 n-d-828413-1 devstack@n-api.service[129048]: warnings.warn(msg)
Feb 08 23:42:19.104983 n-d-828413-1 devstack@n-api.service[129048]: INFO nova.api.openstack.requestlog [None req-2b06026f-20c7-4368-910f-2f19dee44f88 tempest-AggregatesAdminNegativeTestJSON-1562426763 tempest-AggregatesAdminNegativeTestJSON-1562426763-project-admin] 10.222.0.32 "DELETE /compute/v2.1/os-aggregates/16" status: 200 len: 0 microversion: 2.1 time: 0.071496
Feb 08 23:42:19.106460 n-d-828413-1 devstack@n-api.service[129048]: [pid: 129048|app: 0|req: 201/402] 10.222.0.32 () {58 vars in 1154 bytes} [Tue Feb 8 23:42:19 2022] DELETE /compute/v2.1/os-aggregates/16 => generated 0 bytes in 73 msecs (HTTP/1.1 200) 9 headers in 355 bytes (1 switches on core 0)
Feb 08 23:42:19.115628 n-d-828413-1 devstack@n-api.service[129048]: DEBUG nova.api.openstack.wsgi [None req-36892cf7-c785-4fa5-9fd6-2671d5b1614f tempest-AggregatesAdminNegativeTestJSON-1562426763 tempest-AggregatesAdminNegativeTestJSON-1562426763-project-admin] Calling method '>' {{(pid=129048) _process_stack /opt/stack/nova/nova/api/openstack/wsgi.py:513}}
Feb 08 23:42:19.117965 n-d-828413-1 devstack@n-api.service[129048]: /usr/local/lib/python3.8/dist-packages/oslo_policy/policy.py:1075: UserWarning: Policy os_compute_api:os-aggregates:show failed scope check. The token used to make the request was project scoped but the policy requires ['system'] scope. This behavior may change in the future where using the intended scope is required
Feb 08 23:42:19.117965 n-d-828413-1 devstack@n-api.service[129048]: warnings.warn(msg)
Feb 08 23:42:19.127094 n-d-828413-1 devstack@n-api.service[129048]: INFO nova.api.openstack.wsgi [None req-36892cf7-c785-4fa5-9fd6-2671d5b1614f tempest-AggregatesAdminNegativeTestJSON-1562426763 tempest-AggregatesAdminNegativeTestJSON-1562426763-project-admin] HTTP exception thrown: Aggregate -1 could not be found.
Feb 08 23:42:19.129386 n-d-828413-1 devstack@n-api.service[129048]: DEBUG nova.api.openstack.wsgi [None req-36892cf7-c785-4fa5-9fd6-2671d5b1614f tempest-AggregatesAdminNegativeTestJSON-1562426763 tempest-AggregatesAdminNegativeTestJSON-1562426763-project-admin] Returning 404 to user: Aggregate -1 could not be found. {{(pid=129048) __call__ /opt/stack/nova/nova/api/openstack/wsgi.py:936}}
Feb 08 23:42:19.130451 n-d-828413-1 devstack@n-api.service[129048]: INFO nova.api.openstack.requestlog [None req-36892cf7-c785-4fa5-9fd6-2671d5b1614f tempest-AggregatesAdminNegativeTestJSON-1562426763 tempest-AggregatesAdminNegativeTestJSON-1562426763-project-admin] 10.222.0.32 "GET /compute/v2.1/os-aggregates/-1" status: 404 len: 78 microversion: 2.1 time: 0.019365
Feb 08 23:42:19.131087 n-d-828413-1 devstack@n-api.service[129048]: [pid: 129048|app: 0|req: 202/403] 10.222.0.32 () {58 vars in 1151 bytes} [Tue Feb 8 23:42:19 2022] GET /compute/v2.1/os-aggregates/-1 => generated 78 bytes in 21 msecs (HTTP/1.1 404) 9 headers in 378 bytes (2 switches on core 0)
Feb 08 23:42:19.140966 n-d-828413-1 devstack@n-api.service[129048]: DEBUG nova.api.openstack.wsgi [None req-dcc69364-40ff-42f2-8c5f-9455db6cca52 tempest-AggregatesAdminNegativeTestJSON-987290511 tempest-AggregatesAdminNegativeTestJSON-987290511-project] Calling method '>' {{(pid=129048) _process_stack /opt/stack/nova/nova/api/openstack/wsgi.py:513}}
Feb 08 23:42:19.141847 n-d-828413-1 devstack@n-api.service[129048]: /usr/local/lib/python3.8/dist-packages/oslo_policy/policy.py:1075: UserWarning: Policy os_compute_api:os-aggregates:index failed scope check. The token used to make the request was project scoped but the policy requires ['system'] scope. This behavior may change in the future where using the intended scope is required
Feb 08 23:42:19.141847 n-d-828413-1 devstack@n-api.service[129048]: warnings.warn(msg)
Feb 08 23:42:19.144187 n-d-828413-1 devstack@n-api.service[129048]: DEBUG nova.policy [None req-dcc69364-40ff-42f2-8c5f-9455db6cca52 tempest-AggregatesAdminNegativeTestJSON-987290511 tempest-AggregatesAdminNegativeTestJSON-987290511-project] Policy check for os_compute_api:os-aggregates:index failed with credentials {'is_admin': False, 'user_id': '072cd6c04ef54f8988a0aff0d1aa5148', 'user_domain_id': 'default', 'system_scope': None, 'domain_id': None, 'project_id': '6965d6281d6541018b78690f00871c9f', 'project_domain_id': 'default', 'roles': ['member', 'reader'], 'is_admin_project': True, 'service_user_id': None, 'service_user_domain_id': None, 'service_project_id': None, 'service_project_domain_id': None, 'service_roles': []} {{(pid=129048) authorize /opt/stack/nova/nova/policy.py:199}}
Feb 08 23:42:19.145224 n-d-828413-1 devstack@n-api.service[129048]: DEBUG nova.api.openstack.wsgi [None req-dcc69364-40ff-42f2-8c5f-9455db6cca52 tempest-AggregatesAdminNegativeTestJSON-987290511 tempest-AggregatesAdminNegativeTestJSON-987290511-project] Returning 403 to user: Policy doesn't allow os_compute_api:os-aggregates:index to be performed. {{(pid=129048) __call__ /opt/stack/nova/nova/api/openstack/wsgi.py:936}}
Feb 08 23:42:19.146483 n-d-828413-1 devstack@n-api.service[129048]: INFO nova.api.openstack.requestlog [None req-dcc69364-40ff-42f2-8c5f-9455db6cca52 tempest-AggregatesAdminNegativeTestJSON-987290511 tempest-AggregatesAdminNegativeTestJSON-987290511-project] 10.222.0.32 "GET /compute/v2.1/os-aggregates" status: 403 len: 115 microversion: 2.1 time: 0.009773
Feb 08 23:42:19.147414 n-d-828413-1 devstack@n-api.service[129048]: [pid: 129048|app: 0|req: 203/404] 10.222.0.32 () {58 vars in 1142 bytes} [Tue Feb 8 23:42:19 2022] GET /compute/v2.1/os-aggregates => generated 115 bytes in 11 msecs (HTTP/1.1 403) 9 headers in 379 bytes (1 switches on core 0)
Feb 08 23:42:19.164221 n-d-828413-1 devstack@n-api.service[129047]: DEBUG nova.policy [None req-7d96a885-b312-47ee-918a-a4e922a4332c tempest-ImagesTestJSON-1236655787 tempest-ImagesTestJSON-1236655787-project] Policy check for os_compute_api:os-extended-server-attributes failed with credentials {'is_admin': False, 'user_id': '156baef13f3b47878b9b9f91b8e8bfde', 'user_domain_id': 'default', 'system_scope': None, 'domain_id': None, 'project_id': '401a567377f54e69b6b71fe9943a4e85', 'project_domain_id': 'default', 'roles': ['member', 'reader'], 'is_admin_project': True, 'service_user_id': None, 'service_user_domain_id': None, 'service_project_id': None, 'service_project_domain_id': None, 'service_roles': []} {{(pid=129047) authorize /opt/stack/nova/nova/policy.py:199}}
Feb 08 23:42:19.171022 n-d-828413-1 devstack@n-api.service[129048]: DEBUG nova.api.openstack.wsgi [None req-d1c564fe-e347-4976-b132-373c675f8465 tempest-AggregatesAdminNegativeTestJSON-1562426763 tempest-AggregatesAdminNegativeTestJSON-1562426763-project-admin] Action: 'create', calling method: >, body: {"aggregate": {"name": "tempest-test_aggregate-1414384735"}} {{(pid=129048) _process_stack /opt/stack/nova/nova/api/openstack/wsgi.py:511}}
Feb 08 23:42:19.175928 n-d-828413-1 devstack@n-api.service[129047]: INFO nova.api.openstack.requestlog [None req-7d96a885-b312-47ee-918a-a4e922a4332c tempest-ImagesTestJSON-1236655787 tempest-ImagesTestJSON-1236655787-project] 10.222.0.32 "GET /compute/v2.1/servers/14be15fb-fd13-4a24-ad83-2e59650f77e0" status: 200 len: 1494 microversion: 2.1 time: 0.272710
Feb 08 23:42:19.176828 n-d-828413-1 devstack@n-api.service[129048]: /usr/local/lib/python3.8/dist-packages/oslo_policy/policy.py:1075: UserWarning: Policy os_compute_api:os-aggregates:create failed scope check. The token used to make the request was project scoped but the policy requires ['system'] scope. This behavior may change in the future where using the intended scope is required
Feb 08 23:42:19.176828 n-d-828413-1 devstack@n-api.service[129048]: warnings.warn(msg)
Feb 08 23:42:19.179071 n-d-828413-1 devstack@n-api.service[129047]: [pid: 129047|app: 0|req: 202/405] 10.222.0.32 () {58 vars in 1235 bytes} [Tue Feb 8 23:42:18 2022] GET /compute/v2.1/servers/14be15fb-fd13-4a24-ad83-2e59650f77e0 => generated 1494 bytes in 277 msecs (HTTP/1.1 200) 9 headers in 358 bytes (2 switches on core 0)
Feb 08 23:42:19.182334 n-d-828413-1 devstack@n-api.service[129048]: DEBUG nova.objects.aggregate [None req-d1c564fe-e347-4976-b132-373c675f8465 tempest-AggregatesAdminNegativeTestJSON-1562426763 tempest-AggregatesAdminNegativeTestJSON-1562426763-project-admin] Generated uuid 4f112eab-5d4d-42b0-9261-01dde951776f for aggregate {{(pid=129048) create /opt/stack/nova/nova/objects/aggregate.py:298}}
Feb 08 23:42:19.227100 n-d-828413-1 devstack@n-api.service[129047]: DEBUG nova.api.openstack.wsgi [None req-03ee3a79-f948-4b61-a32d-feb855f267db tempest-LiveMigrationTest-1387175672 tempest-LiveMigrationTest-1387175672-project] Calling method '>' {{(pid=129047) _process_stack /opt/stack/nova/nova/api/openstack/wsgi.py:513}}
Feb 08 23:42:19.228099 n-d-828413-1 devstack@n-api.service[129047]: DEBUG nova.compute.api [None req-03ee3a79-f948-4b61-a32d-feb855f267db tempest-LiveMigrationTest-1387175672 tempest-LiveMigrationTest-1387175672-project] [instance: 6dfa6710-ede2-40da-9516-eacc629959bb] Fetching instance by UUID {{(pid=129047) get /opt/stack/nova/nova/compute/api.py:2863}}
Feb 08 23:42:19.230100 n-d-828413-1 devstack@n-api.service[129048]: INFO nova.api.openstack.requestlog [None req-d1c564fe-e347-4976-b132-373c675f8465 tempest-AggregatesAdminNegativeTestJSON-1562426763 tempest-AggregatesAdminNegativeTestJSON-1562426763-project-admin] 10.222.0.32 "POST /compute/v2.1/os-aggregates" status: 200 len: 199 microversion: 2.1 time: 0.074690
Feb 08 23:42:19.231647 n-d-828413-1 devstack@n-api.service[129048]: [pid: 129048|app: 0|req: 204/406] 10.222.0.32 () {60 vars in 1163 bytes} [Tue Feb 8 23:42:19 2022] POST /compute/v2.1/os-aggregates => generated 199 bytes in 79 msecs (HTTP/1.1 200) 9 headers in 357 bytes (1 switches on core 0)
Feb 08 23:42:19.241679 n-d-828413-1 devstack@n-api.service[129047]: DEBUG oslo_concurrency.lockutils [None req-03ee3a79-f948-4b61-a32d-feb855f267db tempest-LiveMigrationTest-1387175672 tempest-LiveMigrationTest-1387175672-project] Lock "6558e7f9-421d-499e-b263-e1995a956e62" acquired by "nova.context.set_target_cell..get_or_set_cached_cell_and_set_connections" :: waited 0.000s {{(pid=129047) inner /usr/local/lib/python3.8/dist-packages/oslo_concurrency/lockutils.py:355}}
Feb 08 23:42:19.242428 n-d-828413-1 devstack@n-api.service[129047]: DEBUG oslo_concurrency.lockutils [None req-03ee3a79-f948-4b61-a32d-feb855f267db tempest-LiveMigrationTest-1387175672 tempest-LiveMigrationTest-1387175672-project] Lock "6558e7f9-421d-499e-b263-e1995a956e62" released by "nova.context.set_target_cell..get_or_set_cached_cell_and_set_connections" :: held 0.002s {{(pid=129047) inner /usr/local/lib/python3.8/dist-packages/oslo_concurrency/lockutils.py:367}}
Feb 08 23:42:19.243431 n-d-828413-1 devstack@n-api.service[129047]: DEBUG oslo_concurrency.lockutils [None req-03ee3a79-f948-4b61-a32d-feb855f267db tempest-LiveMigrationTest-1387175672 tempest-LiveMigrationTest-1387175672-project] Lock "6558e7f9-421d-499e-b263-e1995a956e62" acquired by "nova.context.set_target_cell..get_or_set_cached_cell_and_set_connections" :: waited 0.000s {{(pid=129047) inner /usr/local/lib/python3.8/dist-packages/oslo_concurrency/lockutils.py:355}}
Feb 08 23:42:19.243817 n-d-828413-1 devstack@n-api.service[129048]: DEBUG nova.api.openstack.wsgi [None req-bb99af28-e57a-461a-9779-2e41208dfef5 tempest-AggregatesAdminNegativeTestJSON-1562426763 tempest-AggregatesAdminNegativeTestJSON-1562426763-project-admin] Action: 'action', calling method: >, body: {"add_host": {"host": "n-h2-828413-1"}} {{(pid=129048) _process_stack /opt/stack/nova/nova/api/openstack/wsgi.py:511}}
Feb 08 23:42:19.244476 n-d-828413-1 devstack@n-api.service[129047]: DEBUG oslo_concurrency.lockutils [None req-03ee3a79-f948-4b61-a32d-feb855f267db tempest-LiveMigrationTest-1387175672 tempest-LiveMigrationTest-1387175672-project] Lock "6558e7f9-421d-499e-b263-e1995a956e62" released by "nova.context.set_target_cell..get_or_set_cached_cell_and_set_connections" :: held 0.001s {{(pid=129047) inner /usr/local/lib/python3.8/dist-packages/oslo_concurrency/lockutils.py:367}}
Feb 08 23:42:19.245911 n-d-828413-1 devstack@n-api.service[129048]: /usr/local/lib/python3.8/dist-packages/oslo_policy/policy.py:1075: UserWarning: Policy os_compute_api:os-aggregates:add_host failed scope check. The token used to make the request was project scoped but the policy requires ['system'] scope. This behavior may change in the future where using the intended scope is required
Feb 08 23:42:19.245911 n-d-828413-1 devstack@n-api.service[129048]: warnings.warn(msg)
Feb 08 23:42:19.256841 n-d-828413-1 devstack@n-api.service[129048]: DEBUG oslo_concurrency.lockutils [None req-bb99af28-e57a-461a-9779-2e41208dfef5 tempest-AggregatesAdminNegativeTestJSON-1562426763 tempest-AggregatesAdminNegativeTestJSON-1562426763-project-admin] Lock "6558e7f9-421d-499e-b263-e1995a956e62" acquired by "nova.context.set_target_cell..get_or_set_cached_cell_and_set_connections" :: waited 0.000s {{(pid=129048) inner /usr/local/lib/python3.8/dist-packages/oslo_concurrency/lockutils.py:355}}
Feb 08 23:42:19.257323 n-d-828413-1 devstack@n-api.service[129048]: DEBUG oslo_concurrency.lockutils [None req-bb99af28-e57a-461a-9779-2e41208dfef5 tempest-AggregatesAdminNegativeTestJSON-1562426763 tempest-AggregatesAdminNegativeTestJSON-1562426763-project-admin] Lock "6558e7f9-421d-499e-b263-e1995a956e62" released by "nova.context.set_target_cell..get_or_set_cached_cell_and_set_connections" :: held 0.001s {{(pid=129048) inner /usr/local/lib/python3.8/dist-packages/oslo_concurrency/lockutils.py:367}}
Feb 08 23:42:19.414447 n-d-828413-1 devstack@n-api.service[129047]: DEBUG nova.policy [None req-03ee3a79-f948-4b61-a32d-feb855f267db tempest-LiveMigrationTest-1387175672 tempest-LiveMigrationTest-1387175672-project] Policy check for os_compute_api:os-extended-server-attributes failed with credentials {'is_admin': False, 'user_id': 'ada75d016dd345f1a4fdd2c06d14e2b9', 'user_domain_id': 'default', 'system_scope': None, 'domain_id': None, 'project_id': '5cbc603d5a5b4f8eae0e131af4bb2def', 'project_domain_id': 'default', 'roles': ['member', 'reader'], 'is_admin_project': True, 'service_user_id': None, 'service_user_domain_id': None, 'service_project_id': None, 'service_project_domain_id': None, 'service_roles': []} {{(pid=129047) authorize /opt/stack/nova/nova/policy.py:199}}
Feb 08 23:42:19.424159 n-d-828413-1 devstack@n-api.service[129047]: INFO nova.api.openstack.requestlog [None req-03ee3a79-f948-4b61-a32d-feb855f267db tempest-LiveMigrationTest-1387175672 tempest-LiveMigrationTest-1387175672-project] 10.222.0.32 "GET /compute/v2.1/servers/6dfa6710-ede2-40da-9516-eacc629959bb" status: 200 len: 1310 microversion: 2.1 time: 0.200823
Feb 08 23:42:19.425435 n-d-828413-1 devstack@n-api.service[129047]: [pid: 129047|app: 0|req: 203/407] 10.222.0.32 () {58 vars in 1235 bytes} [Tue Feb 8 23:42:19 2022] GET /compute/v2.1/servers/6dfa6710-ede2-40da-9516-eacc629959bb => generated 1310 bytes in 203 msecs (HTTP/1.1 200) 9 headers in 358 bytes (1 switches on core 0)
Feb 08 23:42:19.443164 n-d-828413-1 devstack@n-api.service[129048]: INFO nova.api.openstack.requestlog [None req-bb99af28-e57a-461a-9779-2e41208dfef5 tempest-AggregatesAdminNegativeTestJSON-1562426763 tempest-AggregatesAdminNegativeTestJSON-1562426763-project-admin] 10.222.0.32 "POST /compute/v2.1/os-aggregates/17/action" status: 200 len: 243 microversion: 2.1 time: 0.205390
Feb 08 23:42:19.444586 n-d-828413-1 devstack@n-api.service[129048]: [pid: 129048|app: 0|req: 205/408] 10.222.0.32 () {60 vars in 1193 bytes} [Tue Feb 8 23:42:19 2022] POST /compute/v2.1/os-aggregates/17/action => generated 243 bytes in 207 msecs (HTTP/1.1 200) 9 headers in 357 bytes (1 switches on core 0)
Feb 08 23:42:19.455459 n-d-828413-1 devstack@n-api.service[129047]: DEBUG nova.api.openstack.wsgi [None req-fb0e3aaf-5263-4f22-b1a9-060e9178cbc5 tempest-AggregatesAdminNegativeTestJSON-987290511 tempest-AggregatesAdminNegativeTestJSON-987290511-project] Action: 'action', calling method: >, body: {"remove_host": {"host": "n-h2-828413-1"}} {{(pid=129047) _process_stack /opt/stack/nova/nova/api/openstack/wsgi.py:511}}
Feb 08 23:42:19.457849 n-d-828413-1 devstack@n-api.service[129047]: /usr/local/lib/python3.8/dist-packages/oslo_policy/policy.py:1075: UserWarning: Policy os_compute_api:os-aggregates:remove_host failed scope check. The token used to make the request was project scoped but the policy requires ['system'] scope. This behavior may change in the future where using the intended scope is required
Feb 08 23:42:19.457849 n-d-828413-1 devstack@n-api.service[129047]: warnings.warn(msg)
Feb 08 23:42:19.459250 n-d-828413-1 devstack@n-api.service[129047]: DEBUG nova.policy [None req-fb0e3aaf-5263-4f22-b1a9-060e9178cbc5 tempest-AggregatesAdminNegativeTestJSON-987290511 tempest-AggregatesAdminNegativeTestJSON-987290511-project] Policy check for os_compute_api:os-aggregates:remove_host failed with credentials {'is_admin': False, 'user_id': '072cd6c04ef54f8988a0aff0d1aa5148', 'user_domain_id': 'default', 'system_scope': None, 'domain_id': None, 'project_id': '6965d6281d6541018b78690f00871c9f', 'project_domain_id': 'default', 'roles': ['member', 'reader'], 'is_admin_project': True, 'service_user_id': None, 'service_user_domain_id': None, 'service_project_id': None, 'service_project_domain_id': None, 'service_roles': []} {{(pid=129047) authorize /opt/stack/nova/nova/policy.py:199}}
Feb 08 23:42:19.459517 n-d-828413-1 devstack@n-api.service[129047]: DEBUG nova.api.openstack.wsgi [None req-fb0e3aaf-5263-4f22-b1a9-060e9178cbc5 tempest-AggregatesAdminNegativeTestJSON-987290511 tempest-AggregatesAdminNegativeTestJSON-987290511-project] Returning 403 to user: Policy doesn't allow os_compute_api:os-aggregates:remove_host to be performed. {{(pid=129047) __call__ /opt/stack/nova/nova/api/openstack/wsgi.py:936}}
Feb 08 23:42:19.460779 n-d-828413-1 devstack@n-api.service[129047]: INFO nova.api.openstack.requestlog [None req-fb0e3aaf-5263-4f22-b1a9-060e9178cbc5 tempest-AggregatesAdminNegativeTestJSON-987290511 tempest-AggregatesAdminNegativeTestJSON-987290511-project] 10.222.0.32 "POST /compute/v2.1/os-aggregates/17/action" status: 403 len: 121 microversion: 2.1 time: 0.009101
Feb 08 23:42:19.461430 n-d-828413-1 devstack@n-api.service[129047]: [pid: 129047|app: 0|req: 204/409] 10.222.0.32 () {60 vars in 1193 bytes} [Tue Feb 8 23:42:19 2022] POST /compute/v2.1/os-aggregates/17/action => generated 121 bytes in 11 msecs (HTTP/1.1 403) 9 headers in 379 bytes (1 switches on core 0)
Feb 08 23:42:19.469916 n-d-828413-1 devstack@n-api.service[129048]: DEBUG nova.api.openstack.wsgi [None req-a89b4f40-cc4c-4d36-9736-db2e4406ae5c tempest-AggregatesAdminNegativeTestJSON-1562426763 tempest-AggregatesAdminNegativeTestJSON-1562426763-project-admin] Action: 'action', calling method: >, body: {"remove_host": {"host": "n-h2-828413-1"}} {{(pid=129048) _process_stack /opt/stack/nova/nova/api/openstack/wsgi.py:511}}
Feb 08 23:42:19.472712 n-d-828413-1 devstack@n-api.service[129048]: /usr/local/lib/python3.8/dist-packages/oslo_policy/policy.py:1075: UserWarning: Policy os_compute_api:os-aggregates:remove_host failed scope check. The token used to make the request was project scoped but the policy requires ['system'] scope. This behavior may change in the future where using the intended scope is required
Feb 08 23:42:19.472712 n-d-828413-1 devstack@n-api.service[129048]: warnings.warn(msg)
Feb 08 23:42:19.483544 n-d-828413-1 devstack@n-api.service[129048]: DEBUG oslo_concurrency.lockutils [None req-a89b4f40-cc4c-4d36-9736-db2e4406ae5c tempest-AggregatesAdminNegativeTestJSON-1562426763 tempest-AggregatesAdminNegativeTestJSON-1562426763-project-admin] Lock "6558e7f9-421d-499e-b263-e1995a956e62" acquired by "nova.context.set_target_cell..get_or_set_cached_cell_and_set_connections" :: waited 0.000s {{(pid=129048) inner /usr/local/lib/python3.8/dist-packages/oslo_concurrency/lockutils.py:355}}
Feb 08 23:42:19.484182 n-d-828413-1 devstack@n-api.service[129048]: DEBUG oslo_concurrency.lockutils [None req-a89b4f40-cc4c-4d36-9736-db2e4406ae5c tempest-AggregatesAdminNegativeTestJSON-1562426763 tempest-AggregatesAdminNegativeTestJSON-1562426763-project-admin] Lock "6558e7f9-421d-499e-b263-e1995a956e62" released by "nova.context.set_target_cell..get_or_set_cached_cell_and_set_connections" :: held 0.001s {{(pid=129048) inner /usr/local/lib/python3.8/dist-packages/oslo_concurrency/lockutils.py:367}}
Feb 08 23:42:19.503218 n-d-828413-1 devstack@n-api.service[129047]: DEBUG nova.api.openstack.wsgi [None req-9ebd86ec-5f5c-452d-abce-351fbb1e02c4 tempest-MigrationsAdminTest-195805467 tempest-MigrationsAdminTest-195805467-project] Calling method '>' {{(pid=129047) _process_stack /opt/stack/nova/nova/api/openstack/wsgi.py:513}}
Feb 08 23:42:19.503833 n-d-828413-1 devstack@n-api.service[129047]: DEBUG nova.compute.api [None req-9ebd86ec-5f5c-452d-abce-351fbb1e02c4 tempest-MigrationsAdminTest-195805467 tempest-MigrationsAdminTest-195805467-project] [instance: 12b702d9-2746-4758-95d2-f44d64dbf53e] Fetching instance by UUID {{(pid=129047) get /opt/stack/nova/nova/compute/api.py:2863}}
Feb 08 23:42:19.514312 n-d-828413-1 devstack@n-api.service[129047]: DEBUG oslo_concurrency.lockutils [None req-9ebd86ec-5f5c-452d-abce-351fbb1e02c4 tempest-MigrationsAdminTest-195805467 tempest-MigrationsAdminTest-195805467-project] Lock "6558e7f9-421d-499e-b263-e1995a956e62" acquired by "nova.context.set_target_cell..get_or_set_cached_cell_and_set_connections" :: waited 0.000s {{(pid=129047) inner /usr/local/lib/python3.8/dist-packages/oslo_concurrency/lockutils.py:355}}
Feb 08 23:42:19.514777 n-d-828413-1 devstack@n-api.service[129047]: DEBUG oslo_concurrency.lockutils [None req-9ebd86ec-5f5c-452d-abce-351fbb1e02c4 tempest-MigrationsAdminTest-195805467 tempest-MigrationsAdminTest-195805467-project] Lock "6558e7f9-421d-499e-b263-e1995a956e62" released by "nova.context.set_target_cell..get_or_set_cached_cell_and_set_connections" :: held 0.004s {{(pid=129047) inner /usr/local/lib/python3.8/dist-packages/oslo_concurrency/lockutils.py:367}}
Feb 08 23:42:19.515592 n-d-828413-1 devstack@n-api.service[129047]: DEBUG oslo_concurrency.lockutils [None req-9ebd86ec-5f5c-452d-abce-351fbb1e02c4 tempest-MigrationsAdminTest-195805467 tempest-MigrationsAdminTest-195805467-project] Lock "6558e7f9-421d-499e-b263-e1995a956e62" acquired by "nova.context.set_target_cell..get_or_set_cached_cell_and_set_connections" :: waited 0.000s {{(pid=129047) inner /usr/local/lib/python3.8/dist-packages/oslo_concurrency/lockutils.py:355}}
Feb 08 23:42:19.516023 n-d-828413-1 devstack@n-api.service[129047]: DEBUG oslo_concurrency.lockutils [None req-9ebd86ec-5f5c-452d-abce-351fbb1e02c4 tempest-MigrationsAdminTest-195805467 tempest-MigrationsAdminTest-195805467-project] Lock "6558e7f9-421d-499e-b263-e1995a956e62" released by "nova.context.set_target_cell..get_or_set_cached_cell_and_set_connections" :: held 0.000s {{(pid=129047) inner /usr/local/lib/python3.8/dist-packages/oslo_concurrency/lockutils.py:367}}
Feb 08 23:42:19.652728 n-d-828413-1 devstack@n-api.service[129048]: INFO nova.api.openstack.requestlog [None req-a89b4f40-cc4c-4d36-9736-db2e4406ae5c tempest-AggregatesAdminNegativeTestJSON-1562426763 tempest-AggregatesAdminNegativeTestJSON-1562426763-project-admin] 10.222.0.32 "POST /compute/v2.1/os-aggregates/17/action" status: 200 len: 228 microversion: 2.1 time: 0.185900
Feb 08 23:42:19.662315 n-d-828413-1 devstack@n-api.service[129048]: [pid: 129048|app: 0|req: 206/410] 10.222.0.32 () {60 vars in 1193 bytes} [Tue Feb 8 23:42:19 2022] POST /compute/v2.1/os-aggregates/17/action => generated 228 bytes in 193 msecs (HTTP/1.1 200) 9 headers in 357 bytes (2 switches on core 0)
Feb 08 23:42:19.667494 n-d-828413-1 devstack@n-api.service[129048]: DEBUG nova.api.openstack.wsgi [None req-7330bf2b-b64f-49bd-8e4c-e30fa0db3364 tempest-AggregatesAdminNegativeTestJSON-1562426763 tempest-AggregatesAdminNegativeTestJSON-1562426763-project-admin] Calling method '>' {{(pid=129048) _process_stack /opt/stack/nova/nova/api/openstack/wsgi.py:513}}
Feb 08 23:42:19.676170 n-d-828413-1 devstack@n-api.service[129048]: /usr/local/lib/python3.8/dist-packages/oslo_policy/policy.py:1075: UserWarning: Policy os_compute_api:os-aggregates:delete failed scope check. The token used to make the request was project scoped but the policy requires ['system'] scope. This behavior may change in the future where using the intended scope is required
Feb 08 23:42:19.676170 n-d-828413-1 devstack@n-api.service[129048]: warnings.warn(msg)
Feb 08 23:42:19.730180 n-d-828413-1 devstack@n-api.service[129048]: INFO nova.api.openstack.requestlog [None req-7330bf2b-b64f-49bd-8e4c-e30fa0db3364 tempest-AggregatesAdminNegativeTestJSON-1562426763 tempest-AggregatesAdminNegativeTestJSON-1562426763-project-admin] 10.222.0.32 "DELETE /compute/v2.1/os-aggregates/17" status: 200 len: 0 microversion: 2.1 time: 0.066381
Feb 08 23:42:19.731222 n-d-828413-1 devstack@n-api.service[129048]: [pid: 129048|app: 0|req: 207/411] 10.222.0.32 () {58 vars in 1154 bytes} [Tue Feb 8 23:42:19 2022] DELETE /compute/v2.1/os-aggregates/17 => generated 0 bytes in 68 msecs (HTTP/1.1 200) 9 headers in 355 bytes (1 switches on core 0)
Feb 08 23:42:19.744221 n-d-828413-1 devstack@n-api.service[129048]: DEBUG nova.api.openstack.wsgi [None req-2e56a856-0548-42ab-8a2e-d53c3c1c0349 tempest-AggregatesAdminNegativeTestJSON-1562426763 tempest-AggregatesAdminNegativeTestJSON-1562426763-project-admin] Action: 'create', calling method: >, body: {"aggregate": {"name": "tempest-test_aggregate-1462240286"}} {{(pid=129048) _process_stack /opt/stack/nova/nova/api/openstack/wsgi.py:511}}
Feb 08 23:42:19.745673 n-d-828413-1 devstack@n-api.service[129048]: /usr/local/lib/python3.8/dist-packages/oslo_policy/policy.py:1075: UserWarning: Policy os_compute_api:os-aggregates:create failed scope check. The token used to make the request was project scoped but the policy requires ['system'] scope. This behavior may change in the future where using the intended scope is required
Feb 08 23:42:19.745673 n-d-828413-1 devstack@n-api.service[129048]: warnings.warn(msg)
Feb 08 23:42:19.748574 n-d-828413-1 devstack@n-api.service[129048]: DEBUG nova.objects.aggregate [None req-2e56a856-0548-42ab-8a2e-d53c3c1c0349 tempest-AggregatesAdminNegativeTestJSON-1562426763 tempest-AggregatesAdminNegativeTestJSON-1562426763-project-admin] Generated uuid e9a1b423-f59e-4489-b319-67bcaab3c792 for aggregate {{(pid=129048) create /opt/stack/nova/nova/objects/aggregate.py:298}}
Feb 08 23:42:19.781658 n-d-828413-1 devstack@n-api.service[129048]: INFO nova.api.openstack.requestlog [None req-2e56a856-0548-42ab-8a2e-d53c3c1c0349 tempest-AggregatesAdminNegativeTestJSON-1562426763 tempest-AggregatesAdminNegativeTestJSON-1562426763-project-admin] 10.222.0.32 "POST /compute/v2.1/os-aggregates" status: 200 len: 199 microversion: 2.1 time: 0.042305
Feb 08 23:42:19.791558 n-d-828413-1 devstack@n-api.service[129048]: [pid: 129048|app: 0|req: 208/412] 10.222.0.32 () {60 vars in 1163 bytes} [Tue Feb 8 23:42:19 2022] POST /compute/v2.1/os-aggregates => generated 199 bytes in 53 msecs (HTTP/1.1 200) 9 headers in 357 bytes (1 switches on core 0)
Feb 08 23:42:19.798161 n-d-828413-1 devstack@n-api.service[129048]: DEBUG nova.api.openstack.wsgi [None req-cfffd336-5f5b-4ab5-b9d3-8488ee62d7fd tempest-AggregatesAdminNegativeTestJSON-1562426763 tempest-AggregatesAdminNegativeTestJSON-1562426763-project-admin] Action: 'action', calling method: >, body: {"remove_host": {"host": "nonexist_host"}} {{(pid=129048) _process_stack /opt/stack/nova/nova/api/openstack/wsgi.py:511}}
Feb 08 23:42:19.800123 n-d-828413-1 devstack@n-api.service[129048]: /usr/local/lib/python3.8/dist-packages/oslo_policy/policy.py:1075: UserWarning: Policy os_compute_api:os-aggregates:remove_host failed scope check. The token used to make the request was project scoped but the policy requires ['system'] scope. This behavior may change in the future where using the intended scope is required
Feb 08 23:42:19.800123 n-d-828413-1 devstack@n-api.service[129048]: warnings.warn(msg)
Feb 08 23:42:19.804774 n-d-828413-1 devstack@n-api.service[129047]: DEBUG nova.policy [None req-9ebd86ec-5f5c-452d-abce-351fbb1e02c4 tempest-MigrationsAdminTest-195805467 tempest-MigrationsAdminTest-195805467-project] Policy check for os_compute_api:os-extended-server-attributes failed with credentials {'is_admin': False, 'user_id': 'c5cdbd5ec1aa4981ad81cedb5bfe43bb', 'user_domain_id': 'default', 'system_scope': None, 'domain_id': None, 'project_id': '382a560dafa44f6e9871ce459cb18667', 'project_domain_id': 'default', 'roles': ['member', 'reader'], 'is_admin_project': True, 'service_user_id': None, 'service_user_domain_id': None, 'service_project_id': None, 'service_project_domain_id': None, 'service_roles': []} {{(pid=129047) authorize /opt/stack/nova/nova/policy.py:199}}
Feb 08 23:42:19.813204 n-d-828413-1 devstack@n-api.service[129047]: INFO nova.api.openstack.requestlog [None req-9ebd86ec-5f5c-452d-abce-351fbb1e02c4 tempest-MigrationsAdminTest-195805467 tempest-MigrationsAdminTest-195805467-project] 10.222.0.32 "GET /compute/v2.1/servers/12b702d9-2746-4758-95d2-f44d64dbf53e" status: 200 len: 1476 microversion: 2.1 time: 0.314538
Feb 08 23:42:19.823776 n-d-828413-1 devstack@n-api.service[129048]: DEBUG oslo_concurrency.lockutils [None req-cfffd336-5f5b-4ab5-b9d3-8488ee62d7fd tempest-AggregatesAdminNegativeTestJSON-1562426763 tempest-AggregatesAdminNegativeTestJSON-1562426763-project-admin] Lock "00000000-0000-0000-0000-000000000000" acquired by "nova.context.set_target_cell..get_or_set_cached_cell_and_set_connections" :: waited 0.000s {{(pid=129048) inner /usr/local/lib/python3.8/dist-packages/oslo_concurrency/lockutils.py:355}}
Feb 08 23:42:19.823994 n-d-828413-1 devstack@n-api.service[129047]: [pid: 129047|app: 0|req: 205/413] 10.222.0.32 () {58 vars in 1235 bytes} [Tue Feb 8 23:42:19 2022] GET /compute/v2.1/servers/12b702d9-2746-4758-95d2-f44d64dbf53e => generated 1476 bytes in 325 msecs (HTTP/1.1 200) 9 headers in 358 bytes (1 switches on core 0)
Feb 08 23:42:19.824079 n-d-828413-1 devstack@n-api.service[129048]: DEBUG oslo_concurrency.lockutils [None req-cfffd336-5f5b-4ab5-b9d3-8488ee62d7fd tempest-AggregatesAdminNegativeTestJSON-1562426763 tempest-AggregatesAdminNegativeTestJSON-1562426763-project-admin] Lock "00000000-0000-0000-0000-000000000000" released by "nova.context.set_target_cell..get_or_set_cached_cell_and_set_connections" :: held 0.001s {{(pid=129048) inner /usr/local/lib/python3.8/dist-packages/oslo_concurrency/lockutils.py:367}}
Feb 08 23:42:19.831946 n-d-828413-1 devstack@n-api.service[129048]: DEBUG oslo_concurrency.lockutils [None req-cfffd336-5f5b-4ab5-b9d3-8488ee62d7fd tempest-AggregatesAdminNegativeTestJSON-1562426763 tempest-AggregatesAdminNegativeTestJSON-1562426763-project-admin] Lock "6558e7f9-421d-499e-b263-e1995a956e62" acquired by "nova.context.set_target_cell..get_or_set_cached_cell_and_set_connections" :: waited 0.000s {{(pid=129048) inner /usr/local/lib/python3.8/dist-packages/oslo_concurrency/lockutils.py:355}}
Feb 08 23:42:19.832461 n-d-828413-1 devstack@n-api.service[129048]: DEBUG oslo_concurrency.lockutils [None req-cfffd336-5f5b-4ab5-b9d3-8488ee62d7fd tempest-AggregatesAdminNegativeTestJSON-1562426763 tempest-AggregatesAdminNegativeTestJSON-1562426763-project-admin] Lock "6558e7f9-421d-499e-b263-e1995a956e62" released by "nova.context.set_target_cell..get_or_set_cached_cell_and_set_connections" :: held 0.001s {{(pid=129048) inner /usr/local/lib/python3.8/dist-packages/oslo_concurrency/lockutils.py:367}}
Feb 08 23:42:19.849028 n-d-828413-1 devstack@n-api.service[129048]: ERROR nova.api.openstack.compute.aggregates [None req-cfffd336-5f5b-4ab5-b9d3-8488ee62d7fd tempest-AggregatesAdminNegativeTestJSON-1562426763 tempest-AggregatesAdminNegativeTestJSON-1562426763-project-admin] Failed to remove host nonexist_host from aggregate 18. Error: Compute host nonexist_host could not be found.: nova.exception.ComputeHostNotFound: Compute host nonexist_host could not be found.
Feb 08 23:42:19.849784 n-d-828413-1 devstack@n-api.service[129048]: INFO nova.api.openstack.wsgi [None req-cfffd336-5f5b-4ab5-b9d3-8488ee62d7fd tempest-AggregatesAdminNegativeTestJSON-1562426763 tempest-AggregatesAdminNegativeTestJSON-1562426763-project-admin] HTTP exception thrown: Cannot remove host nonexist_host in aggregate 18
Feb 08 23:42:19.850769 n-d-828413-1 devstack@n-api.service[129048]: DEBUG nova.api.openstack.wsgi [None req-cfffd336-5f5b-4ab5-b9d3-8488ee62d7fd tempest-AggregatesAdminNegativeTestJSON-1562426763 tempest-AggregatesAdminNegativeTestJSON-1562426763-project-admin] Returning 404 to user: Cannot remove host nonexist_host in aggregate 18 {{(pid=129048) __call__ /opt/stack/nova/nova/api/openstack/wsgi.py:936}}
Feb 08 23:42:19.851706 n-d-828413-1 devstack@n-api.service[129048]: INFO nova.api.openstack.requestlog [None req-cfffd336-5f5b-4ab5-b9d3-8488ee62d7fd tempest-AggregatesAdminNegativeTestJSON-1562426763 tempest-AggregatesAdminNegativeTestJSON-1562426763-project-admin] 10.222.0.32 "POST /compute/v2.1/os-aggregates/18/action" status: 404 len: 94 microversion: 2.1 time: 0.059073
Feb 08 23:42:19.852512 n-d-828413-1 devstack@n-api.service[129048]: [pid: 129048|app: 0|req: 209/414] 10.222.0.32 () {60 vars in 1193 bytes} [Tue Feb 8 23:42:19 2022] POST /compute/v2.1/os-aggregates/18/action => generated 94 bytes in 60 msecs (HTTP/1.1 404) 9 headers in 378 bytes (1 switches on core 0)
Feb 08 23:42:19.861462 n-d-828413-1 devstack@n-api.service[129047]: DEBUG nova.api.openstack.wsgi [None req-35baee72-d7b0-4bc8-aab6-3a8ba1452851 tempest-AggregatesAdminNegativeTestJSON-1562426763 tempest-AggregatesAdminNegativeTestJSON-1562426763-project-admin] Calling method '>' {{(pid=129047) _process_stack /opt/stack/nova/nova/api/openstack/wsgi.py:513}}
Feb 08 23:42:19.862714 n-d-828413-1 devstack@n-api.service[129047]: /usr/local/lib/python3.8/dist-packages/oslo_policy/policy.py:1075: UserWarning: Policy os_compute_api:os-aggregates:delete failed scope check. The token used to make the request was project scoped but the policy requires ['system'] scope. This behavior may change in the future where using the intended scope is required
Feb 08 23:42:19.862714 n-d-828413-1 devstack@n-api.service[129047]: warnings.warn(msg)
Feb 08 23:42:19.889739 n-d-828413-1 devstack@n-api.service[129047]: INFO nova.api.openstack.requestlog [None req-35baee72-d7b0-4bc8-aab6-3a8ba1452851 tempest-AggregatesAdminNegativeTestJSON-1562426763 tempest-AggregatesAdminNegativeTestJSON-1562426763-project-admin] 10.222.0.32 "DELETE /compute/v2.1/os-aggregates/18" status: 200 len: 0 microversion: 2.1 time: 0.032566
Feb 08 23:42:19.891000 n-d-828413-1 devstack@n-api.service[129047]: [pid: 129047|app: 0|req: 206/415] 10.222.0.32 () {58 vars in 1154 bytes} [Tue Feb 8 23:42:19 2022] DELETE /compute/v2.1/os-aggregates/18 => generated 0 bytes in 35 msecs (HTTP/1.1 200) 9 headers in 355 bytes (1 switches on core 0)
Feb 08 23:42:20.197288 n-d-828413-1 devstack@n-api.service[129048]: DEBUG nova.api.openstack.wsgi [None req-4dcab4a6-108e-47cc-9f99-8bb92924713c tempest-ImagesTestJSON-1236655787 tempest-ImagesTestJSON-1236655787-project] Calling method '>' {{(pid=129048) _process_stack /opt/stack/nova/nova/api/openstack/wsgi.py:513}}
Feb 08 23:42:20.197973 n-d-828413-1 devstack@n-api.service[129048]: DEBUG nova.compute.api [None req-4dcab4a6-108e-47cc-9f99-8bb92924713c tempest-ImagesTestJSON-1236655787 tempest-ImagesTestJSON-1236655787-project] [instance: 14be15fb-fd13-4a24-ad83-2e59650f77e0] Fetching instance by UUID {{(pid=129048) get /opt/stack/nova/nova/compute/api.py:2863}}
Feb 08 23:42:20.209469 n-d-828413-1 devstack@n-api.service[129048]: DEBUG oslo_concurrency.lockutils [None req-4dcab4a6-108e-47cc-9f99-8bb92924713c tempest-ImagesTestJSON-1236655787 tempest-ImagesTestJSON-1236655787-project] Lock "6558e7f9-421d-499e-b263-e1995a956e62" acquired by "nova.context.set_target_cell..get_or_set_cached_cell_and_set_connections" :: waited 0.000s {{(pid=129048) inner /usr/local/lib/python3.8/dist-packages/oslo_concurrency/lockutils.py:355}}
Feb 08 23:42:20.210249 n-d-828413-1 devstack@n-api.service[129048]: DEBUG oslo_concurrency.lockutils [None req-4dcab4a6-108e-47cc-9f99-8bb92924713c tempest-ImagesTestJSON-1236655787 tempest-ImagesTestJSON-1236655787-project] Lock "6558e7f9-421d-499e-b263-e1995a956e62" released by "nova.context.set_target_cell..get_or_set_cached_cell_and_set_connections" :: held 0.001s {{(pid=129048) inner /usr/local/lib/python3.8/dist-packages/oslo_concurrency/lockutils.py:367}}
Feb 08 23:42:20.211397 n-d-828413-1 devstack@n-api.service[129048]: DEBUG oslo_concurrency.lockutils [None req-4dcab4a6-108e-47cc-9f99-8bb92924713c tempest-ImagesTestJSON-1236655787 tempest-ImagesTestJSON-1236655787-project] Lock "6558e7f9-421d-499e-b263-e1995a956e62" acquired by "nova.context.set_target_cell..get_or_set_cached_cell_and_set_connections" :: waited 0.000s {{(pid=129048) inner /usr/local/lib/python3.8/dist-packages/oslo_concurrency/lockutils.py:355}}
Feb 08 23:42:20.212016 n-d-828413-1 devstack@n-api.service[129048]: DEBUG oslo_concurrency.lockutils [None req-4dcab4a6-108e-47cc-9f99-8bb92924713c tempest-ImagesTestJSON-1236655787 tempest-ImagesTestJSON-1236655787-project] Lock "6558e7f9-421d-499e-b263-e1995a956e62" released by "nova.context.set_target_cell..get_or_set_cached_cell_and_set_connections" :: held 0.001s {{(pid=129048) inner /usr/local/lib/python3.8/dist-packages/oslo_concurrency/lockutils.py:367}}
Feb 08 23:42:20.370343 n-d-828413-1 devstack@n-api.service[129048]: DEBUG nova.policy [None req-4dcab4a6-108e-47cc-9f99-8bb92924713c tempest-ImagesTestJSON-1236655787 tempest-ImagesTestJSON-1236655787-project] Policy check for os_compute_api:os-extended-server-attributes failed with credentials {'is_admin': False, 'user_id': '156baef13f3b47878b9b9f91b8e8bfde', 'user_domain_id': 'default', 'system_scope': None, 'domain_id': None, 'project_id': '401a567377f54e69b6b71fe9943a4e85', 'project_domain_id': 'default', 'roles': ['member', 'reader'], 'is_admin_project': True, 'service_user_id': None, 'service_user_domain_id': None, 'service_project_id': None, 'service_project_domain_id': None, 'service_roles': []} {{(pid=129048) authorize /opt/stack/nova/nova/policy.py:199}}
Feb 08 23:42:20.381994 n-d-828413-1 devstack@n-api.service[129048]: INFO nova.api.openstack.requestlog [None req-4dcab4a6-108e-47cc-9f99-8bb92924713c tempest-ImagesTestJSON-1236655787 tempest-ImagesTestJSON-1236655787-project] 10.222.0.32 "GET /compute/v2.1/servers/14be15fb-fd13-4a24-ad83-2e59650f77e0" status: 200 len: 1474 microversion: 2.1 time: 0.188743
Feb 08 23:42:20.383172 n-d-828413-1 devstack@n-api.service[129048]: [pid: 129048|app: 0|req: 210/416] 10.222.0.32 () {58 vars in 1235 bytes} [Tue Feb 8 23:42:20 2022] GET /compute/v2.1/servers/14be15fb-fd13-4a24-ad83-2e59650f77e0 => generated 1474 bytes in 191 msecs (HTTP/1.1 200) 9 headers in 358 bytes (1 switches on core 0)
