Feb 11 14:07:36.591648 n-d-828407-1 devstack@placement-api.service[109857]: DEBUG placement.handlers.allocation [req-8096231a-b224-492a-8cc7-d9f00fea3e76 req-c647dc76-3f9e-4e41-bc83-f7674bc5def9 service placement] Successfully deleted allocations [, , ] {{(pid=109857) delete_allocations /opt/stack/placement/placement/handlers/allocation.py:627}}
Feb 11 14:07:36.592147 n-d-828407-1 devstack@placement-api.service[109857]: INFO placement.requestlog [req-8096231a-b224-492a-8cc7-d9f00fea3e76 req-c647dc76-3f9e-4e41-bc83-f7674bc5def9 service placement] 10.222.0.62 "DELETE /placement/allocations/fce2785c-072f-41e7-ada7-cca9826a3f03" status: 204 len: 0 microversion: 1.0
Feb 11 14:07:36.592468 n-d-828407-1 devstack@placement-api.service[109857]: [pid: 109857|app: 0|req: 107/208] 10.222.0.62 () {60 vars in 1355 bytes} [Fri Feb 11 14:07:36 2022] DELETE /placement/allocations/fce2785c-072f-41e7-ada7-cca9826a3f03 => generated 0 bytes in 258 msecs (HTTP/1.1 204) 5 headers in 198 bytes (1 switches on core 0)
Feb 11 14:07:37.513779 n-d-828407-1 devstack@placement-api.service[109858]: DEBUG placement.requestlog [req-abb28be3-370e-4bee-8629-bbd960c5a8b8 req-b9bc51a7-6208-449e-bc1c-c52569f274e5 None None] Starting request: 10.222.0.62 "DELETE /placement/allocations/af362aa7-2fa9-44ad-81d7-0b701cba6c05" {{(pid=109858) __call__ /opt/stack/placement/placement/requestlog.py:55}}
Feb 11 14:07:37.716987 n-d-828407-1 devstack@placement-api.service[109858]: DEBUG placement.handlers.allocation [req-abb28be3-370e-4bee-8629-bbd960c5a8b8 req-b9bc51a7-6208-449e-bc1c-c52569f274e5 service placement] Successfully deleted allocations [, , ] {{(pid=109858) delete_allocations /opt/stack/placement/placement/handlers/allocation.py:627}}
Feb 11 14:07:37.717480 n-d-828407-1 devstack@placement-api.service[109858]: INFO placement.requestlog [req-abb28be3-370e-4bee-8629-bbd960c5a8b8 req-b9bc51a7-6208-449e-bc1c-c52569f274e5 service placement] 10.222.0.62 "DELETE /placement/allocations/af362aa7-2fa9-44ad-81d7-0b701cba6c05" status: 204 len: 0 microversion: 1.0
Feb 11 14:07:37.717961 n-d-828407-1 devstack@placement-api.service[109858]: [pid: 109858|app: 0|req: 102/209] 10.222.0.62 () {60 vars in 1355 bytes} [Fri Feb 11 14:07:37 2022] DELETE /placement/allocations/af362aa7-2fa9-44ad-81d7-0b701cba6c05 => generated 0 bytes in 204 msecs (HTTP/1.1 204) 5 headers in 198 bytes (1 switches on core 0)
Feb 11 14:07:38.463147 n-d-828407-1 devstack@placement-api.service[109857]: DEBUG placement.requestlog [None req-b122b63b-3c5d-4f63-925a-126aad241182 None None] Starting request: 10.222.0.31 "GET /placement/" {{(pid=109857) __call__ /opt/stack/placement/placement/requestlog.py:55}}
Feb 11 14:07:38.464231 n-d-828407-1 devstack@placement-api.service[109857]: INFO placement.requestlog [None req-b122b63b-3c5d-4f63-925a-126aad241182 None None] 10.222.0.31 "GET /placement/" status: 200 len: 136 microversion: 1.0
Feb 11 14:07:38.464509 n-d-828407-1 devstack@placement-api.service[109857]: [pid: 109857|app: 0|req: 108/210] 10.222.0.31 () {54 vars in 916 bytes} [Fri Feb 11 14:07:38 2022] GET /placement => generated 136 bytes in 2 msecs (HTTP/1.1 200) 6 headers in 224 bytes (1 switches on core 0)
Feb 11 14:07:38.497377 n-d-828407-1 devstack@placement-api.service[109858]: DEBUG placement.requestlog [req-ae968264-a19f-42ca-957e-5d62867bd0c3 req-47d2fe77-2394-450e-91a6-73202ae01c29 None None] Starting request: 10.222.0.31 "GET /placement/allocations/2bed99ba-8131-4587-938e-8c081bfe3a26" {{(pid=109858) __call__ /opt/stack/placement/placement/requestlog.py:55}}
Feb 11 14:07:38.653393 n-d-828407-1 devstack@placement-api.service[109858]: INFO placement.requestlog [req-ae968264-a19f-42ca-957e-5d62867bd0c3 req-47d2fe77-2394-450e-91a6-73202ae01c29 service placement] 10.222.0.31 "GET /placement/allocations/2bed99ba-8131-4587-938e-8c081bfe3a26" status: 200 len: 259 microversion: 1.28
Feb 11 14:07:38.661767 n-d-828407-1 devstack@placement-api.service[109857]: DEBUG placement.requestlog [req-ae968264-a19f-42ca-957e-5d62867bd0c3 req-398e8683-c41f-451b-8f4e-f1984d9cd3b2 None None] Starting request: 10.222.0.31 "GET /placement/allocations/2bed99ba-8131-4587-938e-8c081bfe3a26" {{(pid=109857) __call__ /opt/stack/placement/placement/requestlog.py:55}}
Feb 11 14:07:38.669190 n-d-828407-1 devstack@placement-api.service[109858]: [pid: 109858|app: 0|req: 103/211] 10.222.0.31 () {60 vars in 1380 bytes} [Fri Feb 11 14:07:38 2022] GET /placement/allocations/2bed99ba-8131-4587-938e-8c081bfe3a26 => generated 259 bytes in 181 msecs (HTTP/1.1 200) 8 headers in 296 bytes (1 switches on core 0)
Feb 11 14:07:38.685423 n-d-828407-1 devstack@placement-api.service[109857]: INFO placement.requestlog [req-ae968264-a19f-42ca-957e-5d62867bd0c3 req-398e8683-c41f-451b-8f4e-f1984d9cd3b2 service placement] 10.222.0.31 "GET /placement/allocations/2bed99ba-8131-4587-938e-8c081bfe3a26" status: 200 len: 259 microversion: 1.28
Feb 11 14:07:38.692298 n-d-828407-1 devstack@placement-api.service[109858]: DEBUG placement.requestlog [req-ae968264-a19f-42ca-957e-5d62867bd0c3 req-e6721986-a68a-482c-b5a4-f789f4e06a7d None None] Starting request: 10.222.0.31 "GET /placement/allocations/cc3f0aa9-e86b-45d5-af79-59c847f816c3" {{(pid=109858) __call__ /opt/stack/placement/placement/requestlog.py:55}}
Feb 11 14:07:38.700186 n-d-828407-1 devstack@placement-api.service[109857]: [pid: 109857|app: 0|req: 109/212] 10.222.0.31 () {60 vars in 1380 bytes} [Fri Feb 11 14:07:38 2022] GET /placement/allocations/2bed99ba-8131-4587-938e-8c081bfe3a26 => generated 259 bytes in 38 msecs (HTTP/1.1 200) 8 headers in 296 bytes (1 switches on core 0)
Feb 11 14:07:38.715585 n-d-828407-1 devstack@placement-api.service[109858]: INFO placement.requestlog [req-ae968264-a19f-42ca-957e-5d62867bd0c3 req-e6721986-a68a-482c-b5a4-f789f4e06a7d service placement] 10.222.0.31 "GET /placement/allocations/cc3f0aa9-e86b-45d5-af79-59c847f816c3" status: 200 len: 19 microversion: 1.28
Feb 11 14:07:38.716284 n-d-828407-1 devstack@placement-api.service[109858]: [pid: 109858|app: 0|req: 104/213] 10.222.0.31 () {60 vars in 1380 bytes} [Fri Feb 11 14:07:38 2022] GET /placement/allocations/cc3f0aa9-e86b-45d5-af79-59c847f816c3 => generated 19 bytes in 24 msecs (HTTP/1.1 200) 8 headers in 295 bytes (1 switches on core 0)
Feb 11 14:07:38.722774 n-d-828407-1 devstack@placement-api.service[109857]: DEBUG placement.requestlog [req-ae968264-a19f-42ca-957e-5d62867bd0c3 req-c1b3e242-acdb-4654-b529-8fc8e1e69fc4 None None] Starting request: 10.222.0.31 "POST /placement/allocations" {{(pid=109857) __call__ /opt/stack/placement/placement/requestlog.py:55}}
Feb 11 14:07:38.931253 n-d-828407-1 devstack@placement-api.service[109857]: DEBUG placement.handlers.allocation [req-ae968264-a19f-42ca-957e-5d62867bd0c3 req-c1b3e242-acdb-4654-b529-8fc8e1e69fc4 service placement] Successfully wrote allocations [, , , , , ] {{(pid=109857) _update_consumers_and_create_allocations /opt/stack/placement/placement/handlers/allocation.py:572}}
Feb 11 14:07:38.997672 n-d-828407-1 devstack@placement-api.service[109857]: INFO placement.requestlog [req-ae968264-a19f-42ca-957e-5d62867bd0c3 req-c1b3e242-acdb-4654-b529-8fc8e1e69fc4 service placement] 10.222.0.31 "POST /placement/allocations" status: 204 len: 0 microversion: 1.28
Feb 11 14:07:39.000158 n-d-828407-1 devstack@placement-api.service[109857]: [pid: 109857|app: 0|req: 110/214] 10.222.0.31 () {64 vars in 1323 bytes} [Fri Feb 11 14:07:38 2022] POST /placement/allocations => generated 0 bytes in 276 msecs (HTTP/1.1 204) 5 headers in 199 bytes (1 switches on core 0)
Feb 11 14:07:39.169484 n-d-828407-1 devstack@placement-api.service[109858]: DEBUG placement.requestlog [req-ae968264-a19f-42ca-957e-5d62867bd0c3 req-1a76332f-b06e-4f40-b351-5932a8ef6653 None None] Starting request: 10.222.0.31 "GET /placement/allocations/2bed99ba-8131-4587-938e-8c081bfe3a26" {{(pid=109858) __call__ /opt/stack/placement/placement/requestlog.py:55}}
Feb 11 14:07:39.200158 n-d-828407-1 devstack@placement-api.service[109858]: INFO placement.requestlog [req-ae968264-a19f-42ca-957e-5d62867bd0c3 req-1a76332f-b06e-4f40-b351-5932a8ef6653 service placement] 10.222.0.31 "GET /placement/allocations/2bed99ba-8131-4587-938e-8c081bfe3a26" status: 200 len: 19 microversion: 1.28
Feb 11 14:07:39.200390 n-d-828407-1 devstack@placement-api.service[109858]: [pid: 109858|app: 0|req: 105/215] 10.222.0.31 () {60 vars in 1380 bytes} [Fri Feb 11 14:07:39 2022] GET /placement/allocations/2bed99ba-8131-4587-938e-8c081bfe3a26 => generated 19 bytes in 31 msecs (HTTP/1.1 200) 8 headers in 295 bytes (1 switches on core 0)
Feb 11 14:07:39.209782 n-d-828407-1 devstack@placement-api.service[109857]: DEBUG placement.requestlog [req-ae968264-a19f-42ca-957e-5d62867bd0c3 req-10c11a8a-72b7-4cfd-ab25-7409c1e2d14f None None] Starting request: 10.222.0.31 "PUT /placement/allocations/2bed99ba-8131-4587-938e-8c081bfe3a26" {{(pid=109857) __call__ /opt/stack/placement/placement/requestlog.py:55}}
Feb 11 14:07:39.429737 n-d-828407-1 devstack@placement-api.service[109857]: DEBUG placement.handlers.allocation [req-ae968264-a19f-42ca-957e-5d62867bd0c3 req-10c11a8a-72b7-4cfd-ab25-7409c1e2d14f service placement] Successfully wrote allocations [, , ] {{(pid=109857) _update_consumers_and_create_allocations /opt/stack/placement/placement/handlers/allocation.py:462}}
Feb 11 14:07:39.557627 n-d-828407-1 devstack@placement-api.service[109857]: INFO placement.requestlog [req-ae968264-a19f-42ca-957e-5d62867bd0c3 req-10c11a8a-72b7-4cfd-ab25-7409c1e2d14f service placement] 10.222.0.31 "PUT /placement/allocations/2bed99ba-8131-4587-938e-8c081bfe3a26" status: 204 len: 0 microversion: 1.28
Feb 11 14:07:39.561347 n-d-828407-1 devstack@placement-api.service[109857]: [pid: 109857|app: 0|req: 111/216] 10.222.0.31 () {64 vars in 1433 bytes} [Fri Feb 11 14:07:39 2022] PUT /placement/allocations/2bed99ba-8131-4587-938e-8c081bfe3a26 => generated 0 bytes in 348 msecs (HTTP/1.1 204) 5 headers in 199 bytes (1 switches on core 0)
Feb 11 14:07:39.847056 n-d-828407-1 devstack@placement-api.service[109858]: DEBUG placement.requestlog [req-ae968264-a19f-42ca-957e-5d62867bd0c3 req-131f60bf-c08b-4898-8c42-48cbfaf2686b None None] Starting request: 10.222.0.62 "GET /placement/allocations/2bed99ba-8131-4587-938e-8c081bfe3a26" {{(pid=109858) __call__ /opt/stack/placement/placement/requestlog.py:55}}
Feb 11 14:07:39.877355 n-d-828407-1 devstack@placement-api.service[109858]: INFO placement.requestlog [req-ae968264-a19f-42ca-957e-5d62867bd0c3 req-131f60bf-c08b-4898-8c42-48cbfaf2686b service placement] 10.222.0.62 "GET /placement/allocations/2bed99ba-8131-4587-938e-8c081bfe3a26" status: 200 len: 259 microversion: 1.28
Feb 11 14:07:39.878355 n-d-828407-1 devstack@placement-api.service[109858]: [pid: 109858|app: 0|req: 106/217] 10.222.0.62 () {60 vars in 1377 bytes} [Fri Feb 11 14:07:39 2022] GET /placement/allocations/2bed99ba-8131-4587-938e-8c081bfe3a26 => generated 259 bytes in 31 msecs (HTTP/1.1 200) 8 headers in 296 bytes (1 switches on core 0)
Feb 11 14:07:41.814276 n-d-828407-1 devstack@placement-api.service[109857]: DEBUG placement.requestlog [req-a346b075-3f50-4e1e-8833-a09fcb5408c5 req-1edc0f0c-4e99-4cca-8722-19aae1332b30 None None] Starting request: 10.222.0.31 "GET /placement/allocation_candidates?limit=1000&resources=DISK_GB%3A1%2CMEMORY_MB%3A1024%2CVCPU%3A1&root_required=%21COMPUTE_STATUS_DISABLED" {{(pid=109857) __call__ /opt/stack/placement/placement/requestlog.py:55}}
Feb 11 14:07:41.909264 n-d-828407-1 devstack@placement-api.service[109857]: DEBUG placement.objects.research_context [req-a346b075-3f50-4e1e-8833-a09fcb5408c5 req-1edc0f0c-4e99-4cca-8722-19aae1332b30 service placement] getting providers with 1 DISK_GB {{(pid=109857) __init__ /opt/stack/placement/placement/objects/research_context.py:126}}
Feb 11 14:07:41.925097 n-d-828407-1 devstack@placement-api.service[109857]: DEBUG placement.objects.research_context [req-a346b075-3f50-4e1e-8833-a09fcb5408c5 req-1edc0f0c-4e99-4cca-8722-19aae1332b30 service placement] getting providers with 1024 MEMORY_MB {{(pid=109857) __init__ /opt/stack/placement/placement/objects/research_context.py:126}}
Feb 11 14:07:41.953162 n-d-828407-1 devstack@placement-api.service[109857]: DEBUG placement.objects.research_context [req-a346b075-3f50-4e1e-8833-a09fcb5408c5 req-1edc0f0c-4e99-4cca-8722-19aae1332b30 service placement] getting providers with 1 VCPU {{(pid=109857) __init__ /opt/stack/placement/placement/objects/research_context.py:126}}
Feb 11 14:07:41.962221 n-d-828407-1 devstack@placement-api.service[109857]: DEBUG placement.objects.research_context [req-a346b075-3f50-4e1e-8833-a09fcb5408c5 req-1edc0f0c-4e99-4cca-8722-19aae1332b30 service placement] found 2 providers with available 1 DISK_GB {{(pid=109857) get_provider_ids_matching /opt/stack/placement/placement/objects/research_context.py:549}}
Feb 11 14:07:41.962963 n-d-828407-1 devstack@placement-api.service[109857]: DEBUG placement.objects.research_context [req-a346b075-3f50-4e1e-8833-a09fcb5408c5 req-1edc0f0c-4e99-4cca-8722-19aae1332b30 service placement] found 2 providers with available 1024 MEMORY_MB {{(pid=109857) get_provider_ids_matching /opt/stack/placement/placement/objects/research_context.py:549}}
Feb 11 14:07:41.963396 n-d-828407-1 devstack@placement-api.service[109857]: DEBUG placement.objects.research_context [req-a346b075-3f50-4e1e-8833-a09fcb5408c5 req-1edc0f0c-4e99-4cca-8722-19aae1332b30 service placement] found 2 providers after filtering by previous result {{(pid=109857) get_provider_ids_matching /opt/stack/placement/placement/objects/research_context.py:580}}
Feb 11 14:07:41.964200 n-d-828407-1 devstack@placement-api.service[109857]: DEBUG placement.objects.research_context [req-a346b075-3f50-4e1e-8833-a09fcb5408c5 req-1edc0f0c-4e99-4cca-8722-19aae1332b30 service placement] found 2 providers with available 1 VCPU {{(pid=109857) get_provider_ids_matching /opt/stack/placement/placement/objects/research_context.py:549}}
Feb 11 14:07:41.964682 n-d-828407-1 devstack@placement-api.service[109857]: DEBUG placement.objects.research_context [req-a346b075-3f50-4e1e-8833-a09fcb5408c5 req-1edc0f0c-4e99-4cca-8722-19aae1332b30 service placement] found 2 providers after filtering by previous result {{(pid=109857) get_provider_ids_matching /opt/stack/placement/placement/objects/research_context.py:580}}
Feb 11 14:07:41.979924 n-d-828407-1 devstack@placement-api.service[109857]: DEBUG placement.objects.allocation_candidate [req-a346b075-3f50-4e1e-8833-a09fcb5408c5 req-1edc0f0c-4e99-4cca-8722-19aae1332b30 service placement] RequestGroup(use_same_provider=False, resources={DISK_GB:1, MEMORY_MB:1024, VCPU:1}, traits=[], aggregates=[]) (suffix '') returned 2 matches {{(pid=109857) _get_by_requests /opt/stack/placement/placement/objects/allocation_candidate.py:145}}
Feb 11 14:07:41.980688 n-d-828407-1 devstack@placement-api.service[109857]: DEBUG placement.objects.allocation_candidate [req-a346b075-3f50-4e1e-8833-a09fcb5408c5 req-1edc0f0c-4e99-4cca-8722-19aae1332b30 service placement] Merging candidates yields 2 allocation requests and 2 provider summaries {{(pid=109857) _merge_candidates /opt/stack/placement/placement/objects/allocation_candidate.py:783}}
Feb 11 14:07:41.983322 n-d-828407-1 devstack@placement-api.service[109857]: INFO placement.requestlog [req-a346b075-3f50-4e1e-8833-a09fcb5408c5 req-1edc0f0c-4e99-4cca-8722-19aae1332b30 service placement] 10.222.0.31 "GET /placement/allocation_candidates?limit=1000&resources=DISK_GB%3A1%2CMEMORY_MB%3A1024%2CVCPU%3A1&root_required=%21COMPUTE_STATUS_DISABLED" status: 200 len: 1309 microversion: 1.36
Feb 11 14:07:41.985383 n-d-828407-1 devstack@placement-api.service[109857]: [pid: 109857|app: 0|req: 112/218] 10.222.0.31 () {60 vars in 1506 bytes} [Fri Feb 11 14:07:41 2022] GET /placement/allocation_candidates?limit=1000&resources=DISK_GB%3A1%2CMEMORY_MB%3A1024%2CVCPU%3A1&root_required=%21COMPUTE_STATUS_DISABLED => generated 1309 bytes in 171 msecs (HTTP/1.1 200) 8 headers in 297 bytes (1 switches on core 0)
Feb 11 14:07:42.067329 n-d-828407-1 devstack@placement-api.service[109858]: DEBUG placement.requestlog [req-a346b075-3f50-4e1e-8833-a09fcb5408c5 req-86807846-cbbf-4cf5-b70e-131e928921b4 None None] Starting request: 10.222.0.31 "GET /placement/allocations/f7da084b-7340-470d-8837-4435115f0c2c" {{(pid=109858) __call__ /opt/stack/placement/placement/requestlog.py:55}}
Feb 11 14:07:42.085194 n-d-828407-1 devstack@placement-api.service[109858]: INFO placement.requestlog [req-a346b075-3f50-4e1e-8833-a09fcb5408c5 req-86807846-cbbf-4cf5-b70e-131e928921b4 service placement] 10.222.0.31 "GET /placement/allocations/f7da084b-7340-470d-8837-4435115f0c2c" status: 200 len: 19 microversion: 1.28
Feb 11 14:07:42.088659 n-d-828407-1 devstack@placement-api.service[109858]: [pid: 109858|app: 0|req: 107/219] 10.222.0.31 () {60 vars in 1380 bytes} [Fri Feb 11 14:07:42 2022] GET /placement/allocations/f7da084b-7340-470d-8837-4435115f0c2c => generated 19 bytes in 21 msecs (HTTP/1.1 200) 8 headers in 295 bytes (1 switches on core 0)
Feb 11 14:07:42.095952 n-d-828407-1 devstack@placement-api.service[109857]: DEBUG placement.requestlog [req-a346b075-3f50-4e1e-8833-a09fcb5408c5 req-4499a1fa-dbb4-48e6-b899-88fad668e7d4 None None] Starting request: 10.222.0.31 "PUT /placement/allocations/f7da084b-7340-470d-8837-4435115f0c2c" {{(pid=109857) __call__ /opt/stack/placement/placement/requestlog.py:55}}
Feb 11 14:07:42.907724 n-d-828407-1 devstack@placement-api.service[109857]: DEBUG placement.handlers.allocation [req-a346b075-3f50-4e1e-8833-a09fcb5408c5 req-4499a1fa-dbb4-48e6-b899-88fad668e7d4 service placement] Successfully wrote allocations [, , ] {{(pid=109857) _update_consumers_and_create_allocations /opt/stack/placement/placement/handlers/allocation.py:462}}
Feb 11 14:07:42.980107 n-d-828407-1 devstack@placement-api.service[109857]: INFO placement.requestlog [req-a346b075-3f50-4e1e-8833-a09fcb5408c5 req-4499a1fa-dbb4-48e6-b899-88fad668e7d4 service placement] 10.222.0.31 "PUT /placement/allocations/f7da084b-7340-470d-8837-4435115f0c2c" status: 204 len: 0 microversion: 1.36
Feb 11 14:07:42.980365 n-d-828407-1 devstack@placement-api.service[109857]: [pid: 109857|app: 0|req: 113/220] 10.222.0.31 () {64 vars in 1433 bytes} [Fri Feb 11 14:07:42 2022] PUT /placement/allocations/f7da084b-7340-470d-8837-4435115f0c2c => generated 0 bytes in 885 msecs (HTTP/1.1 204) 5 headers in 199 bytes (1 switches on core 0)
Feb 11 14:07:44.252370 n-d-828407-1 devstack@placement-api.service[109858]: DEBUG placement.requestlog [req-a346b075-3f50-4e1e-8833-a09fcb5408c5 req-36557b48-db03-4a69-9243-ba81660a6fab None None] Starting request: 10.222.0.62 "GET /placement/allocations/f7da084b-7340-470d-8837-4435115f0c2c" {{(pid=109858) __call__ /opt/stack/placement/placement/requestlog.py:55}}
Feb 11 14:07:44.301837 n-d-828407-1 devstack@placement-api.service[109858]: INFO placement.requestlog [req-a346b075-3f50-4e1e-8833-a09fcb5408c5 req-36557b48-db03-4a69-9243-ba81660a6fab service placement] 10.222.0.62 "GET /placement/allocations/f7da084b-7340-470d-8837-4435115f0c2c" status: 200 len: 259 microversion: 1.28
Feb 11 14:07:44.305067 n-d-828407-1 devstack@placement-api.service[109858]: [pid: 109858|app: 0|req: 108/221] 10.222.0.62 () {60 vars in 1377 bytes} [Fri Feb 11 14:07:44 2022] GET /placement/allocations/f7da084b-7340-470d-8837-4435115f0c2c => generated 259 bytes in 53 msecs (HTTP/1.1 200) 8 headers in 296 bytes (1 switches on core 0)
Feb 11 14:07:48.455796 n-d-828407-1 devstack@placement-api.service[109857]: DEBUG placement.requestlog [req-3b9ef5df-15ad-4153-8cb7-ec4bca8ef087 req-2b0f4815-9299-42f9-8690-459536612fc0 None None] Starting request: 10.222.0.62 "DELETE /placement/allocations/f5c313a8-0b7b-41d5-811e-7d3d79eb29ff" {{(pid=109857) __call__ /opt/stack/placement/placement/requestlog.py:55}}
Feb 11 14:07:48.562506 n-d-828407-1 devstack@placement-api.service[109858]: DEBUG placement.requestlog [req-bdeb5f21-b7d1-4461-a2c2-0909bc4967dd req-6405f709-247c-434c-a710-4ef3cac98e31 None None] Starting request: 10.222.0.60 "DELETE /placement/allocations/05f10f55-f2fa-4a89-8eed-9c81dbcad3f3" {{(pid=109858) __call__ /opt/stack/placement/placement/requestlog.py:55}}
Feb 11 14:07:48.654262 n-d-828407-1 devstack@placement-api.service[109857]: DEBUG placement.handlers.allocation [req-3b9ef5df-15ad-4153-8cb7-ec4bca8ef087 req-2b0f4815-9299-42f9-8690-459536612fc0 service placement] Successfully deleted allocations [, , ] {{(pid=109857) delete_allocations /opt/stack/placement/placement/handlers/allocation.py:627}}
Feb 11 14:07:48.655029 n-d-828407-1 devstack@placement-api.service[109857]: INFO placement.requestlog [req-3b9ef5df-15ad-4153-8cb7-ec4bca8ef087 req-2b0f4815-9299-42f9-8690-459536612fc0 service placement] 10.222.0.62 "DELETE /placement/allocations/f5c313a8-0b7b-41d5-811e-7d3d79eb29ff" status: 204 len: 0 microversion: 1.0
Feb 11 14:07:48.655865 n-d-828407-1 devstack@placement-api.service[109857]: [pid: 109857|app: 0|req: 114/222] 10.222.0.62 () {60 vars in 1355 bytes} [Fri Feb 11 14:07:48 2022] DELETE /placement/allocations/f5c313a8-0b7b-41d5-811e-7d3d79eb29ff => generated 0 bytes in 200 msecs (HTTP/1.1 204) 5 headers in 198 bytes (1 switches on core 0)
Feb 11 14:07:48.803227 n-d-828407-1 devstack@placement-api.service[109858]: DEBUG placement.handlers.allocation [req-bdeb5f21-b7d1-4461-a2c2-0909bc4967dd req-6405f709-247c-434c-a710-4ef3cac98e31 service placement] Successfully deleted allocations [, , ] {{(pid=109858) delete_allocations /opt/stack/placement/placement/handlers/allocation.py:627}}
Feb 11 14:07:48.804113 n-d-828407-1 devstack@placement-api.service[109858]: INFO placement.requestlog [req-bdeb5f21-b7d1-4461-a2c2-0909bc4967dd req-6405f709-247c-434c-a710-4ef3cac98e31 service placement] 10.222.0.60 "DELETE /placement/allocations/05f10f55-f2fa-4a89-8eed-9c81dbcad3f3" status: 204 len: 0 microversion: 1.0
Feb 11 14:07:48.804558 n-d-828407-1 devstack@placement-api.service[109858]: [pid: 109858|app: 0|req: 109/223] 10.222.0.60 () {60 vars in 1355 bytes} [Fri Feb 11 14:07:48 2022] DELETE /placement/allocations/05f10f55-f2fa-4a89-8eed-9c81dbcad3f3 => generated 0 bytes in 243 msecs (HTTP/1.1 204) 5 headers in 198 bytes (2 switches on core 0)
Feb 11 14:07:56.957198 n-d-828407-1 devstack@placement-api.service[109857]: DEBUG placement.requestlog [req-9656085a-3134-4d20-868e-9fa853a8cb44 req-1a4e234d-00b5-4483-a01b-7b0bf48af0a2 None None] Starting request: 10.222.0.31 "GET /placement/allocation_candidates?limit=1000&resources=DISK_GB%3A1%2CMEMORY_MB%3A1024%2CVCPU%3A1&root_required=%21COMPUTE_STATUS_DISABLED" {{(pid=109857) __call__ /opt/stack/placement/placement/requestlog.py:55}}
Feb 11 14:07:57.021150 n-d-828407-1 devstack@placement-api.service[109857]: DEBUG placement.objects.research_context [req-9656085a-3134-4d20-868e-9fa853a8cb44 req-1a4e234d-00b5-4483-a01b-7b0bf48af0a2 service placement] getting providers with 1 DISK_GB {{(pid=109857) __init__ /opt/stack/placement/placement/objects/research_context.py:126}}
Feb 11 14:07:57.031417 n-d-828407-1 devstack@placement-api.service[109857]: DEBUG placement.objects.research_context [req-9656085a-3134-4d20-868e-9fa853a8cb44 req-1a4e234d-00b5-4483-a01b-7b0bf48af0a2 service placement] getting providers with 1024 MEMORY_MB {{(pid=109857) __init__ /opt/stack/placement/placement/objects/research_context.py:126}}
Feb 11 14:07:57.040658 n-d-828407-1 devstack@placement-api.service[109858]: DEBUG placement.requestlog [req-9f10dae6-a97f-4cff-bf8e-0cb9eb4a51c3 req-2bfa69e7-e560-4f16-a668-cd7accefd421 None None] Starting request: 10.222.0.31 "GET /placement/allocation_candidates?limit=1000&resources=DISK_GB%3A1%2CMEMORY_MB%3A1024%2CVCPU%3A1&root_required=%21COMPUTE_STATUS_DISABLED" {{(pid=109858) __call__ /opt/stack/placement/placement/requestlog.py:55}}
Feb 11 14:07:57.041853 n-d-828407-1 devstack@placement-api.service[109857]: DEBUG placement.objects.research_context [req-9656085a-3134-4d20-868e-9fa853a8cb44 req-1a4e234d-00b5-4483-a01b-7b0bf48af0a2 service placement] getting providers with 1 VCPU {{(pid=109857) __init__ /opt/stack/placement/placement/objects/research_context.py:126}}
Feb 11 14:07:57.049981 n-d-828407-1 devstack@placement-api.service[109857]: DEBUG placement.objects.research_context [req-9656085a-3134-4d20-868e-9fa853a8cb44 req-1a4e234d-00b5-4483-a01b-7b0bf48af0a2 service placement] found 2 providers with available 1 DISK_GB {{(pid=109857) get_provider_ids_matching /opt/stack/placement/placement/objects/research_context.py:549}}
Feb 11 14:07:57.050872 n-d-828407-1 devstack@placement-api.service[109857]: DEBUG placement.objects.research_context [req-9656085a-3134-4d20-868e-9fa853a8cb44 req-1a4e234d-00b5-4483-a01b-7b0bf48af0a2 service placement] found 2 providers with available 1024 MEMORY_MB {{(pid=109857) get_provider_ids_matching /opt/stack/placement/placement/objects/research_context.py:549}}
Feb 11 14:07:57.051430 n-d-828407-1 devstack@placement-api.service[109857]: DEBUG placement.objects.research_context [req-9656085a-3134-4d20-868e-9fa853a8cb44 req-1a4e234d-00b5-4483-a01b-7b0bf48af0a2 service placement] found 2 providers after filtering by previous result {{(pid=109857) get_provider_ids_matching /opt/stack/placement/placement/objects/research_context.py:580}}
Feb 11 14:07:57.052079 n-d-828407-1 devstack@placement-api.service[109857]: DEBUG placement.objects.research_context [req-9656085a-3134-4d20-868e-9fa853a8cb44 req-1a4e234d-00b5-4483-a01b-7b0bf48af0a2 service placement] found 2 providers with available 1 VCPU {{(pid=109857) get_provider_ids_matching /opt/stack/placement/placement/objects/research_context.py:549}}
Feb 11 14:07:57.052688 n-d-828407-1 devstack@placement-api.service[109857]: DEBUG placement.objects.research_context [req-9656085a-3134-4d20-868e-9fa853a8cb44 req-1a4e234d-00b5-4483-a01b-7b0bf48af0a2 service placement] found 2 providers after filtering by previous result {{(pid=109857) get_provider_ids_matching /opt/stack/placement/placement/objects/research_context.py:580}}
Feb 11 14:07:57.080489 n-d-828407-1 devstack@placement-api.service[109857]: DEBUG placement.objects.allocation_candidate [req-9656085a-3134-4d20-868e-9fa853a8cb44 req-1a4e234d-00b5-4483-a01b-7b0bf48af0a2 service placement] RequestGroup(use_same_provider=False, resources={DISK_GB:1, MEMORY_MB:1024, VCPU:1}, traits=[], aggregates=[]) (suffix '') returned 2 matches {{(pid=109857) _get_by_requests /opt/stack/placement/placement/objects/allocation_candidate.py:145}}
Feb 11 14:07:57.081261 n-d-828407-1 devstack@placement-api.service[109857]: DEBUG placement.objects.allocation_candidate [req-9656085a-3134-4d20-868e-9fa853a8cb44 req-1a4e234d-00b5-4483-a01b-7b0bf48af0a2 service placement] Merging candidates yields 2 allocation requests and 2 provider summaries {{(pid=109857) _merge_candidates /opt/stack/placement/placement/objects/allocation_candidate.py:783}}
Feb 11 14:07:57.083311 n-d-828407-1 devstack@placement-api.service[109857]: INFO placement.requestlog [req-9656085a-3134-4d20-868e-9fa853a8cb44 req-1a4e234d-00b5-4483-a01b-7b0bf48af0a2 service placement] 10.222.0.31 "GET /placement/allocation_candidates?limit=1000&resources=DISK_GB%3A1%2CMEMORY_MB%3A1024%2CVCPU%3A1&root_required=%21COMPUTE_STATUS_DISABLED" status: 200 len: 1309 microversion: 1.36
Feb 11 14:07:57.084667 n-d-828407-1 devstack@placement-api.service[109857]: [pid: 109857|app: 0|req: 115/224] 10.222.0.31 () {60 vars in 1506 bytes} [Fri Feb 11 14:07:56 2022] GET /placement/allocation_candidates?limit=1000&resources=DISK_GB%3A1%2CMEMORY_MB%3A1024%2CVCPU%3A1&root_required=%21COMPUTE_STATUS_DISABLED => generated 1309 bytes in 127 msecs (HTTP/1.1 200) 8 headers in 297 bytes (1 switches on core 0)
Feb 11 14:07:57.130848 n-d-828407-1 devstack@placement-api.service[109858]: DEBUG placement.objects.research_context [req-9f10dae6-a97f-4cff-bf8e-0cb9eb4a51c3 req-2bfa69e7-e560-4f16-a668-cd7accefd421 service placement] getting providers with 1 DISK_GB {{(pid=109858) __init__ /opt/stack/placement/placement/objects/research_context.py:126}}
Feb 11 14:07:57.137745 n-d-828407-1 devstack@placement-api.service[109858]: DEBUG placement.objects.research_context [req-9f10dae6-a97f-4cff-bf8e-0cb9eb4a51c3 req-2bfa69e7-e560-4f16-a668-cd7accefd421 service placement] getting providers with 1024 MEMORY_MB {{(pid=109858) __init__ /opt/stack/placement/placement/objects/research_context.py:126}}
Feb 11 14:07:57.148419 n-d-828407-1 devstack@placement-api.service[109858]: DEBUG placement.objects.research_context [req-9f10dae6-a97f-4cff-bf8e-0cb9eb4a51c3 req-2bfa69e7-e560-4f16-a668-cd7accefd421 service placement] getting providers with 1 VCPU {{(pid=109858) __init__ /opt/stack/placement/placement/objects/research_context.py:126}}
Feb 11 14:07:57.155033 n-d-828407-1 devstack@placement-api.service[109858]: DEBUG placement.objects.research_context [req-9f10dae6-a97f-4cff-bf8e-0cb9eb4a51c3 req-2bfa69e7-e560-4f16-a668-cd7accefd421 service placement] found 2 providers with available 1 DISK_GB {{(pid=109858) get_provider_ids_matching /opt/stack/placement/placement/objects/research_context.py:549}}
Feb 11 14:07:57.155572 n-d-828407-1 devstack@placement-api.service[109858]: DEBUG placement.objects.research_context [req-9f10dae6-a97f-4cff-bf8e-0cb9eb4a51c3 req-2bfa69e7-e560-4f16-a668-cd7accefd421 service placement] found 2 providers with available 1024 MEMORY_MB {{(pid=109858) get_provider_ids_matching /opt/stack/placement/placement/objects/research_context.py:549}}
Feb 11 14:07:57.156001 n-d-828407-1 devstack@placement-api.service[109858]: DEBUG placement.objects.research_context [req-9f10dae6-a97f-4cff-bf8e-0cb9eb4a51c3 req-2bfa69e7-e560-4f16-a668-cd7accefd421 service placement] found 2 providers after filtering by previous result {{(pid=109858) get_provider_ids_matching /opt/stack/placement/placement/objects/research_context.py:580}}
Feb 11 14:07:57.156408 n-d-828407-1 devstack@placement-api.service[109858]: DEBUG placement.objects.research_context [req-9f10dae6-a97f-4cff-bf8e-0cb9eb4a51c3 req-2bfa69e7-e560-4f16-a668-cd7accefd421 service placement] found 2 providers with available 1 VCPU {{(pid=109858) get_provider_ids_matching /opt/stack/placement/placement/objects/research_context.py:549}}
Feb 11 14:07:57.156817 n-d-828407-1 devstack@placement-api.service[109858]: DEBUG placement.objects.research_context [req-9f10dae6-a97f-4cff-bf8e-0cb9eb4a51c3 req-2bfa69e7-e560-4f16-a668-cd7accefd421 service placement] found 2 providers after filtering by previous result {{(pid=109858) get_provider_ids_matching /opt/stack/placement/placement/objects/research_context.py:580}}
Feb 11 14:07:57.169158 n-d-828407-1 devstack@placement-api.service[109858]: DEBUG placement.objects.allocation_candidate [req-9f10dae6-a97f-4cff-bf8e-0cb9eb4a51c3 req-2bfa69e7-e560-4f16-a668-cd7accefd421 service placement] RequestGroup(use_same_provider=False, resources={DISK_GB:1, MEMORY_MB:1024, VCPU:1}, traits=[], aggregates=[]) (suffix '') returned 2 matches {{(pid=109858) _get_by_requests /opt/stack/placement/placement/objects/allocation_candidate.py:145}}
Feb 11 14:07:57.169536 n-d-828407-1 devstack@placement-api.service[109858]: DEBUG placement.objects.allocation_candidate [req-9f10dae6-a97f-4cff-bf8e-0cb9eb4a51c3 req-2bfa69e7-e560-4f16-a668-cd7accefd421 service placement] Merging candidates yields 2 allocation requests and 2 provider summaries {{(pid=109858) _merge_candidates /opt/stack/placement/placement/objects/allocation_candidate.py:783}}
Feb 11 14:07:57.171633 n-d-828407-1 devstack@placement-api.service[109858]: INFO placement.requestlog [req-9f10dae6-a97f-4cff-bf8e-0cb9eb4a51c3 req-2bfa69e7-e560-4f16-a668-cd7accefd421 service placement] 10.222.0.31 "GET /placement/allocation_candidates?limit=1000&resources=DISK_GB%3A1%2CMEMORY_MB%3A1024%2CVCPU%3A1&root_required=%21COMPUTE_STATUS_DISABLED" status: 200 len: 1309 microversion: 1.36
Feb 11 14:07:57.172202 n-d-828407-1 devstack@placement-api.service[109858]: [pid: 109858|app: 0|req: 110/225] 10.222.0.31 () {60 vars in 1506 bytes} [Fri Feb 11 14:07:57 2022] GET /placement/allocation_candidates?limit=1000&resources=DISK_GB%3A1%2CMEMORY_MB%3A1024%2CVCPU%3A1&root_required=%21COMPUTE_STATUS_DISABLED => generated 1309 bytes in 132 msecs (HTTP/1.1 200) 8 headers in 297 bytes (2 switches on core 0)
Feb 11 14:07:57.201920 n-d-828407-1 devstack@placement-api.service[109857]: DEBUG placement.requestlog [req-9656085a-3134-4d20-868e-9fa853a8cb44 req-e93f9506-d7b9-45c2-8dd6-ece8f5ca846a None None] Starting request: 10.222.0.31 "GET /placement/allocations/8118c134-ead8-413f-9ae5-cbbd09114178" {{(pid=109857) __call__ /opt/stack/placement/placement/requestlog.py:55}}
Feb 11 14:07:57.225136 n-d-828407-1 devstack@placement-api.service[109857]: INFO placement.requestlog [req-9656085a-3134-4d20-868e-9fa853a8cb44 req-e93f9506-d7b9-45c2-8dd6-ece8f5ca846a service placement] 10.222.0.31 "GET /placement/allocations/8118c134-ead8-413f-9ae5-cbbd09114178" status: 200 len: 19 microversion: 1.28
Feb 11 14:07:57.225136 n-d-828407-1 devstack@placement-api.service[109857]: [pid: 109857|app: 0|req: 116/226] 10.222.0.31 () {60 vars in 1380 bytes} [Fri Feb 11 14:07:57 2022] GET /placement/allocations/8118c134-ead8-413f-9ae5-cbbd09114178 => generated 19 bytes in 21 msecs (HTTP/1.1 200) 8 headers in 295 bytes (1 switches on core 0)
Feb 11 14:07:57.231678 n-d-828407-1 devstack@placement-api.service[109858]: DEBUG placement.requestlog [req-9656085a-3134-4d20-868e-9fa853a8cb44 req-30e8afc8-4915-48cf-8b50-a779db5906d4 None None] Starting request: 10.222.0.31 "PUT /placement/allocations/8118c134-ead8-413f-9ae5-cbbd09114178" {{(pid=109858) __call__ /opt/stack/placement/placement/requestlog.py:55}}
Feb 11 14:07:57.288251 n-d-828407-1 devstack@placement-api.service[109857]: DEBUG placement.requestlog [req-9f10dae6-a97f-4cff-bf8e-0cb9eb4a51c3 req-626b0ddb-78c6-4c78-bf73-a2508497fa10 None None] Starting request: 10.222.0.31 "GET /placement/allocations/58c4de92-7015-431c-a943-8f043c2655f7" {{(pid=109857) __call__ /opt/stack/placement/placement/requestlog.py:55}}
Feb 11 14:07:57.314909 n-d-828407-1 devstack@placement-api.service[109857]: INFO placement.requestlog [req-9f10dae6-a97f-4cff-bf8e-0cb9eb4a51c3 req-626b0ddb-78c6-4c78-bf73-a2508497fa10 service placement] 10.222.0.31 "GET /placement/allocations/58c4de92-7015-431c-a943-8f043c2655f7" status: 200 len: 19 microversion: 1.28
Feb 11 14:07:57.315343 n-d-828407-1 devstack@placement-api.service[109857]: [pid: 109857|app: 0|req: 117/227] 10.222.0.31 () {60 vars in 1380 bytes} [Fri Feb 11 14:07:57 2022] GET /placement/allocations/58c4de92-7015-431c-a943-8f043c2655f7 => generated 19 bytes in 28 msecs (HTTP/1.1 200) 8 headers in 295 bytes (2 switches on core 0)
Feb 11 14:07:57.322650 n-d-828407-1 devstack@placement-api.service[109857]: DEBUG placement.requestlog [req-9f10dae6-a97f-4cff-bf8e-0cb9eb4a51c3 req-cd6fa672-3e9c-4bff-805d-cfd8aba5b39f None None] Starting request: 10.222.0.31 "PUT /placement/allocations/58c4de92-7015-431c-a943-8f043c2655f7" {{(pid=109857) __call__ /opt/stack/placement/placement/requestlog.py:55}}
Feb 11 14:07:57.497100 n-d-828407-1 devstack@placement-api.service[109857]: DEBUG placement.handlers.allocation [req-9f10dae6-a97f-4cff-bf8e-0cb9eb4a51c3 req-cd6fa672-3e9c-4bff-805d-cfd8aba5b39f service placement] Successfully wrote allocations [, , ] {{(pid=109857) _update_consumers_and_create_allocations /opt/stack/placement/placement/handlers/allocation.py:462}}
Feb 11 14:07:57.516928 n-d-828407-1 devstack@placement-api.service[109858]: DEBUG oslo_db.api [req-9656085a-3134-4d20-868e-9fa853a8cb44 req-30e8afc8-4915-48cf-8b50-a779db5906d4 service placement] DB error: (pymysql.err.OperationalError) (1213, 'Deadlock found when trying to get lock; try restarting transaction')
Feb 11 14:07:57.516928 n-d-828407-1 devstack@placement-api.service[109858]: [SQL: INSERT INTO allocations (created_at, resource_provider_id, consumer_id, resource_class_id, used) VALUES (%(created_at)s, %(resource_provider_id)s, %(consumer_id)s, %(resource_class_id)s, %(used)s)]
Feb 11 14:07:57.516928 n-d-828407-1 devstack@placement-api.service[109858]: [parameters: {'created_at': datetime.datetime(2022, 2, 11, 14, 7, 57, 486282), 'resource_provider_id': 1, 'consumer_id': '8118c134-ead8-413f-9ae5-cbbd09114178', 'resource_class_id': 2, 'used': 1}]
Feb 11 14:07:57.516928 n-d-828407-1 devstack@placement-api.service[109858]: (Background on this error at: https://sqlalche.me/e/14/e3q8) {{(pid=109858) _is_exception_expected /usr/local/lib/python3.8/dist-packages/oslo_db/api.py:184}}
Feb 11 14:07:57.517447 n-d-828407-1 devstack@placement-api.service[109858]: DEBUG oslo_db.api [req-9656085a-3134-4d20-868e-9fa853a8cb44 req-30e8afc8-4915-48cf-8b50-a779db5906d4 service placement] Performing DB retry for function placement.objects.allocation._set_allocations {{(pid=109858) wrapper /usr/local/lib/python3.8/dist-packages/oslo_db/api.py:155}}
Feb 11 14:07:57.574579 n-d-828407-1 devstack@placement-api.service[109857]: INFO placement.requestlog [req-9f10dae6-a97f-4cff-bf8e-0cb9eb4a51c3 req-cd6fa672-3e9c-4bff-805d-cfd8aba5b39f service placement] 10.222.0.31 "PUT /placement/allocations/58c4de92-7015-431c-a943-8f043c2655f7" status: 204 len: 0 microversion: 1.36
Feb 11 14:07:57.575126 n-d-828407-1 devstack@placement-api.service[109857]: [pid: 109857|app: 0|req: 118/228] 10.222.0.31 () {64 vars in 1433 bytes} [Fri Feb 11 14:07:57 2022] PUT /placement/allocations/58c4de92-7015-431c-a943-8f043c2655f7 => generated 0 bytes in 252 msecs (HTTP/1.1 204) 5 headers in 199 bytes (2 switches on core 0)
Feb 11 14:07:58.530044 n-d-828407-1 devstack@placement-api.service[109858]: DEBUG placement.objects.allocation [req-9656085a-3134-4d20-868e-9fa853a8cb44 req-30e8afc8-4915-48cf-8b50-a779db5906d4 service placement] Retrying allocations write on resource provider generation conflict {{(pid=109858) replace_all /opt/stack/placement/placement/objects/allocation.py:507}}
Feb 11 14:07:58.556311 n-d-828407-1 devstack@placement-api.service[109858]: DEBUG placement.handlers.allocation [req-9656085a-3134-4d20-868e-9fa853a8cb44 req-30e8afc8-4915-48cf-8b50-a779db5906d4 service placement] Successfully wrote allocations [, , ] {{(pid=109858) _update_consumers_and_create_allocations /opt/stack/placement/placement/handlers/allocation.py:462}}
Feb 11 14:07:58.637237 n-d-828407-1 devstack@placement-api.service[109858]: INFO placement.requestlog [req-9656085a-3134-4d20-868e-9fa853a8cb44 req-30e8afc8-4915-48cf-8b50-a779db5906d4 service placement] 10.222.0.31 "PUT /placement/allocations/8118c134-ead8-413f-9ae5-cbbd09114178" status: 204 len: 0 microversion: 1.36
Feb 11 14:07:58.638012 n-d-828407-1 devstack@placement-api.service[109858]: [pid: 109858|app: 0|req: 111/229] 10.222.0.31 () {64 vars in 1433 bytes} [Fri Feb 11 14:07:57 2022] PUT /placement/allocations/8118c134-ead8-413f-9ae5-cbbd09114178 => generated 0 bytes in 1408 msecs (HTTP/1.1 204) 5 headers in 199 bytes (1 switches on core 0)
Feb 11 14:07:58.986858 n-d-828407-1 devstack@placement-api.service[109857]: DEBUG placement.requestlog [req-9f10dae6-a97f-4cff-bf8e-0cb9eb4a51c3 req-798fa73e-8c62-497e-b85c-024bcb79331c None None] Starting request: 10.222.0.60 "GET /placement/allocations/58c4de92-7015-431c-a943-8f043c2655f7" {{(pid=109857) __call__ /opt/stack/placement/placement/requestlog.py:55}}
Feb 11 14:07:59.019787 n-d-828407-1 devstack@placement-api.service[109857]: INFO placement.requestlog [req-9f10dae6-a97f-4cff-bf8e-0cb9eb4a51c3 req-798fa73e-8c62-497e-b85c-024bcb79331c service placement] 10.222.0.60 "GET /placement/allocations/58c4de92-7015-431c-a943-8f043c2655f7" status: 200 len: 259 microversion: 1.28
Feb 11 14:07:59.020228 n-d-828407-1 devstack@placement-api.service[109857]: [pid: 109857|app: 0|req: 119/230] 10.222.0.60 () {60 vars in 1377 bytes} [Fri Feb 11 14:07:58 2022] GET /placement/allocations/58c4de92-7015-431c-a943-8f043c2655f7 => generated 259 bytes in 33 msecs (HTTP/1.1 200) 8 headers in 296 bytes (1 switches on core 0)
Feb 11 14:07:59.911994 n-d-828407-1 devstack@placement-api.service[109858]: DEBUG placement.requestlog [req-9656085a-3134-4d20-868e-9fa853a8cb44 req-5ed301e0-6277-464e-813a-1668a2cfb923 None None] Starting request: 10.222.0.60 "GET /placement/allocations/8118c134-ead8-413f-9ae5-cbbd09114178" {{(pid=109858) __call__ /opt/stack/placement/placement/requestlog.py:55}}
Feb 11 14:07:59.943635 n-d-828407-1 devstack@placement-api.service[109857]: DEBUG placement.requestlog [req-ae968264-a19f-42ca-957e-5d62867bd0c3 req-9cd2a2b0-fc42-47fa-9d42-5d1d2464616e None None] Starting request: 10.222.0.60 "GET /placement/resource_providers/12449248-501b-4c59-a53e-360c46132527/allocations" {{(pid=109857) __call__ /opt/stack/placement/placement/requestlog.py:55}}
Feb 11 14:07:59.951254 n-d-828407-1 devstack@placement-api.service[109858]: INFO placement.requestlog [req-9656085a-3134-4d20-868e-9fa853a8cb44 req-5ed301e0-6277-464e-813a-1668a2cfb923 service placement] 10.222.0.60 "GET /placement/allocations/8118c134-ead8-413f-9ae5-cbbd09114178" status: 200 len: 259 microversion: 1.28
Feb 11 14:07:59.954086 n-d-828407-1 devstack@placement-api.service[109858]: [pid: 109858|app: 0|req: 112/231] 10.222.0.60 () {60 vars in 1377 bytes} [Fri Feb 11 14:07:59 2022] GET /placement/allocations/8118c134-ead8-413f-9ae5-cbbd09114178 => generated 259 bytes in 42 msecs (HTTP/1.1 200) 8 headers in 296 bytes (1 switches on core 0)
Feb 11 14:08:00.016763 n-d-828407-1 devstack@placement-api.service[109857]: INFO placement.requestlog [req-ae968264-a19f-42ca-957e-5d62867bd0c3 req-9cd2a2b0-fc42-47fa-9d42-5d1d2464616e service placement] 10.222.0.60 "GET /placement/resource_providers/12449248-501b-4c59-a53e-360c46132527/allocations" status: 200 len: 457 microversion: 1.0
Feb 11 14:08:00.024518 n-d-828407-1 devstack@placement-api.service[109857]: [pid: 109857|app: 0|req: 120/232] 10.222.0.60 () {58 vars in 1390 bytes} [Fri Feb 11 14:07:59 2022] GET /placement/resource_providers/12449248-501b-4c59-a53e-360c46132527/allocations => generated 457 bytes in 75 msecs (HTTP/1.1 200) 6 headers in 224 bytes (2 switches on core 0)
Feb 11 14:08:00.650819 n-d-828407-1 devstack@placement-api.service[109858]: DEBUG placement.requestlog [req-ae968264-a19f-42ca-957e-5d62867bd0c3 req-d2df78af-0d4a-4465-9185-597036026c1d None None] Starting request: 10.222.0.60 "GET /placement/allocations/cc3f0aa9-e86b-45d5-af79-59c847f816c3" {{(pid=109858) __call__ /opt/stack/placement/placement/requestlog.py:55}}
Feb 11 14:08:00.683410 n-d-828407-1 devstack@placement-api.service[109858]: INFO placement.requestlog [req-ae968264-a19f-42ca-957e-5d62867bd0c3 req-d2df78af-0d4a-4465-9185-597036026c1d service placement] 10.222.0.60 "GET /placement/allocations/cc3f0aa9-e86b-45d5-af79-59c847f816c3" status: 200 len: 259 microversion: 1.28
Feb 11 14:08:00.685324 n-d-828407-1 devstack@placement-api.service[109858]: [pid: 109858|app: 0|req: 113/233] 10.222.0.60 () {60 vars in 1377 bytes} [Fri Feb 11 14:08:00 2022] GET /placement/allocations/cc3f0aa9-e86b-45d5-af79-59c847f816c3 => generated 259 bytes in 34 msecs (HTTP/1.1 200) 8 headers in 296 bytes (1 switches on core 0)
Feb 11 14:08:00.693472 n-d-828407-1 devstack@placement-api.service[109857]: DEBUG placement.requestlog [req-ae968264-a19f-42ca-957e-5d62867bd0c3 req-3e2a487d-353c-4443-b36f-78e473da5e5d None None] Starting request: 10.222.0.60 "PUT /placement/allocations/cc3f0aa9-e86b-45d5-af79-59c847f816c3" {{(pid=109857) __call__ /opt/stack/placement/placement/requestlog.py:55}}
Feb 11 14:08:00.796393 n-d-828407-1 devstack@placement-api.service[109857]: DEBUG placement.handlers.allocation [req-ae968264-a19f-42ca-957e-5d62867bd0c3 req-3e2a487d-353c-4443-b36f-78e473da5e5d service placement] Successfully wrote allocations [, , ] {{(pid=109857) _update_consumers_and_create_allocations /opt/stack/placement/placement/handlers/allocation.py:462}}
Feb 11 14:08:00.938748 n-d-828407-1 devstack@placement-api.service[109857]: INFO placement.requestlog [req-ae968264-a19f-42ca-957e-5d62867bd0c3 req-3e2a487d-353c-4443-b36f-78e473da5e5d service placement] 10.222.0.60 "PUT /placement/allocations/cc3f0aa9-e86b-45d5-af79-59c847f816c3" status: 204 len: 0 microversion: 1.28
Feb 11 14:08:00.939826 n-d-828407-1 devstack@placement-api.service[109857]: [pid: 109857|app: 0|req: 121/234] 10.222.0.60 () {64 vars in 1430 bytes} [Fri Feb 11 14:08:00 2022] PUT /placement/allocations/cc3f0aa9-e86b-45d5-af79-59c847f816c3 => generated 0 bytes in 247 msecs (HTTP/1.1 204) 5 headers in 199 bytes (1 switches on core 0)
Feb 11 14:08:00.956408 n-d-828407-1 devstack@placement-api.service[109858]: DEBUG placement.requestlog [req-a7dcf8e8-df24-4a32-beea-d460b90c7909 req-039dc1a7-0162-4330-8835-a94447809796 None None] Starting request: 10.222.0.31 "GET /placement/allocation_candidates?limit=1000&resources=DISK_GB%3A1%2CMEMORY_MB%3A1024%2CVCPU%3A1&root_required=%21COMPUTE_STATUS_DISABLED" {{(pid=109858) __call__ /opt/stack/placement/placement/requestlog.py:55}}
Feb 11 14:08:00.999816 n-d-828407-1 devstack@placement-api.service[109858]: DEBUG placement.objects.research_context [req-a7dcf8e8-df24-4a32-beea-d460b90c7909 req-039dc1a7-0162-4330-8835-a94447809796 service placement] getting providers with 1 DISK_GB {{(pid=109858) __init__ /opt/stack/placement/placement/objects/research_context.py:126}}
Feb 11 14:08:01.006602 n-d-828407-1 devstack@placement-api.service[109858]: DEBUG placement.objects.research_context [req-a7dcf8e8-df24-4a32-beea-d460b90c7909 req-039dc1a7-0162-4330-8835-a94447809796 service placement] getting providers with 1024 MEMORY_MB {{(pid=109858) __init__ /opt/stack/placement/placement/objects/research_context.py:126}}
Feb 11 14:08:01.012220 n-d-828407-1 devstack@placement-api.service[109858]: DEBUG placement.objects.research_context [req-a7dcf8e8-df24-4a32-beea-d460b90c7909 req-039dc1a7-0162-4330-8835-a94447809796 service placement] getting providers with 1 VCPU {{(pid=109858) __init__ /opt/stack/placement/placement/objects/research_context.py:126}}
Feb 11 14:08:01.040178 n-d-828407-1 devstack@placement-api.service[109858]: DEBUG placement.objects.research_context [req-a7dcf8e8-df24-4a32-beea-d460b90c7909 req-039dc1a7-0162-4330-8835-a94447809796 service placement] found 2 providers with available 1 DISK_GB {{(pid=109858) get_provider_ids_matching /opt/stack/placement/placement/objects/research_context.py:549}}
Feb 11 14:08:01.040606 n-d-828407-1 devstack@placement-api.service[109858]: DEBUG placement.objects.research_context [req-a7dcf8e8-df24-4a32-beea-d460b90c7909 req-039dc1a7-0162-4330-8835-a94447809796 service placement] found 2 providers with available 1024 MEMORY_MB {{(pid=109858) get_provider_ids_matching /opt/stack/placement/placement/objects/research_context.py:549}}
Feb 11 14:08:01.040908 n-d-828407-1 devstack@placement-api.service[109858]: DEBUG placement.objects.research_context [req-a7dcf8e8-df24-4a32-beea-d460b90c7909 req-039dc1a7-0162-4330-8835-a94447809796 service placement] found 2 providers after filtering by previous result {{(pid=109858) get_provider_ids_matching /opt/stack/placement/placement/objects/research_context.py:580}}
Feb 11 14:08:01.041177 n-d-828407-1 devstack@placement-api.service[109858]: DEBUG placement.objects.research_context [req-a7dcf8e8-df24-4a32-beea-d460b90c7909 req-039dc1a7-0162-4330-8835-a94447809796 service placement] found 2 providers with available 1 VCPU {{(pid=109858) get_provider_ids_matching /opt/stack/placement/placement/objects/research_context.py:549}}
Feb 11 14:08:01.041453 n-d-828407-1 devstack@placement-api.service[109858]: DEBUG placement.objects.research_context [req-a7dcf8e8-df24-4a32-beea-d460b90c7909 req-039dc1a7-0162-4330-8835-a94447809796 service placement] found 2 providers after filtering by previous result {{(pid=109858) get_provider_ids_matching /opt/stack/placement/placement/objects/research_context.py:580}}
Feb 11 14:08:01.057953 n-d-828407-1 devstack@placement-api.service[109858]: DEBUG placement.objects.allocation_candidate [req-a7dcf8e8-df24-4a32-beea-d460b90c7909 req-039dc1a7-0162-4330-8835-a94447809796 service placement] RequestGroup(use_same_provider=False, resources={DISK_GB:1, MEMORY_MB:1024, VCPU:1}, traits=[], aggregates=[]) (suffix '') returned 2 matches {{(pid=109858) _get_by_requests /opt/stack/placement/placement/objects/allocation_candidate.py:145}}
Feb 11 14:08:01.059308 n-d-828407-1 devstack@placement-api.service[109858]: DEBUG placement.objects.allocation_candidate [req-a7dcf8e8-df24-4a32-beea-d460b90c7909 req-039dc1a7-0162-4330-8835-a94447809796 service placement] Merging candidates yields 2 allocation requests and 2 provider summaries {{(pid=109858) _merge_candidates /opt/stack/placement/placement/objects/allocation_candidate.py:783}}
Feb 11 14:08:01.061794 n-d-828407-1 devstack@placement-api.service[109858]: INFO placement.requestlog [req-a7dcf8e8-df24-4a32-beea-d460b90c7909 req-039dc1a7-0162-4330-8835-a94447809796 service placement] 10.222.0.31 "GET /placement/allocation_candidates?limit=1000&resources=DISK_GB%3A1%2CMEMORY_MB%3A1024%2CVCPU%3A1&root_required=%21COMPUTE_STATUS_DISABLED" status: 200 len: 1309 microversion: 1.36
Feb 11 14:08:01.077734 n-d-828407-1 devstack@placement-api.service[109858]: [pid: 109858|app: 0|req: 114/235] 10.222.0.31 () {60 vars in 1506 bytes} [Fri Feb 11 14:08:00 2022] GET /placement/allocation_candidates?limit=1000&resources=DISK_GB%3A1%2CMEMORY_MB%3A1024%2CVCPU%3A1&root_required=%21COMPUTE_STATUS_DISABLED => generated 1309 bytes in 121 msecs (HTTP/1.1 200) 8 headers in 297 bytes (1 switches on core 0)
Feb 11 14:08:01.132213 n-d-828407-1 devstack@placement-api.service[109857]: DEBUG placement.requestlog [req-a7dcf8e8-df24-4a32-beea-d460b90c7909 req-d999503c-1bf8-4420-95d2-e9692eb8a937 None None] Starting request: 10.222.0.31 "GET /placement/allocations/848b5a56-7f88-44b0-949e-e43819d09962" {{(pid=109857) __call__ /opt/stack/placement/placement/requestlog.py:55}}
