Feb 11 14:05:10.344235 n-d-828407-1 devstack@n-api.service[124720]: DEBUG nova.policy [None req-e5e2fac4-9e95-4b2e-ad9e-4d73e7494669 tempest-DeleteServersAdminTestJSON-1949368979 tempest-DeleteServersAdminTestJSON-1949368979-project] Policy check for os_compute_api:os-extended-server-attributes failed with credentials {'is_admin': False, 'user_id': '778b1ff8749f4ae9b2105ed4e3f3b0da', 'user_domain_id': 'default', 'system_scope': None, 'domain_id': None, 'project_id': '7933ad16717b49d69efeb3b5ef79ac0a', 'project_domain_id': 'default', 'roles': ['member', 'reader'], 'is_admin_project': True, 'service_user_id': None, 'service_user_domain_id': None, 'service_project_id': None, 'service_project_domain_id': None, 'service_roles': []} {{(pid=124720) authorize /opt/stack/nova/nova/policy.py:199}}
Feb 11 14:05:10.359182 n-d-828407-1 devstack@n-api.service[124720]: INFO nova.api.openstack.requestlog [None req-e5e2fac4-9e95-4b2e-ad9e-4d73e7494669 tempest-DeleteServersAdminTestJSON-1949368979 tempest-DeleteServersAdminTestJSON-1949368979-project] 10.222.0.31 "GET /compute/v2.1/servers/22bddc92-6388-4765-9476-7997fa784079" status: 200 len: 1320 microversion: 2.1 time: 0.265451
Feb 11 14:05:10.360759 n-d-828407-1 devstack@n-api.service[124720]: [pid: 124720|app: 0|req: 121/275] 10.222.0.31 () {58 vars in 1235 bytes} [Fri Feb 11 14:05:10 2022] GET /compute/v2.1/servers/22bddc92-6388-4765-9476-7997fa784079 => generated 1320 bytes in 268 msecs (HTTP/1.1 200) 9 headers in 358 bytes (1 switches on core 0)
Feb 11 14:05:10.366109 n-d-828407-1 devstack@n-api.service[124720]: DEBUG nova.api.openstack.wsgi [None req-620c0d10-4c00-4e3e-b486-3f6536b814c9 tempest-AggregatesAdminNegativeTestJSON-393025919 tempest-AggregatesAdminNegativeTestJSON-393025919-project-admin] Calling method '>' {{(pid=124720) _process_stack /opt/stack/nova/nova/api/openstack/wsgi.py:513}}
Feb 11 14:05:10.366863 n-d-828407-1 devstack@n-api.service[124720]: /usr/local/lib/python3.8/dist-packages/oslo_policy/policy.py:1075: UserWarning: Policy os_compute_api:os-aggregates:delete failed scope check. The token used to make the request was project scoped but the policy requires ['system'] scope. This behavior may change in the future where using the intended scope is required
Feb 11 14:05:10.366863 n-d-828407-1 devstack@n-api.service[124720]: warnings.warn(msg)
Feb 11 14:05:10.397276 n-d-828407-1 devstack@n-api.service[124719]: INFO nova.api.openstack.requestlog [None req-8cfb37fb-9a9b-4d33-af35-1cd30d3d56ff tempest-AggregatesAdminTestV241-652089762 tempest-AggregatesAdminTestV241-652089762-project-admin] 10.222.0.31 "PUT /compute/v2.1/os-aggregates/10" status: 200 len: 299 microversion: 2.41 time: 0.317318
Feb 11 14:05:10.398443 n-d-828407-1 devstack@n-api.service[124719]: [pid: 124719|app: 0|req: 155/276] 10.222.0.31 () {62 vars in 1212 bytes} [Fri Feb 11 14:05:10 2022] PUT /compute/v2.1/os-aggregates/10 => generated 299 bytes in 319 msecs (HTTP/1.1 200) 9 headers in 359 bytes (1 switches on core 0)
Feb 11 14:05:10.403647 n-d-828407-1 devstack@n-api.service[124719]: DEBUG nova.api.openstack.wsgi [None req-05e6a421-02fd-479b-8754-ee5ce31f3a9a tempest-AggregatesAdminTestJSON-1628413463 tempest-AggregatesAdminTestJSON-1628413463-project-admin] Action: 'create', calling method: >, body: {"aggregate": {"name": "tempest-test_aggregate-425059635", "availability_zone": "tempest-test_az-1667725822"}} {{(pid=124719) _process_stack /opt/stack/nova/nova/api/openstack/wsgi.py:511}}
Feb 11 14:05:10.405543 n-d-828407-1 devstack@n-api.service[124719]: /usr/local/lib/python3.8/dist-packages/oslo_policy/policy.py:1075: UserWarning: Policy os_compute_api:os-aggregates:create failed scope check. The token used to make the request was project scoped but the policy requires ['system'] scope. This behavior may change in the future where using the intended scope is required
Feb 11 14:05:10.405543 n-d-828407-1 devstack@n-api.service[124719]: warnings.warn(msg)
Feb 11 14:05:10.406769 n-d-828407-1 devstack@n-api.service[124719]: DEBUG nova.objects.aggregate [None req-05e6a421-02fd-479b-8754-ee5ce31f3a9a tempest-AggregatesAdminTestJSON-1628413463 tempest-AggregatesAdminTestJSON-1628413463-project-admin] Generated uuid af569b53-7b03-4d4f-9d10-23c5f0ee45af for aggregate {{(pid=124719) create /opt/stack/nova/nova/objects/aggregate.py:298}}
Feb 11 14:05:10.493027 n-d-828407-1 devstack@n-api.service[124720]: INFO nova.api.openstack.requestlog [None req-620c0d10-4c00-4e3e-b486-3f6536b814c9 tempest-AggregatesAdminNegativeTestJSON-393025919 tempest-AggregatesAdminNegativeTestJSON-393025919-project-admin] 10.222.0.31 "DELETE /compute/v2.1/os-aggregates/9" status: 200 len: 0 microversion: 2.1 time: 0.131213
Feb 11 14:05:10.493878 n-d-828407-1 devstack@n-api.service[124720]: [pid: 124720|app: 0|req: 122/277] 10.222.0.31 () {58 vars in 1151 bytes} [Fri Feb 11 14:05:10 2022] DELETE /compute/v2.1/os-aggregates/9 => generated 0 bytes in 132 msecs (HTTP/1.1 200) 9 headers in 355 bytes (1 switches on core 0)
Feb 11 14:05:10.507935 n-d-828407-1 devstack@n-api.service[124720]: DEBUG nova.api.openstack.wsgi [None req-b3183988-2250-4047-8866-a42f5192519b tempest-AggregatesAdminTestV241-652089762 tempest-AggregatesAdminTestV241-652089762-project-admin] Calling method '>' {{(pid=124720) _process_stack /opt/stack/nova/nova/api/openstack/wsgi.py:513}}
Feb 11 14:05:10.508937 n-d-828407-1 devstack@n-api.service[124720]: /usr/local/lib/python3.8/dist-packages/oslo_policy/policy.py:1075: UserWarning: Policy os_compute_api:os-aggregates:show failed scope check. The token used to make the request was project scoped but the policy requires ['system'] scope. This behavior may change in the future where using the intended scope is required
Feb 11 14:05:10.508937 n-d-828407-1 devstack@n-api.service[124720]: warnings.warn(msg)
Feb 11 14:05:10.519317 n-d-828407-1 devstack@n-api.service[124720]: INFO nova.api.openstack.requestlog [None req-b3183988-2250-4047-8866-a42f5192519b tempest-AggregatesAdminTestV241-652089762 tempest-AggregatesAdminTestV241-652089762-project-admin] 10.222.0.31 "GET /compute/v2.1/os-aggregates/10" status: 200 len: 299 microversion: 2.41 time: 0.018981
Feb 11 14:05:10.520053 n-d-828407-1 devstack@n-api.service[124720]: [pid: 124720|app: 0|req: 123/278] 10.222.0.31 () {60 vars in 1192 bytes} [Fri Feb 11 14:05:10 2022] GET /compute/v2.1/os-aggregates/10 => generated 299 bytes in 26 msecs (HTTP/1.1 200) 9 headers in 359 bytes (1 switches on core 0)
Feb 11 14:05:10.524273 n-d-828407-1 devstack@n-api.service[124720]: DEBUG nova.api.openstack.wsgi [None req-0d4ed778-9b6d-45aa-afd5-22691e4cbabd tempest-ServersAdminNegativeTestJSON-1865079963 tempest-ServersAdminNegativeTestJSON-1865079963-project] Calling method '>' {{(pid=124720) _process_stack /opt/stack/nova/nova/api/openstack/wsgi.py:513}}
Feb 11 14:05:10.524918 n-d-828407-1 devstack@n-api.service[124720]: DEBUG nova.compute.api [None req-0d4ed778-9b6d-45aa-afd5-22691e4cbabd tempest-ServersAdminNegativeTestJSON-1865079963 tempest-ServersAdminNegativeTestJSON-1865079963-project] [instance: 7e8d10a3-7474-442b-b702-630a124d479a] Fetching instance by UUID {{(pid=124720) get /opt/stack/nova/nova/compute/api.py:2863}}
Feb 11 14:05:10.531499 n-d-828407-1 devstack@n-api.service[124720]: DEBUG oslo_concurrency.lockutils [None req-0d4ed778-9b6d-45aa-afd5-22691e4cbabd tempest-ServersAdminNegativeTestJSON-1865079963 tempest-ServersAdminNegativeTestJSON-1865079963-project] Lock "f18bb6e2-e863-45bf-b409-e509b6a28995" acquired by "nova.context.set_target_cell..get_or_set_cached_cell_and_set_connections" :: waited 0.000s {{(pid=124720) inner /usr/local/lib/python3.8/dist-packages/oslo_concurrency/lockutils.py:355}}
Feb 11 14:05:10.533759 n-d-828407-1 devstack@n-api.service[124720]: DEBUG oslo_concurrency.lockutils [None req-0d4ed778-9b6d-45aa-afd5-22691e4cbabd tempest-ServersAdminNegativeTestJSON-1865079963 tempest-ServersAdminNegativeTestJSON-1865079963-project] Lock "f18bb6e2-e863-45bf-b409-e509b6a28995" released by "nova.context.set_target_cell..get_or_set_cached_cell_and_set_connections" :: held 0.001s {{(pid=124720) inner /usr/local/lib/python3.8/dist-packages/oslo_concurrency/lockutils.py:367}}
Feb 11 14:05:10.533759 n-d-828407-1 devstack@n-api.service[124720]: DEBUG oslo_concurrency.lockutils [None req-0d4ed778-9b6d-45aa-afd5-22691e4cbabd tempest-ServersAdminNegativeTestJSON-1865079963 tempest-ServersAdminNegativeTestJSON-1865079963-project] Lock "f18bb6e2-e863-45bf-b409-e509b6a28995" acquired by "nova.context.set_target_cell..get_or_set_cached_cell_and_set_connections" :: waited 0.000s {{(pid=124720) inner /usr/local/lib/python3.8/dist-packages/oslo_concurrency/lockutils.py:355}}
Feb 11 14:05:10.533759 n-d-828407-1 devstack@n-api.service[124720]: DEBUG oslo_concurrency.lockutils [None req-0d4ed778-9b6d-45aa-afd5-22691e4cbabd tempest-ServersAdminNegativeTestJSON-1865079963 tempest-ServersAdminNegativeTestJSON-1865079963-project] Lock "f18bb6e2-e863-45bf-b409-e509b6a28995" released by "nova.context.set_target_cell..get_or_set_cached_cell_and_set_connections" :: held 0.000s {{(pid=124720) inner /usr/local/lib/python3.8/dist-packages/oslo_concurrency/lockutils.py:367}}
Feb 11 14:05:10.560327 n-d-828407-1 devstack@n-api.service[124719]: INFO nova.api.openstack.requestlog [None req-05e6a421-02fd-479b-8754-ee5ce31f3a9a tempest-AggregatesAdminTestJSON-1628413463 tempest-AggregatesAdminTestJSON-1628413463-project-admin] 10.222.0.31 "POST /compute/v2.1/os-aggregates" status: 200 len: 222 microversion: 2.1 time: 0.157407
Feb 11 14:05:10.563089 n-d-828407-1 devstack@n-api.service[124719]: [pid: 124719|app: 0|req: 156/279] 10.222.0.31 () {60 vars in 1164 bytes} [Fri Feb 11 14:05:10 2022] POST /compute/v2.1/os-aggregates => generated 222 bytes in 164 msecs (HTTP/1.1 200) 9 headers in 357 bytes (1 switches on core 0)
Feb 11 14:05:10.576020 n-d-828407-1 devstack@n-api.service[124719]: DEBUG nova.api.openstack.wsgi [None req-8ce67cc6-70fb-4345-b147-80a447fbf133 tempest-ServersOnMultiNodesTest-132871091 tempest-ServersOnMultiNodesTest-132871091-project] Calling method '>' {{(pid=124719) _process_stack /opt/stack/nova/nova/api/openstack/wsgi.py:513}}
Feb 11 14:05:10.578362 n-d-828407-1 devstack@n-api.service[124719]: DEBUG nova.compute.api [None req-8ce67cc6-70fb-4345-b147-80a447fbf133 tempest-ServersOnMultiNodesTest-132871091 tempest-ServersOnMultiNodesTest-132871091-project] [instance: f5c313a8-0b7b-41d5-811e-7d3d79eb29ff] Fetching instance by UUID {{(pid=124719) get /opt/stack/nova/nova/compute/api.py:2863}}
Feb 11 14:05:10.590633 n-d-828407-1 devstack@n-api.service[124719]: DEBUG oslo_concurrency.lockutils [None req-8ce67cc6-70fb-4345-b147-80a447fbf133 tempest-ServersOnMultiNodesTest-132871091 tempest-ServersOnMultiNodesTest-132871091-project] Lock "f18bb6e2-e863-45bf-b409-e509b6a28995" acquired by "nova.context.set_target_cell..get_or_set_cached_cell_and_set_connections" :: waited 0.000s {{(pid=124719) inner /usr/local/lib/python3.8/dist-packages/oslo_concurrency/lockutils.py:355}}
Feb 11 14:05:10.591314 n-d-828407-1 devstack@n-api.service[124719]: DEBUG oslo_concurrency.lockutils [None req-8ce67cc6-70fb-4345-b147-80a447fbf133 tempest-ServersOnMultiNodesTest-132871091 tempest-ServersOnMultiNodesTest-132871091-project] Lock "f18bb6e2-e863-45bf-b409-e509b6a28995" released by "nova.context.set_target_cell..get_or_set_cached_cell_and_set_connections" :: held 0.001s {{(pid=124719) inner /usr/local/lib/python3.8/dist-packages/oslo_concurrency/lockutils.py:367}}
Feb 11 14:05:10.592260 n-d-828407-1 devstack@n-api.service[124719]: DEBUG oslo_concurrency.lockutils [None req-8ce67cc6-70fb-4345-b147-80a447fbf133 tempest-ServersOnMultiNodesTest-132871091 tempest-ServersOnMultiNodesTest-132871091-project] Lock "f18bb6e2-e863-45bf-b409-e509b6a28995" acquired by "nova.context.set_target_cell..get_or_set_cached_cell_and_set_connections" :: waited 0.000s {{(pid=124719) inner /usr/local/lib/python3.8/dist-packages/oslo_concurrency/lockutils.py:355}}
Feb 11 14:05:10.593102 n-d-828407-1 devstack@n-api.service[124719]: DEBUG oslo_concurrency.lockutils [None req-8ce67cc6-70fb-4345-b147-80a447fbf133 tempest-ServersOnMultiNodesTest-132871091 tempest-ServersOnMultiNodesTest-132871091-project] Lock "f18bb6e2-e863-45bf-b409-e509b6a28995" released by "nova.context.set_target_cell..get_or_set_cached_cell_and_set_connections" :: held 0.001s {{(pid=124719) inner /usr/local/lib/python3.8/dist-packages/oslo_concurrency/lockutils.py:367}}
Feb 11 14:05:10.750397 n-d-828407-1 devstack@n-api.service[124720]: DEBUG nova.policy [None req-0d4ed778-9b6d-45aa-afd5-22691e4cbabd tempest-ServersAdminNegativeTestJSON-1865079963 tempest-ServersAdminNegativeTestJSON-1865079963-project] Policy check for os_compute_api:os-extended-server-attributes failed with credentials {'is_admin': False, 'user_id': 'ac5597079cab4081832e05be45cefab0', 'user_domain_id': 'default', 'system_scope': None, 'domain_id': None, 'project_id': 'df0ce294236241158f272abf402cb5ad', 'project_domain_id': 'default', 'roles': ['member', 'reader'], 'is_admin_project': True, 'service_user_id': None, 'service_user_domain_id': None, 'service_project_id': None, 'service_project_domain_id': None, 'service_roles': []} {{(pid=124720) authorize /opt/stack/nova/nova/policy.py:199}}
Feb 11 14:05:10.761209 n-d-828407-1 devstack@n-api.service[124720]: INFO nova.api.openstack.requestlog [None req-0d4ed778-9b6d-45aa-afd5-22691e4cbabd tempest-ServersAdminNegativeTestJSON-1865079963 tempest-ServersAdminNegativeTestJSON-1865079963-project] 10.222.0.31 "GET /compute/v2.1/servers/7e8d10a3-7474-442b-b702-630a124d479a" status: 200 len: 1321 microversion: 2.1 time: 0.238809
Feb 11 14:05:10.762251 n-d-828407-1 devstack@n-api.service[124720]: [pid: 124720|app: 0|req: 124/280] 10.222.0.31 () {58 vars in 1235 bytes} [Fri Feb 11 14:05:10 2022] GET /compute/v2.1/servers/7e8d10a3-7474-442b-b702-630a124d479a => generated 1321 bytes in 242 msecs (HTTP/1.1 200) 9 headers in 358 bytes (1 switches on core 0)
Feb 11 14:05:10.772047 n-d-828407-1 devstack@n-api.service[124720]: DEBUG nova.api.openstack.wsgi [None req-79587925-69a8-4208-9da0-8e167eec335a tempest-AggregatesAdminNegativeTestJSON-393025919 tempest-AggregatesAdminNegativeTestJSON-393025919-project-admin] Action: 'create', calling method: >, body: {"aggregate": {"name": "tempest-test_aggregate-510145625"}} {{(pid=124720) _process_stack /opt/stack/nova/nova/api/openstack/wsgi.py:511}}
Feb 11 14:05:10.772047 n-d-828407-1 devstack@n-api.service[124720]: /usr/local/lib/python3.8/dist-packages/oslo_policy/policy.py:1075: UserWarning: Policy os_compute_api:os-aggregates:create failed scope check. The token used to make the request was project scoped but the policy requires ['system'] scope. This behavior may change in the future where using the intended scope is required
Feb 11 14:05:10.772047 n-d-828407-1 devstack@n-api.service[124720]: warnings.warn(msg)
Feb 11 14:05:10.772047 n-d-828407-1 devstack@n-api.service[124720]: DEBUG nova.objects.aggregate [None req-79587925-69a8-4208-9da0-8e167eec335a tempest-AggregatesAdminNegativeTestJSON-393025919 tempest-AggregatesAdminNegativeTestJSON-393025919-project-admin] Generated uuid 7b3c416a-4ffe-4118-9ffa-a3fbdb46e9e2 for aggregate {{(pid=124720) create /opt/stack/nova/nova/objects/aggregate.py:298}}
Feb 11 14:05:10.878325 n-d-828407-1 devstack@n-api.service[124719]: DEBUG nova.policy [None req-8ce67cc6-70fb-4345-b147-80a447fbf133 tempest-ServersOnMultiNodesTest-132871091 tempest-ServersOnMultiNodesTest-132871091-project] Policy check for os_compute_api:os-extended-server-attributes failed with credentials {'is_admin': False, 'user_id': 'b6783abb35dd4bcf9ffde8abccdb15c5', 'user_domain_id': 'default', 'system_scope': None, 'domain_id': None, 'project_id': '67a390734a154bdab8e8fb9cf55c648e', 'project_domain_id': 'default', 'roles': ['member', 'reader'], 'is_admin_project': True, 'service_user_id': None, 'service_user_domain_id': None, 'service_project_id': None, 'service_project_domain_id': None, 'service_roles': []} {{(pid=124719) authorize /opt/stack/nova/nova/policy.py:199}}
Feb 11 14:05:10.903313 n-d-828407-1 devstack@n-api.service[124720]: INFO nova.api.openstack.requestlog [None req-79587925-69a8-4208-9da0-8e167eec335a tempest-AggregatesAdminNegativeTestJSON-393025919 tempest-AggregatesAdminNegativeTestJSON-393025919-project-admin] 10.222.0.31 "POST /compute/v2.1/os-aggregates" status: 200 len: 198 microversion: 2.1 time: 0.139897
Feb 11 14:05:10.904293 n-d-828407-1 devstack@n-api.service[124720]: [pid: 124720|app: 0|req: 125/281] 10.222.0.31 () {60 vars in 1163 bytes} [Fri Feb 11 14:05:10 2022] POST /compute/v2.1/os-aggregates => generated 198 bytes in 141 msecs (HTTP/1.1 200) 9 headers in 357 bytes (1 switches on core 0)
Feb 11 14:05:10.908596 n-d-828407-1 devstack@n-api.service[124719]: INFO nova.api.openstack.requestlog [None req-8ce67cc6-70fb-4345-b147-80a447fbf133 tempest-ServersOnMultiNodesTest-132871091 tempest-ServersOnMultiNodesTest-132871091-project] 10.222.0.31 "GET /compute/v2.1/servers/f5c313a8-0b7b-41d5-811e-7d3d79eb29ff" status: 200 len: 1467 microversion: 2.1 time: 0.337862
Feb 11 14:05:10.911791 n-d-828407-1 devstack@n-api.service[124720]: DEBUG nova.api.openstack.wsgi [None req-f700f3df-1be9-4f44-ab39-785f56e214b6 tempest-AggregatesAdminTestV241-652089762 tempest-AggregatesAdminTestV241-652089762-project-admin] Action: 'action', calling method: >, body: {"add_host": {"host": "n-h2-828407-1"}} {{(pid=124720) _process_stack /opt/stack/nova/nova/api/openstack/wsgi.py:511}}
Feb 11 14:05:10.916281 n-d-828407-1 devstack@n-api.service[124719]: [pid: 124719|app: 0|req: 157/282] 10.222.0.31 () {58 vars in 1235 bytes} [Fri Feb 11 14:05:10 2022] GET /compute/v2.1/servers/f5c313a8-0b7b-41d5-811e-7d3d79eb29ff => generated 1467 bytes in 349 msecs (HTTP/1.1 200) 9 headers in 358 bytes (1 switches on core 0)
Feb 11 14:05:10.919998 n-d-828407-1 devstack@n-api.service[124720]: /usr/local/lib/python3.8/dist-packages/oslo_policy/policy.py:1075: UserWarning: Policy os_compute_api:os-aggregates:add_host failed scope check. The token used to make the request was project scoped but the policy requires ['system'] scope. This behavior may change in the future where using the intended scope is required
Feb 11 14:05:10.919998 n-d-828407-1 devstack@n-api.service[124720]: warnings.warn(msg)
Feb 11 14:05:10.922855 n-d-828407-1 devstack@n-api.service[124719]: DEBUG nova.api.openstack.wsgi [None req-c93f63ce-e6a6-4306-8cdf-1f0743f796a2 tempest-AggregatesAdminTestJSON-1628413463 tempest-AggregatesAdminTestJSON-1628413463-project-admin] Action: 'update', calling method: >, body: {"aggregate": {"name": "tempest-test_aggregate-425059635_new", "availability_zone": "tempest-test_az-1667725822_new"}} {{(pid=124719) _process_stack /opt/stack/nova/nova/api/openstack/wsgi.py:511}}
Feb 11 14:05:10.924452 n-d-828407-1 devstack@n-api.service[124719]: /usr/local/lib/python3.8/dist-packages/oslo_policy/policy.py:1075: UserWarning: Policy os_compute_api:os-aggregates:update failed scope check. The token used to make the request was project scoped but the policy requires ['system'] scope. This behavior may change in the future where using the intended scope is required
Feb 11 14:05:10.924452 n-d-828407-1 devstack@n-api.service[124719]: warnings.warn(msg)
Feb 11 14:05:10.934855 n-d-828407-1 devstack@n-api.service[124720]: DEBUG oslo_concurrency.lockutils [None req-f700f3df-1be9-4f44-ab39-785f56e214b6 tempest-AggregatesAdminTestV241-652089762 tempest-AggregatesAdminTestV241-652089762-project-admin] Lock "f18bb6e2-e863-45bf-b409-e509b6a28995" acquired by "nova.context.set_target_cell..get_or_set_cached_cell_and_set_connections" :: waited 0.000s {{(pid=124720) inner /usr/local/lib/python3.8/dist-packages/oslo_concurrency/lockutils.py:355}}
Feb 11 14:05:10.935309 n-d-828407-1 devstack@n-api.service[124720]: DEBUG oslo_concurrency.lockutils [None req-f700f3df-1be9-4f44-ab39-785f56e214b6 tempest-AggregatesAdminTestV241-652089762 tempest-AggregatesAdminTestV241-652089762-project-admin] Lock "f18bb6e2-e863-45bf-b409-e509b6a28995" released by "nova.context.set_target_cell..get_or_set_cached_cell_and_set_connections" :: held 0.001s {{(pid=124720) inner /usr/local/lib/python3.8/dist-packages/oslo_concurrency/lockutils.py:367}}
Feb 11 14:05:11.059025 n-d-828407-1 devstack@n-api.service[124719]: DEBUG oslo_concurrency.lockutils [None req-c93f63ce-e6a6-4306-8cdf-1f0743f796a2 tempest-AggregatesAdminTestJSON-1628413463 tempest-AggregatesAdminTestJSON-1628413463-project-admin] Lock "f18bb6e2-e863-45bf-b409-e509b6a28995" acquired by "nova.context.set_target_cell..get_or_set_cached_cell_and_set_connections" :: waited 0.000s {{(pid=124719) inner /usr/local/lib/python3.8/dist-packages/oslo_concurrency/lockutils.py:355}}
Feb 11 14:05:11.059472 n-d-828407-1 devstack@n-api.service[124719]: DEBUG oslo_concurrency.lockutils [None req-c93f63ce-e6a6-4306-8cdf-1f0743f796a2 tempest-AggregatesAdminTestJSON-1628413463 tempest-AggregatesAdminTestJSON-1628413463-project-admin] Lock "f18bb6e2-e863-45bf-b409-e509b6a28995" released by "nova.context.set_target_cell..get_or_set_cached_cell_and_set_connections" :: held 0.001s {{(pid=124719) inner /usr/local/lib/python3.8/dist-packages/oslo_concurrency/lockutils.py:367}}
Feb 11 14:05:11.141950 n-d-828407-1 devstack@n-api.service[124719]: INFO nova.api.openstack.requestlog [None req-c93f63ce-e6a6-4306-8cdf-1f0743f796a2 tempest-AggregatesAdminTestJSON-1628413463 tempest-AggregatesAdminTestJSON-1628413463-project-admin] 10.222.0.31 "PUT /compute/v2.1/os-aggregates/11" status: 200 len: 336 microversion: 2.1 time: 0.228305
Feb 11 14:05:11.148063 n-d-828407-1 devstack@n-api.service[124719]: [pid: 124719|app: 0|req: 158/283] 10.222.0.31 () {60 vars in 1172 bytes} [Fri Feb 11 14:05:10 2022] PUT /compute/v2.1/os-aggregates/11 => generated 336 bytes in 235 msecs (HTTP/1.1 200) 9 headers in 357 bytes (1 switches on core 0)
Feb 11 14:05:11.167631 n-d-828407-1 devstack@n-api.service[124719]: DEBUG nova.api.openstack.wsgi [req-d893b3f3-fb24-4e72-bddc-86db8c0dc8d3 req-591386f3-dcf9-4e1f-a73b-c5076be49d0e service nova] Action: 'create', calling method: >, body: {"events": [{"name": "network-changed", "server_uuid": "f4c7cb31-b6ce-41c0-859c-07c3de53206d", "tag": "55d7e763-c3ff-4693-8b9a-1180ddcfd270"}]} {{(pid=124719) _process_stack /opt/stack/nova/nova/api/openstack/wsgi.py:511}}
Feb 11 14:05:11.170572 n-d-828407-1 devstack@n-api.service[124719]: /usr/local/lib/python3.8/dist-packages/oslo_policy/policy.py:1075: UserWarning: Policy os_compute_api:os-server-external-events:create failed scope check. The token used to make the request was project scoped but the policy requires ['system'] scope. This behavior may change in the future where using the intended scope is required
Feb 11 14:05:11.170572 n-d-828407-1 devstack@n-api.service[124719]: warnings.warn(msg)
Feb 11 14:05:11.188708 n-d-828407-1 devstack@n-api.service[124719]: DEBUG oslo_concurrency.lockutils [req-d893b3f3-fb24-4e72-bddc-86db8c0dc8d3 req-591386f3-dcf9-4e1f-a73b-c5076be49d0e service nova] Lock "f18bb6e2-e863-45bf-b409-e509b6a28995" acquired by "nova.context.set_target_cell..get_or_set_cached_cell_and_set_connections" :: waited 0.000s {{(pid=124719) inner /usr/local/lib/python3.8/dist-packages/oslo_concurrency/lockutils.py:355}}
Feb 11 14:05:11.189191 n-d-828407-1 devstack@n-api.service[124719]: DEBUG oslo_concurrency.lockutils [req-d893b3f3-fb24-4e72-bddc-86db8c0dc8d3 req-591386f3-dcf9-4e1f-a73b-c5076be49d0e service nova] Lock "f18bb6e2-e863-45bf-b409-e509b6a28995" released by "nova.context.set_target_cell..get_or_set_cached_cell_and_set_connections" :: held 0.001s {{(pid=124719) inner /usr/local/lib/python3.8/dist-packages/oslo_concurrency/lockutils.py:367}}
Feb 11 14:05:11.210368 n-d-828407-1 devstack@n-api.service[124719]: INFO nova.api.openstack.compute.server_external_events [req-d893b3f3-fb24-4e72-bddc-86db8c0dc8d3 req-591386f3-dcf9-4e1f-a73b-c5076be49d0e service nova] Creating event network-changed:55d7e763-c3ff-4693-8b9a-1180ddcfd270 for instance f4c7cb31-b6ce-41c0-859c-07c3de53206d on n-h2-828407-1
Feb 11 14:05:11.216125 n-d-828407-1 devstack@n-api.service[124719]: INFO nova.api.openstack.requestlog [req-d893b3f3-fb24-4e72-bddc-86db8c0dc8d3 req-591386f3-dcf9-4e1f-a73b-c5076be49d0e service nova] 10.222.0.31 "POST /compute/v2.1/os-server-external-events" status: 200 len: 179 microversion: 2.1 time: 0.066656
Feb 11 14:05:11.217287 n-d-828407-1 devstack@n-api.service[124719]: [pid: 124719|app: 0|req: 159/284] 10.222.0.31 () {64 vars in 1317 bytes} [Fri Feb 11 14:05:11 2022] POST /compute/v2.1/os-server-external-events => generated 179 bytes in 69 msecs (HTTP/1.1 200) 9 headers in 357 bytes (1 switches on core 0)
Feb 11 14:05:11.223266 n-d-828407-1 devstack@n-api.service[124719]: DEBUG nova.api.openstack.wsgi [None req-a80903e4-d9da-4518-831a-03c05ac49b9b tempest-LiveMigrationNegativeTest-1435963368 tempest-LiveMigrationNegativeTest-1435963368-project] Calling method '>' {{(pid=124719) _process_stack /opt/stack/nova/nova/api/openstack/wsgi.py:513}}
Feb 11 14:05:11.223962 n-d-828407-1 devstack@n-api.service[124719]: DEBUG nova.compute.api [None req-a80903e4-d9da-4518-831a-03c05ac49b9b tempest-LiveMigrationNegativeTest-1435963368 tempest-LiveMigrationNegativeTest-1435963368-project] [instance: f4c7cb31-b6ce-41c0-859c-07c3de53206d] Fetching instance by UUID {{(pid=124719) get /opt/stack/nova/nova/compute/api.py:2863}}
Feb 11 14:05:11.230120 n-d-828407-1 devstack@n-api.service[124719]: DEBUG oslo_concurrency.lockutils [None req-a80903e4-d9da-4518-831a-03c05ac49b9b tempest-LiveMigrationNegativeTest-1435963368 tempest-LiveMigrationNegativeTest-1435963368-project] Lock "f18bb6e2-e863-45bf-b409-e509b6a28995" acquired by "nova.context.set_target_cell..get_or_set_cached_cell_and_set_connections" :: waited 0.000s {{(pid=124719) inner /usr/local/lib/python3.8/dist-packages/oslo_concurrency/lockutils.py:355}}
Feb 11 14:05:11.230571 n-d-828407-1 devstack@n-api.service[124719]: DEBUG oslo_concurrency.lockutils [None req-a80903e4-d9da-4518-831a-03c05ac49b9b tempest-LiveMigrationNegativeTest-1435963368 tempest-LiveMigrationNegativeTest-1435963368-project] Lock "f18bb6e2-e863-45bf-b409-e509b6a28995" released by "nova.context.set_target_cell..get_or_set_cached_cell_and_set_connections" :: held 0.001s {{(pid=124719) inner /usr/local/lib/python3.8/dist-packages/oslo_concurrency/lockutils.py:367}}
Feb 11 14:05:11.231346 n-d-828407-1 devstack@n-api.service[124719]: DEBUG oslo_concurrency.lockutils [None req-a80903e4-d9da-4518-831a-03c05ac49b9b tempest-LiveMigrationNegativeTest-1435963368 tempest-LiveMigrationNegativeTest-1435963368-project] Lock "f18bb6e2-e863-45bf-b409-e509b6a28995" acquired by "nova.context.set_target_cell..get_or_set_cached_cell_and_set_connections" :: waited 0.000s {{(pid=124719) inner /usr/local/lib/python3.8/dist-packages/oslo_concurrency/lockutils.py:355}}
Feb 11 14:05:11.231781 n-d-828407-1 devstack@n-api.service[124719]: DEBUG oslo_concurrency.lockutils [None req-a80903e4-d9da-4518-831a-03c05ac49b9b tempest-LiveMigrationNegativeTest-1435963368 tempest-LiveMigrationNegativeTest-1435963368-project] Lock "f18bb6e2-e863-45bf-b409-e509b6a28995" released by "nova.context.set_target_cell..get_or_set_cached_cell_and_set_connections" :: held 0.000s {{(pid=124719) inner /usr/local/lib/python3.8/dist-packages/oslo_concurrency/lockutils.py:367}}
Feb 11 14:05:11.260088 n-d-828407-1 devstack@n-api.service[124720]: INFO nova.api.openstack.requestlog [None req-f700f3df-1be9-4f44-ab39-785f56e214b6 tempest-AggregatesAdminTestV241-652089762 tempest-AggregatesAdminTestV241-652089762-project-admin] 10.222.0.31 "POST /compute/v2.1/os-aggregates/10/action" status: 200 len: 314 microversion: 2.41 time: 0.354514
Feb 11 14:05:11.261634 n-d-828407-1 devstack@n-api.service[124720]: [pid: 124720|app: 0|req: 126/285] 10.222.0.31 () {62 vars in 1234 bytes} [Fri Feb 11 14:05:10 2022] POST /compute/v2.1/os-aggregates/10/action => generated 314 bytes in 356 msecs (HTTP/1.1 200) 9 headers in 359 bytes (1 switches on core 0)
Feb 11 14:05:11.384246 n-d-828407-1 devstack@n-api.service[124720]: DEBUG nova.api.openstack.wsgi [None req-42ef1881-1598-4215-af95-d2d383b2d2a9 tempest-HypervisorAdminV228Test-1397040298 tempest-HypervisorAdminV228Test-1397040298-project-admin] Calling method '.version_select at 0x7fe2e9b5fc10>' {{(pid=124720) _process_stack /opt/stack/nova/nova/api/openstack/wsgi.py:513}}
Feb 11 14:05:11.385387 n-d-828407-1 devstack@n-api.service[124720]: /usr/local/lib/python3.8/dist-packages/oslo_policy/policy.py:1075: UserWarning: Policy os_compute_api:os-hypervisors:list failed scope check. The token used to make the request was project scoped but the policy requires ['system'] scope. This behavior may change in the future where using the intended scope is required
Feb 11 14:05:11.385387 n-d-828407-1 devstack@n-api.service[124720]: warnings.warn(msg)
Feb 11 14:05:11.387170 n-d-828407-1 devstack@n-api.service[124720]: DEBUG oslo_concurrency.lockutils [None req-42ef1881-1598-4215-af95-d2d383b2d2a9 tempest-HypervisorAdminV228Test-1397040298 tempest-HypervisorAdminV228Test-1397040298-project-admin] Lock "f18bb6e2-e863-45bf-b409-e509b6a28995" acquired by "nova.context.set_target_cell..get_or_set_cached_cell_and_set_connections" :: waited 0.000s {{(pid=124720) inner /usr/local/lib/python3.8/dist-packages/oslo_concurrency/lockutils.py:355}}
Feb 11 14:05:11.387804 n-d-828407-1 devstack@n-api.service[124720]: DEBUG oslo_concurrency.lockutils [None req-42ef1881-1598-4215-af95-d2d383b2d2a9 tempest-HypervisorAdminV228Test-1397040298 tempest-HypervisorAdminV228Test-1397040298-project-admin] Lock "f18bb6e2-e863-45bf-b409-e509b6a28995" released by "nova.context.set_target_cell..get_or_set_cached_cell_and_set_connections" :: held 0.001s {{(pid=124720) inner /usr/local/lib/python3.8/dist-packages/oslo_concurrency/lockutils.py:367}}
Feb 11 14:05:11.402989 n-d-828407-1 devstack@n-api.service[124720]: DEBUG oslo_concurrency.lockutils [None req-42ef1881-1598-4215-af95-d2d383b2d2a9 tempest-HypervisorAdminV228Test-1397040298 tempest-HypervisorAdminV228Test-1397040298-project-admin] Lock "f18bb6e2-e863-45bf-b409-e509b6a28995" acquired by "nova.context.set_target_cell..get_or_set_cached_cell_and_set_connections" :: waited 0.000s {{(pid=124720) inner /usr/local/lib/python3.8/dist-packages/oslo_concurrency/lockutils.py:355}}
Feb 11 14:05:11.403758 n-d-828407-1 devstack@n-api.service[124720]: DEBUG oslo_concurrency.lockutils [None req-42ef1881-1598-4215-af95-d2d383b2d2a9 tempest-HypervisorAdminV228Test-1397040298 tempest-HypervisorAdminV228Test-1397040298-project-admin] Lock "f18bb6e2-e863-45bf-b409-e509b6a28995" released by "nova.context.set_target_cell..get_or_set_cached_cell_and_set_connections" :: held 0.001s {{(pid=124720) inner /usr/local/lib/python3.8/dist-packages/oslo_concurrency/lockutils.py:367}}
Feb 11 14:05:11.416866 n-d-828407-1 devstack@n-api.service[124720]: DEBUG oslo_concurrency.lockutils [None req-42ef1881-1598-4215-af95-d2d383b2d2a9 tempest-HypervisorAdminV228Test-1397040298 tempest-HypervisorAdminV228Test-1397040298-project-admin] Lock "f18bb6e2-e863-45bf-b409-e509b6a28995" acquired by "nova.context.set_target_cell..get_or_set_cached_cell_and_set_connections" :: waited 0.000s {{(pid=124720) inner /usr/local/lib/python3.8/dist-packages/oslo_concurrency/lockutils.py:355}}
Feb 11 14:05:11.417319 n-d-828407-1 devstack@n-api.service[124720]: DEBUG oslo_concurrency.lockutils [None req-42ef1881-1598-4215-af95-d2d383b2d2a9 tempest-HypervisorAdminV228Test-1397040298 tempest-HypervisorAdminV228Test-1397040298-project-admin] Lock "f18bb6e2-e863-45bf-b409-e509b6a28995" released by "nova.context.set_target_cell..get_or_set_cached_cell_and_set_connections" :: held 0.001s {{(pid=124720) inner /usr/local/lib/python3.8/dist-packages/oslo_concurrency/lockutils.py:367}}
Feb 11 14:05:11.423397 n-d-828407-1 devstack@n-api.service[124720]: INFO nova.api.openstack.requestlog [None req-42ef1881-1598-4215-af95-d2d383b2d2a9 tempest-HypervisorAdminV228Test-1397040298 tempest-HypervisorAdminV228Test-1397040298-project-admin] 10.222.0.31 "GET /compute/v2.1/os-hypervisors" status: 200 len: 191 microversion: 2.28 time: 0.160453
Feb 11 14:05:11.424192 n-d-828407-1 devstack@n-api.service[124720]: [pid: 124720|app: 0|req: 127/286] 10.222.0.31 () {60 vars in 1186 bytes} [Fri Feb 11 14:05:11 2022] GET /compute/v2.1/os-hypervisors => generated 191 bytes in 162 msecs (HTTP/1.1 200) 9 headers in 359 bytes (1 switches on core 0)
Feb 11 14:05:11.429128 n-d-828407-1 devstack@n-api.service[124720]: DEBUG nova.api.openstack.wsgi [None req-a6b2a1e7-8129-41ca-b7b0-33de175aae27 tempest-AggregatesAdminNegativeTestJSON-393025919 tempest-AggregatesAdminNegativeTestJSON-393025919-project-admin] Action: 'action', calling method: >, body: {"add_host": {"host": "tempest-nonexist_host-707392036"}} {{(pid=124720) _process_stack /opt/stack/nova/nova/api/openstack/wsgi.py:511}}
Feb 11 14:05:11.430638 n-d-828407-1 devstack@n-api.service[124720]: /usr/local/lib/python3.8/dist-packages/oslo_policy/policy.py:1075: UserWarning: Policy os_compute_api:os-aggregates:add_host failed scope check. The token used to make the request was project scoped but the policy requires ['system'] scope. This behavior may change in the future where using the intended scope is required
Feb 11 14:05:11.430638 n-d-828407-1 devstack@n-api.service[124720]: warnings.warn(msg)
Feb 11 14:05:11.439328 n-d-828407-1 devstack@n-api.service[124720]: DEBUG oslo_concurrency.lockutils [None req-a6b2a1e7-8129-41ca-b7b0-33de175aae27 tempest-AggregatesAdminNegativeTestJSON-393025919 tempest-AggregatesAdminNegativeTestJSON-393025919-project-admin] Lock "00000000-0000-0000-0000-000000000000" acquired by "nova.context.set_target_cell..get_or_set_cached_cell_and_set_connections" :: waited 0.000s {{(pid=124720) inner /usr/local/lib/python3.8/dist-packages/oslo_concurrency/lockutils.py:355}}
Feb 11 14:05:11.440011 n-d-828407-1 devstack@n-api.service[124720]: DEBUG oslo_concurrency.lockutils [None req-a6b2a1e7-8129-41ca-b7b0-33de175aae27 tempest-AggregatesAdminNegativeTestJSON-393025919 tempest-AggregatesAdminNegativeTestJSON-393025919-project-admin] Lock "00000000-0000-0000-0000-000000000000" released by "nova.context.set_target_cell..get_or_set_cached_cell_and_set_connections" :: held 0.001s {{(pid=124720) inner /usr/local/lib/python3.8/dist-packages/oslo_concurrency/lockutils.py:367}}
Feb 11 14:05:11.442502 n-d-828407-1 devstack@n-api.service[124719]: DEBUG nova.policy [None req-a80903e4-d9da-4518-831a-03c05ac49b9b tempest-LiveMigrationNegativeTest-1435963368 tempest-LiveMigrationNegativeTest-1435963368-project] Policy check for os_compute_api:os-extended-server-attributes failed with credentials {'is_admin': False, 'user_id': 'e911871ca8c84c929c88ece97d1bb65b', 'user_domain_id': 'default', 'system_scope': None, 'domain_id': None, 'project_id': '24248a31d83541ebab62f0d14a493aa3', 'project_domain_id': 'default', 'roles': ['member', 'reader'], 'is_admin_project': True, 'service_user_id': None, 'service_user_domain_id': None, 'service_project_id': None, 'service_project_domain_id': None, 'service_roles': []} {{(pid=124719) authorize /opt/stack/nova/nova/policy.py:199}}
Feb 11 14:05:11.452139 n-d-828407-1 devstack@n-api.service[124720]: DEBUG oslo_concurrency.lockutils [None req-a6b2a1e7-8129-41ca-b7b0-33de175aae27 tempest-AggregatesAdminNegativeTestJSON-393025919 tempest-AggregatesAdminNegativeTestJSON-393025919-project-admin] Lock "f18bb6e2-e863-45bf-b409-e509b6a28995" acquired by "nova.context.set_target_cell..get_or_set_cached_cell_and_set_connections" :: waited 0.000s {{(pid=124720) inner /usr/local/lib/python3.8/dist-packages/oslo_concurrency/lockutils.py:355}}
Feb 11 14:05:11.452641 n-d-828407-1 devstack@n-api.service[124720]: DEBUG oslo_concurrency.lockutils [None req-a6b2a1e7-8129-41ca-b7b0-33de175aae27 tempest-AggregatesAdminNegativeTestJSON-393025919 tempest-AggregatesAdminNegativeTestJSON-393025919-project-admin] Lock "f18bb6e2-e863-45bf-b409-e509b6a28995" released by "nova.context.set_target_cell..get_or_set_cached_cell_and_set_connections" :: held 0.001s {{(pid=124720) inner /usr/local/lib/python3.8/dist-packages/oslo_concurrency/lockutils.py:367}}
Feb 11 14:05:11.457071 n-d-828407-1 devstack@n-api.service[124719]: INFO nova.api.openstack.requestlog [None req-a80903e4-d9da-4518-831a-03c05ac49b9b tempest-LiveMigrationNegativeTest-1435963368 tempest-LiveMigrationNegativeTest-1435963368-project] 10.222.0.31 "GET /compute/v2.1/servers/f4c7cb31-b6ce-41c0-859c-07c3de53206d" status: 200 len: 1319 microversion: 2.1 time: 0.236929
Feb 11 14:05:11.457669 n-d-828407-1 devstack@n-api.service[124719]: [pid: 124719|app: 0|req: 160/287] 10.222.0.31 () {58 vars in 1235 bytes} [Fri Feb 11 14:05:11 2022] GET /compute/v2.1/servers/f4c7cb31-b6ce-41c0-859c-07c3de53206d => generated 1319 bytes in 240 msecs (HTTP/1.1 200) 9 headers in 358 bytes (1 switches on core 0)
Feb 11 14:05:11.462282 n-d-828407-1 devstack@n-api.service[124720]: INFO nova.api.openstack.wsgi [None req-a6b2a1e7-8129-41ca-b7b0-33de175aae27 tempest-AggregatesAdminNegativeTestJSON-393025919 tempest-AggregatesAdminNegativeTestJSON-393025919-project-admin] HTTP exception thrown: Compute host tempest-nonexist_host-707392036 could not be found.
Feb 11 14:05:11.462894 n-d-828407-1 devstack@n-api.service[124720]: DEBUG nova.api.openstack.wsgi [None req-a6b2a1e7-8129-41ca-b7b0-33de175aae27 tempest-AggregatesAdminNegativeTestJSON-393025919 tempest-AggregatesAdminNegativeTestJSON-393025919-project-admin] Returning 404 to user: Compute host tempest-nonexist_host-707392036 could not be found. {{(pid=124720) __call__ /opt/stack/nova/nova/api/openstack/wsgi.py:936}}
Feb 11 14:05:11.464258 n-d-828407-1 devstack@n-api.service[124720]: INFO nova.api.openstack.requestlog [None req-a6b2a1e7-8129-41ca-b7b0-33de175aae27 tempest-AggregatesAdminNegativeTestJSON-393025919 tempest-AggregatesAdminNegativeTestJSON-393025919-project-admin] 10.222.0.31 "POST /compute/v2.1/os-aggregates/12/action" status: 404 len: 110 microversion: 2.1 time: 0.038624
Feb 11 14:05:11.465319 n-d-828407-1 devstack@n-api.service[124720]: [pid: 124720|app: 0|req: 128/288] 10.222.0.31 () {60 vars in 1193 bytes} [Fri Feb 11 14:05:11 2022] POST /compute/v2.1/os-aggregates/12/action => generated 110 bytes in 40 msecs (HTTP/1.1 404) 9 headers in 379 bytes (1 switches on core 0)
Feb 11 14:05:11.473598 n-d-828407-1 devstack@n-api.service[124720]: DEBUG nova.api.openstack.wsgi [None req-e2057111-0311-4ae3-ad5b-c6f5d524aad5 tempest-AggregatesAdminTestJSON-1628413463 tempest-AggregatesAdminTestJSON-1628413463-project-admin] Calling method '>' {{(pid=124720) _process_stack /opt/stack/nova/nova/api/openstack/wsgi.py:513}}
Feb 11 14:05:11.474586 n-d-828407-1 devstack@n-api.service[124720]: /usr/local/lib/python3.8/dist-packages/oslo_policy/policy.py:1075: UserWarning: Policy os_compute_api:os-aggregates:index failed scope check. The token used to make the request was project scoped but the policy requires ['system'] scope. This behavior may change in the future where using the intended scope is required
Feb 11 14:05:11.474586 n-d-828407-1 devstack@n-api.service[124720]: warnings.warn(msg)
Feb 11 14:05:11.483625 n-d-828407-1 devstack@n-api.service[124720]: INFO nova.api.openstack.requestlog [None req-e2057111-0311-4ae3-ad5b-c6f5d524aad5 tempest-AggregatesAdminTestJSON-1628413463 tempest-AggregatesAdminTestJSON-1628413463-project-admin] 10.222.0.31 "GET /compute/v2.1/os-aggregates" status: 200 len: 806 microversion: 2.1 time: 0.016614
Feb 11 14:05:11.484537 n-d-828407-1 devstack@n-api.service[124720]: [pid: 124720|app: 0|req: 129/289] 10.222.0.31 () {58 vars in 1142 bytes} [Fri Feb 11 14:05:11 2022] GET /compute/v2.1/os-aggregates => generated 806 bytes in 18 msecs (HTTP/1.1 200) 9 headers in 357 bytes (1 switches on core 0)
Feb 11 14:05:11.489632 n-d-828407-1 devstack@n-api.service[124720]: DEBUG nova.api.openstack.wsgi [None req-57e21a5c-44cd-4d1f-abfa-f49cc843ab75 tempest-AggregatesAdminTestV241-652089762 tempest-AggregatesAdminTestV241-652089762-project-admin] Action: 'action', calling method: >, body: {"remove_host": {"host": "n-h2-828407-1"}} {{(pid=124720) _process_stack /opt/stack/nova/nova/api/openstack/wsgi.py:511}}
Feb 11 14:05:11.491917 n-d-828407-1 devstack@n-api.service[124720]: /usr/local/lib/python3.8/dist-packages/oslo_policy/policy.py:1075: UserWarning: Policy os_compute_api:os-aggregates:remove_host failed scope check. The token used to make the request was project scoped but the policy requires ['system'] scope. This behavior may change in the future where using the intended scope is required
Feb 11 14:05:11.491917 n-d-828407-1 devstack@n-api.service[124720]: warnings.warn(msg)
Feb 11 14:05:11.502325 n-d-828407-1 devstack@n-api.service[124720]: DEBUG oslo_concurrency.lockutils [None req-57e21a5c-44cd-4d1f-abfa-f49cc843ab75 tempest-AggregatesAdminTestV241-652089762 tempest-AggregatesAdminTestV241-652089762-project-admin] Lock "f18bb6e2-e863-45bf-b409-e509b6a28995" acquired by "nova.context.set_target_cell..get_or_set_cached_cell_and_set_connections" :: waited 0.000s {{(pid=124720) inner /usr/local/lib/python3.8/dist-packages/oslo_concurrency/lockutils.py:355}}
Feb 11 14:05:11.502775 n-d-828407-1 devstack@n-api.service[124720]: DEBUG oslo_concurrency.lockutils [None req-57e21a5c-44cd-4d1f-abfa-f49cc843ab75 tempest-AggregatesAdminTestV241-652089762 tempest-AggregatesAdminTestV241-652089762-project-admin] Lock "f18bb6e2-e863-45bf-b409-e509b6a28995" released by "nova.context.set_target_cell..get_or_set_cached_cell_and_set_connections" :: held 0.001s {{(pid=124720) inner /usr/local/lib/python3.8/dist-packages/oslo_concurrency/lockutils.py:367}}
Feb 11 14:05:11.601605 n-d-828407-1 devstack@n-api.service[124719]: DEBUG nova.api.openstack.wsgi [None req-dbf5b8c9-22fb-4480-8528-55060219348c tempest-ServersOnMultiNodesTest-1302541903 tempest-ServersOnMultiNodesTest-1302541903-project-admin] Calling method '>' {{(pid=124719) _process_stack /opt/stack/nova/nova/api/openstack/wsgi.py:513}}
Feb 11 14:05:11.602220 n-d-828407-1 devstack@n-api.service[124719]: DEBUG nova.compute.api [None req-dbf5b8c9-22fb-4480-8528-55060219348c tempest-ServersOnMultiNodesTest-1302541903 tempest-ServersOnMultiNodesTest-1302541903-project-admin] [instance: f5c313a8-0b7b-41d5-811e-7d3d79eb29ff] Fetching instance by UUID {{(pid=124719) get /opt/stack/nova/nova/compute/api.py:2863}}
Feb 11 14:05:11.608413 n-d-828407-1 devstack@n-api.service[124719]: DEBUG oslo_concurrency.lockutils [None req-dbf5b8c9-22fb-4480-8528-55060219348c tempest-ServersOnMultiNodesTest-1302541903 tempest-ServersOnMultiNodesTest-1302541903-project-admin] Lock "f18bb6e2-e863-45bf-b409-e509b6a28995" acquired by "nova.context.set_target_cell..get_or_set_cached_cell_and_set_connections" :: waited 0.000s {{(pid=124719) inner /usr/local/lib/python3.8/dist-packages/oslo_concurrency/lockutils.py:355}}
Feb 11 14:05:11.608859 n-d-828407-1 devstack@n-api.service[124719]: DEBUG oslo_concurrency.lockutils [None req-dbf5b8c9-22fb-4480-8528-55060219348c tempest-ServersOnMultiNodesTest-1302541903 tempest-ServersOnMultiNodesTest-1302541903-project-admin] Lock "f18bb6e2-e863-45bf-b409-e509b6a28995" released by "nova.context.set_target_cell..get_or_set_cached_cell_and_set_connections" :: held 0.001s {{(pid=124719) inner /usr/local/lib/python3.8/dist-packages/oslo_concurrency/lockutils.py:367}}
Feb 11 14:05:11.609662 n-d-828407-1 devstack@n-api.service[124719]: DEBUG oslo_concurrency.lockutils [None req-dbf5b8c9-22fb-4480-8528-55060219348c tempest-ServersOnMultiNodesTest-1302541903 tempest-ServersOnMultiNodesTest-1302541903-project-admin] Lock "f18bb6e2-e863-45bf-b409-e509b6a28995" acquired by "nova.context.set_target_cell..get_or_set_cached_cell_and_set_connections" :: waited 0.000s {{(pid=124719) inner /usr/local/lib/python3.8/dist-packages/oslo_concurrency/lockutils.py:355}}
Feb 11 14:05:11.610094 n-d-828407-1 devstack@n-api.service[124719]: DEBUG oslo_concurrency.lockutils [None req-dbf5b8c9-22fb-4480-8528-55060219348c tempest-ServersOnMultiNodesTest-1302541903 tempest-ServersOnMultiNodesTest-1302541903-project-admin] Lock "f18bb6e2-e863-45bf-b409-e509b6a28995" released by "nova.context.set_target_cell..get_or_set_cached_cell_and_set_connections" :: held 0.000s {{(pid=124719) inner /usr/local/lib/python3.8/dist-packages/oslo_concurrency/lockutils.py:367}}
Feb 11 14:05:11.732153 n-d-828407-1 devstack@n-api.service[124720]: INFO nova.api.openstack.requestlog [None req-57e21a5c-44cd-4d1f-abfa-f49cc843ab75 tempest-AggregatesAdminTestV241-652089762 tempest-AggregatesAdminTestV241-652089762-project-admin] 10.222.0.31 "POST /compute/v2.1/os-aggregates/10/action" status: 200 len: 299 microversion: 2.41 time: 0.246356
Feb 11 14:05:11.738612 n-d-828407-1 devstack@n-api.service[124720]: [pid: 124720|app: 0|req: 130/290] 10.222.0.31 () {62 vars in 1234 bytes} [Fri Feb 11 14:05:11 2022] POST /compute/v2.1/os-aggregates/10/action => generated 299 bytes in 248 msecs (HTTP/1.1 200) 9 headers in 359 bytes (1 switches on core 0)
Feb 11 14:05:11.738612 n-d-828407-1 devstack@n-api.service[124720]: DEBUG nova.api.openstack.wsgi [None req-e2a96818-e234-45eb-8e39-e464004bcd81 tempest-DeleteServersAdminTestJSON-1949368979 tempest-DeleteServersAdminTestJSON-1949368979-project] Calling method '>' {{(pid=124720) _process_stack /opt/stack/nova/nova/api/openstack/wsgi.py:513}}
Feb 11 14:05:11.738612 n-d-828407-1 devstack@n-api.service[124720]: DEBUG nova.compute.api [None req-e2a96818-e234-45eb-8e39-e464004bcd81 tempest-DeleteServersAdminTestJSON-1949368979 tempest-DeleteServersAdminTestJSON-1949368979-project] [instance: 22bddc92-6388-4765-9476-7997fa784079] Fetching instance by UUID {{(pid=124720) get /opt/stack/nova/nova/compute/api.py:2863}}
Feb 11 14:05:11.744209 n-d-828407-1 devstack@n-api.service[124720]: DEBUG oslo_concurrency.lockutils [None req-e2a96818-e234-45eb-8e39-e464004bcd81 tempest-DeleteServersAdminTestJSON-1949368979 tempest-DeleteServersAdminTestJSON-1949368979-project] Lock "f18bb6e2-e863-45bf-b409-e509b6a28995" acquired by "nova.context.set_target_cell..get_or_set_cached_cell_and_set_connections" :: waited 0.000s {{(pid=124720) inner /usr/local/lib/python3.8/dist-packages/oslo_concurrency/lockutils.py:355}}
Feb 11 14:05:11.744653 n-d-828407-1 devstack@n-api.service[124720]: DEBUG oslo_concurrency.lockutils [None req-e2a96818-e234-45eb-8e39-e464004bcd81 tempest-DeleteServersAdminTestJSON-1949368979 tempest-DeleteServersAdminTestJSON-1949368979-project] Lock "f18bb6e2-e863-45bf-b409-e509b6a28995" released by "nova.context.set_target_cell..get_or_set_cached_cell_and_set_connections" :: held 0.001s {{(pid=124720) inner /usr/local/lib/python3.8/dist-packages/oslo_concurrency/lockutils.py:367}}
Feb 11 14:05:11.745519 n-d-828407-1 devstack@n-api.service[124720]: DEBUG oslo_concurrency.lockutils [None req-e2a96818-e234-45eb-8e39-e464004bcd81 tempest-DeleteServersAdminTestJSON-1949368979 tempest-DeleteServersAdminTestJSON-1949368979-project] Lock "f18bb6e2-e863-45bf-b409-e509b6a28995" acquired by "nova.context.set_target_cell..get_or_set_cached_cell_and_set_connections" :: waited 0.000s {{(pid=124720) inner /usr/local/lib/python3.8/dist-packages/oslo_concurrency/lockutils.py:355}}
Feb 11 14:05:11.746561 n-d-828407-1 devstack@n-api.service[124720]: DEBUG oslo_concurrency.lockutils [None req-e2a96818-e234-45eb-8e39-e464004bcd81 tempest-DeleteServersAdminTestJSON-1949368979 tempest-DeleteServersAdminTestJSON-1949368979-project] Lock "f18bb6e2-e863-45bf-b409-e509b6a28995" released by "nova.context.set_target_cell..get_or_set_cached_cell_and_set_connections" :: held 0.000s {{(pid=124720) inner /usr/local/lib/python3.8/dist-packages/oslo_concurrency/lockutils.py:367}}
Feb 11 14:05:11.875248 n-d-828407-1 devstack@n-api.service[124720]: DEBUG nova.policy [None req-e2a96818-e234-45eb-8e39-e464004bcd81 tempest-DeleteServersAdminTestJSON-1949368979 tempest-DeleteServersAdminTestJSON-1949368979-project] Policy check for os_compute_api:os-extended-server-attributes failed with credentials {'is_admin': False, 'user_id': '778b1ff8749f4ae9b2105ed4e3f3b0da', 'user_domain_id': 'default', 'system_scope': None, 'domain_id': None, 'project_id': '7933ad16717b49d69efeb3b5ef79ac0a', 'project_domain_id': 'default', 'roles': ['member', 'reader'], 'is_admin_project': True, 'service_user_id': None, 'service_user_domain_id': None, 'service_project_id': None, 'service_project_domain_id': None, 'service_roles': []} {{(pid=124720) authorize /opt/stack/nova/nova/policy.py:199}}
Feb 11 14:05:11.885500 n-d-828407-1 devstack@n-api.service[124720]: INFO nova.api.openstack.requestlog [None req-e2a96818-e234-45eb-8e39-e464004bcd81 tempest-DeleteServersAdminTestJSON-1949368979 tempest-DeleteServersAdminTestJSON-1949368979-project] 10.222.0.31 "GET /compute/v2.1/servers/22bddc92-6388-4765-9476-7997fa784079" status: 200 len: 1320 microversion: 2.1 time: 0.151393
Feb 11 14:05:11.889361 n-d-828407-1 devstack@n-api.service[124720]: [pid: 124720|app: 0|req: 131/291] 10.222.0.31 () {58 vars in 1235 bytes} [Fri Feb 11 14:05:11 2022] GET /compute/v2.1/servers/22bddc92-6388-4765-9476-7997fa784079 => generated 1320 bytes in 153 msecs (HTTP/1.1 200) 9 headers in 358 bytes (1 switches on core 0)
Feb 11 14:05:11.892159 n-d-828407-1 devstack@n-api.service[124720]: DEBUG nova.api.openstack.wsgi [None req-89d9374e-4814-432d-b868-d1eec2fdf005 tempest-HypervisorAdminV228Test-1397040298 tempest-HypervisorAdminV228Test-1397040298-project-admin] Calling method '.version_select at 0x7fe2e9bbfee0>' {{(pid=124720) _process_stack /opt/stack/nova/nova/api/openstack/wsgi.py:513}}
