Feb 09 14:19:50.286232 n-d-828374-2 devstack@n-api.service[102831]: DEBUG nova.api.openstack.wsgi [None req-564cdbdf-fceb-47a8-a27e-85f5d54a5931 admin admin] Action: 'create', calling method: >, body: {"flavor": {"id": "d1", "os-flavor-access:is_public": true, "ram": 512, "OS-FLV-EXT-DATA:ephemeral": 0, "name": "ds512M", "swap": 0, "vcpus": 1, "disk": 5, "rxtx_factor": 1.0}} {{(pid=102831) _process_stack /opt/stack/nova/nova/api/openstack/wsgi.py:511}}
Feb 09 14:19:50.304763 n-d-828374-2 devstack@n-api.service[102831]: /usr/local/lib/python3.8/dist-packages/oslo_policy/policy.py:1119: UserWarning: Policy "os_compute_api:os-flavor-manage:create": "rule:system_admin_api" failed scope check. The token used to make the request was project scoped but the policy requires ['system'] scope. This behavior may change in the future where using the intended scope is required
Feb 09 14:19:50.304763 n-d-828374-2 devstack@n-api.service[102831]: warnings.warn(msg)
Feb 09 14:19:50.398471 n-d-828374-2 devstack@n-api.service[102831]: INFO nova.api.openstack.requestlog [None req-564cdbdf-fceb-47a8-a27e-85f5d54a5931 admin admin] 10.222.0.94 "POST /compute/v2.1/flavors" status: 200 len: 404 microversion: 2.61 time: 0.215733
Feb 09 14:19:50.400396 n-d-828374-2 devstack@n-api.service[102831]: [pid: 102831|app: 0|req: 5/8] 10.222.0.94 () {64 vars in 1282 bytes} [Wed Feb 9 14:19:50 2022] POST /compute/v2.1/flavors => generated 404 bytes in 217 msecs (HTTP/1.1 200) 9 headers in 359 bytes (1 switches on core 0)
Feb 09 14:19:50.425896 n-d-828374-2 devstack@n-api.service[102830]: DEBUG nova.api.openstack.wsgi [None req-0bab1f2a-d985-4384-a595-380fcae90c82 admin admin] Action: 'create', calling method: >, body: {"extra_specs": {"hw_rng:allowed": "True"}} {{(pid=102830) _process_stack /opt/stack/nova/nova/api/openstack/wsgi.py:511}}
Feb 09 14:19:50.427415 n-d-828374-2 devstack@n-api.service[102830]: /usr/local/lib/python3.8/dist-packages/oslo_policy/policy.py:1119: UserWarning: Policy "os_compute_api:os-flavor-extra-specs:create": "rule:system_admin_api" failed scope check. The token used to make the request was project scoped but the policy requires ['system'] scope. This behavior may change in the future where using the intended scope is required
Feb 09 14:19:50.427415 n-d-828374-2 devstack@n-api.service[102830]: warnings.warn(msg)
Feb 09 14:19:50.554134 n-d-828374-2 devstack@n-api.service[102830]: INFO nova.api.openstack.requestlog [None req-0bab1f2a-d985-4384-a595-380fcae90c82 admin admin] 10.222.0.94 "POST /compute/v2.1/flavors/d1/os-extra_specs" status: 200 len: 43 microversion: 2.61 time: 0.132479
Feb 09 14:19:50.554853 n-d-828374-2 devstack@n-api.service[102830]: [pid: 102830|app: 0|req: 4/9] 10.222.0.94 () {64 vars in 1335 bytes} [Wed Feb 9 14:19:50 2022] POST /compute/v2.1/flavors/d1/os-extra_specs => generated 43 bytes in 134 msecs (HTTP/1.1 200) 9 headers in 358 bytes (1 switches on core 0)
Feb 09 14:19:53.113683 n-d-828374-2 devstack@n-api.service[102831]: DEBUG nova.api.openstack.wsgi [None req-564cdbdf-fceb-47a8-a27e-85f5d54a5931 admin admin] Calling method '>' {{(pid=102831) _process_stack /opt/stack/nova/nova/api/openstack/wsgi.py:513}}
Feb 09 14:19:53.115125 n-d-828374-2 devstack@n-api.service[102831]: INFO nova.api.openstack.requestlog [None req-564cdbdf-fceb-47a8-a27e-85f5d54a5931 admin admin] 10.222.0.94 "GET /compute/v2.1" status: 200 len: 388 microversion: 2.1 time: 0.001624
Feb 09 14:19:53.118949 n-d-828374-2 devstack@n-api.service[102831]: [pid: 102831|app: 0|req: 6/10] 10.222.0.94 () {54 vars in 930 bytes} [Wed Feb 9 14:19:53 2022] GET /compute/v2.1 => generated 388 bytes in 3 msecs (HTTP/1.1 200) 9 headers in 357 bytes (2 switches on core 0)
Feb 09 14:19:53.189184 n-d-828374-2 devstack@n-api.service[102830]: DEBUG nova.api.openstack.wsgi [None req-b49b4f1b-bb25-4899-8e5d-3355e4c68f39 admin admin] Action: 'create', calling method: >, body: {"flavor": {"name": "ds1G", "id": "d2", "OS-FLV-EXT-DATA:ephemeral": 0, "swap": 0, "ram": 1024, "rxtx_factor": 1.0, "disk": 10, "os-flavor-access:is_public": true, "vcpus": 1}} {{(pid=102830) _process_stack /opt/stack/nova/nova/api/openstack/wsgi.py:511}}
Feb 09 14:19:53.281617 n-d-828374-2 devstack@n-api.service[102830]: INFO nova.api.openstack.requestlog [None req-b49b4f1b-bb25-4899-8e5d-3355e4c68f39 admin admin] 10.222.0.94 "POST /compute/v2.1/flavors" status: 200 len: 404 microversion: 2.61 time: 0.154899
Feb 09 14:19:53.284823 n-d-828374-2 devstack@n-api.service[102830]: [pid: 102830|app: 0|req: 5/11] 10.222.0.94 () {64 vars in 1282 bytes} [Wed Feb 9 14:19:53 2022] POST /compute/v2.1/flavors => generated 404 bytes in 159 msecs (HTTP/1.1 200) 9 headers in 359 bytes (1 switches on core 0)
Feb 09 14:19:53.305466 n-d-828374-2 devstack@n-api.service[102831]: DEBUG nova.api.openstack.wsgi [None req-0c683a19-f11a-4ee0-99c2-e8e1b7e1ea0a admin admin] Action: 'create', calling method: >, body: {"extra_specs": {"hw_rng:allowed": "True"}} {{(pid=102831) _process_stack /opt/stack/nova/nova/api/openstack/wsgi.py:511}}
Feb 09 14:19:53.413775 n-d-828374-2 devstack@n-api.service[102831]: INFO nova.api.openstack.requestlog [None req-0c683a19-f11a-4ee0-99c2-e8e1b7e1ea0a admin admin] 10.222.0.94 "POST /compute/v2.1/flavors/d2/os-extra_specs" status: 200 len: 43 microversion: 2.61 time: 0.114172
Feb 09 14:19:53.417111 n-d-828374-2 devstack@n-api.service[102831]: [pid: 102831|app: 0|req: 7/12] 10.222.0.94 () {64 vars in 1335 bytes} [Wed Feb 9 14:19:53 2022] POST /compute/v2.1/flavors/d2/os-extra_specs => generated 43 bytes in 118 msecs (HTTP/1.1 200) 9 headers in 358 bytes (1 switches on core 0)
Feb 09 14:19:56.594593 n-d-828374-2 devstack@n-api.service[102830]: DEBUG nova.api.openstack.wsgi [None req-b49b4f1b-bb25-4899-8e5d-3355e4c68f39 admin admin] Calling method '>' {{(pid=102830) _process_stack /opt/stack/nova/nova/api/openstack/wsgi.py:513}}
Feb 09 14:19:56.596278 n-d-828374-2 devstack@n-api.service[102830]: INFO nova.api.openstack.requestlog [None req-b49b4f1b-bb25-4899-8e5d-3355e4c68f39 admin admin] 10.222.0.94 "GET /compute/v2.1" status: 200 len: 388 microversion: 2.1 time: 0.002180
Feb 09 14:19:56.597208 n-d-828374-2 devstack@n-api.service[102830]: [pid: 102830|app: 0|req: 6/13] 10.222.0.94 () {54 vars in 930 bytes} [Wed Feb 9 14:19:56 2022] GET /compute/v2.1 => generated 388 bytes in 3 msecs (HTTP/1.1 200) 9 headers in 357 bytes (2 switches on core 0)
Feb 09 14:19:56.666844 n-d-828374-2 devstack@n-api.service[102831]: DEBUG nova.api.openstack.wsgi [None req-aeec59f2-2eb0-470a-a3d1-0740574a0bef admin admin] Action: 'create', calling method: >, body: {"flavor": {"swap": 0, "disk": 10, "vcpus": 2, "os-flavor-access:is_public": true, "name": "ds2G", "id": "d3", "OS-FLV-EXT-DATA:ephemeral": 0, "rxtx_factor": 1.0, "ram": 2048}} {{(pid=102831) _process_stack /opt/stack/nova/nova/api/openstack/wsgi.py:511}}
Feb 09 14:19:56.749237 n-d-828374-2 devstack@n-api.service[102831]: INFO nova.api.openstack.requestlog [None req-aeec59f2-2eb0-470a-a3d1-0740574a0bef admin admin] 10.222.0.94 "POST /compute/v2.1/flavors" status: 200 len: 404 microversion: 2.61 time: 0.142437
Feb 09 14:19:56.762941 n-d-828374-2 devstack@n-api.service[102830]: DEBUG nova.api.openstack.wsgi [None req-0c6d020b-2fae-48da-a883-b6904d91dfd9 admin admin] Action: 'create', calling method: >, body: {"extra_specs": {"hw_rng:allowed": "True"}} {{(pid=102830) _process_stack /opt/stack/nova/nova/api/openstack/wsgi.py:511}}
Feb 09 14:19:56.770462 n-d-828374-2 devstack@n-api.service[102831]: [pid: 102831|app: 0|req: 8/14] 10.222.0.94 () {64 vars in 1282 bytes} [Wed Feb 9 14:19:56 2022] POST /compute/v2.1/flavors => generated 404 bytes in 164 msecs (HTTP/1.1 200) 9 headers in 359 bytes (1 switches on core 0)
Feb 09 14:19:56.862171 n-d-828374-2 devstack@n-api.service[102830]: INFO nova.api.openstack.requestlog [None req-0c6d020b-2fae-48da-a883-b6904d91dfd9 admin admin] 10.222.0.94 "POST /compute/v2.1/flavors/d3/os-extra_specs" status: 200 len: 43 microversion: 2.61 time: 0.102862
Feb 09 14:19:56.863797 n-d-828374-2 devstack@n-api.service[102830]: [pid: 102830|app: 0|req: 7/15] 10.222.0.94 () {64 vars in 1335 bytes} [Wed Feb 9 14:19:56 2022] POST /compute/v2.1/flavors/d3/os-extra_specs => generated 43 bytes in 105 msecs (HTTP/1.1 200) 9 headers in 358 bytes (1 switches on core 0)
Feb 09 14:19:59.606292 n-d-828374-2 devstack@n-api.service[102831]: DEBUG nova.api.openstack.wsgi [None req-aeec59f2-2eb0-470a-a3d1-0740574a0bef admin admin] Calling method '>' {{(pid=102831) _process_stack /opt/stack/nova/nova/api/openstack/wsgi.py:513}}
Feb 09 14:19:59.609297 n-d-828374-2 devstack@n-api.service[102831]: INFO nova.api.openstack.requestlog [None req-aeec59f2-2eb0-470a-a3d1-0740574a0bef admin admin] 10.222.0.94 "GET /compute/v2.1" status: 200 len: 388 microversion: 2.1 time: 0.002769
Feb 09 14:19:59.609638 n-d-828374-2 devstack@n-api.service[102831]: [pid: 102831|app: 0|req: 9/16] 10.222.0.94 () {54 vars in 930 bytes} [Wed Feb 9 14:19:59 2022] GET /compute/v2.1 => generated 388 bytes in 5 msecs (HTTP/1.1 200) 9 headers in 357 bytes (2 switches on core 0)
Feb 09 14:19:59.675572 n-d-828374-2 devstack@n-api.service[102830]: DEBUG nova.api.openstack.wsgi [None req-2bc8648b-3d6c-4908-b74a-9de4ca57515e admin admin] Action: 'create', calling method: >, body: {"flavor": {"vcpus": 4, "disk": 20, "OS-FLV-EXT-DATA:ephemeral": 0, "rxtx_factor": 1.0, "os-flavor-access:is_public": true, "name": "ds4G", "id": "d4", "swap": 0, "ram": 4096}} {{(pid=102830) _process_stack /opt/stack/nova/nova/api/openstack/wsgi.py:511}}
Feb 09 14:19:59.771619 n-d-828374-2 devstack@n-api.service[102830]: INFO nova.api.openstack.requestlog [None req-2bc8648b-3d6c-4908-b74a-9de4ca57515e admin admin] 10.222.0.94 "POST /compute/v2.1/flavors" status: 200 len: 404 microversion: 2.61 time: 0.149730
Feb 09 14:19:59.771619 n-d-828374-2 devstack@n-api.service[102830]: [pid: 102830|app: 0|req: 8/17] 10.222.0.94 () {64 vars in 1282 bytes} [Wed Feb 9 14:19:59 2022] POST /compute/v2.1/flavors => generated 404 bytes in 154 msecs (HTTP/1.1 200) 9 headers in 359 bytes (1 switches on core 0)
Feb 09 14:19:59.786150 n-d-828374-2 devstack@n-api.service[102831]: DEBUG nova.api.openstack.wsgi [None req-9ca01bc6-2ffb-4d94-870b-dedda914e569 admin admin] Action: 'create', calling method: >, body: {"extra_specs": {"hw_rng:allowed": "True"}} {{(pid=102831) _process_stack /opt/stack/nova/nova/api/openstack/wsgi.py:511}}
Feb 09 14:19:59.928229 n-d-828374-2 devstack@n-api.service[102831]: INFO nova.api.openstack.requestlog [None req-9ca01bc6-2ffb-4d94-870b-dedda914e569 admin admin] 10.222.0.94 "POST /compute/v2.1/flavors/d4/os-extra_specs" status: 200 len: 43 microversion: 2.61 time: 0.148671
Feb 09 14:19:59.930237 n-d-828374-2 devstack@n-api.service[102831]: [pid: 102831|app: 0|req: 10/18] 10.222.0.94 () {64 vars in 1335 bytes} [Wed Feb 9 14:19:59 2022] POST /compute/v2.1/flavors/d4/os-extra_specs => generated 43 bytes in 152 msecs (HTTP/1.1 200) 9 headers in 358 bytes (1 switches on core 0)
Feb 09 14:20:02.576965 n-d-828374-2 devstack@n-api.service[102830]: DEBUG nova.api.openstack.wsgi [None req-2bc8648b-3d6c-4908-b74a-9de4ca57515e admin admin] Calling method '>' {{(pid=102830) _process_stack /opt/stack/nova/nova/api/openstack/wsgi.py:513}}
Feb 09 14:20:02.578707 n-d-828374-2 devstack@n-api.service[102830]: INFO nova.api.openstack.requestlog [None req-2bc8648b-3d6c-4908-b74a-9de4ca57515e admin admin] 10.222.0.94 "GET /compute/v2.1" status: 200 len: 388 microversion: 2.1 time: 0.002256
Feb 09 14:20:02.579379 n-d-828374-2 devstack@n-api.service[102830]: [pid: 102830|app: 0|req: 9/19] 10.222.0.94 () {54 vars in 930 bytes} [Wed Feb 9 14:20:02 2022] GET /compute/v2.1 => generated 388 bytes in 3 msecs (HTTP/1.1 200) 9 headers in 357 bytes (2 switches on core 0)
Feb 09 14:20:02.644994 n-d-828374-2 devstack@n-api.service[102831]: DEBUG nova.api.openstack.wsgi [None req-2e44504f-7c9c-4e8d-9950-209151554db9 admin admin] Calling method '>' {{(pid=102831) _process_stack /opt/stack/nova/nova/api/openstack/wsgi.py:513}}
Feb 09 14:20:02.670795 n-d-828374-2 devstack@n-api.service[102831]: INFO nova.api.openstack.requestlog [None req-2e44504f-7c9c-4e8d-9950-209151554db9 admin admin] 10.222.0.94 "GET /compute/v2.1/flavors/detail?is_public=True" status: 200 len: 2106 microversion: 2.61 time: 0.084531
Feb 09 14:20:02.671976 n-d-828374-2 devstack@n-api.service[102831]: [pid: 102831|app: 0|req: 11/20] 10.222.0.94 () {60 vars in 1291 bytes} [Wed Feb 9 14:20:02 2022] GET /compute/v2.1/flavors/detail?is_public=True => generated 2106 bytes in 86 msecs (HTTP/1.1 200) 9 headers in 360 bytes (2 switches on core 0)
Feb 09 14:20:05.357657 n-d-828374-2 devstack@n-api.service[102830]: DEBUG nova.api.openstack.wsgi [None req-2bc8648b-3d6c-4908-b74a-9de4ca57515e admin admin] Calling method '>' {{(pid=102830) _process_stack /opt/stack/nova/nova/api/openstack/wsgi.py:513}}
Feb 09 14:20:05.358679 n-d-828374-2 devstack@n-api.service[102830]: INFO nova.api.openstack.requestlog [None req-2bc8648b-3d6c-4908-b74a-9de4ca57515e admin admin] 10.222.0.94 "GET /compute/v2.1" status: 200 len: 388 microversion: 2.1 time: 0.001439
Feb 09 14:20:05.359083 n-d-828374-2 devstack@n-api.service[102830]: [pid: 102830|app: 0|req: 10/21] 10.222.0.94 () {54 vars in 930 bytes} [Wed Feb 9 14:20:05 2022] GET /compute/v2.1 => generated 388 bytes in 2 msecs (HTTP/1.1 200) 9 headers in 357 bytes (1 switches on core 0)
Feb 09 14:20:05.454793 n-d-828374-2 devstack@n-api.service[102831]: DEBUG nova.api.openstack.wsgi [None req-bbca2522-688f-495a-81c1-c7b268543864 admin admin] Action: 'create', calling method: >, body: {"flavor": {"disk": 1, "swap": 0, "id": "1", "ram": 512, "rxtx_factor": 1.0, "OS-FLV-EXT-DATA:ephemeral": 0, "os-flavor-access:is_public": true, "name": "m1.tiny", "vcpus": 1}} {{(pid=102831) _process_stack /opt/stack/nova/nova/api/openstack/wsgi.py:511}}
Feb 09 14:20:05.554792 n-d-828374-2 devstack@n-api.service[102831]: INFO nova.api.openstack.requestlog [None req-bbca2522-688f-495a-81c1-c7b268543864 admin admin] 10.222.0.94 "POST /compute/v2.1/flavors" status: 200 len: 402 microversion: 2.61 time: 0.188244
Feb 09 14:20:05.555839 n-d-828374-2 devstack@n-api.service[102831]: [pid: 102831|app: 0|req: 12/22] 10.222.0.94 () {64 vars in 1282 bytes} [Wed Feb 9 14:20:05 2022] POST /compute/v2.1/flavors => generated 402 bytes in 190 msecs (HTTP/1.1 200) 9 headers in 359 bytes (2 switches on core 0)
Feb 09 14:20:05.568582 n-d-828374-2 devstack@n-api.service[102830]: DEBUG nova.api.openstack.wsgi [None req-ec28280a-c237-43b8-a2b7-4ffd6694536a admin admin] Action: 'create', calling method: >, body: {"extra_specs": {"hw_rng:allowed": "True"}} {{(pid=102830) _process_stack /opt/stack/nova/nova/api/openstack/wsgi.py:511}}
Feb 09 14:20:05.678929 n-d-828374-2 devstack@n-api.service[102830]: INFO nova.api.openstack.requestlog [None req-ec28280a-c237-43b8-a2b7-4ffd6694536a admin admin] 10.222.0.94 "POST /compute/v2.1/flavors/1/os-extra_specs" status: 200 len: 43 microversion: 2.61 time: 0.112890
Feb 09 14:20:05.702621 n-d-828374-2 devstack@n-api.service[102830]: [pid: 102830|app: 0|req: 11/23] 10.222.0.94 () {64 vars in 1332 bytes} [Wed Feb 9 14:20:05 2022] POST /compute/v2.1/flavors/1/os-extra_specs => generated 43 bytes in 139 msecs (HTTP/1.1 200) 9 headers in 358 bytes (2 switches on core 0)
Feb 09 14:20:08.868358 n-d-828374-2 devstack@n-api.service[102831]: DEBUG nova.api.openstack.wsgi [None req-bbca2522-688f-495a-81c1-c7b268543864 admin admin] Calling method '>' {{(pid=102831) _process_stack /opt/stack/nova/nova/api/openstack/wsgi.py:513}}
Feb 09 14:20:08.869521 n-d-828374-2 devstack@n-api.service[102831]: INFO nova.api.openstack.requestlog [None req-bbca2522-688f-495a-81c1-c7b268543864 admin admin] 10.222.0.94 "GET /compute/v2.1" status: 200 len: 388 microversion: 2.1 time: 0.002081
Feb 09 14:20:08.870502 n-d-828374-2 devstack@n-api.service[102831]: [pid: 102831|app: 0|req: 13/24] 10.222.0.94 () {54 vars in 930 bytes} [Wed Feb 9 14:20:08 2022] GET /compute/v2.1 => generated 388 bytes in 4 msecs (HTTP/1.1 200) 9 headers in 357 bytes (1 switches on core 0)
Feb 09 14:20:08.965478 n-d-828374-2 devstack@n-api.service[102830]: DEBUG nova.api.openstack.wsgi [None req-b1ea2a89-9bd9-45f4-aad0-54af4c254786 admin admin] Action: 'create', calling method: >, body: {"flavor": {"rxtx_factor": 1.0, "disk": 20, "OS-FLV-EXT-DATA:ephemeral": 0, "name": "m1.small", "ram": 2048, "os-flavor-access:is_public": true, "id": "2", "swap": 0, "vcpus": 1}} {{(pid=102830) _process_stack /opt/stack/nova/nova/api/openstack/wsgi.py:511}}
Feb 09 14:20:09.078195 n-d-828374-2 devstack@n-api.service[102830]: INFO nova.api.openstack.requestlog [None req-b1ea2a89-9bd9-45f4-aad0-54af4c254786 admin admin] 10.222.0.94 "POST /compute/v2.1/flavors" status: 200 len: 405 microversion: 2.61 time: 0.198923
Feb 09 14:20:09.086991 n-d-828374-2 devstack@n-api.service[102830]: [pid: 102830|app: 0|req: 12/25] 10.222.0.94 () {64 vars in 1282 bytes} [Wed Feb 9 14:20:08 2022] POST /compute/v2.1/flavors => generated 405 bytes in 202 msecs (HTTP/1.1 200) 9 headers in 359 bytes (1 switches on core 0)
Feb 09 14:20:09.092243 n-d-828374-2 devstack@n-api.service[102831]: DEBUG nova.api.openstack.wsgi [None req-9673d260-5b83-49bc-b055-e4792ea990d1 admin admin] Action: 'create', calling method: >, body: {"extra_specs": {"hw_rng:allowed": "True"}} {{(pid=102831) _process_stack /opt/stack/nova/nova/api/openstack/wsgi.py:511}}
Feb 09 14:20:09.183829 n-d-828374-2 devstack@n-api.service[102831]: INFO nova.api.openstack.requestlog [None req-9673d260-5b83-49bc-b055-e4792ea990d1 admin admin] 10.222.0.94 "POST /compute/v2.1/flavors/2/os-extra_specs" status: 200 len: 43 microversion: 2.61 time: 0.095247
Feb 09 14:20:09.184975 n-d-828374-2 devstack@n-api.service[102831]: [pid: 102831|app: 0|req: 14/26] 10.222.0.94 () {64 vars in 1332 bytes} [Wed Feb 9 14:20:09 2022] POST /compute/v2.1/flavors/2/os-extra_specs => generated 43 bytes in 97 msecs (HTTP/1.1 200) 9 headers in 358 bytes (1 switches on core 0)
Feb 09 14:20:11.720844 n-d-828374-2 devstack@n-api.service[102830]: DEBUG nova.api.openstack.wsgi [None req-b1ea2a89-9bd9-45f4-aad0-54af4c254786 admin admin] Calling method '>' {{(pid=102830) _process_stack /opt/stack/nova/nova/api/openstack/wsgi.py:513}}
Feb 09 14:20:11.723096 n-d-828374-2 devstack@n-api.service[102830]: INFO nova.api.openstack.requestlog [None req-b1ea2a89-9bd9-45f4-aad0-54af4c254786 admin admin] 10.222.0.94 "GET /compute/v2.1" status: 200 len: 388 microversion: 2.1 time: 0.003534
Feb 09 14:20:11.723692 n-d-828374-2 devstack@n-api.service[102830]: [pid: 102830|app: 0|req: 13/27] 10.222.0.94 () {54 vars in 930 bytes} [Wed Feb 9 14:20:11 2022] GET /compute/v2.1 => generated 388 bytes in 5 msecs (HTTP/1.1 200) 9 headers in 357 bytes (1 switches on core 0)
Feb 09 14:20:11.827892 n-d-828374-2 devstack@n-api.service[102831]: DEBUG nova.api.openstack.wsgi [None req-e0ebe53f-9ef8-4a8e-8b62-3bbb6f428176 admin admin] Action: 'create', calling method: >, body: {"flavor": {"os-flavor-access:is_public": true, "name": "m1.medium", "ram": 4096, "swap": 0, "vcpus": 2, "rxtx_factor": 1.0, "OS-FLV-EXT-DATA:ephemeral": 0, "disk": 40, "id": "3"}} {{(pid=102831) _process_stack /opt/stack/nova/nova/api/openstack/wsgi.py:511}}
Feb 09 14:20:12.003331 n-d-828374-2 devstack@n-api.service[102831]: INFO nova.api.openstack.requestlog [None req-e0ebe53f-9ef8-4a8e-8b62-3bbb6f428176 admin admin] 10.222.0.94 "POST /compute/v2.1/flavors" status: 200 len: 406 microversion: 2.61 time: 0.270444
Feb 09 14:20:12.004751 n-d-828374-2 devstack@n-api.service[102831]: [pid: 102831|app: 0|req: 15/28] 10.222.0.94 () {64 vars in 1282 bytes} [Wed Feb 9 14:20:11 2022] POST /compute/v2.1/flavors => generated 406 bytes in 273 msecs (HTTP/1.1 200) 9 headers in 359 bytes (2 switches on core 0)
Feb 09 14:20:12.024422 n-d-828374-2 devstack@n-api.service[102830]: DEBUG nova.api.openstack.wsgi [None req-f399bc79-67b9-44c7-a85d-12f474d412b6 admin admin] Action: 'create', calling method: >, body: {"extra_specs": {"hw_rng:allowed": "True"}} {{(pid=102830) _process_stack /opt/stack/nova/nova/api/openstack/wsgi.py:511}}
Feb 09 14:20:12.181589 n-d-828374-2 devstack@n-api.service[102830]: INFO nova.api.openstack.requestlog [None req-f399bc79-67b9-44c7-a85d-12f474d412b6 admin admin] 10.222.0.94 "POST /compute/v2.1/flavors/3/os-extra_specs" status: 200 len: 43 microversion: 2.61 time: 0.162040
Feb 09 14:20:12.192444 n-d-828374-2 devstack@n-api.service[102830]: [pid: 102830|app: 0|req: 14/29] 10.222.0.94 () {64 vars in 1332 bytes} [Wed Feb 9 14:20:12 2022] POST /compute/v2.1/flavors/3/os-extra_specs => generated 43 bytes in 164 msecs (HTTP/1.1 200) 9 headers in 358 bytes (2 switches on core 0)
Feb 09 14:20:14.726942 n-d-828374-2 devstack@n-api.service[102831]: DEBUG nova.api.openstack.wsgi [None req-e0ebe53f-9ef8-4a8e-8b62-3bbb6f428176 admin admin] Calling method '>' {{(pid=102831) _process_stack /opt/stack/nova/nova/api/openstack/wsgi.py:513}}
Feb 09 14:20:14.726942 n-d-828374-2 devstack@n-api.service[102831]: INFO nova.api.openstack.requestlog [None req-e0ebe53f-9ef8-4a8e-8b62-3bbb6f428176 admin admin] 10.222.0.94 "GET /compute/v2.1" status: 200 len: 388 microversion: 2.1 time: 0.002435
Feb 09 14:20:14.726942 n-d-828374-2 devstack@n-api.service[102831]: [pid: 102831|app: 0|req: 16/30] 10.222.0.94 () {54 vars in 930 bytes} [Wed Feb 9 14:20:14 2022] GET /compute/v2.1 => generated 388 bytes in 4 msecs (HTTP/1.1 200) 9 headers in 357 bytes (1 switches on core 0)
Feb 09 14:20:14.815627 n-d-828374-2 devstack@n-api.service[102830]: DEBUG nova.api.openstack.wsgi [None req-cd2a74b9-e2bc-4551-9463-ab034d3dfb0d admin admin] Action: 'create', calling method: >, body: {"flavor": {"ram": 8192, "rxtx_factor": 1.0, "id": "4", "vcpus": 4, "OS-FLV-EXT-DATA:ephemeral": 0, "swap": 0, "disk": 80, "os-flavor-access:is_public": true, "name": "m1.large"}} {{(pid=102830) _process_stack /opt/stack/nova/nova/api/openstack/wsgi.py:511}}
Feb 09 14:20:14.887501 n-d-828374-2 devstack@n-api.service[102830]: INFO nova.api.openstack.requestlog [None req-cd2a74b9-e2bc-4551-9463-ab034d3dfb0d admin admin] 10.222.0.94 "POST /compute/v2.1/flavors" status: 200 len: 405 microversion: 2.61 time: 0.151112
Feb 09 14:20:14.888283 n-d-828374-2 devstack@n-api.service[102830]: [pid: 102830|app: 0|req: 15/31] 10.222.0.94 () {64 vars in 1282 bytes} [Wed Feb 9 14:20:14 2022] POST /compute/v2.1/flavors => generated 405 bytes in 153 msecs (HTTP/1.1 200) 9 headers in 359 bytes (1 switches on core 0)
Feb 09 14:20:14.900734 n-d-828374-2 devstack@n-api.service[102831]: DEBUG nova.api.openstack.wsgi [None req-ff4c02a2-1f18-447e-8086-8ecd54da2f7d admin admin] Action: 'create', calling method: >, body: {"extra_specs": {"hw_rng:allowed": "True"}} {{(pid=102831) _process_stack /opt/stack/nova/nova/api/openstack/wsgi.py:511}}
Feb 09 14:20:14.999332 n-d-828374-2 devstack@n-api.service[102831]: INFO nova.api.openstack.requestlog [None req-ff4c02a2-1f18-447e-8086-8ecd54da2f7d admin admin] 10.222.0.94 "POST /compute/v2.1/flavors/4/os-extra_specs" status: 200 len: 43 microversion: 2.61 time: 0.102812
Feb 09 14:20:15.000022 n-d-828374-2 devstack@n-api.service[102831]: [pid: 102831|app: 0|req: 17/32] 10.222.0.94 () {64 vars in 1332 bytes} [Wed Feb 9 14:20:14 2022] POST /compute/v2.1/flavors/4/os-extra_specs => generated 43 bytes in 104 msecs (HTTP/1.1 200) 9 headers in 358 bytes (2 switches on core 0)
Feb 09 14:20:17.495000 n-d-828374-2 devstack@n-api.service[102830]: DEBUG nova.api.openstack.wsgi [None req-cd2a74b9-e2bc-4551-9463-ab034d3dfb0d admin admin] Calling method '>' {{(pid=102830) _process_stack /opt/stack/nova/nova/api/openstack/wsgi.py:513}}
Feb 09 14:20:17.496007 n-d-828374-2 devstack@n-api.service[102830]: INFO nova.api.openstack.requestlog [None req-cd2a74b9-e2bc-4551-9463-ab034d3dfb0d admin admin] 10.222.0.94 "GET /compute/v2.1" status: 200 len: 388 microversion: 2.1 time: 0.001453
Feb 09 14:20:17.496464 n-d-828374-2 devstack@n-api.service[102830]: [pid: 102830|app: 0|req: 16/33] 10.222.0.94 () {54 vars in 930 bytes} [Wed Feb 9 14:20:17 2022] GET /compute/v2.1 => generated 388 bytes in 2 msecs (HTTP/1.1 200) 9 headers in 357 bytes (2 switches on core 0)
Feb 09 14:20:17.563029 n-d-828374-2 devstack@n-api.service[102831]: DEBUG nova.api.openstack.wsgi [None req-e6b89f9d-3fe5-4ddb-8bb5-add28fc68908 admin admin] Action: 'create', calling method: >, body: {"flavor": {"os-flavor-access:is_public": true, "swap": 0, "vcpus": 8, "name": "m1.xlarge", "disk": 160, "id": "5", "ram": 16384, "rxtx_factor": 1.0, "OS-FLV-EXT-DATA:ephemeral": 0}} {{(pid=102831) _process_stack /opt/stack/nova/nova/api/openstack/wsgi.py:511}}
Feb 09 14:20:17.675171 n-d-828374-2 devstack@n-api.service[102831]: INFO nova.api.openstack.requestlog [None req-e6b89f9d-3fe5-4ddb-8bb5-add28fc68908 admin admin] 10.222.0.94 "POST /compute/v2.1/flavors" status: 200 len: 408 microversion: 2.61 time: 0.171673
Feb 09 14:20:17.677702 n-d-828374-2 devstack@n-api.service[102831]: [pid: 102831|app: 0|req: 18/34] 10.222.0.94 () {64 vars in 1282 bytes} [Wed Feb 9 14:20:17 2022] POST /compute/v2.1/flavors => generated 408 bytes in 173 msecs (HTTP/1.1 200) 9 headers in 359 bytes (1 switches on core 0)
Feb 09 14:20:17.689989 n-d-828374-2 devstack@n-api.service[102830]: DEBUG nova.api.openstack.wsgi [None req-65f360e4-0162-47cc-bdfa-3876f6aa5672 admin admin] Action: 'create', calling method: >, body: {"extra_specs": {"hw_rng:allowed": "True"}} {{(pid=102830) _process_stack /opt/stack/nova/nova/api/openstack/wsgi.py:511}}
Feb 09 14:20:17.778372 n-d-828374-2 devstack@n-api.service[102830]: INFO nova.api.openstack.requestlog [None req-65f360e4-0162-47cc-bdfa-3876f6aa5672 admin admin] 10.222.0.94 "POST /compute/v2.1/flavors/5/os-extra_specs" status: 200 len: 43 microversion: 2.61 time: 0.092875
Feb 09 14:20:17.778866 n-d-828374-2 devstack@n-api.service[102830]: [pid: 102830|app: 0|req: 17/35] 10.222.0.94 () {64 vars in 1332 bytes} [Wed Feb 9 14:20:17 2022] POST /compute/v2.1/flavors/5/os-extra_specs => generated 43 bytes in 95 msecs (HTTP/1.1 200) 9 headers in 358 bytes (2 switches on core 0)
Feb 09 14:20:47.006470 n-d-828374-2 devstack@n-api.service[102831]: DEBUG nova.api.openstack.wsgi [None req-e6b89f9d-3fe5-4ddb-8bb5-add28fc68908 admin admin] Calling method '>' {{(pid=102831) _process_stack /opt/stack/nova/nova/api/openstack/wsgi.py:513}}
Feb 09 14:20:47.007465 n-d-828374-2 devstack@n-api.service[102831]: INFO nova.api.openstack.requestlog [None req-e6b89f9d-3fe5-4ddb-8bb5-add28fc68908 admin admin] 10.222.0.94 "GET /compute/v2.1" status: 200 len: 388 microversion: 2.1 time: 0.001438
Feb 09 14:20:47.007864 n-d-828374-2 devstack@n-api.service[102831]: [pid: 102831|app: 0|req: 19/36] 10.222.0.94 () {54 vars in 930 bytes} [Wed Feb 9 14:20:47 2022] GET /compute/v2.1 => generated 388 bytes in 2 msecs (HTTP/1.1 200) 9 headers in 357 bytes (1 switches on core 0)
Feb 09 14:20:47.071043 n-d-828374-2 devstack@n-api.service[102830]: DEBUG nova.api.openstack.wsgi [None req-fabcedd5-4419-4481-8ac0-6ee328ed5350 admin admin] Calling method '>' {{(pid=102830) _process_stack /opt/stack/nova/nova/api/openstack/wsgi.py:513}}
Feb 09 14:20:47.090619 n-d-828374-2 devstack@n-api.service[102830]: INFO nova.api.openstack.requestlog [None req-fabcedd5-4419-4481-8ac0-6ee328ed5350 admin admin] 10.222.0.94 "GET /compute/v2.1/flavors/detail?is_public=True" status: 200 len: 4202 microversion: 2.61 time: 0.076343
Feb 09 14:20:47.091233 n-d-828374-2 devstack@n-api.service[102830]: [pid: 102830|app: 0|req: 18/37] 10.222.0.94 () {60 vars in 1291 bytes} [Wed Feb 9 14:20:47 2022] GET /compute/v2.1/flavors/detail?is_public=True => generated 4202 bytes in 78 msecs (HTTP/1.1 200) 9 headers in 360 bytes (1 switches on core 0)
Feb 09 14:20:48.613115 n-d-828374-2 devstack@n-api.service[102831]: DEBUG nova.api.openstack.wsgi [None req-e6b89f9d-3fe5-4ddb-8bb5-add28fc68908 admin admin] Calling method '>' {{(pid=102831) _process_stack /opt/stack/nova/nova/api/openstack/wsgi.py:513}}
Feb 09 14:20:48.614086 n-d-828374-2 devstack@n-api.service[102831]: INFO nova.api.openstack.requestlog [None req-e6b89f9d-3fe5-4ddb-8bb5-add28fc68908 admin admin] 10.222.0.94 "GET /compute/v2.1" status: 200 len: 388 microversion: 2.1 time: 0.001446
Feb 09 14:20:48.614486 n-d-828374-2 devstack@n-api.service[102831]: [pid: 102831|app: 0|req: 20/38] 10.222.0.94 () {56 vars in 1074 bytes} [Wed Feb 9 14:20:48 2022] GET /compute/v2.1 => generated 388 bytes in 2 msecs (HTTP/1.1 200) 9 headers in 357 bytes (2 switches on core 0)
Feb 09 14:20:48.866130 n-d-828374-2 devstack@n-api.service[102830]: DEBUG nova.api.openstack.wsgi [None req-368b5a9f-8562-440f-b3aa-34026a552437 admin admin] Calling method '>' {{(pid=102830) _process_stack /opt/stack/nova/nova/api/openstack/wsgi.py:513}}
Feb 09 14:20:48.872028 n-d-828374-2 devstack@n-api.service[102830]: INFO nova.api.openstack.wsgi [None req-368b5a9f-8562-440f-b3aa-34026a552437 admin admin] HTTP exception thrown: Flavor 42 could not be found.
Feb 09 14:20:48.872647 n-d-828374-2 devstack@n-api.service[102830]: DEBUG nova.api.openstack.wsgi [None req-368b5a9f-8562-440f-b3aa-34026a552437 admin admin] Returning 404 to user: Flavor 42 could not be found. {{(pid=102830) __call__ /opt/stack/nova/nova/api/openstack/wsgi.py:936}}
Feb 09 14:20:48.873456 n-d-828374-2 devstack@n-api.service[102830]: INFO nova.api.openstack.requestlog [None req-368b5a9f-8562-440f-b3aa-34026a552437 admin admin] 10.222.0.94 "GET /compute/v2.1/flavors/42" status: 404 len: 75 microversion: 2.90 time: 0.064303
Feb 09 14:20:48.874011 n-d-828374-2 devstack@n-api.service[102830]: [pid: 102830|app: 0|req: 19/39] 10.222.0.94 () {60 vars in 1190 bytes} [Wed Feb 9 14:20:48 2022] GET /compute/v2.1/flavors/42 => generated 75 bytes in 65 msecs (HTTP/1.1 404) 9 headers in 380 bytes (1 switches on core 0)
Feb 09 14:20:48.885372 n-d-828374-2 devstack@n-api.service[102831]: DEBUG nova.api.openstack.wsgi [None req-95c2dbfe-1989-434e-9037-ee219c6501fa admin admin] Calling method '>' {{(pid=102831) _process_stack /opt/stack/nova/nova/api/openstack/wsgi.py:513}}
Feb 09 14:20:48.907343 n-d-828374-2 devstack@n-api.service[102831]: INFO nova.api.openstack.requestlog [None req-95c2dbfe-1989-434e-9037-ee219c6501fa admin admin] 10.222.0.94 "GET /compute/v2.1/flavors?is_public=None" status: 200 len: 2056 microversion: 2.90 time: 0.025509
Feb 09 14:20:48.907893 n-d-828374-2 devstack@n-api.service[102831]: [pid: 102831|app: 0|req: 21/40] 10.222.0.94 () {60 vars in 1210 bytes} [Wed Feb 9 14:20:48 2022] GET /compute/v2.1/flavors?is_public=None => generated 2056 bytes in 27 msecs (HTTP/1.1 200) 9 headers in 360 bytes (1 switches on core 0)
Feb 09 14:20:48.934321 n-d-828374-2 devstack@n-api.service[102830]: DEBUG nova.api.openstack.wsgi [None req-a6fb8e1d-a2a1-4495-ba8a-8eae28fa16d7 admin admin] Calling method '>' {{(pid=102830) _process_stack /opt/stack/nova/nova/api/openstack/wsgi.py:513}}
Feb 09 14:20:48.957784 n-d-828374-2 devstack@n-api.service[102830]: INFO nova.api.openstack.requestlog [None req-a6fb8e1d-a2a1-4495-ba8a-8eae28fa16d7 admin admin] 10.222.0.94 "GET /compute/v2.1/flavors?is_public=None" status: 200 len: 2056 microversion: 2.90 time: 0.027152
Feb 09 14:20:48.958369 n-d-828374-2 devstack@n-api.service[102830]: [pid: 102830|app: 0|req: 20/41] 10.222.0.94 () {60 vars in 1210 bytes} [Wed Feb 9 14:20:48 2022] GET /compute/v2.1/flavors?is_public=None => generated 2056 bytes in 28 msecs (HTTP/1.1 200) 9 headers in 360 bytes (2 switches on core 0)
Feb 09 14:20:48.969015 n-d-828374-2 devstack@n-api.service[102831]: DEBUG nova.api.openstack.wsgi [None req-de0b4bf9-ae8f-494a-9441-1324534c7c08 admin admin] Calling method '>' {{(pid=102831) _process_stack /opt/stack/nova/nova/api/openstack/wsgi.py:513}}
Feb 09 14:20:48.974973 n-d-828374-2 devstack@n-api.service[102831]: INFO nova.api.openstack.wsgi [None req-de0b4bf9-ae8f-494a-9441-1324534c7c08 admin admin] HTTP exception thrown: Flavor 42 could not be found.
Feb 09 14:20:48.975545 n-d-828374-2 devstack@n-api.service[102831]: DEBUG nova.api.openstack.wsgi [None req-de0b4bf9-ae8f-494a-9441-1324534c7c08 admin admin] Returning 404 to user: Flavor 42 could not be found. {{(pid=102831) __call__ /opt/stack/nova/nova/api/openstack/wsgi.py:936}}
Feb 09 14:20:48.976367 n-d-828374-2 devstack@n-api.service[102831]: INFO nova.api.openstack.requestlog [None req-de0b4bf9-ae8f-494a-9441-1324534c7c08 admin admin] 10.222.0.94 "GET /compute/v2.1/flavors/42" status: 404 len: 75 microversion: 2.90 time: 0.011351
Feb 09 14:20:48.976892 n-d-828374-2 devstack@n-api.service[102831]: [pid: 102831|app: 0|req: 22/42] 10.222.0.94 () {60 vars in 1190 bytes} [Wed Feb 9 14:20:48 2022] GET /compute/v2.1/flavors/42 => generated 75 bytes in 13 msecs (HTTP/1.1 404) 9 headers in 380 bytes (1 switches on core 0)
Feb 09 14:20:50.329537 n-d-828374-2 devstack@n-api.service[102830]: DEBUG nova.api.openstack.wsgi [None req-a6fb8e1d-a2a1-4495-ba8a-8eae28fa16d7 admin admin] Calling method '>' {{(pid=102830) _process_stack /opt/stack/nova/nova/api/openstack/wsgi.py:513}}
Feb 09 14:20:50.330585 n-d-828374-2 devstack@n-api.service[102830]: INFO nova.api.openstack.requestlog [None req-a6fb8e1d-a2a1-4495-ba8a-8eae28fa16d7 admin admin] 10.222.0.94 "GET /compute/v2.1" status: 200 len: 388 microversion: 2.1 time: 0.001542
Feb 09 14:20:50.330987 n-d-828374-2 devstack@n-api.service[102830]: [pid: 102830|app: 0|req: 21/43] 10.222.0.94 () {56 vars in 1074 bytes} [Wed Feb 9 14:20:50 2022] GET /compute/v2.1 => generated 388 bytes in 2 msecs (HTTP/1.1 200) 9 headers in 357 bytes (1 switches on core 0)
Feb 09 14:20:50.541243 n-d-828374-2 devstack@n-api.service[102831]: DEBUG nova.api.openstack.wsgi [None req-83a46106-968b-4554-983d-ad77ed70d519 admin admin] Calling method '>' {{(pid=102831) _process_stack /opt/stack/nova/nova/api/openstack/wsgi.py:513}}
Feb 09 14:20:50.541243 n-d-828374-2 devstack@n-api.service[102831]: INFO nova.api.openstack.wsgi [None req-83a46106-968b-4554-983d-ad77ed70d519 admin admin] HTTP exception thrown: Flavor 84 could not be found.
Feb 09 14:20:50.541243 n-d-828374-2 devstack@n-api.service[102831]: DEBUG nova.api.openstack.wsgi [None req-83a46106-968b-4554-983d-ad77ed70d519 admin admin] Returning 404 to user: Flavor 84 could not be found. {{(pid=102831) __call__ /opt/stack/nova/nova/api/openstack/wsgi.py:936}}
Feb 09 14:20:50.541243 n-d-828374-2 devstack@n-api.service[102831]: INFO nova.api.openstack.requestlog [None req-83a46106-968b-4554-983d-ad77ed70d519 admin admin] 10.222.0.94 "GET /compute/v2.1/flavors/84" status: 404 len: 75 microversion: 2.90 time: 0.064284
Feb 09 14:20:50.541243 n-d-828374-2 devstack@n-api.service[102831]: [pid: 102831|app: 0|req: 23/44] 10.222.0.94 () {60 vars in 1190 bytes} [Wed Feb 9 14:20:50 2022] GET /compute/v2.1/flavors/84 => generated 75 bytes in 66 msecs (HTTP/1.1 404) 9 headers in 380 bytes (1 switches on core 0)
Feb 09 14:20:50.551364 n-d-828374-2 devstack@n-api.service[102830]: DEBUG nova.api.openstack.wsgi [None req-932530f2-755b-4841-a18e-e9cfc3fdd4a1 admin admin] Calling method '>' {{(pid=102830) _process_stack /opt/stack/nova/nova/api/openstack/wsgi.py:513}}
Feb 09 14:20:50.566346 n-d-828374-2 devstack@n-api.service[102830]: INFO nova.api.openstack.requestlog [None req-932530f2-755b-4841-a18e-e9cfc3fdd4a1 admin admin] 10.222.0.94 "GET /compute/v2.1/flavors?is_public=None" status: 200 len: 2056 microversion: 2.90 time: 0.019913
Feb 09 14:20:50.566894 n-d-828374-2 devstack@n-api.service[102830]: [pid: 102830|app: 0|req: 22/45] 10.222.0.94 () {60 vars in 1210 bytes} [Wed Feb 9 14:20:50 2022] GET /compute/v2.1/flavors?is_public=None => generated 2056 bytes in 21 msecs (HTTP/1.1 200) 9 headers in 360 bytes (1 switches on core 0)
Feb 09 14:20:50.576456 n-d-828374-2 devstack@n-api.service[102831]: DEBUG nova.api.openstack.wsgi [None req-5c0ed870-6b76-4cfb-84fa-0c5c6a77c894 admin admin] Calling method '>' {{(pid=102831) _process_stack /opt/stack/nova/nova/api/openstack/wsgi.py:513}}
Feb 09 14:20:50.590417 n-d-828374-2 devstack@n-api.service[102831]: INFO nova.api.openstack.requestlog [None req-5c0ed870-6b76-4cfb-84fa-0c5c6a77c894 admin admin] 10.222.0.94 "GET /compute/v2.1/flavors?is_public=None" status: 200 len: 2056 microversion: 2.90 time: 0.017390
Feb 09 14:20:50.592800 n-d-828374-2 devstack@n-api.service[102831]: [pid: 102831|app: 0|req: 24/46] 10.222.0.94 () {60 vars in 1210 bytes} [Wed Feb 9 14:20:50 2022] GET /compute/v2.1/flavors?is_public=None => generated 2056 bytes in 19 msecs (HTTP/1.1 200) 9 headers in 360 bytes (1 switches on core 0)
Feb 09 14:20:50.601730 n-d-828374-2 devstack@n-api.service[102830]: DEBUG nova.api.openstack.wsgi [None req-b2d778d3-014f-4f9c-b6e8-41cd122eef17 admin admin] Calling method '>' {{(pid=102830) _process_stack /opt/stack/nova/nova/api/openstack/wsgi.py:513}}
Feb 09 14:20:50.607731 n-d-828374-2 devstack@n-api.service[102830]: INFO nova.api.openstack.wsgi [None req-b2d778d3-014f-4f9c-b6e8-41cd122eef17 admin admin] HTTP exception thrown: Flavor 84 could not be found.
Feb 09 14:20:50.607972 n-d-828374-2 devstack@n-api.service[102830]: DEBUG nova.api.openstack.wsgi [None req-b2d778d3-014f-4f9c-b6e8-41cd122eef17 admin admin] Returning 404 to user: Flavor 84 could not be found. {{(pid=102830) __call__ /opt/stack/nova/nova/api/openstack/wsgi.py:936}}
Feb 09 14:20:50.609385 n-d-828374-2 devstack@n-api.service[102830]: INFO nova.api.openstack.requestlog [None req-b2d778d3-014f-4f9c-b6e8-41cd122eef17 admin admin] 10.222.0.94 "GET /compute/v2.1/flavors/84" status: 404 len: 75 microversion: 2.90 time: 0.010688
Feb 09 14:20:50.609939 n-d-828374-2 devstack@n-api.service[102830]: [pid: 102830|app: 0|req: 23/47] 10.222.0.94 () {60 vars in 1190 bytes} [Wed Feb 9 14:20:50 2022] GET /compute/v2.1/flavors/84 => generated 75 bytes in 12 msecs (HTTP/1.1 404) 9 headers in 380 bytes (1 switches on core 0)
Feb 09 14:20:51.989803 n-d-828374-2 devstack@n-api.service[102831]: DEBUG nova.api.openstack.wsgi [None req-5c0ed870-6b76-4cfb-84fa-0c5c6a77c894 admin admin] Calling method '>' {{(pid=102831) _process_stack /opt/stack/nova/nova/api/openstack/wsgi.py:513}}
Feb 09 14:20:51.990888 n-d-828374-2 devstack@n-api.service[102831]: INFO nova.api.openstack.requestlog [None req-5c0ed870-6b76-4cfb-84fa-0c5c6a77c894 admin admin] 10.222.0.94 "GET /compute/v2.1" status: 200 len: 388 microversion: 2.1 time: 0.001489
Feb 09 14:20:51.991809 n-d-828374-2 devstack@n-api.service[102831]: [pid: 102831|app: 0|req: 25/48] 10.222.0.94 () {56 vars in 1074 bytes} [Wed Feb 9 14:20:51 2022] GET /compute/v2.1 => generated 388 bytes in 3 msecs (HTTP/1.1 200) 9 headers in 357 bytes (1 switches on core 0)
Feb 09 14:20:52.212110 n-d-828374-2 devstack@n-api.service[102830]: DEBUG nova.api.openstack.wsgi [None req-2e02c28e-8c03-4326-a902-4117345b74a7 admin admin] Calling method '>' {{(pid=102830) _process_stack /opt/stack/nova/nova/api/openstack/wsgi.py:513}}
Feb 09 14:20:52.219480 n-d-828374-2 devstack@n-api.service[102830]: INFO nova.api.openstack.wsgi [None req-2e02c28e-8c03-4326-a902-4117345b74a7 admin admin] HTTP exception thrown: Flavor 451 could not be found.
Feb 09 14:20:52.220057 n-d-828374-2 devstack@n-api.service[102830]: DEBUG nova.api.openstack.wsgi [None req-2e02c28e-8c03-4326-a902-4117345b74a7 admin admin] Returning 404 to user: Flavor 451 could not be found. {{(pid=102830) __call__ /opt/stack/nova/nova/api/openstack/wsgi.py:936}}
Feb 09 14:20:52.221140 n-d-828374-2 devstack@n-api.service[102830]: INFO nova.api.openstack.requestlog [None req-2e02c28e-8c03-4326-a902-4117345b74a7 admin admin] 10.222.0.94 "GET /compute/v2.1/flavors/451" status: 404 len: 76 microversion: 2.90 time: 0.079949
Feb 09 14:20:52.221684 n-d-828374-2 devstack@n-api.service[102830]: [pid: 102830|app: 0|req: 24/49] 10.222.0.94 () {60 vars in 1193 bytes} [Wed Feb 9 14:20:52 2022] GET /compute/v2.1/flavors/451 => generated 76 bytes in 82 msecs (HTTP/1.1 404) 9 headers in 380 bytes (1 switches on core 0)
Feb 09 14:20:52.231991 n-d-828374-2 devstack@n-api.service[102831]: DEBUG nova.api.openstack.wsgi [None req-70ebb637-79ff-406c-9d03-1aa45f3a70e1 admin admin] Calling method '>' {{(pid=102831) _process_stack /opt/stack/nova/nova/api/openstack/wsgi.py:513}}
Feb 09 14:20:52.247381 n-d-828374-2 devstack@n-api.service[102831]: INFO nova.api.openstack.requestlog [None req-70ebb637-79ff-406c-9d03-1aa45f3a70e1 admin admin] 10.222.0.94 "GET /compute/v2.1/flavors?is_public=None" status: 200 len: 2056 microversion: 2.90 time: 0.019014
Feb 09 14:20:52.247987 n-d-828374-2 devstack@n-api.service[102831]: [pid: 102831|app: 0|req: 26/50] 10.222.0.94 () {60 vars in 1210 bytes} [Wed Feb 9 14:20:52 2022] GET /compute/v2.1/flavors?is_public=None => generated 2056 bytes in 20 msecs (HTTP/1.1 200) 9 headers in 360 bytes (2 switches on core 0)
Feb 09 14:20:52.259504 n-d-828374-2 devstack@n-api.service[102830]: DEBUG nova.api.openstack.wsgi [None req-e17c0818-d1a1-446c-b1b3-0d2b55255e07 admin admin] Calling method '>' {{(pid=102830) _process_stack /opt/stack/nova/nova/api/openstack/wsgi.py:513}}
Feb 09 14:20:52.274531 n-d-828374-2 devstack@n-api.service[102830]: INFO nova.api.openstack.requestlog [None req-e17c0818-d1a1-446c-b1b3-0d2b55255e07 admin admin] 10.222.0.94 "GET /compute/v2.1/flavors?is_public=None" status: 200 len: 2056 microversion: 2.90 time: 0.019365
Feb 09 14:20:52.275103 n-d-828374-2 devstack@n-api.service[102830]: [pid: 102830|app: 0|req: 25/51] 10.222.0.94 () {60 vars in 1210 bytes} [Wed Feb 9 14:20:52 2022] GET /compute/v2.1/flavors?is_public=None => generated 2056 bytes in 21 msecs (HTTP/1.1 200) 9 headers in 360 bytes (1 switches on core 0)
Feb 09 14:20:52.285406 n-d-828374-2 devstack@n-api.service[102831]: DEBUG nova.api.openstack.wsgi [None req-a3438877-8120-46df-8299-48a05792e47e admin admin] Calling method '>' {{(pid=102831) _process_stack /opt/stack/nova/nova/api/openstack/wsgi.py:513}}
Feb 09 14:20:52.291550 n-d-828374-2 devstack@n-api.service[102831]: INFO nova.api.openstack.wsgi [None req-a3438877-8120-46df-8299-48a05792e47e admin admin] HTTP exception thrown: Flavor 451 could not be found.
Feb 09 14:20:52.292127 n-d-828374-2 devstack@n-api.service[102831]: DEBUG nova.api.openstack.wsgi [None req-a3438877-8120-46df-8299-48a05792e47e admin admin] Returning 404 to user: Flavor 451 could not be found. {{(pid=102831) __call__ /opt/stack/nova/nova/api/openstack/wsgi.py:936}}
Feb 09 14:20:52.292977 n-d-828374-2 devstack@n-api.service[102831]: INFO nova.api.openstack.requestlog [None req-a3438877-8120-46df-8299-48a05792e47e admin admin] 10.222.0.94 "GET /compute/v2.1/flavors/451" status: 404 len: 76 microversion: 2.90 time: 0.011369
Feb 09 14:20:52.293524 n-d-828374-2 devstack@n-api.service[102831]: [pid: 102831|app: 0|req: 27/52] 10.222.0.94 () {60 vars in 1193 bytes} [Wed Feb 9 14:20:52 2022] GET /compute/v2.1/flavors/451 => generated 76 bytes in 13 msecs (HTTP/1.1 404) 9 headers in 380 bytes (1 switches on core 0)
Feb 09 14:20:53.691778 n-d-828374-2 devstack@n-api.service[102830]: DEBUG nova.api.openstack.wsgi [None req-e17c0818-d1a1-446c-b1b3-0d2b55255e07 admin admin] Calling method '>' {{(pid=102830) _process_stack /opt/stack/nova/nova/api/openstack/wsgi.py:513}}
Feb 09 14:20:53.691778 n-d-828374-2 devstack@n-api.service[102830]: INFO nova.api.openstack.requestlog [None req-e17c0818-d1a1-446c-b1b3-0d2b55255e07 admin admin] 10.222.0.94 "GET /compute/v2.1" status: 200 len: 388 microversion: 2.1 time: 0.001442
Feb 09 14:20:53.692460 n-d-828374-2 devstack@n-api.service[102830]: [pid: 102830|app: 0|req: 26/53] 10.222.0.94 () {56 vars in 1074 bytes} [Wed Feb 9 14:20:53 2022] GET /compute/v2.1 => generated 388 bytes in 2 msecs (HTTP/1.1 200) 9 headers in 357 bytes (1 switches on core 0)
Feb 09 14:20:53.901854 n-d-828374-2 devstack@n-api.service[102831]: DEBUG nova.api.openstack.wsgi [None req-6b2e6311-e0c7-46e8-881f-aa342652017a admin admin] Action: 'create', calling method: >, body: {"flavor": {"name": "m1.nano", "ram": 256, "vcpus": 1, "disk": 1, "id": "42", "swap": 0, "OS-FLV-EXT-DATA:ephemeral": 0, "rxtx_factor": 1.0, "os-flavor-access:is_public": true}} {{(pid=102831) _process_stack /opt/stack/nova/nova/api/openstack/wsgi.py:511}}
Feb 09 14:20:54.068125 n-d-828374-2 devstack@n-api.service[102831]: INFO nova.api.openstack.requestlog [None req-6b2e6311-e0c7-46e8-881f-aa342652017a admin admin] 10.222.0.94 "POST /compute/v2.1/flavors" status: 200 len: 404 microversion: 2.90 time: 0.223468
Feb 09 14:20:54.068701 n-d-828374-2 devstack@n-api.service[102831]: [pid: 102831|app: 0|req: 28/54] 10.222.0.94 () {64 vars in 1235 bytes} [Wed Feb 9 14:20:53 2022] POST /compute/v2.1/flavors => generated 404 bytes in 225 msecs (HTTP/1.1 200) 9 headers in 359 bytes (1 switches on core 0)
Feb 09 14:20:55.454389 n-d-828374-2 devstack@n-api.service[102830]: DEBUG nova.api.openstack.wsgi [None req-e17c0818-d1a1-446c-b1b3-0d2b55255e07 admin admin] Calling method '>' {{(pid=102830) _process_stack /opt/stack/nova/nova/api/openstack/wsgi.py:513}}
Feb 09 14:20:55.456089 n-d-828374-2 devstack@n-api.service[102830]: INFO nova.api.openstack.requestlog [None req-e17c0818-d1a1-446c-b1b3-0d2b55255e07 admin admin] 10.222.0.94 "GET /compute/v2.1" status: 200 len: 388 microversion: 2.1 time: 0.002624
Feb 09 14:20:55.456530 n-d-828374-2 devstack@n-api.service[102830]: [pid: 102830|app: 0|req: 27/55] 10.222.0.94 () {56 vars in 1074 bytes} [Wed Feb 9 14:20:55 2022] GET /compute/v2.1 => generated 388 bytes in 4 msecs (HTTP/1.1 200) 9 headers in 357 bytes (1 switches on core 0)
Feb 09 14:20:55.662601 n-d-828374-2 devstack@n-api.service[102831]: DEBUG nova.api.openstack.wsgi [None req-09d0fb08-fce4-4661-8667-6fabbb1badb6 admin admin] Action: 'create', calling method: >, body: {"flavor": {"name": "m1.micro", "ram": 256, "vcpus": 1, "disk": 2, "id": "84", "swap": 0, "OS-FLV-EXT-DATA:ephemeral": 0, "rxtx_factor": 1.0, "os-flavor-access:is_public": true}} {{(pid=102831) _process_stack /opt/stack/nova/nova/api/openstack/wsgi.py:511}}
Feb 09 14:20:55.776525 n-d-828374-2 devstack@n-api.service[102831]: INFO nova.api.openstack.requestlog [None req-09d0fb08-fce4-4661-8667-6fabbb1badb6 admin admin] 10.222.0.94 "POST /compute/v2.1/flavors" status: 200 len: 405 microversion: 2.90 time: 0.170549
Feb 09 14:20:55.782818 n-d-828374-2 devstack@n-api.service[102831]: [pid: 102831|app: 0|req: 29/56] 10.222.0.94 () {64 vars in 1235 bytes} [Wed Feb 9 14:20:55 2022] POST /compute/v2.1/flavors => generated 405 bytes in 172 msecs (HTTP/1.1 200) 9 headers in 359 bytes (1 switches on core 0)
Feb 09 14:20:57.105212 n-d-828374-2 devstack@n-api.service[102830]: DEBUG nova.api.openstack.wsgi [None req-e17c0818-d1a1-446c-b1b3-0d2b55255e07 admin admin] Calling method '>' {{(pid=102830) _process_stack /opt/stack/nova/nova/api/openstack/wsgi.py:513}}
Feb 09 14:20:57.106220 n-d-828374-2 devstack@n-api.service[102830]: INFO nova.api.openstack.requestlog [None req-e17c0818-d1a1-446c-b1b3-0d2b55255e07 admin admin] 10.222.0.94 "GET /compute/v2.1" status: 200 len: 388 microversion: 2.1 time: 0.001429
Feb 09 14:20:57.106622 n-d-828374-2 devstack@n-api.service[102830]: [pid: 102830|app: 0|req: 28/57] 10.222.0.94 () {56 vars in 1074 bytes} [Wed Feb 9 14:20:57 2022] GET /compute/v2.1 => generated 388 bytes in 2 msecs (HTTP/1.1 200) 9 headers in 357 bytes (1 switches on core 0)
Feb 09 14:20:57.305344 n-d-828374-2 devstack@n-api.service[102831]: DEBUG nova.api.openstack.wsgi [None req-630fb66c-0e0b-46f3-a3c1-9316cb47ba09 admin admin] Action: 'create', calling method: >, body: {"flavor": {"name": "m1.heat", "ram": 512, "vcpus": 1, "disk": 1, "id": "451", "swap": 0, "OS-FLV-EXT-DATA:ephemeral": 0, "rxtx_factor": 1.0, "os-flavor-access:is_public": true}} {{(pid=102831) _process_stack /opt/stack/nova/nova/api/openstack/wsgi.py:511}}
Feb 09 14:20:57.411191 n-d-828374-2 devstack@n-api.service[102831]: INFO nova.api.openstack.requestlog [None req-630fb66c-0e0b-46f3-a3c1-9316cb47ba09 admin admin] 10.222.0.94 "POST /compute/v2.1/flavors" status: 200 len: 407 microversion: 2.90 time: 0.163040
Feb 09 14:20:57.411741 n-d-828374-2 devstack@n-api.service[102831]: [pid: 102831|app: 0|req: 30/58] 10.222.0.94 () {64 vars in 1235 bytes} [Wed Feb 9 14:20:57 2022] POST /compute/v2.1/flavors => generated 407 bytes in 164 msecs (HTTP/1.1 200) 9 headers in 359 bytes (1 switches on core 0)
Feb 09 14:20:58.731075 n-d-828374-2 devstack@n-api.service[102830]: DEBUG nova.api.openstack.wsgi [None req-e17c0818-d1a1-446c-b1b3-0d2b55255e07 admin admin] Calling method '>' {{(pid=102830) _process_stack /opt/stack/nova/nova/api/openstack/wsgi.py:513}}
Feb 09 14:20:58.732118 n-d-828374-2 devstack@n-api.service[102830]: INFO nova.api.openstack.requestlog [None req-e17c0818-d1a1-446c-b1b3-0d2b55255e07 admin admin] 10.222.0.94 "GET /compute/v2.1" status: 200 len: 388 microversion: 2.1 time: 0.001452
Feb 09 14:20:58.732543 n-d-828374-2 devstack@n-api.service[102830]: [pid: 102830|app: 0|req: 29/59] 10.222.0.94 () {56 vars in 1074 bytes} [Wed Feb 9 14:20:58 2022] GET /compute/v2.1 => generated 388 bytes in 2 msecs (HTTP/1.1 200) 9 headers in 357 bytes (1 switches on core 0)
Feb 09 14:20:58.930694 n-d-828374-2 devstack@n-api.service[102831]: DEBUG nova.api.openstack.wsgi [None req-af8c0d99-525f-487a-b141-fca09a34b047 admin admin] Action: 'create', calling method: >, body: {"flavor": {"name": "m1.heat2", "ram": 1024, "vcpus": 1, "disk": 1, "id": "452", "swap": 0, "OS-FLV-EXT-DATA:ephemeral": 0, "rxtx_factor": 1.0, "os-flavor-access:is_public": true}} {{(pid=102831) _process_stack /opt/stack/nova/nova/api/openstack/wsgi.py:511}}
Feb 09 14:20:59.044716 n-d-828374-2 devstack@n-api.service[102831]: INFO nova.api.openstack.requestlog [None req-af8c0d99-525f-487a-b141-fca09a34b047 admin admin] 10.222.0.94 "POST /compute/v2.1/flavors" status: 200 len: 409 microversion: 2.90 time: 0.166064
