Feb 14 16:35:03.332597 n-d-828372-9 neutron-server[103289]: DEBUG neutron_lib.callbacks.manager [req-647aacb3-7a53-4b94-b712-f555688659d3 req-4dc140da-977d-43d8-9d4d-9f80050fe20a tempest-LiveMigrationNegativeTest-484439411 tempest-LiveMigrationNegativeTest-484439411-project] Publish callbacks [] for security_group (None), before_create {{(pid=103289) _notify_loop /usr/local/lib/python3.8/dist-packages/neutron_lib/callbacks/manager.py:176}}
Feb 14 16:35:03.411014 n-d-828372-9 neutron-server[103288]: INFO neutron.wsgi [req-7a623f00-01fe-427c-89f1-be6f4e345773 req-f60a49df-c988-4b69-ad25-d084cdae193b service neutron] 10.222.0.88 "GET /v2.0/networks/d97a731e-36b6-481b-85c1-64914023f83d?fields=provider%3Aphysical_network&fields=provider%3Anetwork_type HTTP/1.1" status: 200 len: 281 time: 0.1761999
Feb 14 16:35:03.462117 n-d-828372-9 neutron-server[103289]: DEBUG neutron_lib.callbacks.manager [req-647aacb3-7a53-4b94-b712-f555688659d3 req-4dc140da-977d-43d8-9d4d-9f80050fe20a tempest-LiveMigrationNegativeTest-484439411 tempest-LiveMigrationNegativeTest-484439411-project] Publish callbacks [] for security_group (dd0413d8-09ac-40fe-ae4e-0d81abcff888), precommit_create {{(pid=103289) _notify_loop /usr/local/lib/python3.8/dist-packages/neutron_lib/callbacks/manager.py:176}}
Feb 14 16:35:03.467809 n-d-828372-9 neutron-server[103289]: DEBUG neutron_lib.callbacks.manager [req-647aacb3-7a53-4b94-b712-f555688659d3 req-4dc140da-977d-43d8-9d4d-9f80050fe20a tempest-LiveMigrationNegativeTest-484439411 tempest-LiveMigrationNegativeTest-484439411-project] Publish callbacks ['neutron.plugins.ml2.ovo_rpc._ObjectChangeHandler.handle_event-1804988'] for security_group (dd0413d8-09ac-40fe-ae4e-0d81abcff888), after_create {{(pid=103289) _notify_loop /usr/local/lib/python3.8/dist-packages/neutron_lib/callbacks/manager.py:176}}
Feb 14 16:35:03.472705 n-d-828372-9 neutron-server[103290]: DEBUG neutron.db.provisioning_blocks [None req-f0648d4d-3296-46ac-9c2a-9b35b902ef1c None None] Provisioning for port d5872420-cf80-4c15-ae8b-699affb43f08 completed by entity L2. {{(pid=103290) provisioning_complete /opt/stack/neutron/neutron/db/provisioning_blocks.py:133}}
Feb 14 16:35:03.483728 n-d-828372-9 neutron-server[103290]: DEBUG neutron.db.provisioning_blocks [None req-f0648d4d-3296-46ac-9c2a-9b35b902ef1c None None] Provisioning complete for port d5872420-cf80-4c15-ae8b-699affb43f08 triggered by entity L2. {{(pid=103290) provisioning_complete /opt/stack/neutron/neutron/db/provisioning_blocks.py:139}}
Feb 14 16:35:03.484340 n-d-828372-9 neutron-server[103290]: DEBUG neutron_lib.callbacks.manager [None req-f0648d4d-3296-46ac-9c2a-9b35b902ef1c None None] Publish callbacks ['neutron.plugins.ml2.plugin.Ml2Plugin._port_provisioned-821590'] for port (d5872420-cf80-4c15-ae8b-699affb43f08), provisioning_complete {{(pid=103290) _notify_loop /usr/local/lib/python3.8/dist-packages/neutron_lib/callbacks/manager.py:176}}
Feb 14 16:35:03.635330 n-d-828372-9 neutron-server[103288]: DEBUG neutron.pecan_wsgi.hooks.policy_enforcement [req-269ff566-8858-41d9-8d70-cc6512c033c8 req-b161dabb-152e-483b-80d7-ec9eca519285 tempest-DeleteServersAdminTestJSON-1844147435 tempest-DeleteServersAdminTestJSON-1844147435-project] Attributes excluded by policy engine: ['standard_attr_id', 'binding:profile', 'binding:host_id', 'binding:vif_type', 'binding:vif_details'] {{(pid=103288) _exclude_attributes_by_policy /opt/stack/neutron/neutron/pecan_wsgi/hooks/policy_enforcement.py:255}}
Feb 14 16:35:03.643010 n-d-828372-9 neutron-server[103288]: INFO neutron.wsgi [req-269ff566-8858-41d9-8d70-cc6512c033c8 req-b161dabb-152e-483b-80d7-ec9eca519285 tempest-DeleteServersAdminTestJSON-1844147435 tempest-DeleteServersAdminTestJSON-1844147435-project] 10.222.0.88 "GET /v2.0/ports?device_id=745d6fa7-0230-49cd-bb38-00939517f587 HTTP/1.1" status: 200 len: 948 time: 0.0910795
Feb 14 16:35:03.643395 n-d-828372-9 neutron-server[103289]: DEBUG neutron.db.db_base_plugin_common [req-647aacb3-7a53-4b94-b712-f555688659d3 req-4dc140da-977d-43d8-9d4d-9f80050fe20a tempest-LiveMigrationNegativeTest-484439411 tempest-LiveMigrationNegativeTest-484439411-project] Allocated IP 192.168.233.15 (240f527b-b7d4-4db9-ae6a-1ebb22e59ccb/917f1f89-a1ec-4cdb-9831-db07a617af70/ba8d466e-db28-4d94-93c9-60bdfa620b9b) {{(pid=103289) _store_ip_allocation /opt/stack/neutron/neutron/db/db_base_plugin_common.py:131}}
Feb 14 16:35:03.648075 n-d-828372-9 neutron-server[103290]: DEBUG neutron.plugins.ml2.plugin [None req-f0648d4d-3296-46ac-9c2a-9b35b902ef1c None None] Current status of the port d5872420-cf80-4c15-ae8b-699affb43f08 is: BUILD; New status is: ACTIVE {{(pid=103290) _update_individual_port_db_status /opt/stack/neutron/neutron/plugins/ml2/plugin.py:2232}}
Feb 14 16:35:03.648737 n-d-828372-9 neutron-server[103290]: DEBUG neutron_lib.callbacks.manager [None req-f0648d4d-3296-46ac-9c2a-9b35b902ef1c None None] Publish callbacks ['neutron.plugins.ml2.plugin.SecurityGroupDbMixin._ensure_default_security_group_handler-762576'] for port (d5872420-cf80-4c15-ae8b-699affb43f08), before_update {{(pid=103290) _notify_loop /usr/local/lib/python3.8/dist-packages/neutron_lib/callbacks/manager.py:176}}
Feb 14 16:35:03.693698 n-d-828372-9 neutron-server[103290]: DEBUG neutron.notifiers.nova [-] Sending events: [{'server_uuid': '745d6fa7-0230-49cd-bb38-00939517f587', 'name': 'network-vif-plugged', 'status': 'completed', 'tag': 'd5872420-cf80-4c15-ae8b-699affb43f08'}] {{(pid=103290) send_events /opt/stack/neutron/neutron/notifiers/nova.py:271}}
Feb 14 16:35:03.712580 n-d-828372-9 neutron-server[103289]: DEBUG neutron.api.rpc.handlers.resources_rpc [None req-4dc140da-977d-43d8-9d4d-9f80050fe20a tempest-LiveMigrationNegativeTest-484439411 tempest-LiveMigrationNegativeTest-484439411-project] Pushing event updated for resources: {'SecurityGroup': ['ID=dd0413d8-09ac-40fe-ae4e-0d81abcff888,revision_number=1']} {{(pid=103289) push /opt/stack/neutron/neutron/api/rpc/handlers/resources_rpc.py:237}}
Feb 14 16:35:03.802633 n-d-828372-9 neutron-server[103288]: INFO neutron.wsgi [req-269ff566-8858-41d9-8d70-cc6512c033c8 req-da226407-7a06-40c3-add4-37a42ef026a9 tempest-DeleteServersAdminTestJSON-1844147435 tempest-DeleteServersAdminTestJSON-1844147435-project] 10.222.0.88 "GET /v2.0/security-groups?id=cea496fd-0a79-4f68-82ca-fcf9b84c8223&fields=id&fields=name HTTP/1.1" status: 200 len: 286 time: 0.1473820
Feb 14 16:35:03.842002 n-d-828372-9 neutron-server[103290]: DEBUG neutron.plugins.ml2.db [None req-f0648d4d-3296-46ac-9c2a-9b35b902ef1c None None] For port d5872420-cf80-4c15-ae8b-699affb43f08, host n-h1-828372-9, got binding levels [PortBindingLevel(driver='hyperv',host='n-h1-828372-9',level=0,port_id=d5872420-cf80-4c15-ae8b-699affb43f08,segment=NetworkSegment(9aa30739-a258-43d6-a161-5889d176a684),segment_id=9aa30739-a258-43d6-a161-5889d176a684)] {{(pid=103290) get_binding_level_objs /opt/stack/neutron/neutron/plugins/ml2/db.py:74}}
Feb 14 16:35:03.848920 n-d-828372-9 neutron-server[103290]: DEBUG neutron_lib.callbacks.manager [None req-f0648d4d-3296-46ac-9c2a-9b35b902ef1c None None] Publish callbacks ['neutron.plugins.ml2.plugin.SecurityGroupServerNotifierRpcMixin._notify_sg_on_port_change-762436', 'neutron.plugins.ml2.ovo_rpc._ObjectChangeHandler.handle_event-23017', 'neutron.api.rpc.agentnotifiers.dhcp_rpc_agent_api.DhcpAgentNotifyAPI._native_event_send_dhcp_notification-1645403', 'neutron.db.l3_db.L3RpcNotifierMixin._notify_gateway_port_ip_changed-8754577152961', 'neutron.db.l3_dvrscheduler_db._notify_l3_agent_port_update-8754576632423', 'neutron.db.l3_hascheduler_db._notify_l3_agent_ha_port_update-8754576632441'] for port (d5872420-cf80-4c15-ae8b-699affb43f08), after_update {{(pid=103290) _notify_loop /usr/local/lib/python3.8/dist-packages/neutron_lib/callbacks/manager.py:176}}
Feb 14 16:35:03.850840 n-d-828372-9 neutron-server[103290]: DEBUG neutron.plugins.ml2.rpc [None req-f0648d4d-3296-46ac-9c2a-9b35b902ef1c None None] Device 97a25702-1429-4a49-a197-9edbd0b4b250 up at agent hyperv_n-h1-828372-9 {{(pid=103290) update_device_up /opt/stack/neutron/neutron/plugins/ml2/rpc.py:296}}
Feb 14 16:35:03.916704 n-d-828372-9 neutron-server[103289]: DEBUG neutron_lib.callbacks.manager [req-647aacb3-7a53-4b94-b712-f555688659d3 req-4dc140da-977d-43d8-9d4d-9f80050fe20a tempest-LiveMigrationNegativeTest-484439411 tempest-LiveMigrationNegativeTest-484439411-project] Publish callbacks [] for port (ba8d466e-db28-4d94-93c9-60bdfa620b9b), precommit_create {{(pid=103289) _notify_loop /usr/local/lib/python3.8/dist-packages/neutron_lib/callbacks/manager.py:176}}
Feb 14 16:35:03.965856 n-d-828372-9 neutron-server[103289]: DEBUG neutron_lib.callbacks.manager [req-647aacb3-7a53-4b94-b712-f555688659d3 req-4dc140da-977d-43d8-9d4d-9f80050fe20a tempest-LiveMigrationNegativeTest-484439411 tempest-LiveMigrationNegativeTest-484439411-project] Publish callbacks ['neutron.plugins.ml2.plugin.SecurityGroupServerNotifierRpcMixin._notify_sg_on_port_change-762436', 'neutron.plugins.ml2.ovo_rpc._ObjectChangeHandler.handle_event-23017', 'neutron.api.rpc.agentnotifiers.dhcp_rpc_agent_api.DhcpAgentNotifyAPI._native_event_send_dhcp_notification-1645403', 'neutron.db.l3_dvrscheduler_db._notify_l3_agent_new_port-8754576632405'] for port (ba8d466e-db28-4d94-93c9-60bdfa620b9b), after_create {{(pid=103289) _notify_loop /usr/local/lib/python3.8/dist-packages/neutron_lib/callbacks/manager.py:176}}
Feb 14 16:35:04.046157 n-d-828372-9 neutron-server[103288]: DEBUG neutron.pecan_wsgi.hooks.policy_enforcement [req-4464c95b-8156-42da-8a3d-572bbb84c9ea req-0547655e-c5b0-42ad-932b-d6fe0cd1b096 tempest-AggregatesAdminTestJSON-1585304814 tempest-AggregatesAdminTestJSON-1585304814-project] Attributes excluded by policy engine: ['standard_attr_id', 'binding:profile', 'binding:host_id', 'binding:vif_type', 'binding:vif_details'] {{(pid=103288) _exclude_attributes_by_policy /opt/stack/neutron/neutron/pecan_wsgi/hooks/policy_enforcement.py:255}}
Feb 14 16:35:04.056748 n-d-828372-9 neutron-server[103288]: INFO neutron.wsgi [req-4464c95b-8156-42da-8a3d-572bbb84c9ea req-0547655e-c5b0-42ad-932b-d6fe0cd1b096 tempest-AggregatesAdminTestJSON-1585304814 tempest-AggregatesAdminTestJSON-1585304814-project] 10.222.0.88 "GET /v2.0/ports?device_id=8874c4c1-006d-467e-b3a8-80907fa26f6f HTTP/1.1" status: 200 len: 970 time: 0.1197326
Feb 14 16:35:04.075568 n-d-828372-9 neutron-server[103289]: DEBUG neutron.scheduler.dhcp_agent_scheduler [req-647aacb3-7a53-4b94-b712-f555688659d3 req-4dc140da-977d-43d8-9d4d-9f80050fe20a tempest-LiveMigrationNegativeTest-484439411 tempest-LiveMigrationNegativeTest-484439411-project] Network 240f527b-b7d4-4db9-ae6a-1ebb22e59ccb is already hosted by enough agents. {{(pid=103289) _get_dhcp_agents_hosting_network /opt/stack/neutron/neutron/scheduler/dhcp_agent_scheduler.py:275}}
Feb 14 16:35:04.092307 n-d-828372-9 neutron-server[103289]: DEBUG neutron.scheduler.base_scheduler [req-647aacb3-7a53-4b94-b712-f555688659d3 req-4dc140da-977d-43d8-9d4d-9f80050fe20a tempest-LiveMigrationNegativeTest-484439411 tempest-LiveMigrationNegativeTest-484439411-project] Resources bound (agent type, host, resource id): {{(pid=103289) schedule /opt/stack/neutron/neutron/scheduler/base_scheduler.py:57}}
Feb 14 16:35:04.104644 n-d-828372-9 neutron-server[103290]: DEBUG neutron.api.rpc.handlers.resources_rpc [None req-f0648d4d-3296-46ac-9c2a-9b35b902ef1c None None] Pushing event updated for resources: {'Port': ['ID=d5872420-cf80-4c15-ae8b-699affb43f08,revision_number=5']} {{(pid=103290) push /opt/stack/neutron/neutron/api/rpc/handlers/resources_rpc.py:237}}
Feb 14 16:35:04.110692 n-d-828372-9 neutron-server[103290]: DEBUG neutron.db.provisioning_blocks [None req-f0648d4d-3296-46ac-9c2a-9b35b902ef1c None None] Provisioning for port 97a25702-1429-4a49-a197-9edbd0b4b250 completed by entity L2. {{(pid=103290) provisioning_complete /opt/stack/neutron/neutron/db/provisioning_blocks.py:133}}
Feb 14 16:35:04.116273 n-d-828372-9 neutron-server[103290]: DEBUG neutron.db.provisioning_blocks [None req-f0648d4d-3296-46ac-9c2a-9b35b902ef1c None None] Provisioning complete for port 97a25702-1429-4a49-a197-9edbd0b4b250 triggered by entity L2. {{(pid=103290) provisioning_complete /opt/stack/neutron/neutron/db/provisioning_blocks.py:139}}
Feb 14 16:35:04.116668 n-d-828372-9 neutron-server[103290]: DEBUG neutron_lib.callbacks.manager [None req-f0648d4d-3296-46ac-9c2a-9b35b902ef1c None None] Publish callbacks ['neutron.plugins.ml2.plugin.Ml2Plugin._port_provisioned-821590'] for port (97a25702-1429-4a49-a197-9edbd0b4b250), provisioning_complete {{(pid=103290) _notify_loop /usr/local/lib/python3.8/dist-packages/neutron_lib/callbacks/manager.py:176}}
Feb 14 16:35:04.149915 n-d-828372-9 neutron-server[103289]: DEBUG neutron.db.l3_dvrscheduler_db [req-647aacb3-7a53-4b94-b712-f555688659d3 req-4dc140da-977d-43d8-9d4d-9f80050fe20a tempest-LiveMigrationNegativeTest-484439411 tempest-LiveMigrationNegativeTest-484439411-project] Received port after_create {{(pid=103289) _notify_l3_agent_new_port /opt/stack/neutron/neutron/db/l3_dvrscheduler_db.py:536}}
Feb 14 16:35:04.155153 n-d-828372-9 neutron-server[103289]: DEBUG neutron.pecan_wsgi.hooks.policy_enforcement [req-647aacb3-7a53-4b94-b712-f555688659d3 req-4dc140da-977d-43d8-9d4d-9f80050fe20a tempest-LiveMigrationNegativeTest-484439411 tempest-LiveMigrationNegativeTest-484439411-project] Attributes excluded by policy engine: ['standard_attr_id', 'binding:profile', 'binding:host_id', 'binding:vif_type', 'binding:vif_details', 'network'] {{(pid=103289) _exclude_attributes_by_policy /opt/stack/neutron/neutron/pecan_wsgi/hooks/policy_enforcement.py:255}}
Feb 14 16:35:04.155809 n-d-828372-9 neutron-server[103289]: DEBUG neutron_lib.callbacks.manager [req-647aacb3-7a53-4b94-b712-f555688659d3 req-4dc140da-977d-43d8-9d4d-9f80050fe20a tempest-LiveMigrationNegativeTest-484439411 tempest-LiveMigrationNegativeTest-484439411-project] Publish callbacks ['neutron.notifiers.nova.Notifier._send_nova_notification-18518', 'neutron.api.rpc.agentnotifiers.dhcp_rpc_agent_api.DhcpAgentNotifyAPI._send_dhcp_notification-1645481'] for port (None), before_response {{(pid=103289) _notify_loop /usr/local/lib/python3.8/dist-packages/neutron_lib/callbacks/manager.py:176}}
Feb 14 16:35:04.176116 n-d-828372-9 neutron-server[103289]: DEBUG neutron.api.rpc.handlers.resources_rpc [None req-4dc140da-977d-43d8-9d4d-9f80050fe20a tempest-LiveMigrationNegativeTest-484439411 tempest-LiveMigrationNegativeTest-484439411-project] Pushing event updated for resources: {'Port': ['ID=ba8d466e-db28-4d94-93c9-60bdfa620b9b,revision_number=1']} {{(pid=103289) push /opt/stack/neutron/neutron/api/rpc/handlers/resources_rpc.py:237}}
Feb 14 16:35:04.207891 n-d-828372-9 neutron-server[103288]: INFO neutron.wsgi [req-4464c95b-8156-42da-8a3d-572bbb84c9ea req-5ce02181-f827-41d8-83d9-46e8b0a4fecf tempest-AggregatesAdminTestJSON-1585304814 tempest-AggregatesAdminTestJSON-1585304814-project] 10.222.0.88 "GET /v2.0/security-groups?id=bb1fc8d6-362c-42b3-bfb1-f5f93c16a827&fields=id&fields=name HTTP/1.1" status: 200 len: 286 time: 0.1500845
Feb 14 16:35:04.219706 n-d-828372-9 neutron-server[103289]: INFO neutron.wsgi [req-647aacb3-7a53-4b94-b712-f555688659d3 req-4dc140da-977d-43d8-9d4d-9f80050fe20a tempest-LiveMigrationNegativeTest-484439411 tempest-LiveMigrationNegativeTest-484439411-project] 10.222.0.82 "POST /v2.0/ports HTTP/1.1" status: 201 len: 937 time: 1.2199755
Feb 14 16:35:04.327612 n-d-828372-9 neutron-server[103290]: DEBUG neutron.plugins.ml2.plugin [None req-f0648d4d-3296-46ac-9c2a-9b35b902ef1c None None] Current status of the port 97a25702-1429-4a49-a197-9edbd0b4b250 is: BUILD; New status is: ACTIVE {{(pid=103290) _update_individual_port_db_status /opt/stack/neutron/neutron/plugins/ml2/plugin.py:2232}}
Feb 14 16:35:04.328833 n-d-828372-9 neutron-server[103290]: DEBUG neutron_lib.callbacks.manager [None req-f0648d4d-3296-46ac-9c2a-9b35b902ef1c None None] Publish callbacks ['neutron.plugins.ml2.plugin.SecurityGroupDbMixin._ensure_default_security_group_handler-762576'] for port (97a25702-1429-4a49-a197-9edbd0b4b250), before_update {{(pid=103290) _notify_loop /usr/local/lib/python3.8/dist-packages/neutron_lib/callbacks/manager.py:176}}
Feb 14 16:35:04.333829 n-d-828372-9 neutron-server[103288]: INFO neutron.wsgi [req-148c403a-fb1a-4342-8355-39ce21b6afe5 req-9cec76cd-98d9-41b0-ac38-0d2b33239318 tempest-ServersWithSpecificFlavorTestJSON-499089319 tempest-ServersWithSpecificFlavorTestJSON-499089319-project] 10.222.0.88 "GET /v2.0/ports?device_id=362d0aa5-94c7-4663-8ebd-5a3bd05fb857 HTTP/1.1" status: 200 len: 210 time: 0.0577924
Feb 14 16:35:04.387535 n-d-828372-9 neutron-server[103290]: DEBUG neutron.plugins.ml2.db [None req-f0648d4d-3296-46ac-9c2a-9b35b902ef1c None None] For port 97a25702-1429-4a49-a197-9edbd0b4b250, host n-h1-828372-9, got binding levels [PortBindingLevel(driver='hyperv',host='n-h1-828372-9',level=0,port_id=97a25702-1429-4a49-a197-9edbd0b4b250,segment=NetworkSegment(9aa30739-a258-43d6-a161-5889d176a684),segment_id=9aa30739-a258-43d6-a161-5889d176a684)] {{(pid=103290) get_binding_level_objs /opt/stack/neutron/neutron/plugins/ml2/db.py:74}}
Feb 14 16:35:04.395451 n-d-828372-9 neutron-server[103290]: DEBUG neutron_lib.callbacks.manager [None req-f0648d4d-3296-46ac-9c2a-9b35b902ef1c None None] Publish callbacks ['neutron.plugins.ml2.plugin.SecurityGroupServerNotifierRpcMixin._notify_sg_on_port_change-762436', 'neutron.plugins.ml2.ovo_rpc._ObjectChangeHandler.handle_event-23017', 'neutron.api.rpc.agentnotifiers.dhcp_rpc_agent_api.DhcpAgentNotifyAPI._native_event_send_dhcp_notification-1645403', 'neutron.db.l3_db.L3RpcNotifierMixin._notify_gateway_port_ip_changed-8754577152961', 'neutron.db.l3_dvrscheduler_db._notify_l3_agent_port_update-8754576632423', 'neutron.db.l3_hascheduler_db._notify_l3_agent_ha_port_update-8754576632441'] for port (97a25702-1429-4a49-a197-9edbd0b4b250), after_update {{(pid=103290) _notify_loop /usr/local/lib/python3.8/dist-packages/neutron_lib/callbacks/manager.py:176}}
Feb 14 16:35:04.458528 n-d-828372-9 neutron-server[103290]: DEBUG novaclient.v2.client [-] REQ: curl -g -i --cacert "/opt/stack/data/ca-bundle.pem" -X POST http://10.222.0.88/compute/v2.1/os-server-external-events -H "Accept: application/json" -H "Content-Type: application/json" -H "User-Agent: python-novaclient" -H "X-Auth-Token: {SHA256}3412d6b65b2846c0e7e2bd10d8817af9d02da110d29662477fd7184a38e285d9" -H "X-OpenStack-Nova-API-Version: 2.1" -H "X-OpenStack-Request-ID: req-73261934-abcb-45a1-91db-32375fa842b8" -d '{"events": [{"server_uuid": "745d6fa7-0230-49cd-bb38-00939517f587", "name": "network-vif-plugged", "status": "completed", "tag": "d5872420-cf80-4c15-ae8b-699affb43f08"}]}' {{(pid=103290) _http_log_request /usr/local/lib/python3.8/dist-packages/keystoneauth1/session.py:519}}
Feb 14 16:35:04.513496 n-d-828372-9 neutron-server[103288]: DEBUG neutron.pecan_wsgi.hooks.policy_enforcement [req-7bccd352-49d3-4652-925a-0004839ac628 req-3fc20bfc-b11f-4aff-8629-2107ea2ee311 tempest-LiveMigrationNegativeTest-484439411 tempest-LiveMigrationNegativeTest-484439411-project] Attributes excluded by policy engine: ['standard_attr_id', 'binding:profile', 'binding:host_id', 'binding:vif_type', 'binding:vif_details'] {{(pid=103288) _exclude_attributes_by_policy /opt/stack/neutron/neutron/pecan_wsgi/hooks/policy_enforcement.py:255}}
Feb 14 16:35:04.515168 n-d-828372-9 neutron-server[103288]: INFO neutron.wsgi [req-7bccd352-49d3-4652-925a-0004839ac628 req-3fc20bfc-b11f-4aff-8629-2107ea2ee311 tempest-LiveMigrationNegativeTest-484439411 tempest-LiveMigrationNegativeTest-484439411-project] 10.222.0.88 "GET /v2.0/ports?device_id=ab49a53d-731c-4df3-8154-57aa061ba36d HTTP/1.1" status: 200 len: 935 time: 0.0958767
Feb 14 16:35:04.516876 n-d-828372-9 neutron-server[103290]: DEBUG neutron.api.rpc.handlers.resources_rpc [None req-f0648d4d-3296-46ac-9c2a-9b35b902ef1c None None] Pushing event updated for resources: {'Port': ['ID=97a25702-1429-4a49-a197-9edbd0b4b250,revision_number=5']} {{(pid=103290) push /opt/stack/neutron/neutron/api/rpc/handlers/resources_rpc.py:237}}
Feb 14 16:35:04.596698 n-d-828372-9 neutron-server[103288]: INFO neutron.wsgi [req-7bccd352-49d3-4652-925a-0004839ac628 req-18436ae0-c477-4d29-a701-6b9166613794 tempest-LiveMigrationNegativeTest-484439411 tempest-LiveMigrationNegativeTest-484439411-project] 10.222.0.88 "GET /v2.0/security-groups?id=dd0413d8-09ac-40fe-ae4e-0d81abcff888&fields=id&fields=name HTTP/1.1" status: 200 len: 286 time: 0.0698440
Feb 14 16:35:04.615694 n-d-828372-9 neutron-server[103290]: DEBUG neutron.db.provisioning_blocks [None req-161b99d2-185b-46fe-9c16-5b0262094dde None None] Provisioning complete for port ba8d466e-db28-4d94-93c9-60bdfa620b9b triggered by entity DHCP. {{(pid=103290) provisioning_complete /opt/stack/neutron/neutron/db/provisioning_blocks.py:139}}
Feb 14 16:35:04.616284 n-d-828372-9 neutron-server[103290]: DEBUG neutron_lib.callbacks.manager [None req-161b99d2-185b-46fe-9c16-5b0262094dde None None] Publish callbacks ['neutron.plugins.ml2.plugin.Ml2Plugin._port_provisioned-821590'] for port (ba8d466e-db28-4d94-93c9-60bdfa620b9b), provisioning_complete {{(pid=103290) _notify_loop /usr/local/lib/python3.8/dist-packages/neutron_lib/callbacks/manager.py:176}}
Feb 14 16:35:04.667247 n-d-828372-9 neutron-server[103290]: DEBUG novaclient.v2.client [-] RESP: [200] Connection: close Content-Length: 183 Content-Type: application/json Date: Mon, 14 Feb 2022 16:35:04 GMT OpenStack-API-Version: compute 2.1 Server: Apache/2.4.41 (Ubuntu) Vary: OpenStack-API-Version,X-OpenStack-Nova-API-Version X-OpenStack-Nova-API-Version: 2.1 x-compute-request-id: req-d7cfa67e-5eaa-41b1-a49d-9b6d8dc63a74 x-openstack-request-id: req-d7cfa67e-5eaa-41b1-a49d-9b6d8dc63a74 {{(pid=103290) _http_log_response /usr/local/lib/python3.8/dist-packages/keystoneauth1/session.py:550}}
Feb 14 16:35:04.671066 n-d-828372-9 neutron-server[103290]: DEBUG novaclient.v2.client [-] RESP BODY: {"events": [{"server_uuid": "745d6fa7-0230-49cd-bb38-00939517f587", "name": "network-vif-plugged", "status": "completed", "tag": "d5872420-cf80-4c15-ae8b-699affb43f08", "code": 200}]} {{(pid=103290) _http_log_response /usr/local/lib/python3.8/dist-packages/keystoneauth1/session.py:582}}
Feb 14 16:35:04.671361 n-d-828372-9 neutron-server[103290]: DEBUG novaclient.v2.client [-] POST call to compute for http://10.222.0.88/compute/v2.1/os-server-external-events used request id req-d7cfa67e-5eaa-41b1-a49d-9b6d8dc63a74 {{(pid=103290) request /usr/local/lib/python3.8/dist-packages/keystoneauth1/session.py:954}}
Feb 14 16:35:04.671865 n-d-828372-9 neutron-server[103290]: INFO neutron.notifiers.nova [-] Nova event response: {'server_uuid': '745d6fa7-0230-49cd-bb38-00939517f587', 'name': 'network-vif-plugged', 'status': 'completed', 'tag': 'd5872420-cf80-4c15-ae8b-699affb43f08', 'code': 200}
Feb 14 16:35:04.679643 n-d-828372-9 neutron-server[103290]: DEBUG neutron.plugins.ml2.plugin [None req-161b99d2-185b-46fe-9c16-5b0262094dde None None] Port ba8d466e-db28-4d94-93c9-60bdfa620b9b cannot update to ACTIVE because it is not bound. {{(pid=103290) _port_provisioned /opt/stack/neutron/neutron/plugins/ml2/plugin.py:343}}
Feb 14 16:35:04.841485 n-d-828372-9 neutron-server[103289]: DEBUG neutron.pecan_wsgi.hooks.policy_enforcement [req-de09cb8e-ba48-4f14-97d4-27681adcf931 req-d399d0d2-78e9-461e-a107-239dbacba288 service neutron] Attributes excluded by policy engine: ['standard_attr_id'] {{(pid=103289) _exclude_attributes_by_policy /opt/stack/neutron/neutron/pecan_wsgi/hooks/policy_enforcement.py:255}}
Feb 14 16:35:04.844836 n-d-828372-9 neutron-server[103289]: INFO neutron.wsgi [req-de09cb8e-ba48-4f14-97d4-27681adcf931 req-d399d0d2-78e9-461e-a107-239dbacba288 service neutron] 10.222.0.43 "GET /v2.0/ports?device_id=745d6fa7-0230-49cd-bb38-00939517f587 HTTP/1.1" status: 200 len: 1131 time: 0.0892425
Feb 14 16:35:04.872738 n-d-828372-9 neutron-server[103289]: DEBUG neutron_lib.callbacks.manager [req-de09cb8e-ba48-4f14-97d4-27681adcf931 req-51e24b36-9843-4dd0-aa4c-f60be7c3adc4 service neutron] Publish callbacks [] for security_group (None), before_create {{(pid=103289) _notify_loop /usr/local/lib/python3.8/dist-packages/neutron_lib/callbacks/manager.py:176}}
Feb 14 16:35:04.899577 n-d-828372-9 neutron-server[103288]: INFO neutron.wsgi [req-42dd6eef-cab2-4a29-8eb3-ce9f1d396949 req-c12ba51c-b7a2-4cfe-99bd-3d7744b074bd tempest-QuotasAdminNegativeTest-309137603 tempest-QuotasAdminNegativeTest-309137603-project] 10.222.0.88 "GET /v2.0/networks?tenant_id=c24220b1b5164917a0018f6c5eb05701&shared=False HTTP/1.1" status: 200 len: 213 time: 0.0279665
Feb 14 16:35:04.959783 n-d-828372-9 neutron-server[103289]: DEBUG neutron_lib.callbacks.manager [req-de09cb8e-ba48-4f14-97d4-27681adcf931 req-51e24b36-9843-4dd0-aa4c-f60be7c3adc4 service neutron] Publish callbacks [] for security_group (27cc796d-f8c7-4c60-8654-7ea390a5d65b), precommit_create {{(pid=103289) _notify_loop /usr/local/lib/python3.8/dist-packages/neutron_lib/callbacks/manager.py:176}}
Feb 14 16:35:04.964321 n-d-828372-9 neutron-server[103289]: DEBUG neutron_lib.callbacks.manager [req-de09cb8e-ba48-4f14-97d4-27681adcf931 req-51e24b36-9843-4dd0-aa4c-f60be7c3adc4 service neutron] Publish callbacks ['neutron.plugins.ml2.ovo_rpc._ObjectChangeHandler.handle_event-1804988'] for security_group (27cc796d-f8c7-4c60-8654-7ea390a5d65b), after_create {{(pid=103289) _notify_loop /usr/local/lib/python3.8/dist-packages/neutron_lib/callbacks/manager.py:176}}
Feb 14 16:35:05.010750 n-d-828372-9 neutron-server[103289]: INFO neutron.wsgi [req-de09cb8e-ba48-4f14-97d4-27681adcf931 req-51e24b36-9843-4dd0-aa4c-f60be7c3adc4 service neutron] 10.222.0.43 "GET /v2.0/security-groups?id=cea496fd-0a79-4f68-82ca-fcf9b84c8223&fields=id&fields=name HTTP/1.1" status: 200 len: 286 time: 0.1585622
Feb 14 16:35:05.011843 n-d-828372-9 neutron-server[103289]: DEBUG neutron.api.rpc.handlers.resources_rpc [None req-51e24b36-9843-4dd0-aa4c-f60be7c3adc4 service neutron] Pushing event updated for resources: {'SecurityGroup': ['ID=27cc796d-f8c7-4c60-8654-7ea390a5d65b,revision_number=1']} {{(pid=103289) push /opt/stack/neutron/neutron/api/rpc/handlers/resources_rpc.py:237}}
Feb 14 16:35:05.030595 n-d-828372-9 neutron-server[103288]: DEBUG neutron.pecan_wsgi.hooks.policy_enforcement [req-c8dea39f-0c8c-446d-9c62-b49042387566 req-3f6372c3-6c43-441a-8362-9905110eb7dd tempest-DeleteServersAdminTestJSON-1844147435 tempest-DeleteServersAdminTestJSON-1844147435-project] Attributes excluded by policy engine: ['standard_attr_id', 'binding:profile', 'binding:host_id', 'binding:vif_type', 'binding:vif_details'] {{(pid=103288) _exclude_attributes_by_policy /opt/stack/neutron/neutron/pecan_wsgi/hooks/policy_enforcement.py:255}}
Feb 14 16:35:05.032663 n-d-828372-9 neutron-server[103288]: INFO neutron.wsgi [req-c8dea39f-0c8c-446d-9c62-b49042387566 req-3f6372c3-6c43-441a-8362-9905110eb7dd tempest-DeleteServersAdminTestJSON-1844147435 tempest-DeleteServersAdminTestJSON-1844147435-project] 10.222.0.88 "GET /v2.0/ports?device_id=745d6fa7-0230-49cd-bb38-00939517f587 HTTP/1.1" status: 200 len: 949 time: 0.1281972
Feb 14 16:35:05.079100 n-d-828372-9 neutron-server[103288]: DEBUG neutron.pecan_wsgi.hooks.policy_enforcement [req-42dd6eef-cab2-4a29-8eb3-ce9f1d396949 req-860dd8ba-e4b2-4606-b3da-2bc81a02aa72 tempest-QuotasAdminNegativeTest-309137603 tempest-QuotasAdminNegativeTest-309137603-project] Attributes excluded by policy engine: ['standard_attr_id', 'vlan_transparent', 'provider:network_type', 'provider:physical_network', 'provider:segmentation_id'] {{(pid=103288) _exclude_attributes_by_policy /opt/stack/neutron/neutron/pecan_wsgi/hooks/policy_enforcement.py:255}}
Feb 14 16:35:05.080589 n-d-828372-9 neutron-server[103288]: INFO neutron.wsgi [req-42dd6eef-cab2-4a29-8eb3-ce9f1d396949 req-860dd8ba-e4b2-4606-b3da-2bc81a02aa72 tempest-QuotasAdminNegativeTest-309137603 tempest-QuotasAdminNegativeTest-309137603-project] 10.222.0.88 "GET /v2.0/networks?shared=True HTTP/1.1" status: 200 len: 769 time: 0.1647725
Feb 14 16:35:05.110943 n-d-828372-9 neutron-server[103288]: INFO neutron.wsgi [req-42dd6eef-cab2-4a29-8eb3-ce9f1d396949 req-3ef11e2c-4fb5-4848-ac55-607d0c5b1e23 tempest-QuotasAdminNegativeTest-309137603 tempest-QuotasAdminNegativeTest-309137603-project] 10.222.0.88 "GET /v2.0/quotas/c24220b1b5164917a0018f6c5eb05701 HTTP/1.1" status: 200 len: 375 time: 0.0245960
Feb 14 16:35:05.114387 n-d-828372-9 neutron-server[103288]: INFO neutron.wsgi [req-c8dea39f-0c8c-446d-9c62-b49042387566 req-d609ca2d-ff63-4ee8-a36b-f5676c6d7688 tempest-DeleteServersAdminTestJSON-1844147435 tempest-DeleteServersAdminTestJSON-1844147435-project] 10.222.0.88 "GET /v2.0/security-groups?id=cea496fd-0a79-4f68-82ca-fcf9b84c8223&fields=id&fields=name HTTP/1.1" status: 200 len: 286 time: 0.0746377
Feb 14 16:35:05.147104 n-d-828372-9 neutron-server[103288]: INFO neutron.wsgi [req-42dd6eef-cab2-4a29-8eb3-ce9f1d396949 req-36265803-9e7e-4586-b003-65ddc21f9500 tempest-QuotasAdminNegativeTest-309137603 tempest-QuotasAdminNegativeTest-309137603-project] 10.222.0.88 "GET /v2.0/ports?tenant_id=c24220b1b5164917a0018f6c5eb05701&fields=id HTTP/1.1" status: 200 len: 210 time: 0.0303102
Feb 14 16:35:05.383160 n-d-828372-9 neutron-server[103288]: DEBUG neutron.pecan_wsgi.hooks.policy_enforcement [req-f228514f-40b9-4ac1-b88a-f4d2bf9a6a97 req-b08ca75b-2a0d-4602-8a3f-b56200c16be0 tempest-AggregatesAdminTestJSON-1585304814 tempest-AggregatesAdminTestJSON-1585304814-project] Attributes excluded by policy engine: ['standard_attr_id', 'binding:profile', 'binding:host_id', 'binding:vif_type', 'binding:vif_details'] {{(pid=103288) _exclude_attributes_by_policy /opt/stack/neutron/neutron/pecan_wsgi/hooks/policy_enforcement.py:255}}
Feb 14 16:35:05.391507 n-d-828372-9 neutron-server[103288]: INFO neutron.wsgi [req-f228514f-40b9-4ac1-b88a-f4d2bf9a6a97 req-b08ca75b-2a0d-4602-8a3f-b56200c16be0 tempest-AggregatesAdminTestJSON-1585304814 tempest-AggregatesAdminTestJSON-1585304814-project] 10.222.0.88 "GET /v2.0/ports?device_id=8874c4c1-006d-467e-b3a8-80907fa26f6f HTTP/1.1" status: 200 len: 971 time: 0.0852475
Feb 14 16:35:05.432267 n-d-828372-9 neutron-server[103288]: INFO neutron.wsgi [req-13153c92-d9ee-4988-8130-1e0084de3bc5 req-097f3f18-d0ba-470e-864b-1cba5469c530 tempest-ServersWithSpecificFlavorTestJSON-499089319 tempest-ServersWithSpecificFlavorTestJSON-499089319-project] 10.222.0.88 "GET /v2.0/ports?device_id=362d0aa5-94c7-4663-8ebd-5a3bd05fb857 HTTP/1.1" status: 200 len: 210 time: 0.0372488
Feb 14 16:35:05.476783 n-d-828372-9 neutron-server[103288]: INFO neutron.wsgi [req-f228514f-40b9-4ac1-b88a-f4d2bf9a6a97 req-c03c8ce2-97d9-41cf-9375-df45f23d6afb tempest-AggregatesAdminTestJSON-1585304814 tempest-AggregatesAdminTestJSON-1585304814-project] 10.222.0.88 "GET /v2.0/security-groups?id=bb1fc8d6-362c-42b3-bfb1-f5f93c16a827&fields=id&fields=name HTTP/1.1" status: 200 len: 286 time: 0.0841668
Feb 14 16:35:05.605843 n-d-828372-9 neutron-server[103289]: DEBUG neutron.wsgi [-] (103289) accepted ('10.222.0.88', 48338) {{(pid=103289) server /usr/local/lib/python3.8/dist-packages/eventlet/wsgi.py:1004}}
Feb 14 16:35:05.723695 n-d-828372-9 neutron-server[103288]: DEBUG neutron.pecan_wsgi.hooks.policy_enforcement [req-588c33eb-cf53-422f-a94d-9e3f4e35148c req-538fbfb1-7112-4bcc-bbcc-29ecc88d8b1c tempest-LiveMigrationNegativeTest-484439411 tempest-LiveMigrationNegativeTest-484439411-project] Attributes excluded by policy engine: ['standard_attr_id', 'binding:profile', 'binding:host_id', 'binding:vif_type', 'binding:vif_details'] {{(pid=103288) _exclude_attributes_by_policy /opt/stack/neutron/neutron/pecan_wsgi/hooks/policy_enforcement.py:255}}
Feb 14 16:35:05.725271 n-d-828372-9 neutron-server[103288]: INFO neutron.wsgi [req-588c33eb-cf53-422f-a94d-9e3f4e35148c req-538fbfb1-7112-4bcc-bbcc-29ecc88d8b1c tempest-LiveMigrationNegativeTest-484439411 tempest-LiveMigrationNegativeTest-484439411-project] 10.222.0.88 "GET /v2.0/ports?device_id=ab49a53d-731c-4df3-8154-57aa061ba36d HTTP/1.1" status: 200 len: 935 time: 0.0593312
Feb 14 16:35:05.751461 n-d-828372-9 neutron-server[103289]: DEBUG neutron_lib.callbacks.manager [None req-0f165bb5-3db0-40f6-9ce4-37058f0d9b92 admin admin] Publish callbacks [] for security_group (None), before_create {{(pid=103289) _notify_loop /usr/local/lib/python3.8/dist-packages/neutron_lib/callbacks/manager.py:176}}
Feb 14 16:35:05.779866 n-d-828372-9 neutron-server[103288]: INFO neutron.wsgi [req-588c33eb-cf53-422f-a94d-9e3f4e35148c req-3d5dd301-58a2-4198-8f81-49bf7cbcba73 tempest-LiveMigrationNegativeTest-484439411 tempest-LiveMigrationNegativeTest-484439411-project] 10.222.0.88 "GET /v2.0/security-groups?id=dd0413d8-09ac-40fe-ae4e-0d81abcff888&fields=id&fields=name HTTP/1.1" status: 200 len: 286 time: 0.0484560
Feb 14 16:35:05.855427 n-d-828372-9 neutron-server[103289]: DEBUG neutron_lib.callbacks.manager [None req-0f165bb5-3db0-40f6-9ce4-37058f0d9b92 admin admin] Publish callbacks [] for security_group (71106bce-3ecd-41e3-8819-a110532f156d), precommit_create {{(pid=103289) _notify_loop /usr/local/lib/python3.8/dist-packages/neutron_lib/callbacks/manager.py:176}}
Feb 14 16:35:05.870187 n-d-828372-9 neutron-server[103289]: DEBUG neutron_lib.callbacks.manager [None req-0f165bb5-3db0-40f6-9ce4-37058f0d9b92 admin admin] Publish callbacks ['neutron.plugins.ml2.ovo_rpc._ObjectChangeHandler.handle_event-1804988'] for security_group (71106bce-3ecd-41e3-8819-a110532f156d), after_create {{(pid=103289) _notify_loop /usr/local/lib/python3.8/dist-packages/neutron_lib/callbacks/manager.py:176}}
Feb 14 16:35:05.901623 n-d-828372-9 neutron-server[103289]: INFO neutron.wsgi [None req-0f165bb5-3db0-40f6-9ce4-37058f0d9b92 admin admin] 10.222.0.88 "GET /v2.0/security-groups?tenant_id=b2569b805dd248958ce595b0b4ba0d06&name=default HTTP/1.1" status: 200 len: 2996 time: 0.2946322
Feb 14 16:35:05.902494 n-d-828372-9 neutron-server[103289]: DEBUG neutron.api.rpc.handlers.resources_rpc [None req-0f165bb5-3db0-40f6-9ce4-37058f0d9b92 admin admin] Pushing event updated for resources: {'SecurityGroup': ['ID=71106bce-3ecd-41e3-8819-a110532f156d,revision_number=1']} {{(pid=103289) push /opt/stack/neutron/neutron/api/rpc/handlers/resources_rpc.py:237}}
Feb 14 16:35:05.904437 n-d-828372-9 neutron-server[103288]: DEBUG neutron.wsgi [-] (103288) accepted ('10.222.0.88', 48350) {{(pid=103288) server /usr/local/lib/python3.8/dist-packages/eventlet/wsgi.py:1004}}
Feb 14 16:35:05.961180 n-d-828372-9 neutron-server[103288]: DEBUG neutron_lib.callbacks.manager [None req-18854b7c-d697-4ae9-8bf6-fd0bfb8ec864 admin admin] Publish callbacks [] for security_group (71106bce-3ecd-41e3-8819-a110532f156d), before_delete {{(pid=103288) _notify_loop /usr/local/lib/python3.8/dist-packages/neutron_lib/callbacks/manager.py:176}}
Feb 14 16:35:05.985280 n-d-828372-9 neutron-server[103288]: DEBUG neutron_lib.callbacks.manager [None req-18854b7c-d697-4ae9-8bf6-fd0bfb8ec864 admin admin] Publish callbacks [] for security_group (71106bce-3ecd-41e3-8819-a110532f156d), precommit_delete {{(pid=103288) _notify_loop /usr/local/lib/python3.8/dist-packages/neutron_lib/callbacks/manager.py:176}}
Feb 14 16:35:06.050307 n-d-828372-9 neutron-server[103288]: INFO neutron.wsgi [req-03b1a1a7-67f9-4615-a25a-b7214f422df6 req-1cef2bd2-c7ac-4dc1-8e08-38b8c41f4674 tempest-QuotasAdminNegativeTest-309137603 tempest-QuotasAdminNegativeTest-309137603-project] 10.222.0.88 "GET /v2.0/networks?tenant_id=c24220b1b5164917a0018f6c5eb05701&shared=False HTTP/1.1" status: 200 len: 213 time: 0.0223870
Feb 14 16:35:06.055445 n-d-828372-9 neutron-server[103288]: DEBUG neutron_lib.callbacks.manager [None req-18854b7c-d697-4ae9-8bf6-fd0bfb8ec864 admin admin] Publish callbacks ['neutron.plugins.ml2.ovo_rpc._ObjectChangeHandler.handle_event-1804988'] for security_group (71106bce-3ecd-41e3-8819-a110532f156d), after_delete {{(pid=103288) _notify_loop /usr/local/lib/python3.8/dist-packages/neutron_lib/callbacks/manager.py:176}}
Feb 14 16:35:06.058121 n-d-828372-9 neutron-server[103288]: DEBUG neutron_lib.callbacks.manager [None req-18854b7c-d697-4ae9-8bf6-fd0bfb8ec864 admin admin] Publish callbacks [] for security_group (None), before_response {{(pid=103288) _notify_loop /usr/local/lib/python3.8/dist-packages/neutron_lib/callbacks/manager.py:176}}
Feb 14 16:35:06.059267 n-d-828372-9 neutron-server[103288]: INFO neutron.wsgi [None req-18854b7c-d697-4ae9-8bf6-fd0bfb8ec864 admin admin] 10.222.0.88 "DELETE /v2.0/security-groups/71106bce-3ecd-41e3-8819-a110532f156d HTTP/1.1" status: 204 len: 168 time: 0.1522012
Feb 14 16:35:06.078134 n-d-828372-9 neutron-server[103288]: DEBUG neutron.api.rpc.handlers.resources_rpc [None req-18854b7c-d697-4ae9-8bf6-fd0bfb8ec864 admin admin] Pushing event deleted for resources: {'SecurityGroup': ['ID=71106bce-3ecd-41e3-8819-a110532f156d,revision_number=None']} {{(pid=103288) push /opt/stack/neutron/neutron/api/rpc/handlers/resources_rpc.py:237}}
Feb 14 16:35:06.181909 n-d-828372-9 neutron-server[103288]: DEBUG neutron.pecan_wsgi.hooks.policy_enforcement [req-03b1a1a7-67f9-4615-a25a-b7214f422df6 req-15f20448-7002-4c7b-9be6-99f5b05c76a4 tempest-QuotasAdminNegativeTest-309137603 tempest-QuotasAdminNegativeTest-309137603-project] Attributes excluded by policy engine: ['standard_attr_id', 'vlan_transparent', 'provider:network_type', 'provider:physical_network', 'provider:segmentation_id'] {{(pid=103288) _exclude_attributes_by_policy /opt/stack/neutron/neutron/pecan_wsgi/hooks/policy_enforcement.py:255}}
Feb 14 16:35:06.183467 n-d-828372-9 neutron-server[103288]: INFO neutron.wsgi [req-03b1a1a7-67f9-4615-a25a-b7214f422df6 req-15f20448-7002-4c7b-9be6-99f5b05c76a4 tempest-QuotasAdminNegativeTest-309137603 tempest-QuotasAdminNegativeTest-309137603-project] 10.222.0.88 "GET /v2.0/networks?shared=True HTTP/1.1" status: 200 len: 769 time: 0.1231611
Feb 14 16:35:06.208803 n-d-828372-9 neutron-server[103288]: INFO neutron.wsgi [req-03b1a1a7-67f9-4615-a25a-b7214f422df6 req-5885c510-6afb-4a07-8cc3-f2479df4ff72 tempest-QuotasAdminNegativeTest-309137603 tempest-QuotasAdminNegativeTest-309137603-project] 10.222.0.88 "GET /v2.0/quotas/c24220b1b5164917a0018f6c5eb05701 HTTP/1.1" status: 200 len: 375 time: 0.0191052
Feb 14 16:35:06.258956 n-d-828372-9 neutron-server[103288]: INFO neutron.wsgi [req-03b1a1a7-67f9-4615-a25a-b7214f422df6 req-f6884c8c-6333-4e38-8770-b6def3fd05a3 tempest-QuotasAdminNegativeTest-309137603 tempest-QuotasAdminNegativeTest-309137603-project] 10.222.0.88 "GET /v2.0/ports?tenant_id=c24220b1b5164917a0018f6c5eb05701&fields=id HTTP/1.1" status: 200 len: 210 time: 0.0308404
Feb 14 16:35:06.284109 n-d-828372-9 neutron-server[103288]: DEBUG neutron.pecan_wsgi.hooks.policy_enforcement [req-c25a9040-1992-4c45-976f-72575472748d req-48928022-aa1c-49c5-a0da-92cf29bdbb3c tempest-DeleteServersAdminTestJSON-1844147435 tempest-DeleteServersAdminTestJSON-1844147435-project] Attributes excluded by policy engine: ['standard_attr_id', 'binding:profile', 'binding:host_id', 'binding:vif_type', 'binding:vif_details'] {{(pid=103288) _exclude_attributes_by_policy /opt/stack/neutron/neutron/pecan_wsgi/hooks/policy_enforcement.py:255}}
Feb 14 16:35:06.285804 n-d-828372-9 neutron-server[103288]: INFO neutron.wsgi [req-c25a9040-1992-4c45-976f-72575472748d req-48928022-aa1c-49c5-a0da-92cf29bdbb3c tempest-DeleteServersAdminTestJSON-1844147435 tempest-DeleteServersAdminTestJSON-1844147435-project] 10.222.0.88 "GET /v2.0/ports?device_id=745d6fa7-0230-49cd-bb38-00939517f587 HTTP/1.1" status: 200 len: 949 time: 0.0872545
Feb 14 16:35:06.352978 n-d-828372-9 neutron-server[103288]: INFO neutron.wsgi [req-c25a9040-1992-4c45-976f-72575472748d req-07633f13-b88b-4ed8-bb91-2cd7e0a53b69 tempest-DeleteServersAdminTestJSON-1844147435 tempest-DeleteServersAdminTestJSON-1844147435-project] 10.222.0.88 "GET /v2.0/security-groups?id=cea496fd-0a79-4f68-82ca-fcf9b84c8223&fields=id&fields=name HTTP/1.1" status: 200 len: 286 time: 0.0593536
Feb 14 16:35:06.423380 n-d-828372-9 neutron-server[103288]: DEBUG neutron.wsgi [-] (103288) accepted ('10.222.0.88', 48374) {{(pid=103288) server /usr/local/lib/python3.8/dist-packages/eventlet/wsgi.py:1004}}
Feb 14 16:35:06.436790 n-d-828372-9 neutron-server[103288]: DEBUG neutron_lib.callbacks.manager [None req-2f864771-9a24-4996-8b0d-58c31a9ed014 admin admin] Publish callbacks [] for security_group (None), before_create {{(pid=103288) _notify_loop /usr/local/lib/python3.8/dist-packages/neutron_lib/callbacks/manager.py:176}}
Feb 14 16:35:06.546913 n-d-828372-9 neutron-server[103288]: INFO neutron.wsgi [req-b77d29d6-75ce-44e2-b9e2-29b81913d428 req-c8a67e69-5022-4f50-8548-c01c84c44765 tempest-ServersWithSpecificFlavorTestJSON-499089319 tempest-ServersWithSpecificFlavorTestJSON-499089319-project] 10.222.0.88 "GET /v2.0/ports?device_id=362d0aa5-94c7-4663-8ebd-5a3bd05fb857 HTTP/1.1" status: 200 len: 210 time: 0.0366433
Feb 14 16:35:06.574265 n-d-828372-9 neutron-server[103288]: DEBUG neutron_lib.callbacks.manager [None req-2f864771-9a24-4996-8b0d-58c31a9ed014 admin admin] Publish callbacks [] for security_group (2c2638f2-a686-43f7-bbd0-ad4d3cfac669), precommit_create {{(pid=103288) _notify_loop /usr/local/lib/python3.8/dist-packages/neutron_lib/callbacks/manager.py:176}}
Feb 14 16:35:06.579788 n-d-828372-9 neutron-server[103288]: DEBUG neutron_lib.callbacks.manager [None req-2f864771-9a24-4996-8b0d-58c31a9ed014 admin admin] Publish callbacks ['neutron.plugins.ml2.ovo_rpc._ObjectChangeHandler.handle_event-1804988'] for security_group (2c2638f2-a686-43f7-bbd0-ad4d3cfac669), after_create {{(pid=103288) _notify_loop /usr/local/lib/python3.8/dist-packages/neutron_lib/callbacks/manager.py:176}}
Feb 14 16:35:06.632328 n-d-828372-9 neutron-server[103288]: DEBUG neutron.api.rpc.handlers.resources_rpc [None req-2f864771-9a24-4996-8b0d-58c31a9ed014 admin admin] Pushing event updated for resources: {'SecurityGroup': ['ID=2c2638f2-a686-43f7-bbd0-ad4d3cfac669,revision_number=1']} {{(pid=103288) push /opt/stack/neutron/neutron/api/rpc/handlers/resources_rpc.py:237}}
Feb 14 16:35:06.652292 n-d-828372-9 neutron-server[103288]: INFO neutron.wsgi [None req-2f864771-9a24-4996-8b0d-58c31a9ed014 admin admin] 10.222.0.88 "GET /v2.0/security-groups?tenant_id=5b6a0d8ca405488eb8e186968ce82460&name=default HTTP/1.1" status: 200 len: 2996 time: 0.2277608
Feb 14 16:35:06.654982 n-d-828372-9 neutron-server[103289]: DEBUG neutron.wsgi [-] (103289) accepted ('10.222.0.88', 48380) {{(pid=103289) server /usr/local/lib/python3.8/dist-packages/eventlet/wsgi.py:1004}}
Feb 14 16:35:06.673407 n-d-828372-9 neutron-server[103290]: DEBUG neutron.notifiers.nova [-] Sending events: [{'server_uuid': '8874c4c1-006d-467e-b3a8-80907fa26f6f', 'name': 'network-vif-plugged', 'status': 'completed', 'tag': '97a25702-1429-4a49-a197-9edbd0b4b250'}] {{(pid=103290) send_events /opt/stack/neutron/neutron/notifiers/nova.py:271}}
Feb 14 16:35:06.675783 n-d-828372-9 neutron-server[103290]: DEBUG novaclient.v2.client [-] REQ: curl -g -i --cacert "/opt/stack/data/ca-bundle.pem" -X POST http://10.222.0.88/compute/v2.1/os-server-external-events -H "Accept: application/json" -H "Content-Type: application/json" -H "User-Agent: python-novaclient" -H "X-Auth-Token: {SHA256}3412d6b65b2846c0e7e2bd10d8817af9d02da110d29662477fd7184a38e285d9" -H "X-OpenStack-Nova-API-Version: 2.1" -H "X-OpenStack-Request-ID: req-00d21d58-f8c1-4292-a743-90766266f0fb" -d '{"events": [{"server_uuid": "8874c4c1-006d-467e-b3a8-80907fa26f6f", "name": "network-vif-plugged", "status": "completed", "tag": "97a25702-1429-4a49-a197-9edbd0b4b250"}]}' {{(pid=103290) _http_log_request /usr/local/lib/python3.8/dist-packages/keystoneauth1/session.py:519}}
Feb 14 16:35:06.694507 n-d-828372-9 neutron-server[103288]: DEBUG neutron.pecan_wsgi.hooks.policy_enforcement [req-3b8cb7e8-f671-41fa-8e73-5c81e761941c req-f21cd8e2-5d88-4571-bd4f-3b7353c7aaf2 tempest-AggregatesAdminTestJSON-1585304814 tempest-AggregatesAdminTestJSON-1585304814-project] Attributes excluded by policy engine: ['standard_attr_id', 'binding:profile', 'binding:host_id', 'binding:vif_type', 'binding:vif_details'] {{(pid=103288) _exclude_attributes_by_policy /opt/stack/neutron/neutron/pecan_wsgi/hooks/policy_enforcement.py:255}}
Feb 14 16:35:06.701815 n-d-828372-9 neutron-server[103288]: INFO neutron.wsgi [req-3b8cb7e8-f671-41fa-8e73-5c81e761941c req-f21cd8e2-5d88-4571-bd4f-3b7353c7aaf2 tempest-AggregatesAdminTestJSON-1585304814 tempest-AggregatesAdminTestJSON-1585304814-project] 10.222.0.88 "GET /v2.0/ports?device_id=8874c4c1-006d-467e-b3a8-80907fa26f6f HTTP/1.1" status: 200 len: 971 time: 0.0839252
Feb 14 16:35:06.743668 n-d-828372-9 neutron-server[103289]: DEBUG neutron_lib.callbacks.manager [None req-5ce2deaa-3fa0-4a45-b1a6-a86b258bd920 admin admin] Publish callbacks [] for security_group (2c2638f2-a686-43f7-bbd0-ad4d3cfac669), before_delete {{(pid=103289) _notify_loop /usr/local/lib/python3.8/dist-packages/neutron_lib/callbacks/manager.py:176}}
Feb 14 16:35:06.759732 n-d-828372-9 neutron-server[103290]: DEBUG novaclient.v2.client [-] RESP: [200] Connection: close Content-Length: 183 Content-Type: application/json Date: Mon, 14 Feb 2022 16:35:06 GMT OpenStack-API-Version: compute 2.1 Server: Apache/2.4.41 (Ubuntu) Vary: OpenStack-API-Version,X-OpenStack-Nova-API-Version X-OpenStack-Nova-API-Version: 2.1 x-compute-request-id: req-1cc5e504-f155-4c48-a843-7c072c507e0f x-openstack-request-id: req-1cc5e504-f155-4c48-a843-7c072c507e0f {{(pid=103290) _http_log_response /usr/local/lib/python3.8/dist-packages/keystoneauth1/session.py:550}}
Feb 14 16:35:06.760332 n-d-828372-9 neutron-server[103290]: DEBUG novaclient.v2.client [-] RESP BODY: {"events": [{"server_uuid": "8874c4c1-006d-467e-b3a8-80907fa26f6f", "name": "network-vif-plugged", "status": "completed", "tag": "97a25702-1429-4a49-a197-9edbd0b4b250", "code": 200}]} {{(pid=103290) _http_log_response /usr/local/lib/python3.8/dist-packages/keystoneauth1/session.py:582}}
Feb 14 16:35:06.760817 n-d-828372-9 neutron-server[103290]: DEBUG novaclient.v2.client [-] POST call to compute for http://10.222.0.88/compute/v2.1/os-server-external-events used request id req-1cc5e504-f155-4c48-a843-7c072c507e0f {{(pid=103290) request /usr/local/lib/python3.8/dist-packages/keystoneauth1/session.py:954}}
Feb 14 16:35:06.761399 n-d-828372-9 neutron-server[103290]: INFO neutron.notifiers.nova [-] Nova event response: {'server_uuid': '8874c4c1-006d-467e-b3a8-80907fa26f6f', 'name': 'network-vif-plugged', 'status': 'completed', 'tag': '97a25702-1429-4a49-a197-9edbd0b4b250', 'code': 200}
Feb 14 16:35:06.772214 n-d-828372-9 neutron-server[103289]: DEBUG neutron_lib.callbacks.manager [None req-5ce2deaa-3fa0-4a45-b1a6-a86b258bd920 admin admin] Publish callbacks [] for security_group (2c2638f2-a686-43f7-bbd0-ad4d3cfac669), precommit_delete {{(pid=103289) _notify_loop /usr/local/lib/python3.8/dist-packages/neutron_lib/callbacks/manager.py:176}}
Feb 14 16:35:06.802146 n-d-828372-9 neutron-server[103288]: INFO neutron.wsgi [req-3b8cb7e8-f671-41fa-8e73-5c81e761941c req-595d9e2b-3ace-48f6-9379-a84dc899ac53 tempest-AggregatesAdminTestJSON-1585304814 tempest-AggregatesAdminTestJSON-1585304814-project] 10.222.0.88 "GET /v2.0/security-groups?id=bb1fc8d6-362c-42b3-bfb1-f5f93c16a827&fields=id&fields=name HTTP/1.1" status: 200 len: 286 time: 0.0926960
Feb 14 16:35:06.846513 n-d-828372-9 neutron-server[103289]: DEBUG neutron_lib.callbacks.manager [None req-5ce2deaa-3fa0-4a45-b1a6-a86b258bd920 admin admin] Publish callbacks ['neutron.plugins.ml2.ovo_rpc._ObjectChangeHandler.handle_event-1804988'] for security_group (2c2638f2-a686-43f7-bbd0-ad4d3cfac669), after_delete {{(pid=103289) _notify_loop /usr/local/lib/python3.8/dist-packages/neutron_lib/callbacks/manager.py:176}}
Feb 14 16:35:06.850549 n-d-828372-9 neutron-server[103289]: DEBUG neutron_lib.callbacks.manager [None req-5ce2deaa-3fa0-4a45-b1a6-a86b258bd920 admin admin] Publish callbacks [] for security_group (None), before_response {{(pid=103289) _notify_loop /usr/local/lib/python3.8/dist-packages/neutron_lib/callbacks/manager.py:176}}
Feb 14 16:35:06.852060 n-d-828372-9 neutron-server[103289]: INFO neutron.wsgi [None req-5ce2deaa-3fa0-4a45-b1a6-a86b258bd920 admin admin] 10.222.0.88 "DELETE /v2.0/security-groups/2c2638f2-a686-43f7-bbd0-ad4d3cfac669 HTTP/1.1" status: 204 len: 168 time: 0.1958876
Feb 14 16:35:06.863955 n-d-828372-9 neutron-server[103289]: DEBUG neutron.api.rpc.handlers.resources_rpc [None req-5ce2deaa-3fa0-4a45-b1a6-a86b258bd920 admin admin] Pushing event deleted for resources: {'SecurityGroup': ['ID=2c2638f2-a686-43f7-bbd0-ad4d3cfac669,revision_number=None']} {{(pid=103289) push /opt/stack/neutron/neutron/api/rpc/handlers/resources_rpc.py:237}}
Feb 14 16:35:06.942076 n-d-828372-9 neutron-server[103289]: DEBUG neutron.pecan_wsgi.hooks.policy_enforcement [req-d1a89fba-42e9-4564-a56c-7e8ba242c706 req-581c5e1e-a023-493a-a3e4-ccdfcd52697d service neutron] Attributes excluded by policy engine: ['standard_attr_id'] {{(pid=103289) _exclude_attributes_by_policy /opt/stack/neutron/neutron/pecan_wsgi/hooks/policy_enforcement.py:255}}
Feb 14 16:35:06.944686 n-d-828372-9 neutron-server[103289]: INFO neutron.wsgi [req-d1a89fba-42e9-4564-a56c-7e8ba242c706 req-581c5e1e-a023-493a-a3e4-ccdfcd52697d service neutron] 10.222.0.43 "GET /v2.0/ports?device_id=8874c4c1-006d-467e-b3a8-80907fa26f6f HTTP/1.1" status: 200 len: 1153 time: 0.0722735
Feb 14 16:35:06.991034 n-d-828372-9 neutron-server[103288]: DEBUG neutron.pecan_wsgi.hooks.policy_enforcement [req-c72ff194-72d0-45cb-ad46-21161c3d8d84 req-18eea936-4258-44d4-8e39-c002b136020e tempest-LiveMigrationNegativeTest-484439411 tempest-LiveMigrationNegativeTest-484439411-project] Attributes excluded by policy engine: ['standard_attr_id', 'binding:profile', 'binding:host_id', 'binding:vif_type', 'binding:vif_details'] {{(pid=103288) _exclude_attributes_by_policy /opt/stack/neutron/neutron/pecan_wsgi/hooks/policy_enforcement.py:255}}
