Feb 14 16:35:45.340634 n-d-828372-9 neutron-server[103289]: INFO neutron.wsgi [None req-3a41e220-0e8f-47dc-b13a-2c83228b2469 admin admin] 10.222.0.88 "DELETE /v2.0/security-groups/27dbe70b-cd3a-492f-bbf0-4d72f50aed61 HTTP/1.1" status: 204 len: 168 time: 0.2048435
Feb 14 16:35:45.357064 n-d-828372-9 neutron-server[103289]: DEBUG neutron.api.rpc.handlers.resources_rpc [None req-3a41e220-0e8f-47dc-b13a-2c83228b2469 admin admin] Pushing event deleted for resources: {'SecurityGroup': ['ID=27dbe70b-cd3a-492f-bbf0-4d72f50aed61,revision_number=None']} {{(pid=103289) push /opt/stack/neutron/neutron/api/rpc/handlers/resources_rpc.py:237}}
Feb 14 16:35:45.385400 n-d-828372-9 neutron-server[103290]: DEBUG neutron.plugins.ml2.rpc [None req-f0648d4d-3296-46ac-9c2a-9b35b902ef1c None None] Device 97c5dcca-1559-4152-88ae-26c9a551ecdc details requested by agent hyperv_n-h1-828372-9 with host n-h1-828372-9 {{(pid=103290) get_device_details /opt/stack/neutron/neutron/plugins/ml2/rpc.py:102}}
Feb 14 16:35:45.391034 n-d-828372-9 neutron-server[103290]: DEBUG neutron.plugins.ml2.rpc [None req-f0648d4d-3296-46ac-9c2a-9b35b902ef1c None None] Device 226222bc-3352-4d27-8b45-3634ce3c129c up at agent hyperv_n-h1-828372-9 {{(pid=103290) update_device_up /opt/stack/neutron/neutron/plugins/ml2/rpc.py:296}}
Feb 14 16:35:45.603540 n-d-828372-9 neutron-server[103290]: DEBUG neutron.db.provisioning_blocks [None req-f0648d4d-3296-46ac-9c2a-9b35b902ef1c None None] Provisioning for port 226222bc-3352-4d27-8b45-3634ce3c129c completed by entity L2. {{(pid=103290) provisioning_complete /opt/stack/neutron/neutron/db/provisioning_blocks.py:133}}
Feb 14 16:35:45.607205 n-d-828372-9 neutron-server[103289]: DEBUG neutron.wsgi [-] (103289) accepted ('10.222.0.88', 49906) {{(pid=103289) server /usr/local/lib/python3.8/dist-packages/eventlet/wsgi.py:1004}}
Feb 14 16:35:45.625022 n-d-828372-9 neutron-server[103290]: DEBUG neutron_lib.callbacks.manager [None req-120d1694-224c-4ae1-aa83-0f78806b2545 None None] Publish callbacks ['neutron.services.segments.db._update_segment_host_mapping_for_agent-8754577124958', 'neutron.plugins.ml2.plugin.Ml2Plugin._retry_binding_revived_agents-821564'] for agent (00a738b8-9450-43d4-9fd0-bf020fd988df), after_update {{(pid=103290) _notify_loop /usr/local/lib/python3.8/dist-packages/neutron_lib/callbacks/manager.py:176}}
Feb 14 16:35:45.630878 n-d-828372-9 neutron-server[103289]: DEBUG neutron_lib.callbacks.manager [None req-1fc9f5cf-df26-498c-ae8a-5c3c13be1e89 admin admin] Publish callbacks [] for security_group (None), before_create {{(pid=103289) _notify_loop /usr/local/lib/python3.8/dist-packages/neutron_lib/callbacks/manager.py:176}}
Feb 14 16:35:45.634298 n-d-828372-9 neutron-server[103290]: DEBUG neutron.db.provisioning_blocks [None req-f0648d4d-3296-46ac-9c2a-9b35b902ef1c None None] Provisioning complete for port 226222bc-3352-4d27-8b45-3634ce3c129c triggered by entity L2. {{(pid=103290) provisioning_complete /opt/stack/neutron/neutron/db/provisioning_blocks.py:139}}
Feb 14 16:35:45.639660 n-d-828372-9 neutron-server[103290]: DEBUG neutron_lib.callbacks.manager [None req-f0648d4d-3296-46ac-9c2a-9b35b902ef1c None None] Publish callbacks ['neutron.plugins.ml2.plugin.Ml2Plugin._port_provisioned-821590'] for port (226222bc-3352-4d27-8b45-3634ce3c129c), provisioning_complete {{(pid=103290) _notify_loop /usr/local/lib/python3.8/dist-packages/neutron_lib/callbacks/manager.py:176}}
Feb 14 16:35:45.714532 n-d-828372-9 neutron-server[103290]: DEBUG neutron.plugins.ml2.db [None req-f0648d4d-3296-46ac-9c2a-9b35b902ef1c None None] For port 97c5dcca-1559-4152-88ae-26c9a551ecdc, host n-h1-828372-9, got binding levels [PortBindingLevel(driver='hyperv',host='n-h1-828372-9',level=0,port_id=97c5dcca-1559-4152-88ae-26c9a551ecdc,segment=NetworkSegment(9aa30739-a258-43d6-a161-5889d176a684),segment_id=9aa30739-a258-43d6-a161-5889d176a684)] {{(pid=103290) get_binding_level_objs /opt/stack/neutron/neutron/plugins/ml2/db.py:74}}
Feb 14 16:35:45.756645 n-d-828372-9 neutron-server[103290]: DEBUG neutron.plugins.ml2.rpc [None req-f0648d4d-3296-46ac-9c2a-9b35b902ef1c None None] Returning: {'device': '97c5dcca-1559-4152-88ae-26c9a551ecdc', 'network_id': '240f527b-b7d4-4db9-ae6a-1ebb22e59ccb', 'port_id': '97c5dcca-1559-4152-88ae-26c9a551ecdc', 'mac_address': 'fa:16:3e:74:20:6d', 'admin_state_up': True, 'network_type': 'vlan', 'segmentation_id': 251, 'physical_network': 'physnet1', 'mtu': 1500, 'fixed_ips': [{'subnet_id': '917f1f89-a1ec-4cdb-9831-db07a617af70', 'ip_address': '192.168.233.38'}], 'device_owner': 'compute:nova', 'allowed_address_pairs': [], 'port_security_enabled': True, 'qos_policy_id': None, 'network_qos_policy_id': None, 'profile': {}, 'propagate_uplink_status': False} {{(pid=103290) _get_device_details /opt/stack/neutron/neutron/plugins/ml2/rpc.py:184}}
Feb 14 16:35:45.803866 n-d-828372-9 neutron-server[103289]: DEBUG neutron_lib.callbacks.manager [None req-1fc9f5cf-df26-498c-ae8a-5c3c13be1e89 admin admin] Publish callbacks [] for security_group (026f6e0e-21ff-488a-883f-e8aaef749798), precommit_create {{(pid=103289) _notify_loop /usr/local/lib/python3.8/dist-packages/neutron_lib/callbacks/manager.py:176}}
Feb 14 16:35:45.811232 n-d-828372-9 neutron-server[103289]: DEBUG neutron_lib.callbacks.manager [None req-1fc9f5cf-df26-498c-ae8a-5c3c13be1e89 admin admin] Publish callbacks ['neutron.plugins.ml2.ovo_rpc._ObjectChangeHandler.handle_event-1804988'] for security_group (026f6e0e-21ff-488a-883f-e8aaef749798), after_create {{(pid=103289) _notify_loop /usr/local/lib/python3.8/dist-packages/neutron_lib/callbacks/manager.py:176}}
Feb 14 16:35:45.826919 n-d-828372-9 neutron-server[103288]: DEBUG neutron_lib.callbacks.manager [req-28af461f-23f2-4c0f-a652-cef97d12241f req-210c7e56-a1e9-4992-ae3f-13bbb03e3e37 tempest-LiveMigrationTest-1370045294 tempest-LiveMigrationTest-1370045294-project] Publish callbacks [] for port (f00b2c26-9fbb-4414-98c4-cfd1e8521ca0), precommit_create {{(pid=103288) _notify_loop /usr/local/lib/python3.8/dist-packages/neutron_lib/callbacks/manager.py:176}}
Feb 14 16:35:45.835835 n-d-828372-9 neutron-server[103288]: DEBUG neutron.pecan_wsgi.hooks.policy_enforcement [req-5b0ecf41-826c-4b10-814b-15f5cddab05d req-51a87b2a-8bdd-4950-874f-9cdc123c4720 tempest-ServersAdminNegativeTestJSON-1866287041 tempest-ServersAdminNegativeTestJSON-1866287041-project] Attributes excluded by policy engine: ['standard_attr_id', 'binding:profile', 'binding:host_id', 'binding:vif_type', 'binding:vif_details'] {{(pid=103288) _exclude_attributes_by_policy /opt/stack/neutron/neutron/pecan_wsgi/hooks/policy_enforcement.py:255}}
Feb 14 16:35:45.837468 n-d-828372-9 neutron-server[103288]: INFO neutron.wsgi [req-5b0ecf41-826c-4b10-814b-15f5cddab05d req-51a87b2a-8bdd-4950-874f-9cdc123c4720 tempest-ServersAdminNegativeTestJSON-1866287041 tempest-ServersAdminNegativeTestJSON-1866287041-project] 10.222.0.88 "GET /v2.0/ports?device_id=df6355ef-0b0f-456e-9f21-413b8980cb2f HTTP/1.1" status: 200 len: 949 time: 0.1361663
Feb 14 16:35:45.838165 n-d-828372-9 neutron-server[103290]: DEBUG neutron.plugins.ml2.plugin [None req-f0648d4d-3296-46ac-9c2a-9b35b902ef1c None None] Current status of the port 97c5dcca-1559-4152-88ae-26c9a551ecdc is: DOWN; New status is: BUILD {{(pid=103290) _update_individual_port_db_status /opt/stack/neutron/neutron/plugins/ml2/plugin.py:2232}}
Feb 14 16:35:45.838698 n-d-828372-9 neutron-server[103290]: DEBUG neutron_lib.callbacks.manager [None req-f0648d4d-3296-46ac-9c2a-9b35b902ef1c None None] Publish callbacks ['neutron.plugins.ml2.plugin.SecurityGroupDbMixin._ensure_default_security_group_handler-762576'] for port (97c5dcca-1559-4152-88ae-26c9a551ecdc), before_update {{(pid=103290) _notify_loop /usr/local/lib/python3.8/dist-packages/neutron_lib/callbacks/manager.py:176}}
Feb 14 16:35:45.852813 n-d-828372-9 neutron-server[103289]: INFO neutron.wsgi [None req-1fc9f5cf-df26-498c-ae8a-5c3c13be1e89 admin admin] 10.222.0.88 "GET /v2.0/security-groups?tenant_id=91ffb85e65ef42e0aa67baf6dc0cdc2f&name=default HTTP/1.1" status: 200 len: 2996 time: 0.2432718
Feb 14 16:35:45.854690 n-d-828372-9 neutron-server[103289]: DEBUG neutron.wsgi [-] (103289) accepted ('10.222.0.88', 49918) {{(pid=103289) server /usr/local/lib/python3.8/dist-packages/eventlet/wsgi.py:1004}}
Feb 14 16:35:45.865383 n-d-828372-9 neutron-server[103290]: DEBUG neutron.notifiers.nova [None req-f0648d4d-3296-46ac-9c2a-9b35b902ef1c None None] Ignoring state change previous_port_status: DOWN current_port_status: BUILD port_id 97c5dcca-1559-4152-88ae-26c9a551ecdc {{(pid=103290) record_port_status_changed /opt/stack/neutron/neutron/notifiers/nova.py:233}}
Feb 14 16:35:45.888590 n-d-828372-9 neutron-server[103290]: DEBUG neutron.plugins.ml2.db [None req-f0648d4d-3296-46ac-9c2a-9b35b902ef1c None None] For port 97c5dcca-1559-4152-88ae-26c9a551ecdc, host n-h1-828372-9, got binding levels [PortBindingLevel(driver='hyperv',host='n-h1-828372-9',level=0,port_id=97c5dcca-1559-4152-88ae-26c9a551ecdc,segment=NetworkSegment(9aa30739-a258-43d6-a161-5889d176a684),segment_id=9aa30739-a258-43d6-a161-5889d176a684)] {{(pid=103290) get_binding_level_objs /opt/stack/neutron/neutron/plugins/ml2/db.py:74}}
Feb 14 16:35:45.896749 n-d-828372-9 neutron-server[103290]: DEBUG neutron.plugins.ml2.plugin [None req-f0648d4d-3296-46ac-9c2a-9b35b902ef1c None None] Current status of the port 226222bc-3352-4d27-8b45-3634ce3c129c is: BUILD; New status is: ACTIVE {{(pid=103290) _update_individual_port_db_status /opt/stack/neutron/neutron/plugins/ml2/plugin.py:2232}}
Feb 14 16:35:45.897148 n-d-828372-9 neutron-server[103290]: DEBUG neutron_lib.callbacks.manager [None req-f0648d4d-3296-46ac-9c2a-9b35b902ef1c None None] Publish callbacks ['neutron.plugins.ml2.plugin.SecurityGroupDbMixin._ensure_default_security_group_handler-762576'] for port (226222bc-3352-4d27-8b45-3634ce3c129c), before_update {{(pid=103290) _notify_loop /usr/local/lib/python3.8/dist-packages/neutron_lib/callbacks/manager.py:176}}
Feb 14 16:35:45.899158 n-d-828372-9 neutron-server[103290]: DEBUG neutron_lib.callbacks.manager [None req-f0648d4d-3296-46ac-9c2a-9b35b902ef1c None None] Publish callbacks ['neutron.plugins.ml2.plugin.SecurityGroupServerNotifierRpcMixin._notify_sg_on_port_change-762436', 'neutron.plugins.ml2.ovo_rpc._ObjectChangeHandler.handle_event-23017', 'neutron.api.rpc.agentnotifiers.dhcp_rpc_agent_api.DhcpAgentNotifyAPI._native_event_send_dhcp_notification-1645403', 'neutron.db.l3_db.L3RpcNotifierMixin._notify_gateway_port_ip_changed-8754577152961', 'neutron.db.l3_dvrscheduler_db._notify_l3_agent_port_update-8754576632423', 'neutron.db.l3_hascheduler_db._notify_l3_agent_ha_port_update-8754576632441'] for port (97c5dcca-1559-4152-88ae-26c9a551ecdc), after_update {{(pid=103290) _notify_loop /usr/local/lib/python3.8/dist-packages/neutron_lib/callbacks/manager.py:176}}
Feb 14 16:35:45.901524 n-d-828372-9 neutron-server[103289]: DEBUG neutron.api.rpc.handlers.resources_rpc [None req-1fc9f5cf-df26-498c-ae8a-5c3c13be1e89 admin admin] Pushing event updated for resources: {'SecurityGroup': ['ID=026f6e0e-21ff-488a-883f-e8aaef749798,revision_number=1']} {{(pid=103289) push /opt/stack/neutron/neutron/api/rpc/handlers/resources_rpc.py:237}}
Feb 14 16:35:45.932298 n-d-828372-9 neutron-server[103289]: DEBUG neutron_lib.callbacks.manager [None req-a5bb9fea-7dcf-41de-adf9-4aa1dc353e02 admin admin] Publish callbacks [] for security_group (026f6e0e-21ff-488a-883f-e8aaef749798), before_delete {{(pid=103289) _notify_loop /usr/local/lib/python3.8/dist-packages/neutron_lib/callbacks/manager.py:176}}
Feb 14 16:35:45.945020 n-d-828372-9 neutron-server[103289]: DEBUG neutron.wsgi [-] (103289) accepted ('10.222.0.88', 49922) {{(pid=103289) server /usr/local/lib/python3.8/dist-packages/eventlet/wsgi.py:1004}}
Feb 14 16:35:45.958435 n-d-828372-9 neutron-server[103288]: INFO neutron.wsgi [req-5b0ecf41-826c-4b10-814b-15f5cddab05d req-6c597b00-e5ca-4f7e-b96c-916b70fc324e tempest-ServersAdminNegativeTestJSON-1866287041 tempest-ServersAdminNegativeTestJSON-1866287041-project] 10.222.0.88 "GET /v2.0/security-groups?id=08e8b468-629d-490e-83e0-2383efcef6c9&fields=id&fields=name HTTP/1.1" status: 200 len: 286 time: 0.1133296
Feb 14 16:35:45.961912 n-d-828372-9 neutron-server[103289]: DEBUG neutron_lib.callbacks.manager [None req-f9f007d4-8efb-4d6c-80c7-cf7f17e37ef1 admin admin] Publish callbacks [] for security_group (None), before_create {{(pid=103289) _notify_loop /usr/local/lib/python3.8/dist-packages/neutron_lib/callbacks/manager.py:176}}
Feb 14 16:35:45.964819 n-d-828372-9 neutron-server[103290]: DEBUG neutron.api.rpc.handlers.resources_rpc [None req-f0648d4d-3296-46ac-9c2a-9b35b902ef1c None None] Pushing event updated for resources: {'Port': ['ID=97c5dcca-1559-4152-88ae-26c9a551ecdc,revision_number=4']} {{(pid=103290) push /opt/stack/neutron/neutron/api/rpc/handlers/resources_rpc.py:237}}
Feb 14 16:35:45.965424 n-d-828372-9 neutron-server[103288]: DEBUG neutron_lib.callbacks.manager [req-28af461f-23f2-4c0f-a652-cef97d12241f req-210c7e56-a1e9-4992-ae3f-13bbb03e3e37 tempest-LiveMigrationTest-1370045294 tempest-LiveMigrationTest-1370045294-project] Publish callbacks ['neutron.plugins.ml2.plugin.SecurityGroupServerNotifierRpcMixin._notify_sg_on_port_change-762436', 'neutron.plugins.ml2.ovo_rpc._ObjectChangeHandler.handle_event-23017', 'neutron.api.rpc.agentnotifiers.dhcp_rpc_agent_api.DhcpAgentNotifyAPI._native_event_send_dhcp_notification-1645403', 'neutron.db.l3_dvrscheduler_db._notify_l3_agent_new_port-8754576632405'] for port (f00b2c26-9fbb-4414-98c4-cfd1e8521ca0), after_create {{(pid=103288) _notify_loop /usr/local/lib/python3.8/dist-packages/neutron_lib/callbacks/manager.py:176}}
Feb 14 16:35:45.988989 n-d-828372-9 neutron-server[103289]: DEBUG neutron_lib.callbacks.manager [None req-a5bb9fea-7dcf-41de-adf9-4aa1dc353e02 admin admin] Publish callbacks [] for security_group (026f6e0e-21ff-488a-883f-e8aaef749798), precommit_delete {{(pid=103289) _notify_loop /usr/local/lib/python3.8/dist-packages/neutron_lib/callbacks/manager.py:176}}
Feb 14 16:35:45.998833 n-d-828372-9 neutron-server[103290]: DEBUG neutron.plugins.ml2.db [None req-f0648d4d-3296-46ac-9c2a-9b35b902ef1c None None] For port 226222bc-3352-4d27-8b45-3634ce3c129c, host n-h1-828372-9, got binding levels [PortBindingLevel(driver='hyperv',host='n-h1-828372-9',level=0,port_id=226222bc-3352-4d27-8b45-3634ce3c129c,segment=NetworkSegment(9aa30739-a258-43d6-a161-5889d176a684),segment_id=9aa30739-a258-43d6-a161-5889d176a684)] {{(pid=103290) get_binding_level_objs /opt/stack/neutron/neutron/plugins/ml2/db.py:74}}
Feb 14 16:35:46.004723 n-d-828372-9 neutron-server[103288]: DEBUG neutron.pecan_wsgi.hooks.policy_enforcement [req-10b48ef8-e35c-4478-a93c-2cfafff21757 req-6be40b45-9ef9-4b9c-9551-c1ba25387ae4 tempest-LiveMigrationNegativeTest-484439411 tempest-LiveMigrationNegativeTest-484439411-project] Attributes excluded by policy engine: ['standard_attr_id', 'binding:profile', 'binding:host_id', 'binding:vif_type', 'binding:vif_details'] {{(pid=103288) _exclude_attributes_by_policy /opt/stack/neutron/neutron/pecan_wsgi/hooks/policy_enforcement.py:255}}
Feb 14 16:35:46.006669 n-d-828372-9 neutron-server[103288]: INFO neutron.wsgi [req-10b48ef8-e35c-4478-a93c-2cfafff21757 req-6be40b45-9ef9-4b9c-9551-c1ba25387ae4 tempest-LiveMigrationNegativeTest-484439411 tempest-LiveMigrationNegativeTest-484439411-project] 10.222.0.88 "GET /v2.0/ports?device_id=7a74f9c3-fe8b-4a50-91dd-d77283983a68 HTTP/1.1" status: 200 len: 950 time: 0.1535041
Feb 14 16:35:46.015267 n-d-828372-9 neutron-server[103290]: DEBUG neutron_lib.callbacks.manager [None req-f0648d4d-3296-46ac-9c2a-9b35b902ef1c None None] Publish callbacks ['neutron.plugins.ml2.plugin.SecurityGroupServerNotifierRpcMixin._notify_sg_on_port_change-762436', 'neutron.plugins.ml2.ovo_rpc._ObjectChangeHandler.handle_event-23017', 'neutron.api.rpc.agentnotifiers.dhcp_rpc_agent_api.DhcpAgentNotifyAPI._native_event_send_dhcp_notification-1645403', 'neutron.db.l3_db.L3RpcNotifierMixin._notify_gateway_port_ip_changed-8754577152961', 'neutron.db.l3_dvrscheduler_db._notify_l3_agent_port_update-8754576632423', 'neutron.db.l3_hascheduler_db._notify_l3_agent_ha_port_update-8754576632441'] for port (226222bc-3352-4d27-8b45-3634ce3c129c), after_update {{(pid=103290) _notify_loop /usr/local/lib/python3.8/dist-packages/neutron_lib/callbacks/manager.py:176}}
Feb 14 16:35:46.054383 n-d-828372-9 neutron-server[103290]: DEBUG neutron.notifiers.nova [-] Sending events: [{'server_uuid': 'df6355ef-0b0f-456e-9f21-413b8980cb2f', 'name': 'network-vif-plugged', 'status': 'completed', 'tag': '226222bc-3352-4d27-8b45-3634ce3c129c'}] {{(pid=103290) send_events /opt/stack/neutron/neutron/notifiers/nova.py:271}}
Feb 14 16:35:46.058727 n-d-828372-9 neutron-server[103290]: DEBUG novaclient.v2.client [-] REQ: curl -g -i --cacert "/opt/stack/data/ca-bundle.pem" -X POST http://10.222.0.88/compute/v2.1/os-server-external-events -H "Accept: application/json" -H "Content-Type: application/json" -H "User-Agent: python-novaclient" -H "X-Auth-Token: {SHA256}3412d6b65b2846c0e7e2bd10d8817af9d02da110d29662477fd7184a38e285d9" -H "X-OpenStack-Nova-API-Version: 2.1" -H "X-OpenStack-Request-ID: req-53f0bc9a-0500-4512-aab6-603a0b88ce8a" -d '{"events": [{"server_uuid": "df6355ef-0b0f-456e-9f21-413b8980cb2f", "name": "network-vif-plugged", "status": "completed", "tag": "226222bc-3352-4d27-8b45-3634ce3c129c"}]}' {{(pid=103290) _http_log_request /usr/local/lib/python3.8/dist-packages/keystoneauth1/session.py:519}}
Feb 14 16:35:46.078108 n-d-828372-9 neutron-server[103288]: DEBUG neutron.scheduler.dhcp_agent_scheduler [req-28af461f-23f2-4c0f-a652-cef97d12241f req-210c7e56-a1e9-4992-ae3f-13bbb03e3e37 tempest-LiveMigrationTest-1370045294 tempest-LiveMigrationTest-1370045294-project] Network cda3bff2-b6ce-4ebd-a819-ef414b4ffc39 is already hosted by enough agents. {{(pid=103288) _get_dhcp_agents_hosting_network /opt/stack/neutron/neutron/scheduler/dhcp_agent_scheduler.py:275}}
Feb 14 16:35:46.087612 n-d-828372-9 neutron-server[103289]: DEBUG neutron_lib.callbacks.manager [None req-f9f007d4-8efb-4d6c-80c7-cf7f17e37ef1 admin admin] Publish callbacks [] for security_group (9a11286f-a079-423e-8b85-3863437790ed), precommit_create {{(pid=103289) _notify_loop /usr/local/lib/python3.8/dist-packages/neutron_lib/callbacks/manager.py:176}}
Feb 14 16:35:46.087816 n-d-828372-9 neutron-server[103288]: DEBUG neutron.scheduler.base_scheduler [req-28af461f-23f2-4c0f-a652-cef97d12241f req-210c7e56-a1e9-4992-ae3f-13bbb03e3e37 tempest-LiveMigrationTest-1370045294 tempest-LiveMigrationTest-1370045294-project] Resources bound (agent type, host, resource id): {{(pid=103288) schedule /opt/stack/neutron/neutron/scheduler/base_scheduler.py:57}}
Feb 14 16:35:46.095952 n-d-828372-9 neutron-server[103290]: DEBUG neutron.api.rpc.handlers.resources_rpc [None req-f0648d4d-3296-46ac-9c2a-9b35b902ef1c None None] Pushing event updated for resources: {'Port': ['ID=226222bc-3352-4d27-8b45-3634ce3c129c,revision_number=5']} {{(pid=103290) push /opt/stack/neutron/neutron/api/rpc/handlers/resources_rpc.py:237}}
Feb 14 16:35:46.100550 n-d-828372-9 neutron-server[103289]: DEBUG neutron_lib.callbacks.manager [None req-f9f007d4-8efb-4d6c-80c7-cf7f17e37ef1 admin admin] Publish callbacks ['neutron.plugins.ml2.ovo_rpc._ObjectChangeHandler.handle_event-1804988'] for security_group (9a11286f-a079-423e-8b85-3863437790ed), after_create {{(pid=103289) _notify_loop /usr/local/lib/python3.8/dist-packages/neutron_lib/callbacks/manager.py:176}}
Feb 14 16:35:46.113740 n-d-828372-9 neutron-server[103288]: DEBUG neutron.db.l3_dvrscheduler_db [req-28af461f-23f2-4c0f-a652-cef97d12241f req-210c7e56-a1e9-4992-ae3f-13bbb03e3e37 tempest-LiveMigrationTest-1370045294 tempest-LiveMigrationTest-1370045294-project] Received port after_create {{(pid=103288) _notify_l3_agent_new_port /opt/stack/neutron/neutron/db/l3_dvrscheduler_db.py:536}}
Feb 14 16:35:46.118873 n-d-828372-9 neutron-server[103288]: DEBUG neutron.pecan_wsgi.hooks.policy_enforcement [req-28af461f-23f2-4c0f-a652-cef97d12241f req-210c7e56-a1e9-4992-ae3f-13bbb03e3e37 tempest-LiveMigrationTest-1370045294 tempest-LiveMigrationTest-1370045294-project] Attributes excluded by policy engine: ['standard_attr_id', 'binding:profile', 'binding:host_id', 'binding:vif_type', 'binding:vif_details', 'network'] {{(pid=103288) _exclude_attributes_by_policy /opt/stack/neutron/neutron/pecan_wsgi/hooks/policy_enforcement.py:255}}
Feb 14 16:35:46.119552 n-d-828372-9 neutron-server[103288]: DEBUG neutron_lib.callbacks.manager [req-28af461f-23f2-4c0f-a652-cef97d12241f req-210c7e56-a1e9-4992-ae3f-13bbb03e3e37 tempest-LiveMigrationTest-1370045294 tempest-LiveMigrationTest-1370045294-project] Publish callbacks ['neutron.notifiers.nova.Notifier._send_nova_notification-18518'] for port (None), before_response {{(pid=103288) _notify_loop /usr/local/lib/python3.8/dist-packages/neutron_lib/callbacks/manager.py:176}}
Feb 14 16:35:46.131843 n-d-828372-9 neutron-server[103288]: DEBUG neutron.api.rpc.handlers.resources_rpc [None req-210c7e56-a1e9-4992-ae3f-13bbb03e3e37 tempest-LiveMigrationTest-1370045294 tempest-LiveMigrationTest-1370045294-project] Pushing event updated for resources: {'Port': ['ID=f00b2c26-9fbb-4414-98c4-cfd1e8521ca0,revision_number=1']} {{(pid=103288) push /opt/stack/neutron/neutron/api/rpc/handlers/resources_rpc.py:237}}
Feb 14 16:35:46.147799 n-d-828372-9 neutron-server[103289]: INFO neutron.wsgi [None req-f9f007d4-8efb-4d6c-80c7-cf7f17e37ef1 admin admin] 10.222.0.88 "GET /v2.0/security-groups?tenant_id=8787930fd2be464d895b650550adcf4f&name=default HTTP/1.1" status: 200 len: 2996 time: 0.2017510
Feb 14 16:35:46.151729 n-d-828372-9 neutron-server[103289]: DEBUG neutron.wsgi [-] (103289) accepted ('10.222.0.88', 49928) {{(pid=103289) server /usr/local/lib/python3.8/dist-packages/eventlet/wsgi.py:1004}}
Feb 14 16:35:46.155923 n-d-828372-9 neutron-server[103288]: INFO neutron.wsgi [req-10b48ef8-e35c-4478-a93c-2cfafff21757 req-7887cb43-ef71-46f9-b35d-b6f6fa379875 tempest-LiveMigrationNegativeTest-484439411 tempest-LiveMigrationNegativeTest-484439411-project] 10.222.0.88 "GET /v2.0/security-groups?id=dd0413d8-09ac-40fe-ae4e-0d81abcff888&fields=id&fields=name HTTP/1.1" status: 200 len: 286 time: 0.1229312
Feb 14 16:35:46.160538 n-d-828372-9 neutron-server[103288]: INFO neutron.wsgi [req-28af461f-23f2-4c0f-a652-cef97d12241f req-210c7e56-a1e9-4992-ae3f-13bbb03e3e37 tempest-LiveMigrationTest-1370045294 tempest-LiveMigrationTest-1370045294-project] 10.222.0.82 "POST /v2.0/ports HTTP/1.1" status: 201 len: 933 time: 1.4374681
Feb 14 16:35:46.178909 n-d-828372-9 neutron-server[103288]: DEBUG neutron.api.v2.base [req-28af461f-23f2-4c0f-a652-cef97d12241f req-297356cc-ca21-45c4-a4d8-1ffe86993f51 service neutron] Request body: {'port': {'device_id': '5411fbe2-6277-4077-ad6b-bcd119ae96f2', 'device_owner': 'compute:nova', 'binding:host_id': 'n-h2-828372-9'}} {{(pid=103288) prepare_request_body /opt/stack/neutron/neutron/api/v2/base.py:729}}
Feb 14 16:35:46.180822 n-d-828372-9 neutron-server[103289]: DEBUG neutron.api.rpc.handlers.resources_rpc [None req-f9f007d4-8efb-4d6c-80c7-cf7f17e37ef1 admin admin] Pushing event updated for resources: {'SecurityGroup': ['ID=9a11286f-a079-423e-8b85-3863437790ed,revision_number=1']} {{(pid=103289) push /opt/stack/neutron/neutron/api/rpc/handlers/resources_rpc.py:237}}
Feb 14 16:35:46.208163 n-d-828372-9 neutron-server[103289]: DEBUG neutron_lib.callbacks.manager [None req-a5bb9fea-7dcf-41de-adf9-4aa1dc353e02 admin admin] Publish callbacks ['neutron.plugins.ml2.ovo_rpc._ObjectChangeHandler.handle_event-1804988'] for security_group (026f6e0e-21ff-488a-883f-e8aaef749798), after_delete {{(pid=103289) _notify_loop /usr/local/lib/python3.8/dist-packages/neutron_lib/callbacks/manager.py:176}}
Feb 14 16:35:46.211558 n-d-828372-9 neutron-server[103289]: DEBUG neutron_lib.callbacks.manager [None req-a5bb9fea-7dcf-41de-adf9-4aa1dc353e02 admin admin] Publish callbacks [] for security_group (None), before_response {{(pid=103289) _notify_loop /usr/local/lib/python3.8/dist-packages/neutron_lib/callbacks/manager.py:176}}
Feb 14 16:35:46.215771 n-d-828372-9 neutron-server[103289]: INFO neutron.wsgi [None req-a5bb9fea-7dcf-41de-adf9-4aa1dc353e02 admin admin] 10.222.0.88 "DELETE /v2.0/security-groups/026f6e0e-21ff-488a-883f-e8aaef749798 HTTP/1.1" status: 204 len: 168 time: 0.3599231
Feb 14 16:35:46.218899 n-d-828372-9 neutron-server[103289]: DEBUG neutron_lib.callbacks.manager [None req-029a3d67-b1a2-4daf-b7b3-4a7b8ac26bb3 admin admin] Publish callbacks [] for security_group (9a11286f-a079-423e-8b85-3863437790ed), before_delete {{(pid=103289) _notify_loop /usr/local/lib/python3.8/dist-packages/neutron_lib/callbacks/manager.py:176}}
Feb 14 16:35:46.219644 n-d-828372-9 neutron-server[103288]: DEBUG neutron.pecan_wsgi.hooks.policy_enforcement [req-513431f4-b663-47a7-a7ce-b47510cdd83b req-b4dfc7b5-8105-4c4d-b653-ae1a18ebae52 tempest-LiveMigrationTest-1370045294 tempest-LiveMigrationTest-1370045294-project] Attributes excluded by policy engine: ['standard_attr_id', 'binding:profile', 'binding:host_id', 'binding:vif_type', 'binding:vif_details'] {{(pid=103288) _exclude_attributes_by_policy /opt/stack/neutron/neutron/pecan_wsgi/hooks/policy_enforcement.py:255}}
Feb 14 16:35:46.221168 n-d-828372-9 neutron-server[103288]: INFO neutron.wsgi [req-513431f4-b663-47a7-a7ce-b47510cdd83b req-b4dfc7b5-8105-4c4d-b653-ae1a18ebae52 tempest-LiveMigrationTest-1370045294 tempest-LiveMigrationTest-1370045294-project] 10.222.0.88 "GET /v2.0/ports?device_id=5411fbe2-6277-4077-ad6b-bcd119ae96f2 HTTP/1.1" status: 200 len: 931 time: 0.1555948
Feb 14 16:35:46.250229 n-d-828372-9 neutron-server[103289]: DEBUG neutron_lib.callbacks.manager [None req-029a3d67-b1a2-4daf-b7b3-4a7b8ac26bb3 admin admin] Publish callbacks [] for security_group (9a11286f-a079-423e-8b85-3863437790ed), precommit_delete {{(pid=103289) _notify_loop /usr/local/lib/python3.8/dist-packages/neutron_lib/callbacks/manager.py:176}}
Feb 14 16:35:46.256977 n-d-828372-9 neutron-server[103290]: DEBUG novaclient.v2.client [-] RESP: [200] Connection: close Content-Length: 183 Content-Type: application/json Date: Mon, 14 Feb 2022 16:35:46 GMT OpenStack-API-Version: compute 2.1 Server: Apache/2.4.41 (Ubuntu) Vary: OpenStack-API-Version,X-OpenStack-Nova-API-Version X-OpenStack-Nova-API-Version: 2.1 x-compute-request-id: req-9d5dd988-549e-4c66-b11c-040700e5c9b8 x-openstack-request-id: req-9d5dd988-549e-4c66-b11c-040700e5c9b8 {{(pid=103290) _http_log_response /usr/local/lib/python3.8/dist-packages/keystoneauth1/session.py:550}}
Feb 14 16:35:46.257312 n-d-828372-9 neutron-server[103290]: DEBUG novaclient.v2.client [-] RESP BODY: {"events": [{"server_uuid": "df6355ef-0b0f-456e-9f21-413b8980cb2f", "name": "network-vif-plugged", "status": "completed", "tag": "226222bc-3352-4d27-8b45-3634ce3c129c", "code": 200}]} {{(pid=103290) _http_log_response /usr/local/lib/python3.8/dist-packages/keystoneauth1/session.py:582}}
Feb 14 16:35:46.257829 n-d-828372-9 neutron-server[103290]: DEBUG novaclient.v2.client [-] POST call to compute for http://10.222.0.88/compute/v2.1/os-server-external-events used request id req-9d5dd988-549e-4c66-b11c-040700e5c9b8 {{(pid=103290) request /usr/local/lib/python3.8/dist-packages/keystoneauth1/session.py:954}}
Feb 14 16:35:46.258535 n-d-828372-9 neutron-server[103290]: INFO neutron.notifiers.nova [-] Nova event response: {'server_uuid': 'df6355ef-0b0f-456e-9f21-413b8980cb2f', 'name': 'network-vif-plugged', 'status': 'completed', 'tag': '226222bc-3352-4d27-8b45-3634ce3c129c', 'code': 200}
Feb 14 16:35:46.268572 n-d-828372-9 neutron-server[103290]: DEBUG neutron.plugins.ml2.db [None req-f0648d4d-3296-46ac-9c2a-9b35b902ef1c None None] get_ports_and_sgs() called for port_ids ['97c5dcca-1559-4152-88ae-26c9a551ecdc'] {{(pid=103290) get_ports_and_sgs /opt/stack/neutron/neutron/plugins/ml2/db.py:156}}
Feb 14 16:35:46.272701 n-d-828372-9 neutron-server[103289]: DEBUG neutron.api.rpc.handlers.resources_rpc [None req-a5bb9fea-7dcf-41de-adf9-4aa1dc353e02 admin admin] Pushing event deleted for resources: {'SecurityGroup': ['ID=026f6e0e-21ff-488a-883f-e8aaef749798,revision_number=None']} {{(pid=103289) push /opt/stack/neutron/neutron/api/rpc/handlers/resources_rpc.py:237}}
Feb 14 16:35:46.356900 n-d-828372-9 neutron-server[103288]: INFO neutron.wsgi [req-513431f4-b663-47a7-a7ce-b47510cdd83b req-3376ffb9-8e52-4b0d-8b3a-712a0c3c9c44 tempest-LiveMigrationTest-1370045294 tempest-LiveMigrationTest-1370045294-project] 10.222.0.88 "GET /v2.0/security-groups?id=f876b93a-72d2-4444-a11b-3479a8b8611b&fields=id&fields=name HTTP/1.1" status: 200 len: 286 time: 0.1291447
Feb 14 16:35:46.375529 n-d-828372-9 neutron-server[103289]: DEBUG neutron_lib.callbacks.manager [None req-029a3d67-b1a2-4daf-b7b3-4a7b8ac26bb3 admin admin] Publish callbacks ['neutron.plugins.ml2.ovo_rpc._ObjectChangeHandler.handle_event-1804988'] for security_group (9a11286f-a079-423e-8b85-3863437790ed), after_delete {{(pid=103289) _notify_loop /usr/local/lib/python3.8/dist-packages/neutron_lib/callbacks/manager.py:176}}
Feb 14 16:35:46.382725 n-d-828372-9 neutron-server[103289]: DEBUG neutron_lib.callbacks.manager [None req-029a3d67-b1a2-4daf-b7b3-4a7b8ac26bb3 admin admin] Publish callbacks [] for security_group (None), before_response {{(pid=103289) _notify_loop /usr/local/lib/python3.8/dist-packages/neutron_lib/callbacks/manager.py:176}}
Feb 14 16:35:46.385704 n-d-828372-9 neutron-server[103289]: INFO neutron.wsgi [None req-029a3d67-b1a2-4daf-b7b3-4a7b8ac26bb3 admin admin] 10.222.0.88 "DELETE /v2.0/security-groups/9a11286f-a079-423e-8b85-3863437790ed HTTP/1.1" status: 204 len: 168 time: 0.2342815
Feb 14 16:35:46.412036 n-d-828372-9 neutron-server[103289]: DEBUG neutron.api.rpc.handlers.resources_rpc [None req-029a3d67-b1a2-4daf-b7b3-4a7b8ac26bb3 admin admin] Pushing event deleted for resources: {'SecurityGroup': ['ID=9a11286f-a079-423e-8b85-3863437790ed,revision_number=None']} {{(pid=103289) push /opt/stack/neutron/neutron/api/rpc/handlers/resources_rpc.py:237}}
Feb 14 16:35:46.445087 n-d-828372-9 neutron-server[103288]: DEBUG neutron_lib.callbacks.manager [req-28af461f-23f2-4c0f-a652-cef97d12241f req-297356cc-ca21-45c4-a4d8-1ffe86993f51 service neutron] Publish callbacks ['neutron.plugins.ml2.plugin.SecurityGroupDbMixin._ensure_default_security_group_handler-762576'] for port (f00b2c26-9fbb-4414-98c4-cfd1e8521ca0), before_update {{(pid=103288) _notify_loop /usr/local/lib/python3.8/dist-packages/neutron_lib/callbacks/manager.py:176}}
Feb 14 16:35:46.571083 n-d-828372-9 neutron-server[103288]: DEBUG neutron.pecan_wsgi.hooks.policy_enforcement [req-d83b8917-e133-4e6a-9ba5-e46665100c17 req-870f45bc-43f0-4dc8-a3e3-342437cd9cab service neutron] Attributes excluded by policy engine: ['standard_attr_id'] {{(pid=103288) _exclude_attributes_by_policy /opt/stack/neutron/neutron/pecan_wsgi/hooks/policy_enforcement.py:255}}
Feb 14 16:35:46.572971 n-d-828372-9 neutron-server[103288]: INFO neutron.wsgi [req-d83b8917-e133-4e6a-9ba5-e46665100c17 req-870f45bc-43f0-4dc8-a3e3-342437cd9cab service neutron] 10.222.0.43 "GET /v2.0/ports?device_id=df6355ef-0b0f-456e-9f21-413b8980cb2f HTTP/1.1" status: 200 len: 1132 time: 0.2195818
Feb 14 16:35:46.580270 n-d-828372-9 neutron-server[103288]: DEBUG neutron.pecan_wsgi.hooks.policy_enforcement [req-3f0e0510-9de9-43dc-88ee-db95bc3987ae req-3c2d1d2a-f88a-4e58-bffd-a26216709f9e tempest-ImagesOneServerTestJSON-1546144504 tempest-ImagesOneServerTestJSON-1546144504-project] Attributes excluded by policy engine: ['standard_attr_id', 'binding:profile', 'binding:host_id', 'binding:vif_type', 'binding:vif_details'] {{(pid=103288) _exclude_attributes_by_policy /opt/stack/neutron/neutron/pecan_wsgi/hooks/policy_enforcement.py:255}}
Feb 14 16:35:46.581708 n-d-828372-9 neutron-server[103288]: INFO neutron.wsgi [req-3f0e0510-9de9-43dc-88ee-db95bc3987ae req-3c2d1d2a-f88a-4e58-bffd-a26216709f9e tempest-ImagesOneServerTestJSON-1546144504 tempest-ImagesOneServerTestJSON-1546144504-project] 10.222.0.88 "GET /v2.0/ports?device_id=17264d5d-1373-4fe2-b0b8-9cc4e5fb2d62 HTTP/1.1" status: 200 len: 948 time: 0.1106694
Feb 14 16:35:46.701487 n-d-828372-9 neutron-server[103290]: DEBUG neutron_lib.callbacks.manager [None req-f0648d4d-3296-46ac-9c2a-9b35b902ef1c None None] Publish callbacks ['neutron.services.segments.db._update_segment_host_mapping_for_agent-8754577124958', 'neutron.plugins.ml2.plugin.Ml2Plugin._retry_binding_revived_agents-821564'] for agent (cc62fa24-5d47-4eb1-a1a3-3a485420481d), after_update {{(pid=103290) _notify_loop /usr/local/lib/python3.8/dist-packages/neutron_lib/callbacks/manager.py:176}}
Feb 14 16:35:46.716249 n-d-828372-9 neutron-server[103288]: INFO neutron.wsgi [req-d83b8917-e133-4e6a-9ba5-e46665100c17 req-8e29a3f3-9953-44bc-98c3-f53e4713de0f service neutron] 10.222.0.43 "GET /v2.0/security-groups?id=08e8b468-629d-490e-83e0-2383efcef6c9&fields=id&fields=name HTTP/1.1" status: 200 len: 286 time: 0.1265743
Feb 14 16:35:46.817484 n-d-828372-9 neutron-server[103290]: DEBUG neutron_lib.callbacks.manager [None req-2e44814e-4513-4f8f-82e2-ab38911ed625 None None] Publish callbacks ['neutron.services.segments.db._update_segment_host_mapping_for_agent-8754577124958', 'neutron.plugins.ml2.plugin.Ml2Plugin._retry_binding_revived_agents-821564'] for agent (eab63dfb-08b2-42cd-aa80-dc2cf2d45d8f), after_update {{(pid=103290) _notify_loop /usr/local/lib/python3.8/dist-packages/neutron_lib/callbacks/manager.py:176}}
Feb 14 16:35:46.825678 n-d-828372-9 neutron-server[103288]: INFO neutron.wsgi [req-3f0e0510-9de9-43dc-88ee-db95bc3987ae req-90fc4758-082a-48be-863c-b40b7464e650 tempest-ImagesOneServerTestJSON-1546144504 tempest-ImagesOneServerTestJSON-1546144504-project] 10.222.0.88 "GET /v2.0/security-groups?id=7505e0fb-8399-4d70-9692-dafacd988c3f&fields=id&fields=name HTTP/1.1" status: 200 len: 286 time: 0.2347538
Feb 14 16:35:46.878137 n-d-828372-9 neutron-server[103288]: DEBUG neutron.pecan_wsgi.hooks.policy_enforcement [req-f13a5656-c489-4629-88a8-2938c7a8e751 req-70611d35-0b3e-4018-90a2-c5d9b6d88912 tempest-LiveMigrationNegativeTest-484439411 tempest-LiveMigrationNegativeTest-484439411-project] Attributes excluded by policy engine: ['standard_attr_id', 'binding:profile', 'binding:host_id', 'binding:vif_type', 'binding:vif_details'] {{(pid=103288) _exclude_attributes_by_policy /opt/stack/neutron/neutron/pecan_wsgi/hooks/policy_enforcement.py:255}}
Feb 14 16:35:46.884870 n-d-828372-9 neutron-server[103288]: INFO neutron.wsgi [req-f13a5656-c489-4629-88a8-2938c7a8e751 req-70611d35-0b3e-4018-90a2-c5d9b6d88912 tempest-LiveMigrationNegativeTest-484439411 tempest-LiveMigrationNegativeTest-484439411-project] 10.222.0.88 "GET /v2.0/ports?device_id=7a74f9c3-fe8b-4a50-91dd-d77283983a68 HTTP/1.1" status: 200 len: 950 time: 0.2234752
Feb 14 16:35:46.948272 n-d-828372-9 neutron-server[103288]: INFO neutron.wsgi [req-f13a5656-c489-4629-88a8-2938c7a8e751 req-763b27ed-a90d-4a56-aa40-33b5e626fd1c tempest-LiveMigrationNegativeTest-484439411 tempest-LiveMigrationNegativeTest-484439411-project] 10.222.0.88 "GET /v2.0/security-groups?id=dd0413d8-09ac-40fe-ae4e-0d81abcff888&fields=id&fields=name HTTP/1.1" status: 200 len: 286 time: 0.0624621
Feb 14 16:35:47.063188 n-d-828372-9 neutron-server[103288]: DEBUG neutron.notifiers.nova [req-28af461f-23f2-4c0f-a652-cef97d12241f req-297356cc-ca21-45c4-a4d8-1ffe86993f51 service neutron] Ignoring state change previous_port_status: DOWN current_port_status: DOWN port_id f00b2c26-9fbb-4414-98c4-cfd1e8521ca0 {{(pid=103288) record_port_status_changed /opt/stack/neutron/neutron/notifiers/nova.py:233}}
Feb 14 16:35:47.104540 n-d-828372-9 neutron-server[103288]: DEBUG neutron_lib.callbacks.manager [req-28af461f-23f2-4c0f-a652-cef97d12241f req-297356cc-ca21-45c4-a4d8-1ffe86993f51 service neutron] Publish callbacks [] for port (f00b2c26-9fbb-4414-98c4-cfd1e8521ca0), precommit_update {{(pid=103288) _notify_loop /usr/local/lib/python3.8/dist-packages/neutron_lib/callbacks/manager.py:176}}
Feb 14 16:35:47.141645 n-d-828372-9 neutron-server[103288]: DEBUG neutron.db.provisioning_blocks [req-28af461f-23f2-4c0f-a652-cef97d12241f req-297356cc-ca21-45c4-a4d8-1ffe86993f51 service neutron] Transition to ACTIVE for port object f00b2c26-9fbb-4414-98c4-cfd1e8521ca0 will not be triggered until provisioned by entity L2. {{(pid=103288) add_provisioning_component /opt/stack/neutron/neutron/db/provisioning_blocks.py:73}}
Feb 14 16:35:47.149816 n-d-828372-9 neutron-server[103288]: DEBUG neutron_lib.callbacks.manager [req-28af461f-23f2-4c0f-a652-cef97d12241f req-297356cc-ca21-45c4-a4d8-1ffe86993f51 service neutron] Publish callbacks ['neutron.plugins.ml2.plugin.SecurityGroupServerNotifierRpcMixin._notify_sg_on_port_change-762436', 'neutron.plugins.ml2.ovo_rpc._ObjectChangeHandler.handle_event-23017', 'neutron.api.rpc.agentnotifiers.dhcp_rpc_agent_api.DhcpAgentNotifyAPI._native_event_send_dhcp_notification-1645403', 'neutron.db.l3_db.L3RpcNotifierMixin._notify_gateway_port_ip_changed-8754577152961', 'neutron.db.l3_dvrscheduler_db._notify_l3_agent_port_update-8754576632423', 'neutron.db.l3_hascheduler_db._notify_l3_agent_ha_port_update-8754576632441'] for port (f00b2c26-9fbb-4414-98c4-cfd1e8521ca0), after_update {{(pid=103288) _notify_loop /usr/local/lib/python3.8/dist-packages/neutron_lib/callbacks/manager.py:176}}
Feb 14 16:35:47.197662 n-d-828372-9 neutron-server[103288]: DEBUG neutron.pecan_wsgi.hooks.policy_enforcement [req-e790dedc-6389-4c1e-aeff-eeb7931f8425 req-efdb84d6-e736-47ce-9a48-e733baccd536 tempest-ServersAdminNegativeTestJSON-1866287041 tempest-ServersAdminNegativeTestJSON-1866287041-project] Attributes excluded by policy engine: ['standard_attr_id', 'binding:profile', 'binding:host_id', 'binding:vif_type', 'binding:vif_details'] {{(pid=103288) _exclude_attributes_by_policy /opt/stack/neutron/neutron/pecan_wsgi/hooks/policy_enforcement.py:255}}
Feb 14 16:35:47.199215 n-d-828372-9 neutron-server[103288]: INFO neutron.wsgi [req-e790dedc-6389-4c1e-aeff-eeb7931f8425 req-efdb84d6-e736-47ce-9a48-e733baccd536 tempest-ServersAdminNegativeTestJSON-1866287041 tempest-ServersAdminNegativeTestJSON-1866287041-project] 10.222.0.88 "GET /v2.0/ports?device_id=df6355ef-0b0f-456e-9f21-413b8980cb2f HTTP/1.1" status: 200 len: 950 time: 0.1235821
Feb 14 16:35:47.238601 n-d-828372-9 neutron-server[103288]: DEBUG neutron.api.rpc.handlers.resources_rpc [None req-297356cc-ca21-45c4-a4d8-1ffe86993f51 service neutron] Pushing event updated for resources: {'Port': ['ID=f00b2c26-9fbb-4414-98c4-cfd1e8521ca0,revision_number=2']} {{(pid=103288) push /opt/stack/neutron/neutron/api/rpc/handlers/resources_rpc.py:237}}
Feb 14 16:35:47.290365 n-d-828372-9 neutron-server[103288]: DEBUG neutron.plugins.ml2.managers [req-28af461f-23f2-4c0f-a652-cef97d12241f req-297356cc-ca21-45c4-a4d8-1ffe86993f51 service neutron] Attempting to bind port f00b2c26-9fbb-4414-98c4-cfd1e8521ca0 on host n-h2-828372-9 for vnic_type normal with profile {{(pid=103288) bind_port /opt/stack/neutron/neutron/plugins/ml2/managers.py:795}}
Feb 14 16:35:47.290707 n-d-828372-9 neutron-server[103288]: DEBUG neutron.plugins.ml2.managers [req-28af461f-23f2-4c0f-a652-cef97d12241f req-297356cc-ca21-45c4-a4d8-1ffe86993f51 service neutron] Attempting to bind port f00b2c26-9fbb-4414-98c4-cfd1e8521ca0 by drivers openvswitch,hyperv on host n-h2-828372-9 at level 0 using segments [{'id': 'd6652bae-42ec-409f-98f6-9577bed7bb11', 'network_type': 'vlan', 'physical_network': 'physnet1', 'segmentation_id': 284, 'network_id': 'cda3bff2-b6ce-4ebd-a819-ef414b4ffc39'}] {{(pid=103288) _bind_port_level /opt/stack/neutron/neutron/plugins/ml2/managers.py:820}}
Feb 14 16:35:47.291163 n-d-828372-9 neutron-server[103288]: DEBUG neutron.plugins.ml2.drivers.mech_agent [req-28af461f-23f2-4c0f-a652-cef97d12241f req-297356cc-ca21-45c4-a4d8-1ffe86993f51 service neutron] Attempting to bind port f00b2c26-9fbb-4414-98c4-cfd1e8521ca0 on network cda3bff2-b6ce-4ebd-a819-ef414b4ffc39 {{(pid=103288) bind_port /opt/stack/neutron/neutron/plugins/ml2/drivers/mech_agent.py:91}}
Feb 14 16:35:47.305688 n-d-828372-9 neutron-server[103288]: INFO neutron.wsgi [req-e790dedc-6389-4c1e-aeff-eeb7931f8425 req-fd290b15-101f-43b7-b20b-55d70c68f60d tempest-ServersAdminNegativeTestJSON-1866287041 tempest-ServersAdminNegativeTestJSON-1866287041-project] 10.222.0.88 "GET /v2.0/security-groups?id=08e8b468-629d-490e-83e0-2383efcef6c9&fields=id&fields=name HTTP/1.1" status: 200 len: 286 time: 0.0962989
Feb 14 16:35:47.306880 n-d-828372-9 neutron-server[103288]: DEBUG neutron.plugins.ml2.drivers.mech_agent [req-28af461f-23f2-4c0f-a652-cef97d12241f req-297356cc-ca21-45c4-a4d8-1ffe86993f51 service neutron] Port f00b2c26-9fbb-4414-98c4-cfd1e8521ca0 on network cda3bff2-b6ce-4ebd-a819-ef414b4ffc39 not bound, no agent of type Open vSwitch agent registered on host n-h2-828372-9 {{(pid=103288) bind_port /opt/stack/neutron/neutron/plugins/ml2/drivers/mech_agent.py:103}}
Feb 14 16:35:47.307226 n-d-828372-9 neutron-server[103288]: DEBUG neutron.plugins.ml2.drivers.mech_agent [req-28af461f-23f2-4c0f-a652-cef97d12241f req-297356cc-ca21-45c4-a4d8-1ffe86993f51 service neutron] Attempting to bind port f00b2c26-9fbb-4414-98c4-cfd1e8521ca0 on network cda3bff2-b6ce-4ebd-a819-ef414b4ffc39 {{(pid=103288) bind_port /opt/stack/neutron/neutron/plugins/ml2/drivers/mech_agent.py:91}}
Feb 14 16:35:47.313760 n-d-828372-9 neutron-server[103288]: DEBUG neutron.plugins.ml2.drivers.mech_agent [req-28af461f-23f2-4c0f-a652-cef97d12241f req-297356cc-ca21-45c4-a4d8-1ffe86993f51 service neutron] Checking agent: {'id': '5468cfcc-ef66-41d1-893f-c635c6185924', 'agent_type': 'HyperV agent', 'binary': 'neutron-hyperv-agent', 'topic': 'N/A', 'host': 'n-h2-828372-9', 'admin_state_up': True, 'created_at': datetime.datetime(2022, 2, 14, 16, 32, 18), 'started_at': datetime.datetime(2022, 2, 14, 16, 32, 18), 'heartbeat_timestamp': datetime.datetime(2022, 2, 14, 16, 35, 18), 'description': None, 'resources_synced': None, 'availability_zone': None, 'alive': True, 'configurations': {'vswitch_mappings': {'physnet1$': 'br-data'}}, 'resource_versions': {}} {{(pid=103288) bind_port /opt/stack/neutron/neutron/plugins/ml2/drivers/mech_agent.py:110}}
Feb 14 16:35:47.314132 n-d-828372-9 neutron-server[103288]: DEBUG neutron.plugins.ml2.drivers.mech_agent [req-28af461f-23f2-4c0f-a652-cef97d12241f req-297356cc-ca21-45c4-a4d8-1ffe86993f51 service neutron] Checking segment: {'id': 'd6652bae-42ec-409f-98f6-9577bed7bb11', 'network_type': 'vlan', 'physical_network': 'physnet1', 'segmentation_id': 284, 'network_id': 'cda3bff2-b6ce-4ebd-a819-ef414b4ffc39'} for mappings: {'physnet1$': 'br-data'} with network types: ['local', 'flat', 'vlan'] {{(pid=103288) check_segment_for_agent /opt/stack/neutron/neutron/plugins/ml2/drivers/mech_agent.py:373}}
Feb 14 16:35:47.314834 n-d-828372-9 neutron-server[103288]: DEBUG neutron.plugins.ml2.drivers.mech_agent [req-28af461f-23f2-4c0f-a652-cef97d12241f req-297356cc-ca21-45c4-a4d8-1ffe86993f51 service neutron] Bound using segment: {'id': 'd6652bae-42ec-409f-98f6-9577bed7bb11', 'network_type': 'vlan', 'physical_network': 'physnet1', 'segmentation_id': 284, 'network_id': 'cda3bff2-b6ce-4ebd-a819-ef414b4ffc39'} {{(pid=103288) bind_port /opt/stack/neutron/neutron/plugins/ml2/drivers/mech_agent.py:120}}
Feb 14 16:35:47.315446 n-d-828372-9 neutron-server[103288]: DEBUG neutron.plugins.ml2.managers [req-28af461f-23f2-4c0f-a652-cef97d12241f req-297356cc-ca21-45c4-a4d8-1ffe86993f51 service neutron] Bound port: f00b2c26-9fbb-4414-98c4-cfd1e8521ca0, host: n-h2-828372-9, vif_type: hyperv, vif_details: {"connectivity": "legacy", "port_filter": false}, binding_levels: [{'bound_driver': 'hyperv', 'bound_segment': {'id': 'd6652bae-42ec-409f-98f6-9577bed7bb11', 'network_type': 'vlan', 'physical_network': 'physnet1', 'segmentation_id': 284, 'network_id': 'cda3bff2-b6ce-4ebd-a819-ef414b4ffc39'}}] {{(pid=103288) _bind_port_level /opt/stack/neutron/neutron/plugins/ml2/managers.py:932}}
Feb 14 16:35:47.315816 n-d-828372-9 neutron-server[103288]: DEBUG neutron_lib.callbacks.manager [req-28af461f-23f2-4c0f-a652-cef97d12241f req-297356cc-ca21-45c4-a4d8-1ffe86993f51 service neutron] Publish callbacks ['neutron.plugins.ml2.plugin.SecurityGroupDbMixin._ensure_default_security_group_handler-762576'] for port (f00b2c26-9fbb-4414-98c4-cfd1e8521ca0), before_update {{(pid=103288) _notify_loop /usr/local/lib/python3.8/dist-packages/neutron_lib/callbacks/manager.py:176}}
Feb 14 16:35:47.398384 n-d-828372-9 neutron-server[103288]: DEBUG neutron.plugins.ml2.db [req-28af461f-23f2-4c0f-a652-cef97d12241f req-297356cc-ca21-45c4-a4d8-1ffe86993f51 service neutron] For port f00b2c26-9fbb-4414-98c4-cfd1e8521ca0, host n-h2-828372-9, cleared binding levels {{(pid=103288) clear_binding_levels /opt/stack/neutron/neutron/plugins/ml2/db.py:87}}
Feb 14 16:35:47.403375 n-d-828372-9 neutron-server[103288]: DEBUG neutron.plugins.ml2.db [req-28af461f-23f2-4c0f-a652-cef97d12241f req-297356cc-ca21-45c4-a4d8-1ffe86993f51 service neutron] For port f00b2c26-9fbb-4414-98c4-cfd1e8521ca0, host n-h2-828372-9, set binding levels [PortBindingLevel(driver='hyperv',host='n-h2-828372-9',level=0,port_id=f00b2c26-9fbb-4414-98c4-cfd1e8521ca0,segment=NetworkSegment(d6652bae-42ec-409f-98f6-9577bed7bb11),segment_id=d6652bae-42ec-409f-98f6-9577bed7bb11)] {{(pid=103288) set_binding_levels /opt/stack/neutron/neutron/plugins/ml2/db.py:59}}
Feb 14 16:35:47.410855 n-d-828372-9 neutron-server[103290]: DEBUG neutron.plugins.ml2.rpc [None req-f0648d4d-3296-46ac-9c2a-9b35b902ef1c None None] Device 97c5dcca-1559-4152-88ae-26c9a551ecdc up at agent hyperv_n-h1-828372-9 {{(pid=103290) update_device_up /opt/stack/neutron/neutron/plugins/ml2/rpc.py:296}}
Feb 14 16:35:47.412993 n-d-828372-9 neutron-server[103288]: DEBUG neutron_lib.callbacks.manager [req-28af461f-23f2-4c0f-a652-cef97d12241f req-297356cc-ca21-45c4-a4d8-1ffe86993f51 service neutron] Publish callbacks ['neutron.plugins.ml2.plugin.SecurityGroupServerNotifierRpcMixin._notify_sg_on_port_change-762436', 'neutron.plugins.ml2.ovo_rpc._ObjectChangeHandler.handle_event-23017', 'neutron.api.rpc.agentnotifiers.dhcp_rpc_agent_api.DhcpAgentNotifyAPI._native_event_send_dhcp_notification-1645403', 'neutron.db.l3_db.L3RpcNotifierMixin._notify_gateway_port_ip_changed-8754577152961', 'neutron.db.l3_dvrscheduler_db._notify_l3_agent_port_update-8754576632423', 'neutron.db.l3_hascheduler_db._notify_l3_agent_ha_port_update-8754576632441'] for port (f00b2c26-9fbb-4414-98c4-cfd1e8521ca0), after_update {{(pid=103288) _notify_loop /usr/local/lib/python3.8/dist-packages/neutron_lib/callbacks/manager.py:176}}
Feb 14 16:35:47.485877 n-d-828372-9 neutron-server[103288]: DEBUG neutron.pecan_wsgi.hooks.policy_enforcement [req-28af461f-23f2-4c0f-a652-cef97d12241f req-297356cc-ca21-45c4-a4d8-1ffe86993f51 service neutron] Attributes excluded by policy engine: ['standard_attr_id'] {{(pid=103288) _exclude_attributes_by_policy /opt/stack/neutron/neutron/pecan_wsgi/hooks/policy_enforcement.py:255}}
Feb 14 16:35:47.491584 n-d-828372-9 neutron-server[103288]: DEBUG neutron_lib.callbacks.manager [req-28af461f-23f2-4c0f-a652-cef97d12241f req-297356cc-ca21-45c4-a4d8-1ffe86993f51 service neutron] Publish callbacks ['neutron.notifiers.nova.Notifier._send_nova_notification-18518'] for port (None), before_response {{(pid=103288) _notify_loop /usr/local/lib/python3.8/dist-packages/neutron_lib/callbacks/manager.py:176}}
Feb 14 16:35:47.493958 n-d-828372-9 neutron-server[103288]: INFO neutron.wsgi [req-28af461f-23f2-4c0f-a652-cef97d12241f req-297356cc-ca21-45c4-a4d8-1ffe86993f51 service neutron] 10.222.0.82 "PUT /v2.0/ports/f00b2c26-9fbb-4414-98c4-cfd1e8521ca0 HTTP/1.1" status: 200 len: 1091 time: 1.3209965
Feb 14 16:35:47.494448 n-d-828372-9 neutron-server[103288]: DEBUG neutron.notifiers.nova [-] Sending events: [{'name': 'network-changed', 'server_uuid': '5411fbe2-6277-4077-ad6b-bcd119ae96f2', 'tag': 'f00b2c26-9fbb-4414-98c4-cfd1e8521ca0'}] {{(pid=103288) send_events /opt/stack/neutron/neutron/notifiers/nova.py:271}}
Feb 14 16:35:47.498541 n-d-828372-9 neutron-server[103288]: DEBUG novaclient.v2.client [-] REQ: curl -g -i --cacert "/opt/stack/data/ca-bundle.pem" -X POST http://10.222.0.88/compute/v2.1/os-server-external-events -H "Accept: application/json" -H "Content-Type: application/json" -H "User-Agent: python-novaclient" -H "X-Auth-Token: {SHA256}cfadef2cf9e23ebd8f802c0873cc3d73aa47aa514459f7f8f8d52ef025401741" -H "X-OpenStack-Nova-API-Version: 2.1" -H "X-OpenStack-Request-ID: req-d9ea13ad-04f9-4c63-9c20-3fc82594dbb3" -d '{"events": [{"name": "network-changed", "server_uuid": "5411fbe2-6277-4077-ad6b-bcd119ae96f2", "tag": "f00b2c26-9fbb-4414-98c4-cfd1e8521ca0"}]}' {{(pid=103288) _http_log_request /usr/local/lib/python3.8/dist-packages/keystoneauth1/session.py:519}}
Feb 14 16:35:47.505990 n-d-828372-9 neutron-server[103290]: DEBUG neutron.db.provisioning_blocks [None req-f0648d4d-3296-46ac-9c2a-9b35b902ef1c None None] Provisioning for port 97c5dcca-1559-4152-88ae-26c9a551ecdc completed by entity L2. {{(pid=103290) provisioning_complete /opt/stack/neutron/neutron/db/provisioning_blocks.py:133}}
Feb 14 16:35:47.511101 n-d-828372-9 neutron-server[103290]: DEBUG neutron.db.provisioning_blocks [None req-f0648d4d-3296-46ac-9c2a-9b35b902ef1c None None] Provisioning complete for port 97c5dcca-1559-4152-88ae-26c9a551ecdc triggered by entity L2. {{(pid=103290) provisioning_complete /opt/stack/neutron/neutron/db/provisioning_blocks.py:139}}
Feb 14 16:35:47.513947 n-d-828372-9 neutron-server[103290]: DEBUG neutron_lib.callbacks.manager [None req-f0648d4d-3296-46ac-9c2a-9b35b902ef1c None None] Publish callbacks ['neutron.plugins.ml2.plugin.Ml2Plugin._port_provisioned-821590'] for port (97c5dcca-1559-4152-88ae-26c9a551ecdc), provisioning_complete {{(pid=103290) _notify_loop /usr/local/lib/python3.8/dist-packages/neutron_lib/callbacks/manager.py:176}}
