Feb 14 16:47:05.864744 n-d-828372-9 devstack@placement-api.service[103770]: DEBUG placement.objects.research_context [req-9ee2f403-7e41-4257-a8d2-3b443f76bec1 req-356a3027-a709-486c-a522-300d9012a527 service placement] found 2 providers with available 1024 MEMORY_MB {{(pid=103770) get_provider_ids_matching /opt/stack/placement/placement/objects/research_context.py:549}}
Feb 14 16:47:05.868574 n-d-828372-9 devstack@placement-api.service[103770]: DEBUG placement.objects.research_context [req-9ee2f403-7e41-4257-a8d2-3b443f76bec1 req-356a3027-a709-486c-a522-300d9012a527 service placement] found 2 providers with available 1 VCPU {{(pid=103770) get_provider_ids_matching /opt/stack/placement/placement/objects/research_context.py:549}}
Feb 14 16:47:05.869133 n-d-828372-9 devstack@placement-api.service[103770]: DEBUG placement.objects.research_context [req-9ee2f403-7e41-4257-a8d2-3b443f76bec1 req-356a3027-a709-486c-a522-300d9012a527 service placement] found 2 providers after filtering by previous result {{(pid=103770) get_provider_ids_matching /opt/stack/placement/placement/objects/research_context.py:580}}
Feb 14 16:47:05.892594 n-d-828372-9 devstack@placement-api.service[103770]: DEBUG placement.objects.allocation_candidate [req-9ee2f403-7e41-4257-a8d2-3b443f76bec1 req-356a3027-a709-486c-a522-300d9012a527 service placement] RequestGroup(use_same_provider=False, resources={MEMORY_MB:1024, VCPU:1}, traits=[], aggregates=[]) (suffix '') returned 2 matches {{(pid=103770) _get_by_requests /opt/stack/placement/placement/objects/allocation_candidate.py:145}}
Feb 14 16:47:05.894695 n-d-828372-9 devstack@placement-api.service[103770]: DEBUG placement.objects.allocation_candidate [req-9ee2f403-7e41-4257-a8d2-3b443f76bec1 req-356a3027-a709-486c-a522-300d9012a527 service placement] Merging candidates yields 2 allocation requests and 2 provider summaries {{(pid=103770) _merge_candidates /opt/stack/placement/placement/objects/allocation_candidate.py:783}}
Feb 14 16:47:05.897222 n-d-828372-9 devstack@placement-api.service[103770]: INFO placement.requestlog [req-9ee2f403-7e41-4257-a8d2-3b443f76bec1 req-356a3027-a709-486c-a522-300d9012a527 service placement] 10.222.0.88 "GET /placement/allocation_candidates?limit=1000&resources=MEMORY_MB%3A1024%2CVCPU%3A1&root_required=%21COMPUTE_STATUS_DISABLED" status: 200 len: 1281 microversion: 1.36
Feb 14 16:47:05.899620 n-d-828372-9 devstack@placement-api.service[103770]: [pid: 103770|app: 0|req: 301/600] 10.222.0.88 () {60 vars in 1478 bytes} [Mon Feb 14 16:47:05 2022] GET /placement/allocation_candidates?limit=1000&resources=MEMORY_MB%3A1024%2CVCPU%3A1&root_required=%21COMPUTE_STATUS_DISABLED => generated 1281 bytes in 129 msecs (HTTP/1.1 200) 8 headers in 297 bytes (2 switches on core 0)
Feb 14 16:47:05.967720 n-d-828372-9 devstack@placement-api.service[103771]: DEBUG placement.requestlog [req-9ee2f403-7e41-4257-a8d2-3b443f76bec1 req-b0cddd36-b317-45ff-8a4c-126df5d330d6 None None] Starting request: 10.222.0.88 "GET /placement/allocations/cdaafefb-25f4-46fd-8573-629ddce0e56b" {{(pid=103771) __call__ /opt/stack/placement/placement/requestlog.py:55}}
Feb 14 16:47:05.981788 n-d-828372-9 devstack@placement-api.service[103771]: INFO placement.requestlog [req-9ee2f403-7e41-4257-a8d2-3b443f76bec1 req-b0cddd36-b317-45ff-8a4c-126df5d330d6 service placement] 10.222.0.88 "GET /placement/allocations/cdaafefb-25f4-46fd-8573-629ddce0e56b" status: 200 len: 19 microversion: 1.28
Feb 14 16:47:05.988993 n-d-828372-9 devstack@placement-api.service[103770]: DEBUG placement.requestlog [req-9ee2f403-7e41-4257-a8d2-3b443f76bec1 req-2efea2e1-ed59-4681-b1bc-b62785ec519c None None] Starting request: 10.222.0.88 "PUT /placement/allocations/cdaafefb-25f4-46fd-8573-629ddce0e56b" {{(pid=103770) __call__ /opt/stack/placement/placement/requestlog.py:55}}
Feb 14 16:47:05.998944 n-d-828372-9 devstack@placement-api.service[103771]: [pid: 103771|app: 0|req: 300/601] 10.222.0.88 () {60 vars in 1380 bytes} [Mon Feb 14 16:47:05 2022] GET /placement/allocations/cdaafefb-25f4-46fd-8573-629ddce0e56b => generated 19 bytes in 31 msecs (HTTP/1.1 200) 8 headers in 295 bytes (1 switches on core 0)
Feb 14 16:47:06.093477 n-d-828372-9 devstack@placement-api.service[103771]: DEBUG placement.requestlog [req-8549f1c3-d6dd-4792-bc4e-c77ad6486e45 req-6874cdfd-601c-4e5c-aa1c-0ec8c2fdc34f None None] Starting request: 10.222.0.88 "GET /placement/allocation_candidates?limit=1000&resources=DISK_GB%3A1%2CMEMORY_MB%3A1024%2CVCPU%3A1&root_required=%21COMPUTE_STATUS_DISABLED" {{(pid=103771) __call__ /opt/stack/placement/placement/requestlog.py:55}}
Feb 14 16:47:06.154758 n-d-828372-9 devstack@placement-api.service[103770]: DEBUG placement.handlers.allocation [req-9ee2f403-7e41-4257-a8d2-3b443f76bec1 req-2efea2e1-ed59-4681-b1bc-b62785ec519c service placement] Successfully wrote allocations [<placement.objects.allocation.Allocation object at 0x7f513519a0a0>, <placement.objects.allocation.Allocation object at 0x7f5135185460>] {{(pid=103770) _update_consumers_and_create_allocations /opt/stack/placement/placement/handlers/allocation.py:462}}
Feb 14 16:47:06.159353 n-d-828372-9 devstack@placement-api.service[103770]: INFO placement.requestlog [req-9ee2f403-7e41-4257-a8d2-3b443f76bec1 req-2efea2e1-ed59-4681-b1bc-b62785ec519c service placement] 10.222.0.88 "PUT /placement/allocations/cdaafefb-25f4-46fd-8573-629ddce0e56b" status: 204 len: 0 microversion: 1.36
Feb 14 16:47:06.168439 n-d-828372-9 devstack@placement-api.service[103770]: [pid: 103770|app: 0|req: 302/602] 10.222.0.88 () {64 vars in 1433 bytes} [Mon Feb 14 16:47:05 2022] PUT /placement/allocations/cdaafefb-25f4-46fd-8573-629ddce0e56b => generated 0 bytes in 172 msecs (HTTP/1.1 204) 5 headers in 199 bytes (2 switches on core 0)
Feb 14 16:47:06.180080 n-d-828372-9 devstack@placement-api.service[103771]: DEBUG placement.objects.research_context [req-8549f1c3-d6dd-4792-bc4e-c77ad6486e45 req-6874cdfd-601c-4e5c-aa1c-0ec8c2fdc34f service placement] getting providers with 1 DISK_GB {{(pid=103771) __init__ /opt/stack/placement/placement/objects/research_context.py:126}}
Feb 14 16:47:06.188003 n-d-828372-9 devstack@placement-api.service[103771]: DEBUG placement.objects.research_context [req-8549f1c3-d6dd-4792-bc4e-c77ad6486e45 req-6874cdfd-601c-4e5c-aa1c-0ec8c2fdc34f service placement] getting providers with 1024 MEMORY_MB {{(pid=103771) __init__ /opt/stack/placement/placement/objects/research_context.py:126}}
Feb 14 16:47:06.196149 n-d-828372-9 devstack@placement-api.service[103771]: DEBUG placement.objects.research_context [req-8549f1c3-d6dd-4792-bc4e-c77ad6486e45 req-6874cdfd-601c-4e5c-aa1c-0ec8c2fdc34f service placement] getting providers with 1 VCPU {{(pid=103771) __init__ /opt/stack/placement/placement/objects/research_context.py:126}}
Feb 14 16:47:06.206653 n-d-828372-9 devstack@placement-api.service[103771]: DEBUG placement.objects.research_context [req-8549f1c3-d6dd-4792-bc4e-c77ad6486e45 req-6874cdfd-601c-4e5c-aa1c-0ec8c2fdc34f service placement] found 2 providers with available 1 DISK_GB {{(pid=103771) get_provider_ids_matching /opt/stack/placement/placement/objects/research_context.py:549}}
Feb 14 16:47:06.207178 n-d-828372-9 devstack@placement-api.service[103771]: DEBUG placement.objects.research_context [req-8549f1c3-d6dd-4792-bc4e-c77ad6486e45 req-6874cdfd-601c-4e5c-aa1c-0ec8c2fdc34f service placement] found 2 providers with available 1024 MEMORY_MB {{(pid=103771) get_provider_ids_matching /opt/stack/placement/placement/objects/research_context.py:549}}
Feb 14 16:47:06.207707 n-d-828372-9 devstack@placement-api.service[103771]: DEBUG placement.objects.research_context [req-8549f1c3-d6dd-4792-bc4e-c77ad6486e45 req-6874cdfd-601c-4e5c-aa1c-0ec8c2fdc34f service placement] found 2 providers after filtering by previous result {{(pid=103771) get_provider_ids_matching /opt/stack/placement/placement/objects/research_context.py:580}}
Feb 14 16:47:06.208241 n-d-828372-9 devstack@placement-api.service[103771]: DEBUG placement.objects.research_context [req-8549f1c3-d6dd-4792-bc4e-c77ad6486e45 req-6874cdfd-601c-4e5c-aa1c-0ec8c2fdc34f service placement] found 2 providers with available 1 VCPU {{(pid=103771) get_provider_ids_matching /opt/stack/placement/placement/objects/research_context.py:549}}
Feb 14 16:47:06.209005 n-d-828372-9 devstack@placement-api.service[103771]: DEBUG placement.objects.research_context [req-8549f1c3-d6dd-4792-bc4e-c77ad6486e45 req-6874cdfd-601c-4e5c-aa1c-0ec8c2fdc34f service placement] found 2 providers after filtering by previous result {{(pid=103771) get_provider_ids_matching /opt/stack/placement/placement/objects/research_context.py:580}}
Feb 14 16:47:06.224449 n-d-828372-9 devstack@placement-api.service[103771]: DEBUG placement.objects.allocation_candidate [req-8549f1c3-d6dd-4792-bc4e-c77ad6486e45 req-6874cdfd-601c-4e5c-aa1c-0ec8c2fdc34f service placement] RequestGroup(use_same_provider=False, resources={DISK_GB:1, MEMORY_MB:1024, VCPU:1}, traits=[], aggregates=[]) (suffix '') returned 2 matches {{(pid=103771) _get_by_requests /opt/stack/placement/placement/objects/allocation_candidate.py:145}}
Feb 14 16:47:06.225073 n-d-828372-9 devstack@placement-api.service[103771]: DEBUG placement.objects.allocation_candidate [req-8549f1c3-d6dd-4792-bc4e-c77ad6486e45 req-6874cdfd-601c-4e5c-aa1c-0ec8c2fdc34f service placement] Merging candidates yields 2 allocation requests and 2 provider summaries {{(pid=103771) _merge_candidates /opt/stack/placement/placement/objects/allocation_candidate.py:783}}
Feb 14 16:47:06.227479 n-d-828372-9 devstack@placement-api.service[103771]: INFO placement.requestlog [req-8549f1c3-d6dd-4792-bc4e-c77ad6486e45 req-6874cdfd-601c-4e5c-aa1c-0ec8c2fdc34f service placement] 10.222.0.88 "GET /placement/allocation_candidates?limit=1000&resources=DISK_GB%3A1%2CMEMORY_MB%3A1024%2CVCPU%3A1&root_required=%21COMPUTE_STATUS_DISABLED" status: 200 len: 1309 microversion: 1.36
Feb 14 16:47:06.228357 n-d-828372-9 devstack@placement-api.service[103771]: [pid: 103771|app: 0|req: 301/603] 10.222.0.88 () {60 vars in 1506 bytes} [Mon Feb 14 16:47:06 2022] GET /placement/allocation_candidates?limit=1000&resources=DISK_GB%3A1%2CMEMORY_MB%3A1024%2CVCPU%3A1&root_required=%21COMPUTE_STATUS_DISABLED => generated 1309 bytes in 135 msecs (HTTP/1.1 200) 8 headers in 297 bytes (1 switches on core 0)
Feb 14 16:47:06.333927 n-d-828372-9 devstack@placement-api.service[103770]: DEBUG placement.requestlog [req-8549f1c3-d6dd-4792-bc4e-c77ad6486e45 req-5ade27f0-7546-49c4-907c-1bd49757fc9f None None] Starting request: 10.222.0.88 "GET /placement/allocations/76296c8b-e20a-49bf-8505-ea4aa116b731" {{(pid=103770) __call__ /opt/stack/placement/placement/requestlog.py:55}}
Feb 14 16:47:06.360582 n-d-828372-9 devstack@placement-api.service[103770]: INFO placement.requestlog [req-8549f1c3-d6dd-4792-bc4e-c77ad6486e45 req-5ade27f0-7546-49c4-907c-1bd49757fc9f service placement] 10.222.0.88 "GET /placement/allocations/76296c8b-e20a-49bf-8505-ea4aa116b731" status: 200 len: 19 microversion: 1.28
Feb 14 16:47:06.363714 n-d-828372-9 devstack@placement-api.service[103770]: [pid: 103770|app: 0|req: 303/604] 10.222.0.88 () {60 vars in 1380 bytes} [Mon Feb 14 16:47:06 2022] GET /placement/allocations/76296c8b-e20a-49bf-8505-ea4aa116b731 => generated 19 bytes in 29 msecs (HTTP/1.1 200) 8 headers in 295 bytes (1 switches on core 0)
Feb 14 16:47:06.369639 n-d-828372-9 devstack@placement-api.service[103771]: DEBUG placement.requestlog [req-8549f1c3-d6dd-4792-bc4e-c77ad6486e45 req-a127282f-22c2-48b0-91d4-631f5034e4b1 None None] Starting request: 10.222.0.88 "PUT /placement/allocations/76296c8b-e20a-49bf-8505-ea4aa116b731" {{(pid=103771) __call__ /opt/stack/placement/placement/requestlog.py:55}}
Feb 14 16:47:06.486023 n-d-828372-9 devstack@placement-api.service[103771]: DEBUG placement.handlers.allocation [req-8549f1c3-d6dd-4792-bc4e-c77ad6486e45 req-a127282f-22c2-48b0-91d4-631f5034e4b1 service placement] Successfully wrote allocations [<placement.objects.allocation.Allocation object at 0x7f513519a940>, <placement.objects.allocation.Allocation object at 0x7f5134f0d070>, <placement.objects.allocation.Allocation object at 0x7f5134f0da60>] {{(pid=103771) _update_consumers_and_create_allocations /opt/stack/placement/placement/handlers/allocation.py:462}}
Feb 14 16:47:06.490137 n-d-828372-9 devstack@placement-api.service[103771]: INFO placement.requestlog [req-8549f1c3-d6dd-4792-bc4e-c77ad6486e45 req-a127282f-22c2-48b0-91d4-631f5034e4b1 service placement] 10.222.0.88 "PUT /placement/allocations/76296c8b-e20a-49bf-8505-ea4aa116b731" status: 204 len: 0 microversion: 1.36
Feb 14 16:47:06.491300 n-d-828372-9 devstack@placement-api.service[103771]: [pid: 103771|app: 0|req: 302/605] 10.222.0.88 () {64 vars in 1433 bytes} [Mon Feb 14 16:47:06 2022] PUT /placement/allocations/76296c8b-e20a-49bf-8505-ea4aa116b731 => generated 0 bytes in 122 msecs (HTTP/1.1 204) 5 headers in 199 bytes (1 switches on core 0)
Feb 14 16:47:06.817679 n-d-828372-9 devstack@placement-api.service[103770]: DEBUG placement.requestlog [req-9ee2f403-7e41-4257-a8d2-3b443f76bec1 req-d6fc9c04-00e3-4b03-933b-9a53b0c9a9b0 None None] Starting request: 10.222.0.82 "GET /placement/allocations/cdaafefb-25f4-46fd-8573-629ddce0e56b" {{(pid=103770) __call__ /opt/stack/placement/placement/requestlog.py:55}}
Feb 14 16:47:06.849741 n-d-828372-9 devstack@placement-api.service[103770]: INFO placement.requestlog [req-9ee2f403-7e41-4257-a8d2-3b443f76bec1 req-d6fc9c04-00e3-4b03-933b-9a53b0c9a9b0 service placement] 10.222.0.82 "GET /placement/allocations/cdaafefb-25f4-46fd-8573-629ddce0e56b" status: 200 len: 245 microversion: 1.28
Feb 14 16:47:06.850294 n-d-828372-9 devstack@placement-api.service[103770]: [pid: 103770|app: 0|req: 304/606] 10.222.0.82 () {60 vars in 1377 bytes} [Mon Feb 14 16:47:06 2022] GET /placement/allocations/cdaafefb-25f4-46fd-8573-629ddce0e56b => generated 245 bytes in 33 msecs (HTTP/1.1 200) 8 headers in 296 bytes (2 switches on core 0)
Feb 14 16:47:07.239708 n-d-828372-9 devstack@placement-api.service[103771]: DEBUG placement.requestlog [req-8549f1c3-d6dd-4792-bc4e-c77ad6486e45 req-1e91941e-7dd5-419e-ad41-76182f5c5d28 None None] Starting request: 10.222.0.82 "GET /placement/allocations/76296c8b-e20a-49bf-8505-ea4aa116b731" {{(pid=103771) __call__ /opt/stack/placement/placement/requestlog.py:55}}
Feb 14 16:47:07.273776 n-d-828372-9 devstack@placement-api.service[103771]: INFO placement.requestlog [req-8549f1c3-d6dd-4792-bc4e-c77ad6486e45 req-1e91941e-7dd5-419e-ad41-76182f5c5d28 service placement] 10.222.0.82 "GET /placement/allocations/76296c8b-e20a-49bf-8505-ea4aa116b731" status: 200 len: 259 microversion: 1.28
Feb 14 16:47:07.273776 n-d-828372-9 devstack@placement-api.service[103771]: [pid: 103771|app: 0|req: 303/607] 10.222.0.82 () {60 vars in 1377 bytes} [Mon Feb 14 16:47:07 2022] GET /placement/allocations/76296c8b-e20a-49bf-8505-ea4aa116b731 => generated 259 bytes in 31 msecs (HTTP/1.1 200) 8 headers in 296 bytes (1 switches on core 0)
Feb 14 16:47:10.305649 n-d-828372-9 devstack@placement-api.service[103770]: DEBUG placement.requestlog [req-e2cc89d6-cff3-43e0-bc17-402b5770fb4d req-6e3120da-2cd1-43c6-948e-f19b6f41937d None None] Starting request: 10.222.0.43 "DELETE /placement/allocations/1a57ac21-a57b-42f1-a31e-2230edfaee63" {{(pid=103770) __call__ /opt/stack/placement/placement/requestlog.py:55}}
Feb 14 16:47:10.351799 n-d-828372-9 devstack@placement-api.service[103770]: DEBUG placement.handlers.allocation [req-e2cc89d6-cff3-43e0-bc17-402b5770fb4d req-6e3120da-2cd1-43c6-948e-f19b6f41937d service placement] Successfully deleted allocations [<placement.objects.allocation.Allocation object at 0x7f5134fde460>, <placement.objects.allocation.Allocation object at 0x7f5134eacbb0>, <placement.objects.allocation.Allocation object at 0x7f5134eac2b0>] {{(pid=103770) delete_allocations /opt/stack/placement/placement/handlers/allocation.py:627}}
Feb 14 16:47:10.352599 n-d-828372-9 devstack@placement-api.service[103770]: INFO placement.requestlog [req-e2cc89d6-cff3-43e0-bc17-402b5770fb4d req-6e3120da-2cd1-43c6-948e-f19b6f41937d service placement] 10.222.0.43 "DELETE /placement/allocations/1a57ac21-a57b-42f1-a31e-2230edfaee63" status: 204 len: 0 microversion: 1.0
Feb 14 16:47:10.353402 n-d-828372-9 devstack@placement-api.service[103770]: [pid: 103770|app: 0|req: 305/608] 10.222.0.43 () {60 vars in 1355 bytes} [Mon Feb 14 16:47:10 2022] DELETE /placement/allocations/1a57ac21-a57b-42f1-a31e-2230edfaee63 => generated 0 bytes in 48 msecs (HTTP/1.1 204) 5 headers in 198 bytes (1 switches on core 0)
Feb 14 16:47:12.407666 n-d-828372-9 devstack@placement-api.service[103771]: DEBUG placement.requestlog [req-5089b4e0-257e-4108-9216-0c5a60c16c0f req-540fdf25-07a3-4146-8aaa-ba0bf553b6d8 None None] Starting request: 10.222.0.88 "GET /placement/allocation_candidates?limit=1000&resources=DISK_GB%3A1%2CMEMORY_MB%3A1024%2CVCPU%3A1&root_required=%21COMPUTE_STATUS_DISABLED" {{(pid=103771) __call__ /opt/stack/placement/placement/requestlog.py:55}}
Feb 14 16:47:12.481789 n-d-828372-9 devstack@placement-api.service[103771]: DEBUG placement.objects.research_context [req-5089b4e0-257e-4108-9216-0c5a60c16c0f req-540fdf25-07a3-4146-8aaa-ba0bf553b6d8 service placement] getting providers with 1 DISK_GB {{(pid=103771) __init__ /opt/stack/placement/placement/objects/research_context.py:126}}
Feb 14 16:47:12.501894 n-d-828372-9 devstack@placement-api.service[103771]: DEBUG placement.objects.research_context [req-5089b4e0-257e-4108-9216-0c5a60c16c0f req-540fdf25-07a3-4146-8aaa-ba0bf553b6d8 service placement] getting providers with 1024 MEMORY_MB {{(pid=103771) __init__ /opt/stack/placement/placement/objects/research_context.py:126}}
Feb 14 16:47:12.511919 n-d-828372-9 devstack@placement-api.service[103771]: DEBUG placement.objects.research_context [req-5089b4e0-257e-4108-9216-0c5a60c16c0f req-540fdf25-07a3-4146-8aaa-ba0bf553b6d8 service placement] getting providers with 1 VCPU {{(pid=103771) __init__ /opt/stack/placement/placement/objects/research_context.py:126}}
Feb 14 16:47:12.522125 n-d-828372-9 devstack@placement-api.service[103771]: DEBUG placement.objects.research_context [req-5089b4e0-257e-4108-9216-0c5a60c16c0f req-540fdf25-07a3-4146-8aaa-ba0bf553b6d8 service placement] found 2 providers with available 1 DISK_GB {{(pid=103771) get_provider_ids_matching /opt/stack/placement/placement/objects/research_context.py:549}}
Feb 14 16:47:12.524443 n-d-828372-9 devstack@placement-api.service[103771]: DEBUG placement.objects.research_context [req-5089b4e0-257e-4108-9216-0c5a60c16c0f req-540fdf25-07a3-4146-8aaa-ba0bf553b6d8 service placement] found 2 providers with available 1024 MEMORY_MB {{(pid=103771) get_provider_ids_matching /opt/stack/placement/placement/objects/research_context.py:549}}
Feb 14 16:47:12.525234 n-d-828372-9 devstack@placement-api.service[103771]: DEBUG placement.objects.research_context [req-5089b4e0-257e-4108-9216-0c5a60c16c0f req-540fdf25-07a3-4146-8aaa-ba0bf553b6d8 service placement] found 2 providers after filtering by previous result {{(pid=103771) get_provider_ids_matching /opt/stack/placement/placement/objects/research_context.py:580}}
Feb 14 16:47:12.525659 n-d-828372-9 devstack@placement-api.service[103771]: DEBUG placement.objects.research_context [req-5089b4e0-257e-4108-9216-0c5a60c16c0f req-540fdf25-07a3-4146-8aaa-ba0bf553b6d8 service placement] found 2 providers with available 1 VCPU {{(pid=103771) get_provider_ids_matching /opt/stack/placement/placement/objects/research_context.py:549}}
Feb 14 16:47:12.531659 n-d-828372-9 devstack@placement-api.service[103771]: DEBUG placement.objects.research_context [req-5089b4e0-257e-4108-9216-0c5a60c16c0f req-540fdf25-07a3-4146-8aaa-ba0bf553b6d8 service placement] found 2 providers after filtering by previous result {{(pid=103771) get_provider_ids_matching /opt/stack/placement/placement/objects/research_context.py:580}}
Feb 14 16:47:12.552738 n-d-828372-9 devstack@placement-api.service[103771]: DEBUG placement.objects.allocation_candidate [req-5089b4e0-257e-4108-9216-0c5a60c16c0f req-540fdf25-07a3-4146-8aaa-ba0bf553b6d8 service placement] RequestGroup(use_same_provider=False, resources={DISK_GB:1, MEMORY_MB:1024, VCPU:1}, traits=[], aggregates=[]) (suffix '') returned 2 matches {{(pid=103771) _get_by_requests /opt/stack/placement/placement/objects/allocation_candidate.py:145}}
Feb 14 16:47:12.553348 n-d-828372-9 devstack@placement-api.service[103771]: DEBUG placement.objects.allocation_candidate [req-5089b4e0-257e-4108-9216-0c5a60c16c0f req-540fdf25-07a3-4146-8aaa-ba0bf553b6d8 service placement] Merging candidates yields 2 allocation requests and 2 provider summaries {{(pid=103771) _merge_candidates /opt/stack/placement/placement/objects/allocation_candidate.py:783}}
Feb 14 16:47:12.558325 n-d-828372-9 devstack@placement-api.service[103771]: INFO placement.requestlog [req-5089b4e0-257e-4108-9216-0c5a60c16c0f req-540fdf25-07a3-4146-8aaa-ba0bf553b6d8 service placement] 10.222.0.88 "GET /placement/allocation_candidates?limit=1000&resources=DISK_GB%3A1%2CMEMORY_MB%3A1024%2CVCPU%3A1&root_required=%21COMPUTE_STATUS_DISABLED" status: 200 len: 1309 microversion: 1.36
Feb 14 16:47:12.559336 n-d-828372-9 devstack@placement-api.service[103771]: [pid: 103771|app: 0|req: 304/609] 10.222.0.88 () {60 vars in 1506 bytes} [Mon Feb 14 16:47:12 2022] GET /placement/allocation_candidates?limit=1000&resources=DISK_GB%3A1%2CMEMORY_MB%3A1024%2CVCPU%3A1&root_required=%21COMPUTE_STATUS_DISABLED => generated 1309 bytes in 152 msecs (HTTP/1.1 200) 8 headers in 297 bytes (1 switches on core 0)
Feb 14 16:47:12.643452 n-d-828372-9 devstack@placement-api.service[103770]: DEBUG placement.requestlog [req-5089b4e0-257e-4108-9216-0c5a60c16c0f req-350cb124-78ad-4e9c-922f-cd892ded19a0 None None] Starting request: 10.222.0.88 "GET /placement/allocations/84beaa0f-9051-4c93-9abc-e5ecb63d347a" {{(pid=103770) __call__ /opt/stack/placement/placement/requestlog.py:55}}
Feb 14 16:47:12.657420 n-d-828372-9 devstack@placement-api.service[103770]: INFO placement.requestlog [req-5089b4e0-257e-4108-9216-0c5a60c16c0f req-350cb124-78ad-4e9c-922f-cd892ded19a0 service placement] 10.222.0.88 "GET /placement/allocations/84beaa0f-9051-4c93-9abc-e5ecb63d347a" status: 200 len: 19 microversion: 1.28
Feb 14 16:47:12.665744 n-d-828372-9 devstack@placement-api.service[103770]: [pid: 103770|app: 0|req: 306/610] 10.222.0.88 () {60 vars in 1380 bytes} [Mon Feb 14 16:47:12 2022] GET /placement/allocations/84beaa0f-9051-4c93-9abc-e5ecb63d347a => generated 19 bytes in 24 msecs (HTTP/1.1 200) 8 headers in 295 bytes (1 switches on core 0)
Feb 14 16:47:12.669151 n-d-828372-9 devstack@placement-api.service[103771]: DEBUG placement.requestlog [req-5089b4e0-257e-4108-9216-0c5a60c16c0f req-80262031-d368-43de-92dc-544d70f22d47 None None] Starting request: 10.222.0.88 "PUT /placement/allocations/84beaa0f-9051-4c93-9abc-e5ecb63d347a" {{(pid=103771) __call__ /opt/stack/placement/placement/requestlog.py:55}}
Feb 14 16:47:12.781119 n-d-828372-9 devstack@placement-api.service[103771]: DEBUG placement.handlers.allocation [req-5089b4e0-257e-4108-9216-0c5a60c16c0f req-80262031-d368-43de-92dc-544d70f22d47 service placement] Successfully wrote allocations [<placement.objects.allocation.Allocation object at 0x7f513508f100>, <placement.objects.allocation.Allocation object at 0x7f5134fe15b0>, <placement.objects.allocation.Allocation object at 0x7f5134ef3e80>] {{(pid=103771) _update_consumers_and_create_allocations /opt/stack/placement/placement/handlers/allocation.py:462}}
Feb 14 16:47:12.789918 n-d-828372-9 devstack@placement-api.service[103771]: INFO placement.requestlog [req-5089b4e0-257e-4108-9216-0c5a60c16c0f req-80262031-d368-43de-92dc-544d70f22d47 service placement] 10.222.0.88 "PUT /placement/allocations/84beaa0f-9051-4c93-9abc-e5ecb63d347a" status: 204 len: 0 microversion: 1.36
Feb 14 16:47:12.818403 n-d-828372-9 devstack@placement-api.service[103771]: [pid: 103771|app: 0|req: 305/611] 10.222.0.88 () {64 vars in 1433 bytes} [Mon Feb 14 16:47:12 2022] PUT /placement/allocations/84beaa0f-9051-4c93-9abc-e5ecb63d347a => generated 0 bytes in 123 msecs (HTTP/1.1 204) 5 headers in 199 bytes (1 switches on core 0)
Feb 14 16:47:13.220377 n-d-828372-9 devstack@placement-api.service[103770]: DEBUG placement.requestlog [req-5089b4e0-257e-4108-9216-0c5a60c16c0f req-35186d46-d1ff-4933-9a12-77ba4c6ddb27 None None] Starting request: 10.222.0.82 "GET /placement/allocations/84beaa0f-9051-4c93-9abc-e5ecb63d347a" {{(pid=103770) __call__ /opt/stack/placement/placement/requestlog.py:55}}
Feb 14 16:47:13.256716 n-d-828372-9 devstack@placement-api.service[103770]: INFO placement.requestlog [req-5089b4e0-257e-4108-9216-0c5a60c16c0f req-35186d46-d1ff-4933-9a12-77ba4c6ddb27 service placement] 10.222.0.82 "GET /placement/allocations/84beaa0f-9051-4c93-9abc-e5ecb63d347a" status: 200 len: 259 microversion: 1.28
Feb 14 16:47:13.257873 n-d-828372-9 devstack@placement-api.service[103770]: [pid: 103770|app: 0|req: 307/612] 10.222.0.82 () {60 vars in 1377 bytes} [Mon Feb 14 16:47:13 2022] GET /placement/allocations/84beaa0f-9051-4c93-9abc-e5ecb63d347a => generated 259 bytes in 38 msecs (HTTP/1.1 200) 8 headers in 296 bytes (1 switches on core 0)
Feb 14 16:47:15.447955 n-d-828372-9 devstack@placement-api.service[103771]: DEBUG placement.requestlog [req-5d259f2f-fe56-4cf9-8458-5ef54c9ffba1 req-317f0657-4fe9-4acb-baab-cec486b75a05 None None] Starting request: 10.222.0.82 "DELETE /placement/allocations/65438ea6-1887-4133-82c3-f020a6b6cc74" {{(pid=103771) __call__ /opt/stack/placement/placement/requestlog.py:55}}
Feb 14 16:47:15.519980 n-d-828372-9 devstack@placement-api.service[103771]: DEBUG placement.handlers.allocation [req-5d259f2f-fe56-4cf9-8458-5ef54c9ffba1 req-317f0657-4fe9-4acb-baab-cec486b75a05 service placement] Successfully deleted allocations [<placement.objects.allocation.Allocation object at 0x7f5134f09190>, <placement.objects.allocation.Allocation object at 0x7f5134f093a0>, <placement.objects.allocation.Allocation object at 0x7f5134f09a90>] {{(pid=103771) delete_allocations /opt/stack/placement/placement/handlers/allocation.py:627}}
Feb 14 16:47:15.525155 n-d-828372-9 devstack@placement-api.service[103771]: INFO placement.requestlog [req-5d259f2f-fe56-4cf9-8458-5ef54c9ffba1 req-317f0657-4fe9-4acb-baab-cec486b75a05 service placement] 10.222.0.82 "DELETE /placement/allocations/65438ea6-1887-4133-82c3-f020a6b6cc74" status: 204 len: 0 microversion: 1.0
Feb 14 16:47:15.543360 n-d-828372-9 devstack@placement-api.service[103771]: [pid: 103771|app: 0|req: 306/613] 10.222.0.82 () {60 vars in 1355 bytes} [Mon Feb 14 16:47:15 2022] DELETE /placement/allocations/65438ea6-1887-4133-82c3-f020a6b6cc74 => generated 0 bytes in 95 msecs (HTTP/1.1 204) 5 headers in 198 bytes (1 switches on core 0)
Feb 14 16:47:18.025703 n-d-828372-9 devstack@placement-api.service[103770]: DEBUG placement.requestlog [req-0a7c1878-b33e-4f21-9871-ce7de3148afb req-96c3f33a-a047-4802-845f-e4d542a9fb5c None None] Starting request: 10.222.0.43 "DELETE /placement/allocations/beb5ec08-0c0d-4a2a-9966-d8fa13f69b75" {{(pid=103770) __call__ /opt/stack/placement/placement/requestlog.py:55}}
Feb 14 16:47:18.072418 n-d-828372-9 devstack@placement-api.service[103770]: DEBUG placement.handlers.allocation [req-0a7c1878-b33e-4f21-9871-ce7de3148afb req-96c3f33a-a047-4802-845f-e4d542a9fb5c service placement] Successfully deleted allocations [<placement.objects.allocation.Allocation object at 0x7f5134e9e550>, <placement.objects.allocation.Allocation object at 0x7f51350aba30>, <placement.objects.allocation.Allocation object at 0x7f51350ab940>] {{(pid=103770) delete_allocations /opt/stack/placement/placement/handlers/allocation.py:627}}
Feb 14 16:47:18.073398 n-d-828372-9 devstack@placement-api.service[103770]: INFO placement.requestlog [req-0a7c1878-b33e-4f21-9871-ce7de3148afb req-96c3f33a-a047-4802-845f-e4d542a9fb5c service placement] 10.222.0.43 "DELETE /placement/allocations/beb5ec08-0c0d-4a2a-9966-d8fa13f69b75" status: 204 len: 0 microversion: 1.0
Feb 14 16:47:18.074358 n-d-828372-9 devstack@placement-api.service[103770]: [pid: 103770|app: 0|req: 308/614] 10.222.0.43 () {60 vars in 1355 bytes} [Mon Feb 14 16:47:18 2022] DELETE /placement/allocations/beb5ec08-0c0d-4a2a-9966-d8fa13f69b75 => generated 0 bytes in 49 msecs (HTTP/1.1 204) 5 headers in 198 bytes (1 switches on core 0)
Feb 14 16:47:33.362846 n-d-828372-9 devstack@placement-api.service[103771]: DEBUG placement.requestlog [req-9d916ebf-cd42-4a58-bf4c-0bcc26ea86ed req-7fac7935-a959-4307-9d55-236878206ac3 None None] Starting request: 10.222.0.82 "GET /placement/resource_providers?in_tree=742964bc-6199-4b0a-9093-f7f57b750b64" {{(pid=103771) __call__ /opt/stack/placement/placement/requestlog.py:55}}
Feb 14 16:47:33.617883 n-d-828372-9 devstack@placement-api.service[103771]: INFO placement.requestlog [req-9d916ebf-cd42-4a58-bf4c-0bcc26ea86ed req-7fac7935-a959-4307-9d55-236878206ac3 service placement] 10.222.0.82 "GET /placement/resource_providers?in_tree=742964bc-6199-4b0a-9093-f7f57b750b64" status: 200 len: 863 microversion: 1.14
Feb 14 16:47:33.618769 n-d-828372-9 devstack@placement-api.service[103771]: [pid: 103771|app: 0|req: 307/615] 10.222.0.82 () {60 vars in 1376 bytes} [Mon Feb 14 16:47:33 2022] GET /placement/resource_providers?in_tree=742964bc-6199-4b0a-9093-f7f57b750b64 => generated 863 bytes in 256 msecs (HTTP/1.1 200) 6 headers in 225 bytes (1 switches on core 0)
Feb 14 16:47:33.630713 n-d-828372-9 devstack@placement-api.service[103770]: DEBUG placement.requestlog [req-9d916ebf-cd42-4a58-bf4c-0bcc26ea86ed req-c3daeb44-7c2c-41d3-bfea-b25a8ef30da2 None None] Starting request: 10.222.0.82 "GET /placement/resource_providers/742964bc-6199-4b0a-9093-f7f57b750b64/inventories" {{(pid=103770) __call__ /opt/stack/placement/placement/requestlog.py:55}}
Feb 14 16:47:33.665549 n-d-828372-9 devstack@placement-api.service[103770]: INFO placement.requestlog [req-9d916ebf-cd42-4a58-bf4c-0bcc26ea86ed req-c3daeb44-7c2c-41d3-bfea-b25a8ef30da2 service placement] 10.222.0.82 "GET /placement/resource_providers/742964bc-6199-4b0a-9093-f7f57b750b64/inventories" status: 200 len: 398 microversion: 1.0
Feb 14 16:47:33.666947 n-d-828372-9 devstack@placement-api.service[103770]: [pid: 103770|app: 0|req: 309/616] 10.222.0.82 () {58 vars in 1390 bytes} [Mon Feb 14 16:47:33 2022] GET /placement/resource_providers/742964bc-6199-4b0a-9093-f7f57b750b64/inventories => generated 398 bytes in 36 msecs (HTTP/1.1 200) 6 headers in 224 bytes (2 switches on core 0)
Feb 14 16:47:33.675943 n-d-828372-9 devstack@placement-api.service[103771]: DEBUG placement.requestlog [req-9d916ebf-cd42-4a58-bf4c-0bcc26ea86ed req-d280f6bd-2091-4a31-b910-27a61d6726b8 None None] Starting request: 10.222.0.82 "GET /placement/resource_providers/742964bc-6199-4b0a-9093-f7f57b750b64/aggregates" {{(pid=103771) __call__ /opt/stack/placement/placement/requestlog.py:55}}
Feb 14 16:47:33.696750 n-d-828372-9 devstack@placement-api.service[103771]: INFO placement.requestlog [req-9d916ebf-cd42-4a58-bf4c-0bcc26ea86ed req-d280f6bd-2091-4a31-b910-27a61d6726b8 service placement] 10.222.0.82 "GET /placement/resource_providers/742964bc-6199-4b0a-9093-f7f57b750b64/aggregates" status: 200 len: 54 microversion: 1.19
Feb 14 16:47:33.698914 n-d-828372-9 devstack@placement-api.service[103771]: [pid: 103771|app: 0|req: 308/617] 10.222.0.82 () {60 vars in 1431 bytes} [Mon Feb 14 16:47:33 2022] GET /placement/resource_providers/742964bc-6199-4b0a-9093-f7f57b750b64/aggregates => generated 54 bytes in 23 msecs (HTTP/1.1 200) 8 headers in 295 bytes (1 switches on core 0)
Feb 14 16:47:33.713914 n-d-828372-9 devstack@placement-api.service[103770]: DEBUG placement.requestlog [req-9d916ebf-cd42-4a58-bf4c-0bcc26ea86ed req-2e718c68-947f-4762-af9e-d241bd56fd15 None None] Starting request: 10.222.0.82 "GET /placement/resource_providers/742964bc-6199-4b0a-9093-f7f57b750b64/traits" {{(pid=103770) __call__ /opt/stack/placement/placement/requestlog.py:55}}
Feb 14 16:47:33.762083 n-d-828372-9 devstack@placement-api.service[103770]: INFO placement.requestlog [req-9d916ebf-cd42-4a58-bf4c-0bcc26ea86ed req-2e718c68-947f-4762-af9e-d241bd56fd15 service placement] 10.222.0.82 "GET /placement/resource_providers/742964bc-6199-4b0a-9093-f7f57b750b64/traits" status: 200 len: 212 microversion: 1.6
Feb 14 16:47:33.764115 n-d-828372-9 devstack@placement-api.service[103770]: [pid: 103770|app: 0|req: 310/618] 10.222.0.82 () {60 vars in 1418 bytes} [Mon Feb 14 16:47:33 2022] GET /placement/resource_providers/742964bc-6199-4b0a-9093-f7f57b750b64/traits => generated 212 bytes in 50 msecs (HTTP/1.1 200) 6 headers in 224 bytes (1 switches on core 0)
Feb 14 16:47:34.071681 n-d-828372-9 devstack@placement-api.service[103771]: DEBUG placement.requestlog [req-9d916ebf-cd42-4a58-bf4c-0bcc26ea86ed req-bc033fe8-4943-454c-9ab7-2a0e6b5bd14e None None] Starting request: 10.222.0.82 "DELETE /placement/allocations/76296c8b-e20a-49bf-8505-ea4aa116b731" {{(pid=103771) __call__ /opt/stack/placement/placement/requestlog.py:55}}
Feb 14 16:47:34.130989 n-d-828372-9 devstack@placement-api.service[103771]: DEBUG placement.handlers.allocation [req-9d916ebf-cd42-4a58-bf4c-0bcc26ea86ed req-bc033fe8-4943-454c-9ab7-2a0e6b5bd14e service placement] Successfully deleted allocations [<placement.objects.allocation.Allocation object at 0x7f5134f27f70>, <placement.objects.allocation.Allocation object at 0x7f5134f27df0>, <placement.objects.allocation.Allocation object at 0x7f5134f27ee0>] {{(pid=103771) delete_allocations /opt/stack/placement/placement/handlers/allocation.py:627}}
Feb 14 16:47:34.131766 n-d-828372-9 devstack@placement-api.service[103771]: INFO placement.requestlog [req-9d916ebf-cd42-4a58-bf4c-0bcc26ea86ed req-bc033fe8-4943-454c-9ab7-2a0e6b5bd14e service placement] 10.222.0.82 "DELETE /placement/allocations/76296c8b-e20a-49bf-8505-ea4aa116b731" status: 204 len: 0 microversion: 1.0
Feb 14 16:47:34.132343 n-d-828372-9 devstack@placement-api.service[103771]: [pid: 103771|app: 0|req: 309/619] 10.222.0.82 () {60 vars in 1355 bytes} [Mon Feb 14 16:47:34 2022] DELETE /placement/allocations/76296c8b-e20a-49bf-8505-ea4aa116b731 => generated 0 bytes in 61 msecs (HTTP/1.1 204) 5 headers in 198 bytes (1 switches on core 0)
Feb 14 16:47:34.854319 n-d-828372-9 devstack@placement-api.service[103770]: DEBUG placement.requestlog [req-7320dc73-dbe9-49ae-9bbf-5e884d494507 req-627bff99-263e-4eb2-82f5-bb0894643e74 None None] Starting request: 10.222.0.43 "GET /placement/resource_providers/2680c556-562e-4eb0-aa1f-ee615de98f44/allocations" {{(pid=103770) __call__ /opt/stack/placement/placement/requestlog.py:55}}
Feb 14 16:47:35.009942 n-d-828372-9 devstack@placement-api.service[103770]: INFO placement.requestlog [req-7320dc73-dbe9-49ae-9bbf-5e884d494507 req-627bff99-263e-4eb2-82f5-bb0894643e74 service placement] 10.222.0.43 "GET /placement/resource_providers/2680c556-562e-4eb0-aa1f-ee615de98f44/allocations" status: 200 len: 55 microversion: 1.0
Feb 14 16:47:35.010315 n-d-828372-9 devstack@placement-api.service[103770]: [pid: 103770|app: 0|req: 311/620] 10.222.0.43 () {58 vars in 1390 bytes} [Mon Feb 14 16:47:34 2022] GET /placement/resource_providers/2680c556-562e-4eb0-aa1f-ee615de98f44/allocations => generated 55 bytes in 156 msecs (HTTP/1.1 200) 6 headers in 223 bytes (2 switches on core 0)
Feb 14 16:47:35.053342 n-d-828372-9 devstack@placement-api.service[103771]: DEBUG placement.requestlog [req-7320dc73-dbe9-49ae-9bbf-5e884d494507 req-dd1a1bc0-b458-4ce3-b861-75367b6ed84d None None] Starting request: 10.222.0.43 "GET /placement/resource_providers?in_tree=2680c556-562e-4eb0-aa1f-ee615de98f44" {{(pid=103771) __call__ /opt/stack/placement/placement/requestlog.py:55}}
Feb 14 16:47:35.092413 n-d-828372-9 devstack@placement-api.service[103771]: INFO placement.requestlog [req-7320dc73-dbe9-49ae-9bbf-5e884d494507 req-dd1a1bc0-b458-4ce3-b861-75367b6ed84d service placement] 10.222.0.43 "GET /placement/resource_providers?in_tree=2680c556-562e-4eb0-aa1f-ee615de98f44" status: 200 len: 863 microversion: 1.14
Feb 14 16:47:35.093387 n-d-828372-9 devstack@placement-api.service[103771]: [pid: 103771|app: 0|req: 310/621] 10.222.0.43 () {60 vars in 1376 bytes} [Mon Feb 14 16:47:35 2022] GET /placement/resource_providers?in_tree=2680c556-562e-4eb0-aa1f-ee615de98f44 => generated 863 bytes in 40 msecs (HTTP/1.1 200) 6 headers in 225 bytes (1 switches on core 0)
Feb 14 16:47:35.101786 n-d-828372-9 devstack@placement-api.service[103770]: DEBUG placement.requestlog [req-7320dc73-dbe9-49ae-9bbf-5e884d494507 req-04f612b7-1c07-4d08-88f6-ae81b6843584 None None] Starting request: 10.222.0.43 "GET /placement/resource_providers/2680c556-562e-4eb0-aa1f-ee615de98f44/inventories" {{(pid=103770) __call__ /opt/stack/placement/placement/requestlog.py:55}}
Feb 14 16:47:35.144300 n-d-828372-9 devstack@placement-api.service[103770]: INFO placement.requestlog [req-7320dc73-dbe9-49ae-9bbf-5e884d494507 req-04f612b7-1c07-4d08-88f6-ae81b6843584 service placement] 10.222.0.43 "GET /placement/resource_providers/2680c556-562e-4eb0-aa1f-ee615de98f44/inventories" status: 200 len: 398 microversion: 1.0
Feb 14 16:47:35.144958 n-d-828372-9 devstack@placement-api.service[103770]: [pid: 103770|app: 0|req: 312/622] 10.222.0.43 () {58 vars in 1390 bytes} [Mon Feb 14 16:47:35 2022] GET /placement/resource_providers/2680c556-562e-4eb0-aa1f-ee615de98f44/inventories => generated 398 bytes in 44 msecs (HTTP/1.1 200) 6 headers in 224 bytes (1 switches on core 0)
Feb 14 16:47:35.153176 n-d-828372-9 devstack@placement-api.service[103771]: DEBUG placement.requestlog [req-7320dc73-dbe9-49ae-9bbf-5e884d494507 req-0fd47c8d-e19b-4473-a680-873f6889a891 None None] Starting request: 10.222.0.43 "GET /placement/resource_providers/2680c556-562e-4eb0-aa1f-ee615de98f44/aggregates" {{(pid=103771) __call__ /opt/stack/placement/placement/requestlog.py:55}}
Feb 14 16:47:35.171032 n-d-828372-9 devstack@placement-api.service[103771]: INFO placement.requestlog [req-7320dc73-dbe9-49ae-9bbf-5e884d494507 req-0fd47c8d-e19b-4473-a680-873f6889a891 service placement] 10.222.0.43 "GET /placement/resource_providers/2680c556-562e-4eb0-aa1f-ee615de98f44/aggregates" status: 200 len: 54 microversion: 1.19
Feb 14 16:47:35.171415 n-d-828372-9 devstack@placement-api.service[103771]: [pid: 103771|app: 0|req: 311/623] 10.222.0.43 () {60 vars in 1431 bytes} [Mon Feb 14 16:47:35 2022] GET /placement/resource_providers/2680c556-562e-4eb0-aa1f-ee615de98f44/aggregates => generated 54 bytes in 19 msecs (HTTP/1.1 200) 8 headers in 295 bytes (2 switches on core 0)
Feb 14 16:47:35.180901 n-d-828372-9 devstack@placement-api.service[103770]: DEBUG placement.requestlog [req-7320dc73-dbe9-49ae-9bbf-5e884d494507 req-cdfe9193-f0e3-479e-a58f-81971df1a89d None None] Starting request: 10.222.0.43 "GET /placement/resource_providers/2680c556-562e-4eb0-aa1f-ee615de98f44/traits" {{(pid=103770) __call__ /opt/stack/placement/placement/requestlog.py:55}}
Feb 14 16:47:35.208585 n-d-828372-9 devstack@placement-api.service[103771]: DEBUG placement.requestlog [req-20c7c781-1af3-4ebb-9187-9bb65b3ca568 req-02df119a-061d-4466-8cb4-9f6ce25bdea7 None None] Starting request: 10.222.0.82 "GET /placement/resource_providers/742964bc-6199-4b0a-9093-f7f57b750b64/allocations" {{(pid=103771) __call__ /opt/stack/placement/placement/requestlog.py:55}}
Feb 14 16:47:35.231827 n-d-828372-9 devstack@placement-api.service[103770]: INFO placement.requestlog [req-7320dc73-dbe9-49ae-9bbf-5e884d494507 req-cdfe9193-f0e3-479e-a58f-81971df1a89d service placement] 10.222.0.43 "GET /placement/resource_providers/2680c556-562e-4eb0-aa1f-ee615de98f44/traits" status: 200 len: 212 microversion: 1.6
Feb 14 16:47:35.232922 n-d-828372-9 devstack@placement-api.service[103770]: [pid: 103770|app: 0|req: 313/624] 10.222.0.43 () {60 vars in 1418 bytes} [Mon Feb 14 16:47:35 2022] GET /placement/resource_providers/2680c556-562e-4eb0-aa1f-ee615de98f44/traits => generated 212 bytes in 53 msecs (HTTP/1.1 200) 6 headers in 224 bytes (1 switches on core 0)
Feb 14 16:47:35.269375 n-d-828372-9 devstack@placement-api.service[103771]: INFO placement.requestlog [req-20c7c781-1af3-4ebb-9187-9bb65b3ca568 req-02df119a-061d-4466-8cb4-9f6ce25bdea7 service placement] 10.222.0.82 "GET /placement/resource_providers/742964bc-6199-4b0a-9093-f7f57b750b64/allocations" status: 200 len: 746 microversion: 1.0
Feb 14 16:47:35.270632 n-d-828372-9 devstack@placement-api.service[103771]: [pid: 103771|app: 0|req: 312/625] 10.222.0.82 () {58 vars in 1390 bytes} [Mon Feb 14 16:47:35 2022] GET /placement/resource_providers/742964bc-6199-4b0a-9093-f7f57b750b64/allocations => generated 746 bytes in 63 msecs (HTTP/1.1 200) 6 headers in 224 bytes (2 switches on core 0)
Feb 14 16:47:37.139159 n-d-828372-9 devstack@placement-api.service[103770]: DEBUG placement.requestlog [req-2d044224-a01f-4ee2-a705-12f15130cb57 req-09dfadeb-6a21-45d6-a84c-fb07066e478e None None] Starting request: 10.222.0.88 "GET /placement/allocation_candidates?limit=1000&resources=DISK_GB%3A1%2CMEMORY_MB%3A1024%2CVCPU%3A1&root_required=%21COMPUTE_STATUS_DISABLED" {{(pid=103770) __call__ /opt/stack/placement/placement/requestlog.py:55}}
Feb 14 16:47:37.198942 n-d-828372-9 devstack@placement-api.service[103770]: DEBUG placement.objects.research_context [req-2d044224-a01f-4ee2-a705-12f15130cb57 req-09dfadeb-6a21-45d6-a84c-fb07066e478e service placement] getting providers with 1 DISK_GB {{(pid=103770) __init__ /opt/stack/placement/placement/objects/research_context.py:126}}
Feb 14 16:47:37.211620 n-d-828372-9 devstack@placement-api.service[103770]: DEBUG placement.objects.research_context [req-2d044224-a01f-4ee2-a705-12f15130cb57 req-09dfadeb-6a21-45d6-a84c-fb07066e478e service placement] getting providers with 1024 MEMORY_MB {{(pid=103770) __init__ /opt/stack/placement/placement/objects/research_context.py:126}}
Feb 14 16:47:37.228192 n-d-828372-9 devstack@placement-api.service[103770]: DEBUG placement.objects.research_context [req-2d044224-a01f-4ee2-a705-12f15130cb57 req-09dfadeb-6a21-45d6-a84c-fb07066e478e service placement] getting providers with 1 VCPU {{(pid=103770) __init__ /opt/stack/placement/placement/objects/research_context.py:126}}
Feb 14 16:47:37.243347 n-d-828372-9 devstack@placement-api.service[103770]: DEBUG placement.objects.research_context [req-2d044224-a01f-4ee2-a705-12f15130cb57 req-09dfadeb-6a21-45d6-a84c-fb07066e478e service placement] found 2 providers with available 1 DISK_GB {{(pid=103770) get_provider_ids_matching /opt/stack/placement/placement/objects/research_context.py:549}}
Feb 14 16:47:37.244367 n-d-828372-9 devstack@placement-api.service[103770]: DEBUG placement.objects.research_context [req-2d044224-a01f-4ee2-a705-12f15130cb57 req-09dfadeb-6a21-45d6-a84c-fb07066e478e service placement] found 2 providers with available 1024 MEMORY_MB {{(pid=103770) get_provider_ids_matching /opt/stack/placement/placement/objects/research_context.py:549}}
Feb 14 16:47:37.245717 n-d-828372-9 devstack@placement-api.service[103770]: DEBUG placement.objects.research_context [req-2d044224-a01f-4ee2-a705-12f15130cb57 req-09dfadeb-6a21-45d6-a84c-fb07066e478e service placement] found 2 providers after filtering by previous result {{(pid=103770) get_provider_ids_matching /opt/stack/placement/placement/objects/research_context.py:580}}
Feb 14 16:47:37.246179 n-d-828372-9 devstack@placement-api.service[103770]: DEBUG placement.objects.research_context [req-2d044224-a01f-4ee2-a705-12f15130cb57 req-09dfadeb-6a21-45d6-a84c-fb07066e478e service placement] found 2 providers with available 1 VCPU {{(pid=103770) get_provider_ids_matching /opt/stack/placement/placement/objects/research_context.py:549}}
Feb 14 16:47:37.247641 n-d-828372-9 devstack@placement-api.service[103770]: DEBUG placement.objects.research_context [req-2d044224-a01f-4ee2-a705-12f15130cb57 req-09dfadeb-6a21-45d6-a84c-fb07066e478e service placement] found 2 providers after filtering by previous result {{(pid=103770) get_provider_ids_matching /opt/stack/placement/placement/objects/research_context.py:580}}
Feb 14 16:47:37.285715 n-d-828372-9 devstack@placement-api.service[103770]: DEBUG placement.objects.allocation_candidate [req-2d044224-a01f-4ee2-a705-12f15130cb57 req-09dfadeb-6a21-45d6-a84c-fb07066e478e service placement] RequestGroup(use_same_provider=False, resources={DISK_GB:1, MEMORY_MB:1024, VCPU:1}, traits=[], aggregates=[]) (suffix '') returned 2 matches {{(pid=103770) _get_by_requests /opt/stack/placement/placement/objects/allocation_candidate.py:145}}
Feb 14 16:47:37.286514 n-d-828372-9 devstack@placement-api.service[103770]: DEBUG placement.objects.allocation_candidate [req-2d044224-a01f-4ee2-a705-12f15130cb57 req-09dfadeb-6a21-45d6-a84c-fb07066e478e service placement] Merging candidates yields 2 allocation requests and 2 provider summaries {{(pid=103770) _merge_candidates /opt/stack/placement/placement/objects/allocation_candidate.py:783}}
Feb 14 16:47:37.291336 n-d-828372-9 devstack@placement-api.service[103770]: INFO placement.requestlog [req-2d044224-a01f-4ee2-a705-12f15130cb57 req-09dfadeb-6a21-45d6-a84c-fb07066e478e service placement] 10.222.0.88 "GET /placement/allocation_candidates?limit=1000&resources=DISK_GB%3A1%2CMEMORY_MB%3A1024%2CVCPU%3A1&root_required=%21COMPUTE_STATUS_DISABLED" status: 200 len: 1306 microversion: 1.36
Feb 14 16:47:37.293649 n-d-828372-9 devstack@placement-api.service[103770]: [pid: 103770|app: 0|req: 314/626] 10.222.0.88 () {60 vars in 1506 bytes} [Mon Feb 14 16:47:37 2022] GET /placement/allocation_candidates?limit=1000&resources=DISK_GB%3A1%2CMEMORY_MB%3A1024%2CVCPU%3A1&root_required=%21COMPUTE_STATUS_DISABLED => generated 1306 bytes in 154 msecs (HTTP/1.1 200) 8 headers in 297 bytes (1 switches on core 0)
Feb 14 16:47:37.394000 n-d-828372-9 devstack@placement-api.service[103771]: DEBUG placement.requestlog [req-2d044224-a01f-4ee2-a705-12f15130cb57 req-dee70302-2d72-4d9e-96a7-98b6b8dd4d0b None None] Starting request: 10.222.0.88 "GET /placement/allocations/ac7e1208-afc5-4d94-ac8f-e2aefe56d2cc" {{(pid=103771) __call__ /opt/stack/placement/placement/requestlog.py:55}}
Feb 14 16:47:37.417175 n-d-828372-9 devstack@placement-api.service[103771]: INFO placement.requestlog [req-2d044224-a01f-4ee2-a705-12f15130cb57 req-dee70302-2d72-4d9e-96a7-98b6b8dd4d0b service placement] 10.222.0.88 "GET /placement/allocations/ac7e1208-afc5-4d94-ac8f-e2aefe56d2cc" status: 200 len: 19 microversion: 1.28
Feb 14 16:47:37.417567 n-d-828372-9 devstack@placement-api.service[103771]: [pid: 103771|app: 0|req: 313/627] 10.222.0.88 () {60 vars in 1380 bytes} [Mon Feb 14 16:47:37 2022] GET /placement/allocations/ac7e1208-afc5-4d94-ac8f-e2aefe56d2cc => generated 19 bytes in 24 msecs (HTTP/1.1 200) 8 headers in 295 bytes (1 switches on core 0)
Feb 14 16:47:37.424878 n-d-828372-9 devstack@placement-api.service[103770]: DEBUG placement.requestlog [req-2d044224-a01f-4ee2-a705-12f15130cb57 req-0f83076a-046c-495f-8fba-d2fc42452109 None None] Starting request: 10.222.0.88 "PUT /placement/allocations/ac7e1208-afc5-4d94-ac8f-e2aefe56d2cc" {{(pid=103770) __call__ /opt/stack/placement/placement/requestlog.py:55}}
Feb 14 16:47:37.519120 n-d-828372-9 devstack@placement-api.service[103770]: DEBUG placement.handlers.allocation [req-2d044224-a01f-4ee2-a705-12f15130cb57 req-0f83076a-046c-495f-8fba-d2fc42452109 service placement] Successfully wrote allocations [<placement.objects.allocation.Allocation object at 0x7f5134efbe80>, <placement.objects.allocation.Allocation object at 0x7f5134efbf70>, <placement.objects.allocation.Allocation object at 0x7f5134efbf10>] {{(pid=103770) _update_consumers_and_create_allocations /opt/stack/placement/placement/handlers/allocation.py:462}}
Feb 14 16:47:37.527778 n-d-828372-9 devstack@placement-api.service[103770]: INFO placement.requestlog [req-2d044224-a01f-4ee2-a705-12f15130cb57 req-0f83076a-046c-495f-8fba-d2fc42452109 service placement] 10.222.0.88 "PUT /placement/allocations/ac7e1208-afc5-4d94-ac8f-e2aefe56d2cc" status: 204 len: 0 microversion: 1.36
Feb 14 16:47:37.528897 n-d-828372-9 devstack@placement-api.service[103770]: [pid: 103770|app: 0|req: 315/628] 10.222.0.88 () {64 vars in 1433 bytes} [Mon Feb 14 16:47:37 2022] PUT /placement/allocations/ac7e1208-afc5-4d94-ac8f-e2aefe56d2cc => generated 0 bytes in 104 msecs (HTTP/1.1 204) 5 headers in 199 bytes (2 switches on core 0)
Feb 14 16:47:38.094599 n-d-828372-9 devstack@placement-api.service[103771]: DEBUG placement.requestlog [req-2d044224-a01f-4ee2-a705-12f15130cb57 req-cf58057c-200f-48a4-ba41-8eae3d89fbea None None] Starting request: 10.222.0.82 "GET /placement/allocations/ac7e1208-afc5-4d94-ac8f-e2aefe56d2cc" {{(pid=103771) __call__ /opt/stack/placement/placement/requestlog.py:55}}
Feb 14 16:47:38.139864 n-d-828372-9 devstack@placement-api.service[103771]: INFO placement.requestlog [req-2d044224-a01f-4ee2-a705-12f15130cb57 req-cf58057c-200f-48a4-ba41-8eae3d89fbea service placement] 10.222.0.82 "GET /placement/allocations/ac7e1208-afc5-4d94-ac8f-e2aefe56d2cc" status: 200 len: 259 microversion: 1.28
Feb 14 16:47:38.141448 n-d-828372-9 devstack@placement-api.service[103771]: [pid: 103771|app: 0|req: 314/629] 10.222.0.82 () {60 vars in 1377 bytes} [Mon Feb 14 16:47:38 2022] GET /placement/allocations/ac7e1208-afc5-4d94-ac8f-e2aefe56d2cc => generated 259 bytes in 47 msecs (HTTP/1.1 200) 8 headers in 296 bytes (1 switches on core 0)
Feb 14 16:47:41.491817 n-d-828372-9 devstack@placement-api.service[103770]: DEBUG placement.requestlog [req-473593f6-3bb3-46b1-b353-db3b7771266d req-5cdfc8f8-8866-4b6c-83af-4f6ee1014e24 None None] Starting request: 10.222.0.88 "GET /placement/allocation_candidates?limit=1000&resources=DISK_GB%3A1%2CMEMORY_MB%3A1024%2CVCPU%3A1&root_required=%21COMPUTE_STATUS_DISABLED" {{(pid=103770) __call__ /opt/stack/placement/placement/requestlog.py:55}}
