Feb 11 18:01:47.557221 n-d-828372-7 devstack@placement-api.service[110730]: DEBUG placement.requestlog [req-9b44d7ee-f183-4461-8348-820ad9df8a36 req-c4b328e6-dcc1-4003-b47d-1dc8d5b668b6 None None] Starting request: 10.222.0.53 "GET /placement/resource_providers/cbf98dca-2967-410e-b1c3-6971f5e54256/allocations" {{(pid=110730) __call__ /opt/stack/placement/placement/requestlog.py:55}}
Feb 11 18:01:47.579253 n-d-828372-7 devstack@placement-api.service[110730]: INFO placement.requestlog [req-9b44d7ee-f183-4461-8348-820ad9df8a36 req-c4b328e6-dcc1-4003-b47d-1dc8d5b668b6 service placement] 10.222.0.53 "GET /placement/resource_providers/cbf98dca-2967-410e-b1c3-6971f5e54256/allocations" status: 200 len: 746 microversion: 1.0
Feb 11 18:01:47.584812 n-d-828372-7 devstack@placement-api.service[110730]: [pid: 110730|app: 0|req: 239/472] 10.222.0.53 () {58 vars in 1390 bytes} [Fri Feb 11 18:01:47 2022] GET /placement/resource_providers/cbf98dca-2967-410e-b1c3-6971f5e54256/allocations => generated 746 bytes in 23 msecs (HTTP/1.1 200) 6 headers in 224 bytes (1 switches on core 0)
Feb 11 18:01:48.216920 n-d-828372-7 devstack@placement-api.service[110729]: DEBUG placement.requestlog [req-2ef2943b-845c-4f58-8a91-11874fb4f1ae req-bdca1eb7-1870-45bc-8198-8ca7e507e8ee None None] Starting request: 10.222.0.62 "GET /placement/allocation_candidates?limit=1000&resources=DISK_GB%3A1%2CMEMORY_MB%3A1024%2CVCPU%3A1&root_required=%21COMPUTE_STATUS_DISABLED" {{(pid=110729) __call__ /opt/stack/placement/placement/requestlog.py:55}}
Feb 11 18:01:48.255349 n-d-828372-7 devstack@placement-api.service[110729]: DEBUG placement.objects.research_context [req-2ef2943b-845c-4f58-8a91-11874fb4f1ae req-bdca1eb7-1870-45bc-8198-8ca7e507e8ee service placement] getting providers with 1 DISK_GB {{(pid=110729) __init__ /opt/stack/placement/placement/objects/research_context.py:126}}
Feb 11 18:01:48.264830 n-d-828372-7 devstack@placement-api.service[110729]: DEBUG placement.objects.research_context [req-2ef2943b-845c-4f58-8a91-11874fb4f1ae req-bdca1eb7-1870-45bc-8198-8ca7e507e8ee service placement] getting providers with 1024 MEMORY_MB {{(pid=110729) __init__ /opt/stack/placement/placement/objects/research_context.py:126}}
Feb 11 18:01:48.270724 n-d-828372-7 devstack@placement-api.service[110729]: DEBUG placement.objects.research_context [req-2ef2943b-845c-4f58-8a91-11874fb4f1ae req-bdca1eb7-1870-45bc-8198-8ca7e507e8ee service placement] getting providers with 1 VCPU {{(pid=110729) __init__ /opt/stack/placement/placement/objects/research_context.py:126}}
Feb 11 18:01:48.276468 n-d-828372-7 devstack@placement-api.service[110729]: DEBUG placement.objects.research_context [req-2ef2943b-845c-4f58-8a91-11874fb4f1ae req-bdca1eb7-1870-45bc-8198-8ca7e507e8ee service placement] found 2 providers with available 1 DISK_GB {{(pid=110729) get_provider_ids_matching /opt/stack/placement/placement/objects/research_context.py:549}}
Feb 11 18:01:48.276701 n-d-828372-7 devstack@placement-api.service[110729]: DEBUG placement.objects.research_context [req-2ef2943b-845c-4f58-8a91-11874fb4f1ae req-bdca1eb7-1870-45bc-8198-8ca7e507e8ee service placement] found 2 providers with available 1024 MEMORY_MB {{(pid=110729) get_provider_ids_matching /opt/stack/placement/placement/objects/research_context.py:549}}
Feb 11 18:01:48.276951 n-d-828372-7 devstack@placement-api.service[110729]: DEBUG placement.objects.research_context [req-2ef2943b-845c-4f58-8a91-11874fb4f1ae req-bdca1eb7-1870-45bc-8198-8ca7e507e8ee service placement] found 2 providers after filtering by previous result {{(pid=110729) get_provider_ids_matching /opt/stack/placement/placement/objects/research_context.py:580}}
Feb 11 18:01:48.277210 n-d-828372-7 devstack@placement-api.service[110729]: DEBUG placement.objects.research_context [req-2ef2943b-845c-4f58-8a91-11874fb4f1ae req-bdca1eb7-1870-45bc-8198-8ca7e507e8ee service placement] found 2 providers with available 1 VCPU {{(pid=110729) get_provider_ids_matching /opt/stack/placement/placement/objects/research_context.py:549}}
Feb 11 18:01:48.277471 n-d-828372-7 devstack@placement-api.service[110729]: DEBUG placement.objects.research_context [req-2ef2943b-845c-4f58-8a91-11874fb4f1ae req-bdca1eb7-1870-45bc-8198-8ca7e507e8ee service placement] found 2 providers after filtering by previous result {{(pid=110729) get_provider_ids_matching /opt/stack/placement/placement/objects/research_context.py:580}}
Feb 11 18:01:48.288471 n-d-828372-7 devstack@placement-api.service[110729]: DEBUG placement.objects.allocation_candidate [req-2ef2943b-845c-4f58-8a91-11874fb4f1ae req-bdca1eb7-1870-45bc-8198-8ca7e507e8ee service placement] RequestGroup(use_same_provider=False, resources={DISK_GB:1, MEMORY_MB:1024, VCPU:1}, traits=[], aggregates=[]) (suffix '') returned 2 matches {{(pid=110729) _get_by_requests /opt/stack/placement/placement/objects/allocation_candidate.py:145}}
Feb 11 18:01:48.289001 n-d-828372-7 devstack@placement-api.service[110729]: DEBUG placement.objects.allocation_candidate [req-2ef2943b-845c-4f58-8a91-11874fb4f1ae req-bdca1eb7-1870-45bc-8198-8ca7e507e8ee service placement] Merging candidates yields 2 allocation requests and 2 provider summaries {{(pid=110729) _merge_candidates /opt/stack/placement/placement/objects/allocation_candidate.py:783}}
Feb 11 18:01:48.290544 n-d-828372-7 devstack@placement-api.service[110729]: INFO placement.requestlog [req-2ef2943b-845c-4f58-8a91-11874fb4f1ae req-bdca1eb7-1870-45bc-8198-8ca7e507e8ee service placement] 10.222.0.62 "GET /placement/allocation_candidates?limit=1000&resources=DISK_GB%3A1%2CMEMORY_MB%3A1024%2CVCPU%3A1&root_required=%21COMPUTE_STATUS_DISABLED" status: 200 len: 1309 microversion: 1.36
Feb 11 18:01:48.290923 n-d-828372-7 devstack@placement-api.service[110729]: [pid: 110729|app: 0|req: 234/473] 10.222.0.62 () {60 vars in 1506 bytes} [Fri Feb 11 18:01:48 2022] GET /placement/allocation_candidates?limit=1000&resources=DISK_GB%3A1%2CMEMORY_MB%3A1024%2CVCPU%3A1&root_required=%21COMPUTE_STATUS_DISABLED => generated 1309 bytes in 74 msecs (HTTP/1.1 200) 8 headers in 297 bytes (1 switches on core 0)
Feb 11 18:01:48.342559 n-d-828372-7 devstack@placement-api.service[110730]: DEBUG placement.requestlog [req-2ef2943b-845c-4f58-8a91-11874fb4f1ae req-518b2396-5fb0-4291-9b0d-c73739ff9eb5 None None] Starting request: 10.222.0.62 "GET /placement/allocations/b58baa90-5dfd-40fa-9d33-1a82181b1d76" {{(pid=110730) __call__ /opt/stack/placement/placement/requestlog.py:55}}
Feb 11 18:01:48.353670 n-d-828372-7 devstack@placement-api.service[110730]: INFO placement.requestlog [req-2ef2943b-845c-4f58-8a91-11874fb4f1ae req-518b2396-5fb0-4291-9b0d-c73739ff9eb5 service placement] 10.222.0.62 "GET /placement/allocations/b58baa90-5dfd-40fa-9d33-1a82181b1d76" status: 200 len: 19 microversion: 1.28
Feb 11 18:01:48.359309 n-d-828372-7 devstack@placement-api.service[110730]: [pid: 110730|app: 0|req: 240/474] 10.222.0.62 () {60 vars in 1380 bytes} [Fri Feb 11 18:01:48 2022] GET /placement/allocations/b58baa90-5dfd-40fa-9d33-1a82181b1d76 => generated 19 bytes in 12 msecs (HTTP/1.1 200) 8 headers in 295 bytes (1 switches on core 0)
Feb 11 18:01:48.360906 n-d-828372-7 devstack@placement-api.service[110729]: DEBUG placement.requestlog [req-2ef2943b-845c-4f58-8a91-11874fb4f1ae req-12197ab7-b33a-4eab-b964-2730f209c778 None None] Starting request: 10.222.0.62 "PUT /placement/allocations/b58baa90-5dfd-40fa-9d33-1a82181b1d76" {{(pid=110729) __call__ /opt/stack/placement/placement/requestlog.py:55}}
Feb 11 18:01:48.588932 n-d-828372-7 devstack@placement-api.service[110729]: DEBUG placement.handlers.allocation [req-2ef2943b-845c-4f58-8a91-11874fb4f1ae req-12197ab7-b33a-4eab-b964-2730f209c778 service placement] Successfully wrote allocations [, , ] {{(pid=110729) _update_consumers_and_create_allocations /opt/stack/placement/placement/handlers/allocation.py:462}}
Feb 11 18:01:48.829989 n-d-828372-7 devstack@placement-api.service[110729]: INFO placement.requestlog [req-2ef2943b-845c-4f58-8a91-11874fb4f1ae req-12197ab7-b33a-4eab-b964-2730f209c778 service placement] 10.222.0.62 "PUT /placement/allocations/b58baa90-5dfd-40fa-9d33-1a82181b1d76" status: 204 len: 0 microversion: 1.36
Feb 11 18:01:48.830727 n-d-828372-7 devstack@placement-api.service[110729]: [pid: 110729|app: 0|req: 235/475] 10.222.0.62 () {64 vars in 1433 bytes} [Fri Feb 11 18:01:48 2022] PUT /placement/allocations/b58baa90-5dfd-40fa-9d33-1a82181b1d76 => generated 0 bytes in 470 msecs (HTTP/1.1 204) 5 headers in 199 bytes (2 switches on core 0)
Feb 11 18:01:50.749168 n-d-828372-7 devstack@placement-api.service[110730]: DEBUG placement.requestlog [req-2ef2943b-845c-4f58-8a91-11874fb4f1ae req-eb63bac2-f6b9-48b0-9bf3-b4b12bc8cf9e None None] Starting request: 10.222.0.77 "GET /placement/allocations/b58baa90-5dfd-40fa-9d33-1a82181b1d76" {{(pid=110730) __call__ /opt/stack/placement/placement/requestlog.py:55}}
Feb 11 18:01:50.766459 n-d-828372-7 devstack@placement-api.service[110730]: INFO placement.requestlog [req-2ef2943b-845c-4f58-8a91-11874fb4f1ae req-eb63bac2-f6b9-48b0-9bf3-b4b12bc8cf9e service placement] 10.222.0.77 "GET /placement/allocations/b58baa90-5dfd-40fa-9d33-1a82181b1d76" status: 200 len: 259 microversion: 1.28
Feb 11 18:01:50.767214 n-d-828372-7 devstack@placement-api.service[110730]: [pid: 110730|app: 0|req: 241/476] 10.222.0.77 () {60 vars in 1377 bytes} [Fri Feb 11 18:01:50 2022] GET /placement/allocations/b58baa90-5dfd-40fa-9d33-1a82181b1d76 => generated 259 bytes in 18 msecs (HTTP/1.1 200) 8 headers in 296 bytes (2 switches on core 0)
Feb 11 18:01:51.466826 n-d-828372-7 devstack@placement-api.service[110729]: DEBUG placement.requestlog [req-76d1529f-1aea-467a-aa51-3b568dc1a548 req-654f011a-055a-4056-bbff-1e05a352d79b None None] Starting request: 10.222.0.77 "DELETE /placement/allocations/50f61d3d-32ac-43ea-9738-8247b5cbcfc5" {{(pid=110729) __call__ /opt/stack/placement/placement/requestlog.py:55}}
Feb 11 18:01:51.788257 n-d-828372-7 devstack@placement-api.service[110729]: DEBUG placement.handlers.allocation [req-76d1529f-1aea-467a-aa51-3b568dc1a548 req-654f011a-055a-4056-bbff-1e05a352d79b service placement] Successfully deleted allocations [, , ] {{(pid=110729) delete_allocations /opt/stack/placement/placement/handlers/allocation.py:627}}
Feb 11 18:01:51.788793 n-d-828372-7 devstack@placement-api.service[110729]: INFO placement.requestlog [req-76d1529f-1aea-467a-aa51-3b568dc1a548 req-654f011a-055a-4056-bbff-1e05a352d79b service placement] 10.222.0.77 "DELETE /placement/allocations/50f61d3d-32ac-43ea-9738-8247b5cbcfc5" status: 204 len: 0 microversion: 1.0
Feb 11 18:01:51.789179 n-d-828372-7 devstack@placement-api.service[110729]: [pid: 110729|app: 0|req: 236/477] 10.222.0.77 () {60 vars in 1355 bytes} [Fri Feb 11 18:01:51 2022] DELETE /placement/allocations/50f61d3d-32ac-43ea-9738-8247b5cbcfc5 => generated 0 bytes in 323 msecs (HTTP/1.1 204) 5 headers in 198 bytes (1 switches on core 0)
Feb 11 18:01:53.057559 n-d-828372-7 devstack@placement-api.service[110730]: DEBUG placement.requestlog [req-1c6d4675-52ba-4173-802f-e91da8bbbe23 req-c8ca2b32-dc41-4951-a3ef-cf9b9be578eb None None] Starting request: 10.222.0.53 "DELETE /placement/allocations/c8b4feef-1cf7-4c64-91b4-3484f631ae4c" {{(pid=110730) __call__ /opt/stack/placement/placement/requestlog.py:55}}
Feb 11 18:01:53.526649 n-d-828372-7 devstack@placement-api.service[110730]: DEBUG placement.handlers.allocation [req-1c6d4675-52ba-4173-802f-e91da8bbbe23 req-c8ca2b32-dc41-4951-a3ef-cf9b9be578eb service placement] Successfully deleted allocations [, , ] {{(pid=110730) delete_allocations /opt/stack/placement/placement/handlers/allocation.py:627}}
Feb 11 18:01:53.530575 n-d-828372-7 devstack@placement-api.service[110730]: INFO placement.requestlog [req-1c6d4675-52ba-4173-802f-e91da8bbbe23 req-c8ca2b32-dc41-4951-a3ef-cf9b9be578eb service placement] 10.222.0.53 "DELETE /placement/allocations/c8b4feef-1cf7-4c64-91b4-3484f631ae4c" status: 204 len: 0 microversion: 1.0
Feb 11 18:01:53.530575 n-d-828372-7 devstack@placement-api.service[110730]: [pid: 110730|app: 0|req: 242/478] 10.222.0.53 () {60 vars in 1355 bytes} [Fri Feb 11 18:01:53 2022] DELETE /placement/allocations/c8b4feef-1cf7-4c64-91b4-3484f631ae4c => generated 0 bytes in 472 msecs (HTTP/1.1 204) 5 headers in 198 bytes (1 switches on core 0)
Feb 11 18:01:53.904698 n-d-828372-7 devstack@placement-api.service[110729]: DEBUG placement.requestlog [req-66f8e6ba-d975-4c23-b2f0-3ef99ce38584 req-8129ca24-f3c2-41a5-bede-4f31054540a0 None None] Starting request: 10.222.0.77 "DELETE /placement/allocations/7a620ed6-3ec0-432d-bf53-c7c590d63348" {{(pid=110729) __call__ /opt/stack/placement/placement/requestlog.py:55}}
Feb 11 18:01:54.297028 n-d-828372-7 devstack@placement-api.service[110729]: DEBUG placement.handlers.allocation [req-66f8e6ba-d975-4c23-b2f0-3ef99ce38584 req-8129ca24-f3c2-41a5-bede-4f31054540a0 service placement] Successfully deleted allocations [, , ] {{(pid=110729) delete_allocations /opt/stack/placement/placement/handlers/allocation.py:627}}
Feb 11 18:01:54.297605 n-d-828372-7 devstack@placement-api.service[110729]: INFO placement.requestlog [req-66f8e6ba-d975-4c23-b2f0-3ef99ce38584 req-8129ca24-f3c2-41a5-bede-4f31054540a0 service placement] 10.222.0.77 "DELETE /placement/allocations/7a620ed6-3ec0-432d-bf53-c7c590d63348" status: 204 len: 0 microversion: 1.0
Feb 11 18:01:54.299453 n-d-828372-7 devstack@placement-api.service[110729]: [pid: 110729|app: 0|req: 237/479] 10.222.0.77 () {60 vars in 1355 bytes} [Fri Feb 11 18:01:53 2022] DELETE /placement/allocations/7a620ed6-3ec0-432d-bf53-c7c590d63348 => generated 0 bytes in 394 msecs (HTTP/1.1 204) 5 headers in 198 bytes (1 switches on core 0)
Feb 11 18:01:54.733559 n-d-828372-7 devstack@placement-api.service[110730]: DEBUG placement.requestlog [req-1442f00b-560d-4694-9770-e291a9629b5f req-356695fc-c7f4-4229-8d0a-c0c96cdc0a19 None None] Starting request: 10.222.0.53 "DELETE /placement/allocations/61511404-0369-493d-8fb9-27c3826caf7a" {{(pid=110730) __call__ /opt/stack/placement/placement/requestlog.py:55}}
Feb 11 18:01:55.148499 n-d-828372-7 devstack@placement-api.service[110730]: DEBUG placement.handlers.allocation [req-1442f00b-560d-4694-9770-e291a9629b5f req-356695fc-c7f4-4229-8d0a-c0c96cdc0a19 service placement] Successfully deleted allocations [, , ] {{(pid=110730) delete_allocations /opt/stack/placement/placement/handlers/allocation.py:627}}
Feb 11 18:01:55.161908 n-d-828372-7 devstack@placement-api.service[110730]: INFO placement.requestlog [req-1442f00b-560d-4694-9770-e291a9629b5f req-356695fc-c7f4-4229-8d0a-c0c96cdc0a19 service placement] 10.222.0.53 "DELETE /placement/allocations/61511404-0369-493d-8fb9-27c3826caf7a" status: 204 len: 0 microversion: 1.0
Feb 11 18:01:55.161908 n-d-828372-7 devstack@placement-api.service[110730]: [pid: 110730|app: 0|req: 243/480] 10.222.0.53 () {60 vars in 1355 bytes} [Fri Feb 11 18:01:54 2022] DELETE /placement/allocations/61511404-0369-493d-8fb9-27c3826caf7a => generated 0 bytes in 416 msecs (HTTP/1.1 204) 5 headers in 198 bytes (1 switches on core 0)
Feb 11 18:01:58.170367 n-d-828372-7 devstack@placement-api.service[110729]: DEBUG placement.requestlog [req-be9deb94-33d1-49b4-9e9a-aaa3d0a57282 req-d5db6173-6ef9-442b-8a7c-96930036bf5e None None] Starting request: 10.222.0.53 "DELETE /placement/allocations/4feb5fc1-3c2f-4787-812f-70ea99be87e1" {{(pid=110729) __call__ /opt/stack/placement/placement/requestlog.py:55}}
Feb 11 18:01:58.725529 n-d-828372-7 devstack@placement-api.service[110729]: DEBUG placement.handlers.allocation [req-be9deb94-33d1-49b4-9e9a-aaa3d0a57282 req-d5db6173-6ef9-442b-8a7c-96930036bf5e service placement] Successfully deleted allocations [, , ] {{(pid=110729) delete_allocations /opt/stack/placement/placement/handlers/allocation.py:627}}
Feb 11 18:01:58.729702 n-d-828372-7 devstack@placement-api.service[110729]: INFO placement.requestlog [req-be9deb94-33d1-49b4-9e9a-aaa3d0a57282 req-d5db6173-6ef9-442b-8a7c-96930036bf5e service placement] 10.222.0.53 "DELETE /placement/allocations/4feb5fc1-3c2f-4787-812f-70ea99be87e1" status: 204 len: 0 microversion: 1.0
Feb 11 18:01:58.729702 n-d-828372-7 devstack@placement-api.service[110729]: [pid: 110729|app: 0|req: 238/481] 10.222.0.53 () {60 vars in 1355 bytes} [Fri Feb 11 18:01:58 2022] DELETE /placement/allocations/4feb5fc1-3c2f-4787-812f-70ea99be87e1 => generated 0 bytes in 557 msecs (HTTP/1.1 204) 5 headers in 198 bytes (1 switches on core 0)
Feb 11 18:01:59.542594 n-d-828372-7 devstack@placement-api.service[110730]: DEBUG placement.requestlog [req-e8634a12-64e2-4efa-9275-83ff621c1217 req-feb9ced2-039c-4bc1-b165-5a1752bcdc9e None None] Starting request: 10.222.0.53 "DELETE /placement/allocations/fbe6bf71-b1c0-4f03-8023-0ab91c1dbf43" {{(pid=110730) __call__ /opt/stack/placement/placement/requestlog.py:55}}
Feb 11 18:01:59.909204 n-d-828372-7 devstack@placement-api.service[110730]: DEBUG placement.handlers.allocation [req-e8634a12-64e2-4efa-9275-83ff621c1217 req-feb9ced2-039c-4bc1-b165-5a1752bcdc9e service placement] Successfully deleted allocations [, , ] {{(pid=110730) delete_allocations /opt/stack/placement/placement/handlers/allocation.py:627}}
Feb 11 18:01:59.909680 n-d-828372-7 devstack@placement-api.service[110730]: INFO placement.requestlog [req-e8634a12-64e2-4efa-9275-83ff621c1217 req-feb9ced2-039c-4bc1-b165-5a1752bcdc9e service placement] 10.222.0.53 "DELETE /placement/allocations/fbe6bf71-b1c0-4f03-8023-0ab91c1dbf43" status: 204 len: 0 microversion: 1.0
Feb 11 18:01:59.910054 n-d-828372-7 devstack@placement-api.service[110730]: [pid: 110730|app: 0|req: 244/482] 10.222.0.53 () {60 vars in 1355 bytes} [Fri Feb 11 18:01:59 2022] DELETE /placement/allocations/fbe6bf71-b1c0-4f03-8023-0ab91c1dbf43 => generated 0 bytes in 369 msecs (HTTP/1.1 204) 5 headers in 198 bytes (1 switches on core 0)
Feb 11 18:02:04.078464 n-d-828372-7 devstack@placement-api.service[110729]: DEBUG placement.requestlog [req-35cf7bd7-8179-4acb-ad0d-54f19eccb844 req-85ce809e-b52f-49bc-9adc-275ec8bd704f None None] Starting request: 10.222.0.53 "DELETE /placement/allocations/e5b92106-9607-490a-8985-441bc1ff0d1e" {{(pid=110729) __call__ /opt/stack/placement/placement/requestlog.py:55}}
Feb 11 18:02:04.434188 n-d-828372-7 devstack@placement-api.service[110729]: DEBUG placement.handlers.allocation [req-35cf7bd7-8179-4acb-ad0d-54f19eccb844 req-85ce809e-b52f-49bc-9adc-275ec8bd704f service placement] Successfully deleted allocations [, , ] {{(pid=110729) delete_allocations /opt/stack/placement/placement/handlers/allocation.py:627}}
Feb 11 18:02:04.440923 n-d-828372-7 devstack@placement-api.service[110729]: INFO placement.requestlog [req-35cf7bd7-8179-4acb-ad0d-54f19eccb844 req-85ce809e-b52f-49bc-9adc-275ec8bd704f service placement] 10.222.0.53 "DELETE /placement/allocations/e5b92106-9607-490a-8985-441bc1ff0d1e" status: 204 len: 0 microversion: 1.0
Feb 11 18:02:04.440923 n-d-828372-7 devstack@placement-api.service[110729]: [pid: 110729|app: 0|req: 239/483] 10.222.0.53 () {60 vars in 1355 bytes} [Fri Feb 11 18:02:04 2022] DELETE /placement/allocations/e5b92106-9607-490a-8985-441bc1ff0d1e => generated 0 bytes in 358 msecs (HTTP/1.1 204) 5 headers in 198 bytes (1 switches on core 0)
Feb 11 18:02:05.604720 n-d-828372-7 devstack@placement-api.service[110730]: DEBUG placement.requestlog [req-2280b7bd-98e6-4664-b716-90620a88fa2b req-bfbec785-4b6b-4093-87df-164833bb908d None None] Starting request: 10.222.0.77 "DELETE /placement/allocations/0d351599-f2d8-4c2d-a90d-6151481aae3f" {{(pid=110730) __call__ /opt/stack/placement/placement/requestlog.py:55}}
Feb 11 18:02:06.079604 n-d-828372-7 devstack@placement-api.service[110730]: DEBUG placement.handlers.allocation [req-2280b7bd-98e6-4664-b716-90620a88fa2b req-bfbec785-4b6b-4093-87df-164833bb908d service placement] Successfully deleted allocations [, , ] {{(pid=110730) delete_allocations /opt/stack/placement/placement/handlers/allocation.py:627}}
Feb 11 18:02:06.080714 n-d-828372-7 devstack@placement-api.service[110730]: INFO placement.requestlog [req-2280b7bd-98e6-4664-b716-90620a88fa2b req-bfbec785-4b6b-4093-87df-164833bb908d service placement] 10.222.0.77 "DELETE /placement/allocations/0d351599-f2d8-4c2d-a90d-6151481aae3f" status: 204 len: 0 microversion: 1.0
Feb 11 18:02:06.081693 n-d-828372-7 devstack@placement-api.service[110730]: [pid: 110730|app: 0|req: 245/484] 10.222.0.77 () {60 vars in 1355 bytes} [Fri Feb 11 18:02:05 2022] DELETE /placement/allocations/0d351599-f2d8-4c2d-a90d-6151481aae3f => generated 0 bytes in 521 msecs (HTTP/1.1 204) 5 headers in 198 bytes (1 switches on core 0)
Feb 11 18:02:06.657322 n-d-828372-7 devstack@placement-api.service[110729]: DEBUG placement.requestlog [req-45a325ca-658a-4f95-9d73-381834338742 req-1a3d1eb6-01bd-4b01-9dea-1aff3a1371a9 None None] Starting request: 10.222.0.53 "DELETE /placement/allocations/38055760-be87-4135-a1e6-8eb7682b68f6" {{(pid=110729) __call__ /opt/stack/placement/placement/requestlog.py:55}}
Feb 11 18:02:07.059815 n-d-828372-7 devstack@placement-api.service[110729]: DEBUG placement.handlers.allocation [req-45a325ca-658a-4f95-9d73-381834338742 req-1a3d1eb6-01bd-4b01-9dea-1aff3a1371a9 service placement] Successfully deleted allocations [, , ] {{(pid=110729) delete_allocations /opt/stack/placement/placement/handlers/allocation.py:627}}
Feb 11 18:02:07.069754 n-d-828372-7 devstack@placement-api.service[110729]: INFO placement.requestlog [req-45a325ca-658a-4f95-9d73-381834338742 req-1a3d1eb6-01bd-4b01-9dea-1aff3a1371a9 service placement] 10.222.0.53 "DELETE /placement/allocations/38055760-be87-4135-a1e6-8eb7682b68f6" status: 204 len: 0 microversion: 1.0
Feb 11 18:02:07.069754 n-d-828372-7 devstack@placement-api.service[110729]: [pid: 110729|app: 0|req: 240/485] 10.222.0.53 () {60 vars in 1355 bytes} [Fri Feb 11 18:02:06 2022] DELETE /placement/allocations/38055760-be87-4135-a1e6-8eb7682b68f6 => generated 0 bytes in 404 msecs (HTTP/1.1 204) 5 headers in 198 bytes (1 switches on core 0)
Feb 11 18:02:07.903501 n-d-828372-7 devstack@placement-api.service[110730]: DEBUG placement.requestlog [req-6b7f65f8-2973-45a8-8eb0-ed5bf9bc69d4 req-d25ad64b-9366-4ce5-96db-3613ae7e250f None None] Starting request: 10.222.0.77 "DELETE /placement/allocations/551941da-e36d-4c70-813a-e860c1f67f29" {{(pid=110730) __call__ /opt/stack/placement/placement/requestlog.py:55}}
Feb 11 18:02:08.423103 n-d-828372-7 devstack@placement-api.service[110730]: DEBUG placement.handlers.allocation [req-6b7f65f8-2973-45a8-8eb0-ed5bf9bc69d4 req-d25ad64b-9366-4ce5-96db-3613ae7e250f service placement] Successfully deleted allocations [, , ] {{(pid=110730) delete_allocations /opt/stack/placement/placement/handlers/allocation.py:627}}
Feb 11 18:02:08.424148 n-d-828372-7 devstack@placement-api.service[110730]: INFO placement.requestlog [req-6b7f65f8-2973-45a8-8eb0-ed5bf9bc69d4 req-d25ad64b-9366-4ce5-96db-3613ae7e250f service placement] 10.222.0.77 "DELETE /placement/allocations/551941da-e36d-4c70-813a-e860c1f67f29" status: 204 len: 0 microversion: 1.0
Feb 11 18:02:08.425085 n-d-828372-7 devstack@placement-api.service[110730]: [pid: 110730|app: 0|req: 246/486] 10.222.0.77 () {60 vars in 1355 bytes} [Fri Feb 11 18:02:07 2022] DELETE /placement/allocations/551941da-e36d-4c70-813a-e860c1f67f29 => generated 0 bytes in 522 msecs (HTTP/1.1 204) 5 headers in 198 bytes (2 switches on core 0)
Feb 11 18:02:10.540330 n-d-828372-7 devstack@placement-api.service[110729]: DEBUG placement.requestlog [req-b20e9e7e-b341-43d3-95cd-e0d0d5db9263 req-8502a9b7-7a35-4d05-b28c-2f635d636128 None None] Starting request: 10.222.0.62 "GET /placement/allocation_candidates?limit=1000&resources=DISK_GB%3A1%2CMEMORY_MB%3A1024%2CVCPU%3A1&root_required=%21COMPUTE_STATUS_DISABLED" {{(pid=110729) __call__ /opt/stack/placement/placement/requestlog.py:55}}
Feb 11 18:02:11.077672 n-d-828372-7 devstack@placement-api.service[110729]: DEBUG placement.objects.research_context [req-b20e9e7e-b341-43d3-95cd-e0d0d5db9263 req-8502a9b7-7a35-4d05-b28c-2f635d636128 service placement] getting providers with 1 DISK_GB {{(pid=110729) __init__ /opt/stack/placement/placement/objects/research_context.py:126}}
Feb 11 18:02:11.084620 n-d-828372-7 devstack@placement-api.service[110729]: DEBUG placement.objects.research_context [req-b20e9e7e-b341-43d3-95cd-e0d0d5db9263 req-8502a9b7-7a35-4d05-b28c-2f635d636128 service placement] getting providers with 1024 MEMORY_MB {{(pid=110729) __init__ /opt/stack/placement/placement/objects/research_context.py:126}}
Feb 11 18:02:11.090069 n-d-828372-7 devstack@placement-api.service[110729]: DEBUG placement.objects.research_context [req-b20e9e7e-b341-43d3-95cd-e0d0d5db9263 req-8502a9b7-7a35-4d05-b28c-2f635d636128 service placement] getting providers with 1 VCPU {{(pid=110729) __init__ /opt/stack/placement/placement/objects/research_context.py:126}}
Feb 11 18:02:11.100412 n-d-828372-7 devstack@placement-api.service[110729]: DEBUG placement.objects.research_context [req-b20e9e7e-b341-43d3-95cd-e0d0d5db9263 req-8502a9b7-7a35-4d05-b28c-2f635d636128 service placement] found 2 providers with available 1 DISK_GB {{(pid=110729) get_provider_ids_matching /opt/stack/placement/placement/objects/research_context.py:549}}
Feb 11 18:02:11.101030 n-d-828372-7 devstack@placement-api.service[110729]: DEBUG placement.objects.research_context [req-b20e9e7e-b341-43d3-95cd-e0d0d5db9263 req-8502a9b7-7a35-4d05-b28c-2f635d636128 service placement] found 2 providers with available 1024 MEMORY_MB {{(pid=110729) get_provider_ids_matching /opt/stack/placement/placement/objects/research_context.py:549}}
Feb 11 18:02:11.101475 n-d-828372-7 devstack@placement-api.service[110729]: DEBUG placement.objects.research_context [req-b20e9e7e-b341-43d3-95cd-e0d0d5db9263 req-8502a9b7-7a35-4d05-b28c-2f635d636128 service placement] found 2 providers after filtering by previous result {{(pid=110729) get_provider_ids_matching /opt/stack/placement/placement/objects/research_context.py:580}}
Feb 11 18:02:11.102032 n-d-828372-7 devstack@placement-api.service[110729]: DEBUG placement.objects.research_context [req-b20e9e7e-b341-43d3-95cd-e0d0d5db9263 req-8502a9b7-7a35-4d05-b28c-2f635d636128 service placement] found 2 providers with available 1 VCPU {{(pid=110729) get_provider_ids_matching /opt/stack/placement/placement/objects/research_context.py:549}}
Feb 11 18:02:11.102482 n-d-828372-7 devstack@placement-api.service[110729]: DEBUG placement.objects.research_context [req-b20e9e7e-b341-43d3-95cd-e0d0d5db9263 req-8502a9b7-7a35-4d05-b28c-2f635d636128 service placement] found 2 providers after filtering by previous result {{(pid=110729) get_provider_ids_matching /opt/stack/placement/placement/objects/research_context.py:580}}
Feb 11 18:02:11.120170 n-d-828372-7 devstack@placement-api.service[110729]: DEBUG placement.objects.allocation_candidate [req-b20e9e7e-b341-43d3-95cd-e0d0d5db9263 req-8502a9b7-7a35-4d05-b28c-2f635d636128 service placement] RequestGroup(use_same_provider=False, resources={DISK_GB:1, MEMORY_MB:1024, VCPU:1}, traits=[], aggregates=[]) (suffix '') returned 2 matches {{(pid=110729) _get_by_requests /opt/stack/placement/placement/objects/allocation_candidate.py:145}}
Feb 11 18:02:11.120170 n-d-828372-7 devstack@placement-api.service[110729]: DEBUG placement.objects.allocation_candidate [req-b20e9e7e-b341-43d3-95cd-e0d0d5db9263 req-8502a9b7-7a35-4d05-b28c-2f635d636128 service placement] Merging candidates yields 2 allocation requests and 2 provider summaries {{(pid=110729) _merge_candidates /opt/stack/placement/placement/objects/allocation_candidate.py:783}}
Feb 11 18:02:11.122171 n-d-828372-7 devstack@placement-api.service[110729]: INFO placement.requestlog [req-b20e9e7e-b341-43d3-95cd-e0d0d5db9263 req-8502a9b7-7a35-4d05-b28c-2f635d636128 service placement] 10.222.0.62 "GET /placement/allocation_candidates?limit=1000&resources=DISK_GB%3A1%2CMEMORY_MB%3A1024%2CVCPU%3A1&root_required=%21COMPUTE_STATUS_DISABLED" status: 200 len: 1309 microversion: 1.36
Feb 11 18:02:11.123718 n-d-828372-7 devstack@placement-api.service[110729]: [pid: 110729|app: 0|req: 241/487] 10.222.0.62 () {60 vars in 1506 bytes} [Fri Feb 11 18:02:10 2022] GET /placement/allocation_candidates?limit=1000&resources=DISK_GB%3A1%2CMEMORY_MB%3A1024%2CVCPU%3A1&root_required=%21COMPUTE_STATUS_DISABLED => generated 1309 bytes in 584 msecs (HTTP/1.1 200) 8 headers in 297 bytes (1 switches on core 0)
Feb 11 18:02:11.191139 n-d-828372-7 devstack@placement-api.service[110730]: DEBUG placement.requestlog [req-b20e9e7e-b341-43d3-95cd-e0d0d5db9263 req-59fabbed-e6f6-4575-a8bb-e64d532b3032 None None] Starting request: 10.222.0.62 "GET /placement/allocations/fa0acb8e-7ba9-4ed9-bd3a-23251442f01e" {{(pid=110730) __call__ /opt/stack/placement/placement/requestlog.py:55}}
Feb 11 18:02:11.204811 n-d-828372-7 devstack@placement-api.service[110730]: INFO placement.requestlog [req-b20e9e7e-b341-43d3-95cd-e0d0d5db9263 req-59fabbed-e6f6-4575-a8bb-e64d532b3032 service placement] 10.222.0.62 "GET /placement/allocations/fa0acb8e-7ba9-4ed9-bd3a-23251442f01e" status: 200 len: 19 microversion: 1.28
Feb 11 18:02:11.206111 n-d-828372-7 devstack@placement-api.service[110730]: [pid: 110730|app: 0|req: 247/488] 10.222.0.62 () {60 vars in 1380 bytes} [Fri Feb 11 18:02:11 2022] GET /placement/allocations/fa0acb8e-7ba9-4ed9-bd3a-23251442f01e => generated 19 bytes in 14 msecs (HTTP/1.1 200) 8 headers in 295 bytes (1 switches on core 0)
Feb 11 18:02:11.211188 n-d-828372-7 devstack@placement-api.service[110729]: DEBUG placement.requestlog [req-b20e9e7e-b341-43d3-95cd-e0d0d5db9263 req-b490e14c-bf9f-4b08-b424-73cd07872167 None None] Starting request: 10.222.0.62 "PUT /placement/allocations/fa0acb8e-7ba9-4ed9-bd3a-23251442f01e" {{(pid=110729) __call__ /opt/stack/placement/placement/requestlog.py:55}}
Feb 11 18:02:11.801669 n-d-828372-7 devstack@placement-api.service[110729]: DEBUG placement.handlers.allocation [req-b20e9e7e-b341-43d3-95cd-e0d0d5db9263 req-b490e14c-bf9f-4b08-b424-73cd07872167 service placement] Successfully wrote allocations [, , ] {{(pid=110729) _update_consumers_and_create_allocations /opt/stack/placement/placement/handlers/allocation.py:462}}
Feb 11 18:02:11.942532 n-d-828372-7 devstack@placement-api.service[110729]: INFO placement.requestlog [req-b20e9e7e-b341-43d3-95cd-e0d0d5db9263 req-b490e14c-bf9f-4b08-b424-73cd07872167 service placement] 10.222.0.62 "PUT /placement/allocations/fa0acb8e-7ba9-4ed9-bd3a-23251442f01e" status: 204 len: 0 microversion: 1.36
Feb 11 18:02:11.947183 n-d-828372-7 devstack@placement-api.service[110729]: [pid: 110729|app: 0|req: 242/489] 10.222.0.62 () {64 vars in 1433 bytes} [Fri Feb 11 18:02:11 2022] PUT /placement/allocations/fa0acb8e-7ba9-4ed9-bd3a-23251442f01e => generated 0 bytes in 732 msecs (HTTP/1.1 204) 5 headers in 199 bytes (2 switches on core 0)
Feb 11 18:02:13.054204 n-d-828372-7 devstack@placement-api.service[110730]: DEBUG placement.requestlog [req-30b86b24-cdb8-4fb3-9ce1-ba57e0c5a7b1 req-ce1307db-9009-4f55-837f-23649e21e89a None None] Starting request: 10.222.0.77 "DELETE /placement/allocations/28068cf4-de81-4fe1-9238-13998eb2fc20" {{(pid=110730) __call__ /opt/stack/placement/placement/requestlog.py:55}}
Feb 11 18:02:13.330760 n-d-828372-7 devstack@placement-api.service[110730]: DEBUG placement.handlers.allocation [req-30b86b24-cdb8-4fb3-9ce1-ba57e0c5a7b1 req-ce1307db-9009-4f55-837f-23649e21e89a service placement] Successfully deleted allocations [, , ] {{(pid=110730) delete_allocations /opt/stack/placement/placement/handlers/allocation.py:627}}
Feb 11 18:02:13.332706 n-d-828372-7 devstack@placement-api.service[110730]: INFO placement.requestlog [req-30b86b24-cdb8-4fb3-9ce1-ba57e0c5a7b1 req-ce1307db-9009-4f55-837f-23649e21e89a service placement] 10.222.0.77 "DELETE /placement/allocations/28068cf4-de81-4fe1-9238-13998eb2fc20" status: 204 len: 0 microversion: 1.0
Feb 11 18:02:13.334508 n-d-828372-7 devstack@placement-api.service[110730]: [pid: 110730|app: 0|req: 248/490] 10.222.0.77 () {60 vars in 1355 bytes} [Fri Feb 11 18:02:13 2022] DELETE /placement/allocations/28068cf4-de81-4fe1-9238-13998eb2fc20 => generated 0 bytes in 280 msecs (HTTP/1.1 204) 5 headers in 198 bytes (1 switches on core 0)
Feb 11 18:02:13.708645 n-d-828372-7 devstack@placement-api.service[110729]: DEBUG placement.requestlog [req-b20e9e7e-b341-43d3-95cd-e0d0d5db9263 req-22c84a22-c1b6-4754-910e-eff5c831458b None None] Starting request: 10.222.0.53 "GET /placement/allocations/fa0acb8e-7ba9-4ed9-bd3a-23251442f01e" {{(pid=110729) __call__ /opt/stack/placement/placement/requestlog.py:55}}
Feb 11 18:02:13.734634 n-d-828372-7 devstack@placement-api.service[110729]: INFO placement.requestlog [req-b20e9e7e-b341-43d3-95cd-e0d0d5db9263 req-22c84a22-c1b6-4754-910e-eff5c831458b service placement] 10.222.0.53 "GET /placement/allocations/fa0acb8e-7ba9-4ed9-bd3a-23251442f01e" status: 200 len: 259 microversion: 1.28
Feb 11 18:02:13.735233 n-d-828372-7 devstack@placement-api.service[110729]: [pid: 110729|app: 0|req: 243/491] 10.222.0.53 () {60 vars in 1377 bytes} [Fri Feb 11 18:02:13 2022] GET /placement/allocations/fa0acb8e-7ba9-4ed9-bd3a-23251442f01e => generated 259 bytes in 27 msecs (HTTP/1.1 200) 8 headers in 296 bytes (1 switches on core 0)
Feb 11 18:02:14.917308 n-d-828372-7 devstack@placement-api.service[110730]: DEBUG placement.requestlog [req-54b397c1-fb62-4f41-b7d7-748624b4b470 req-7edd5b8e-29b3-4e04-a8e5-e23fc0af4bbf None None] Starting request: 10.222.0.77 "DELETE /placement/allocations/de791122-e5f6-485b-b8ba-806d439a59f4" {{(pid=110730) __call__ /opt/stack/placement/placement/requestlog.py:55}}
Feb 11 18:02:15.411580 n-d-828372-7 devstack@placement-api.service[110730]: DEBUG placement.handlers.allocation [req-54b397c1-fb62-4f41-b7d7-748624b4b470 req-7edd5b8e-29b3-4e04-a8e5-e23fc0af4bbf service placement] Successfully deleted allocations [, , ] {{(pid=110730) delete_allocations /opt/stack/placement/placement/handlers/allocation.py:627}}
Feb 11 18:02:15.412223 n-d-828372-7 devstack@placement-api.service[110730]: INFO placement.requestlog [req-54b397c1-fb62-4f41-b7d7-748624b4b470 req-7edd5b8e-29b3-4e04-a8e5-e23fc0af4bbf service placement] 10.222.0.77 "DELETE /placement/allocations/de791122-e5f6-485b-b8ba-806d439a59f4" status: 204 len: 0 microversion: 1.0
Feb 11 18:02:15.412800 n-d-828372-7 devstack@placement-api.service[110730]: [pid: 110730|app: 0|req: 249/492] 10.222.0.77 () {60 vars in 1355 bytes} [Fri Feb 11 18:02:14 2022] DELETE /placement/allocations/de791122-e5f6-485b-b8ba-806d439a59f4 => generated 0 bytes in 497 msecs (HTTP/1.1 204) 5 headers in 198 bytes (1 switches on core 0)
Feb 11 18:02:24.688734 n-d-828372-7 devstack@placement-api.service[110729]: DEBUG placement.requestlog [req-16b57f8d-238a-40d5-8687-40998351a8f1 req-a373c2cc-8fd0-4130-9721-5a7aba2711e5 None None] Starting request: 10.222.0.62 "GET /placement/allocation_candidates?limit=1000&resources=DISK_GB%3A1%2CMEMORY_MB%3A1024%2CVCPU%3A1&root_required=%21COMPUTE_STATUS_DISABLED" {{(pid=110729) __call__ /opt/stack/placement/placement/requestlog.py:55}}
Feb 11 18:02:24.725065 n-d-828372-7 devstack@placement-api.service[110729]: DEBUG placement.objects.research_context [req-16b57f8d-238a-40d5-8687-40998351a8f1 req-a373c2cc-8fd0-4130-9721-5a7aba2711e5 service placement] getting providers with 1 DISK_GB {{(pid=110729) __init__ /opt/stack/placement/placement/objects/research_context.py:126}}
Feb 11 18:02:24.737102 n-d-828372-7 devstack@placement-api.service[110729]: DEBUG placement.objects.research_context [req-16b57f8d-238a-40d5-8687-40998351a8f1 req-a373c2cc-8fd0-4130-9721-5a7aba2711e5 service placement] getting providers with 1024 MEMORY_MB {{(pid=110729) __init__ /opt/stack/placement/placement/objects/research_context.py:126}}
Feb 11 18:02:24.750840 n-d-828372-7 devstack@placement-api.service[110729]: DEBUG placement.objects.research_context [req-16b57f8d-238a-40d5-8687-40998351a8f1 req-a373c2cc-8fd0-4130-9721-5a7aba2711e5 service placement] getting providers with 1 VCPU {{(pid=110729) __init__ /opt/stack/placement/placement/objects/research_context.py:126}}
Feb 11 18:02:24.758000 n-d-828372-7 devstack@placement-api.service[110729]: DEBUG placement.objects.research_context [req-16b57f8d-238a-40d5-8687-40998351a8f1 req-a373c2cc-8fd0-4130-9721-5a7aba2711e5 service placement] found 2 providers with available 1 DISK_GB {{(pid=110729) get_provider_ids_matching /opt/stack/placement/placement/objects/research_context.py:549}}
Feb 11 18:02:24.758286 n-d-828372-7 devstack@placement-api.service[110729]: DEBUG placement.objects.research_context [req-16b57f8d-238a-40d5-8687-40998351a8f1 req-a373c2cc-8fd0-4130-9721-5a7aba2711e5 service placement] found 2 providers with available 1024 MEMORY_MB {{(pid=110729) get_provider_ids_matching /opt/stack/placement/placement/objects/research_context.py:549}}
Feb 11 18:02:24.758552 n-d-828372-7 devstack@placement-api.service[110729]: DEBUG placement.objects.research_context [req-16b57f8d-238a-40d5-8687-40998351a8f1 req-a373c2cc-8fd0-4130-9721-5a7aba2711e5 service placement] found 2 providers after filtering by previous result {{(pid=110729) get_provider_ids_matching /opt/stack/placement/placement/objects/research_context.py:580}}
Feb 11 18:02:24.758811 n-d-828372-7 devstack@placement-api.service[110729]: DEBUG placement.objects.research_context [req-16b57f8d-238a-40d5-8687-40998351a8f1 req-a373c2cc-8fd0-4130-9721-5a7aba2711e5 service placement] found 2 providers with available 1 VCPU {{(pid=110729) get_provider_ids_matching /opt/stack/placement/placement/objects/research_context.py:549}}
Feb 11 18:02:24.759077 n-d-828372-7 devstack@placement-api.service[110729]: DEBUG placement.objects.research_context [req-16b57f8d-238a-40d5-8687-40998351a8f1 req-a373c2cc-8fd0-4130-9721-5a7aba2711e5 service placement] found 2 providers after filtering by previous result {{(pid=110729) get_provider_ids_matching /opt/stack/placement/placement/objects/research_context.py:580}}
Feb 11 18:02:24.786616 n-d-828372-7 devstack@placement-api.service[110729]: DEBUG placement.objects.allocation_candidate [req-16b57f8d-238a-40d5-8687-40998351a8f1 req-a373c2cc-8fd0-4130-9721-5a7aba2711e5 service placement] RequestGroup(use_same_provider=False, resources={DISK_GB:1, MEMORY_MB:1024, VCPU:1}, traits=[], aggregates=[]) (suffix '') returned 2 matches {{(pid=110729) _get_by_requests /opt/stack/placement/placement/objects/allocation_candidate.py:145}}
Feb 11 18:02:24.786994 n-d-828372-7 devstack@placement-api.service[110729]: DEBUG placement.objects.allocation_candidate [req-16b57f8d-238a-40d5-8687-40998351a8f1 req-a373c2cc-8fd0-4130-9721-5a7aba2711e5 service placement] Merging candidates yields 2 allocation requests and 2 provider summaries {{(pid=110729) _merge_candidates /opt/stack/placement/placement/objects/allocation_candidate.py:783}}
Feb 11 18:02:24.788924 n-d-828372-7 devstack@placement-api.service[110729]: INFO placement.requestlog [req-16b57f8d-238a-40d5-8687-40998351a8f1 req-a373c2cc-8fd0-4130-9721-5a7aba2711e5 service placement] 10.222.0.62 "GET /placement/allocation_candidates?limit=1000&resources=DISK_GB%3A1%2CMEMORY_MB%3A1024%2CVCPU%3A1&root_required=%21COMPUTE_STATUS_DISABLED" status: 200 len: 1309 microversion: 1.36
Feb 11 18:02:24.789306 n-d-828372-7 devstack@placement-api.service[110729]: [pid: 110729|app: 0|req: 244/493] 10.222.0.62 () {60 vars in 1506 bytes} [Fri Feb 11 18:02:24 2022] GET /placement/allocation_candidates?limit=1000&resources=DISK_GB%3A1%2CMEMORY_MB%3A1024%2CVCPU%3A1&root_required=%21COMPUTE_STATUS_DISABLED => generated 1309 bytes in 101 msecs (HTTP/1.1 200) 8 headers in 297 bytes (1 switches on core 0)
Feb 11 18:02:24.845135 n-d-828372-7 devstack@placement-api.service[110730]: DEBUG placement.requestlog [req-16b57f8d-238a-40d5-8687-40998351a8f1 req-f88567f2-182c-4cdf-b755-06d82c1c2c4c None None] Starting request: 10.222.0.62 "GET /placement/allocations/1b16f375-130f-416e-b379-101b1e1e881f" {{(pid=110730) __call__ /opt/stack/placement/placement/requestlog.py:55}}
Feb 11 18:02:24.857209 n-d-828372-7 devstack@placement-api.service[110730]: INFO placement.requestlog [req-16b57f8d-238a-40d5-8687-40998351a8f1 req-f88567f2-182c-4cdf-b755-06d82c1c2c4c service placement] 10.222.0.62 "GET /placement/allocations/1b16f375-130f-416e-b379-101b1e1e881f" status: 200 len: 19 microversion: 1.28
Feb 11 18:02:24.857672 n-d-828372-7 devstack@placement-api.service[110730]: [pid: 110730|app: 0|req: 250/494] 10.222.0.62 () {60 vars in 1380 bytes} [Fri Feb 11 18:02:24 2022] GET /placement/allocations/1b16f375-130f-416e-b379-101b1e1e881f => generated 19 bytes in 16 msecs (HTTP/1.1 200) 8 headers in 295 bytes (1 switches on core 0)
Feb 11 18:02:24.864088 n-d-828372-7 devstack@placement-api.service[110729]: DEBUG placement.requestlog [req-16b57f8d-238a-40d5-8687-40998351a8f1 req-cc101d0c-c76b-4760-b6da-10d64cdf77b1 None None] Starting request: 10.222.0.62 "PUT /placement/allocations/1b16f375-130f-416e-b379-101b1e1e881f" {{(pid=110729) __call__ /opt/stack/placement/placement/requestlog.py:55}}
Feb 11 18:02:25.394641 n-d-828372-7 devstack@placement-api.service[110729]: DEBUG placement.handlers.allocation [req-16b57f8d-238a-40d5-8687-40998351a8f1 req-cc101d0c-c76b-4760-b6da-10d64cdf77b1 service placement] Successfully wrote allocations [, , ] {{(pid=110729) _update_consumers_and_create_allocations /opt/stack/placement/placement/handlers/allocation.py:462}}
Feb 11 18:02:25.548163 n-d-828372-7 devstack@placement-api.service[110729]: INFO placement.requestlog [req-16b57f8d-238a-40d5-8687-40998351a8f1 req-cc101d0c-c76b-4760-b6da-10d64cdf77b1 service placement] 10.222.0.62 "PUT /placement/allocations/1b16f375-130f-416e-b379-101b1e1e881f" status: 204 len: 0 microversion: 1.36
Feb 11 18:02:25.548563 n-d-828372-7 devstack@placement-api.service[110729]: [pid: 110729|app: 0|req: 245/495] 10.222.0.62 () {64 vars in 1433 bytes} [Fri Feb 11 18:02:24 2022] PUT /placement/allocations/1b16f375-130f-416e-b379-101b1e1e881f => generated 0 bytes in 685 msecs (HTTP/1.1 204) 5 headers in 199 bytes (1 switches on core 0)
Feb 11 18:02:27.986110 n-d-828372-7 devstack@placement-api.service[110730]: DEBUG placement.requestlog [req-16b57f8d-238a-40d5-8687-40998351a8f1 req-ae66e04c-e00e-47a8-9e31-9c44da560952 None None] Starting request: 10.222.0.77 "GET /placement/allocations/1b16f375-130f-416e-b379-101b1e1e881f" {{(pid=110730) __call__ /opt/stack/placement/placement/requestlog.py:55}}
Feb 11 18:02:28.003587 n-d-828372-7 devstack@placement-api.service[110730]: INFO placement.requestlog [req-16b57f8d-238a-40d5-8687-40998351a8f1 req-ae66e04c-e00e-47a8-9e31-9c44da560952 service placement] 10.222.0.77 "GET /placement/allocations/1b16f375-130f-416e-b379-101b1e1e881f" status: 200 len: 259 microversion: 1.28
Feb 11 18:02:28.003990 n-d-828372-7 devstack@placement-api.service[110730]: [pid: 110730|app: 0|req: 251/496] 10.222.0.77 () {60 vars in 1377 bytes} [Fri Feb 11 18:02:27 2022] GET /placement/allocations/1b16f375-130f-416e-b379-101b1e1e881f => generated 259 bytes in 18 msecs (HTTP/1.1 200) 8 headers in 296 bytes (1 switches on core 0)
Feb 11 18:02:29.452340 n-d-828372-7 devstack@placement-api.service[110729]: DEBUG placement.requestlog [req-43998207-6860-4966-9a6d-9055aac7c7c9 req-209135b2-3041-42a7-9a28-13812b6bb01d None None] Starting request: 10.222.0.62 "GET /placement/allocation_candidates?limit=1000&resources=DISK_GB%3A1%2CMEMORY_MB%3A1024%2CVCPU%3A1&root_required=%21COMPUTE_STATUS_DISABLED" {{(pid=110729) __call__ /opt/stack/placement/placement/requestlog.py:55}}
Feb 11 18:02:29.511859 n-d-828372-7 devstack@placement-api.service[110729]: DEBUG placement.objects.research_context [req-43998207-6860-4966-9a6d-9055aac7c7c9 req-209135b2-3041-42a7-9a28-13812b6bb01d service placement] getting providers with 1 DISK_GB {{(pid=110729) __init__ /opt/stack/placement/placement/objects/research_context.py:126}}
Feb 11 18:02:29.518620 n-d-828372-7 devstack@placement-api.service[110729]: DEBUG placement.objects.research_context [req-43998207-6860-4966-9a6d-9055aac7c7c9 req-209135b2-3041-42a7-9a28-13812b6bb01d service placement] getting providers with 1024 MEMORY_MB {{(pid=110729) __init__ /opt/stack/placement/placement/objects/research_context.py:126}}
Feb 11 18:02:29.525486 n-d-828372-7 devstack@placement-api.service[110729]: DEBUG placement.objects.research_context [req-43998207-6860-4966-9a6d-9055aac7c7c9 req-209135b2-3041-42a7-9a28-13812b6bb01d service placement] getting providers with 1 VCPU {{(pid=110729) __init__ /opt/stack/placement/placement/objects/research_context.py:126}}
Feb 11 18:02:29.532109 n-d-828372-7 devstack@placement-api.service[110729]: DEBUG placement.objects.research_context [req-43998207-6860-4966-9a6d-9055aac7c7c9 req-209135b2-3041-42a7-9a28-13812b6bb01d service placement] found 2 providers with available 1 DISK_GB {{(pid=110729) get_provider_ids_matching /opt/stack/placement/placement/objects/research_context.py:549}}
Feb 11 18:02:29.532688 n-d-828372-7 devstack@placement-api.service[110729]: DEBUG placement.objects.research_context [req-43998207-6860-4966-9a6d-9055aac7c7c9 req-209135b2-3041-42a7-9a28-13812b6bb01d service placement] found 2 providers with available 1024 MEMORY_MB {{(pid=110729) get_provider_ids_matching /opt/stack/placement/placement/objects/research_context.py:549}}
Feb 11 18:02:29.533218 n-d-828372-7 devstack@placement-api.service[110729]: DEBUG placement.objects.research_context [req-43998207-6860-4966-9a6d-9055aac7c7c9 req-209135b2-3041-42a7-9a28-13812b6bb01d service placement] found 2 providers after filtering by previous result {{(pid=110729) get_provider_ids_matching /opt/stack/placement/placement/objects/research_context.py:580}}
Feb 11 18:02:29.533694 n-d-828372-7 devstack@placement-api.service[110729]: DEBUG placement.objects.research_context [req-43998207-6860-4966-9a6d-9055aac7c7c9 req-209135b2-3041-42a7-9a28-13812b6bb01d service placement] found 2 providers with available 1 VCPU {{(pid=110729) get_provider_ids_matching /opt/stack/placement/placement/objects/research_context.py:549}}
Feb 11 18:02:29.534172 n-d-828372-7 devstack@placement-api.service[110729]: DEBUG placement.objects.research_context [req-43998207-6860-4966-9a6d-9055aac7c7c9 req-209135b2-3041-42a7-9a28-13812b6bb01d service placement] found 2 providers after filtering by previous result {{(pid=110729) get_provider_ids_matching /opt/stack/placement/placement/objects/research_context.py:580}}
Feb 11 18:02:29.547969 n-d-828372-7 devstack@placement-api.service[110729]: DEBUG placement.objects.allocation_candidate [req-43998207-6860-4966-9a6d-9055aac7c7c9 req-209135b2-3041-42a7-9a28-13812b6bb01d service placement] RequestGroup(use_same_provider=False, resources={DISK_GB:1, MEMORY_MB:1024, VCPU:1}, traits=[], aggregates=[]) (suffix '') returned 2 matches {{(pid=110729) _get_by_requests /opt/stack/placement/placement/objects/allocation_candidate.py:145}}
Feb 11 18:02:29.548787 n-d-828372-7 devstack@placement-api.service[110729]: DEBUG placement.objects.allocation_candidate [req-43998207-6860-4966-9a6d-9055aac7c7c9 req-209135b2-3041-42a7-9a28-13812b6bb01d service placement] Merging candidates yields 2 allocation requests and 2 provider summaries {{(pid=110729) _merge_candidates /opt/stack/placement/placement/objects/allocation_candidate.py:783}}
Feb 11 18:02:29.551466 n-d-828372-7 devstack@placement-api.service[110729]: INFO placement.requestlog [req-43998207-6860-4966-9a6d-9055aac7c7c9 req-209135b2-3041-42a7-9a28-13812b6bb01d service placement] 10.222.0.62 "GET /placement/allocation_candidates?limit=1000&resources=DISK_GB%3A1%2CMEMORY_MB%3A1024%2CVCPU%3A1&root_required=%21COMPUTE_STATUS_DISABLED" status: 200 len: 1309 microversion: 1.36
Feb 11 18:02:29.552360 n-d-828372-7 devstack@placement-api.service[110729]: [pid: 110729|app: 0|req: 246/497] 10.222.0.62 () {60 vars in 1506 bytes} [Fri Feb 11 18:02:29 2022] GET /placement/allocation_candidates?limit=1000&resources=DISK_GB%3A1%2CMEMORY_MB%3A1024%2CVCPU%3A1&root_required=%21COMPUTE_STATUS_DISABLED => generated 1309 bytes in 100 msecs (HTTP/1.1 200) 8 headers in 297 bytes (1 switches on core 0)
Feb 11 18:02:29.631558 n-d-828372-7 devstack@placement-api.service[110730]: DEBUG placement.requestlog [req-43998207-6860-4966-9a6d-9055aac7c7c9 req-9bcb8068-c62c-4bc9-9a08-e58d0768468e None None] Starting request: 10.222.0.62 "GET /placement/allocations/46746210-40db-42ce-a8c3-31042a90396a" {{(pid=110730) __call__ /opt/stack/placement/placement/requestlog.py:55}}
Feb 11 18:02:29.646401 n-d-828372-7 devstack@placement-api.service[110730]: INFO placement.requestlog [req-43998207-6860-4966-9a6d-9055aac7c7c9 req-9bcb8068-c62c-4bc9-9a08-e58d0768468e service placement] 10.222.0.62 "GET /placement/allocations/46746210-40db-42ce-a8c3-31042a90396a" status: 200 len: 19 microversion: 1.28
Feb 11 18:02:29.648366 n-d-828372-7 devstack@placement-api.service[110730]: [pid: 110730|app: 0|req: 252/498] 10.222.0.62 () {60 vars in 1380 bytes} [Fri Feb 11 18:02:29 2022] GET /placement/allocations/46746210-40db-42ce-a8c3-31042a90396a => generated 19 bytes in 17 msecs (HTTP/1.1 200) 8 headers in 295 bytes (1 switches on core 0)
Feb 11 18:02:29.654289 n-d-828372-7 devstack@placement-api.service[110729]: DEBUG placement.requestlog [req-43998207-6860-4966-9a6d-9055aac7c7c9 req-3e451000-13c1-4a41-85e4-0df2ba4628b9 None None] Starting request: 10.222.0.62 "PUT /placement/allocations/46746210-40db-42ce-a8c3-31042a90396a" {{(pid=110729) __call__ /opt/stack/placement/placement/requestlog.py:55}}
Feb 11 18:02:30.283066 n-d-828372-7 devstack@placement-api.service[110729]: DEBUG placement.handlers.allocation [req-43998207-6860-4966-9a6d-9055aac7c7c9 req-3e451000-13c1-4a41-85e4-0df2ba4628b9 service placement] Successfully wrote allocations [, , ] {{(pid=110729) _update_consumers_and_create_allocations /opt/stack/placement/placement/handlers/allocation.py:462}}
