Feb 11 18:02:30.515116 n-d-828372-7 devstack@placement-api.service[110729]: INFO placement.requestlog [req-43998207-6860-4966-9a6d-9055aac7c7c9 req-3e451000-13c1-4a41-85e4-0df2ba4628b9 service placement] 10.222.0.62 "PUT /placement/allocations/46746210-40db-42ce-a8c3-31042a90396a" status: 204 len: 0 microversion: 1.36
Feb 11 18:02:30.515805 n-d-828372-7 devstack@placement-api.service[110729]: [pid: 110729|app: 0|req: 247/499] 10.222.0.62 () {64 vars in 1433 bytes} [Fri Feb 11 18:02:29 2022] PUT /placement/allocations/46746210-40db-42ce-a8c3-31042a90396a => generated 0 bytes in 862 msecs (HTTP/1.1 204) 5 headers in 199 bytes (1 switches on core 0)
Feb 11 18:02:31.009118 n-d-828372-7 devstack@placement-api.service[110730]: DEBUG placement.requestlog [req-c690f7c7-f56a-4ff2-bcbc-88e4e8a069b6 req-a991ff3e-0fbd-40b9-8125-9bfe7bfd650d None None] Starting request: 10.222.0.53 "DELETE /placement/allocations/fa0acb8e-7ba9-4ed9-bd3a-23251442f01e" {{(pid=110730) __call__ /opt/stack/placement/placement/requestlog.py:55}}
Feb 11 18:02:31.555420 n-d-828372-7 devstack@placement-api.service[110730]: DEBUG placement.handlers.allocation [req-c690f7c7-f56a-4ff2-bcbc-88e4e8a069b6 req-a991ff3e-0fbd-40b9-8125-9bfe7bfd650d service placement] Successfully deleted allocations [, , ] {{(pid=110730) delete_allocations /opt/stack/placement/placement/handlers/allocation.py:627}}
Feb 11 18:02:31.555930 n-d-828372-7 devstack@placement-api.service[110730]: INFO placement.requestlog [req-c690f7c7-f56a-4ff2-bcbc-88e4e8a069b6 req-a991ff3e-0fbd-40b9-8125-9bfe7bfd650d service placement] 10.222.0.53 "DELETE /placement/allocations/fa0acb8e-7ba9-4ed9-bd3a-23251442f01e" status: 204 len: 0 microversion: 1.0
Feb 11 18:02:31.558662 n-d-828372-7 devstack@placement-api.service[110730]: [pid: 110730|app: 0|req: 253/500] 10.222.0.53 () {60 vars in 1355 bytes} [Fri Feb 11 18:02:31 2022] DELETE /placement/allocations/fa0acb8e-7ba9-4ed9-bd3a-23251442f01e => generated 0 bytes in 550 msecs (HTTP/1.1 204) 5 headers in 198 bytes (1 switches on core 0)
Feb 11 18:02:32.774085 n-d-828372-7 devstack@placement-api.service[110729]: DEBUG placement.requestlog [req-43998207-6860-4966-9a6d-9055aac7c7c9 req-93b1b92e-23cc-44ba-8e68-63eff3f4bcf1 None None] Starting request: 10.222.0.53 "GET /placement/allocations/46746210-40db-42ce-a8c3-31042a90396a" {{(pid=110729) __call__ /opt/stack/placement/placement/requestlog.py:55}}
Feb 11 18:02:32.791982 n-d-828372-7 devstack@placement-api.service[110729]: INFO placement.requestlog [req-43998207-6860-4966-9a6d-9055aac7c7c9 req-93b1b92e-23cc-44ba-8e68-63eff3f4bcf1 service placement] 10.222.0.53 "GET /placement/allocations/46746210-40db-42ce-a8c3-31042a90396a" status: 200 len: 259 microversion: 1.28
Feb 11 18:02:32.792382 n-d-828372-7 devstack@placement-api.service[110729]: [pid: 110729|app: 0|req: 248/501] 10.222.0.53 () {60 vars in 1377 bytes} [Fri Feb 11 18:02:32 2022] GET /placement/allocations/46746210-40db-42ce-a8c3-31042a90396a => generated 259 bytes in 19 msecs (HTTP/1.1 200) 8 headers in 296 bytes (1 switches on core 0)
Feb 11 18:02:33.178644 n-d-828372-7 devstack@placement-api.service[110730]: DEBUG placement.requestlog [req-549d8513-6dbd-42a7-9970-d3fbf6bbac25 req-a79f1917-2110-485e-aff9-b3f442b16896 None None] Starting request: 10.222.0.62 "GET /placement/allocation_candidates?limit=1000&resources=DISK_GB%3A1%2CMEMORY_MB%3A1024%2CVCPU%3A1&root_required=%21COMPUTE_STATUS_DISABLED" {{(pid=110730) __call__ /opt/stack/placement/placement/requestlog.py:55}}
Feb 11 18:02:33.233180 n-d-828372-7 devstack@placement-api.service[110730]: DEBUG placement.objects.research_context [req-549d8513-6dbd-42a7-9970-d3fbf6bbac25 req-a79f1917-2110-485e-aff9-b3f442b16896 service placement] getting providers with 1 DISK_GB {{(pid=110730) __init__ /opt/stack/placement/placement/objects/research_context.py:126}}
Feb 11 18:02:33.241164 n-d-828372-7 devstack@placement-api.service[110730]: DEBUG placement.objects.research_context [req-549d8513-6dbd-42a7-9970-d3fbf6bbac25 req-a79f1917-2110-485e-aff9-b3f442b16896 service placement] getting providers with 1024 MEMORY_MB {{(pid=110730) __init__ /opt/stack/placement/placement/objects/research_context.py:126}}
Feb 11 18:02:33.250915 n-d-828372-7 devstack@placement-api.service[110730]: DEBUG placement.objects.research_context [req-549d8513-6dbd-42a7-9970-d3fbf6bbac25 req-a79f1917-2110-485e-aff9-b3f442b16896 service placement] getting providers with 1 VCPU {{(pid=110730) __init__ /opt/stack/placement/placement/objects/research_context.py:126}}
Feb 11 18:02:33.258874 n-d-828372-7 devstack@placement-api.service[110730]: DEBUG placement.objects.research_context [req-549d8513-6dbd-42a7-9970-d3fbf6bbac25 req-a79f1917-2110-485e-aff9-b3f442b16896 service placement] found 2 providers with available 1 DISK_GB {{(pid=110730) get_provider_ids_matching /opt/stack/placement/placement/objects/research_context.py:549}}
Feb 11 18:02:33.259426 n-d-828372-7 devstack@placement-api.service[110730]: DEBUG placement.objects.research_context [req-549d8513-6dbd-42a7-9970-d3fbf6bbac25 req-a79f1917-2110-485e-aff9-b3f442b16896 service placement] found 2 providers with available 1024 MEMORY_MB {{(pid=110730) get_provider_ids_matching /opt/stack/placement/placement/objects/research_context.py:549}}
Feb 11 18:02:33.261218 n-d-828372-7 devstack@placement-api.service[110730]: DEBUG placement.objects.research_context [req-549d8513-6dbd-42a7-9970-d3fbf6bbac25 req-a79f1917-2110-485e-aff9-b3f442b16896 service placement] found 2 providers after filtering by previous result {{(pid=110730) get_provider_ids_matching /opt/stack/placement/placement/objects/research_context.py:580}}
Feb 11 18:02:33.261769 n-d-828372-7 devstack@placement-api.service[110730]: DEBUG placement.objects.research_context [req-549d8513-6dbd-42a7-9970-d3fbf6bbac25 req-a79f1917-2110-485e-aff9-b3f442b16896 service placement] found 2 providers with available 1 VCPU {{(pid=110730) get_provider_ids_matching /opt/stack/placement/placement/objects/research_context.py:549}}
Feb 11 18:02:33.262390 n-d-828372-7 devstack@placement-api.service[110730]: DEBUG placement.objects.research_context [req-549d8513-6dbd-42a7-9970-d3fbf6bbac25 req-a79f1917-2110-485e-aff9-b3f442b16896 service placement] found 2 providers after filtering by previous result {{(pid=110730) get_provider_ids_matching /opt/stack/placement/placement/objects/research_context.py:580}}
Feb 11 18:02:33.280044 n-d-828372-7 devstack@placement-api.service[110730]: DEBUG placement.objects.allocation_candidate [req-549d8513-6dbd-42a7-9970-d3fbf6bbac25 req-a79f1917-2110-485e-aff9-b3f442b16896 service placement] RequestGroup(use_same_provider=False, resources={DISK_GB:1, MEMORY_MB:1024, VCPU:1}, traits=[], aggregates=[]) (suffix '') returned 2 matches {{(pid=110730) _get_by_requests /opt/stack/placement/placement/objects/allocation_candidate.py:145}}
Feb 11 18:02:33.281240 n-d-828372-7 devstack@placement-api.service[110730]: DEBUG placement.objects.allocation_candidate [req-549d8513-6dbd-42a7-9970-d3fbf6bbac25 req-a79f1917-2110-485e-aff9-b3f442b16896 service placement] Merging candidates yields 2 allocation requests and 2 provider summaries {{(pid=110730) _merge_candidates /opt/stack/placement/placement/objects/allocation_candidate.py:783}}
Feb 11 18:02:33.284425 n-d-828372-7 devstack@placement-api.service[110730]: INFO placement.requestlog [req-549d8513-6dbd-42a7-9970-d3fbf6bbac25 req-a79f1917-2110-485e-aff9-b3f442b16896 service placement] 10.222.0.62 "GET /placement/allocation_candidates?limit=1000&resources=DISK_GB%3A1%2CMEMORY_MB%3A1024%2CVCPU%3A1&root_required=%21COMPUTE_STATUS_DISABLED" status: 200 len: 1309 microversion: 1.36
Feb 11 18:02:33.285420 n-d-828372-7 devstack@placement-api.service[110730]: [pid: 110730|app: 0|req: 254/502] 10.222.0.62 () {60 vars in 1506 bytes} [Fri Feb 11 18:02:33 2022] GET /placement/allocation_candidates?limit=1000&resources=DISK_GB%3A1%2CMEMORY_MB%3A1024%2CVCPU%3A1&root_required=%21COMPUTE_STATUS_DISABLED => generated 1309 bytes in 107 msecs (HTTP/1.1 200) 8 headers in 297 bytes (1 switches on core 0)
Feb 11 18:02:33.413546 n-d-828372-7 devstack@placement-api.service[110729]: DEBUG placement.requestlog [req-549d8513-6dbd-42a7-9970-d3fbf6bbac25 req-615a54c2-c705-489c-942e-4c826fa4b047 None None] Starting request: 10.222.0.62 "GET /placement/allocations/1b1dd015-0a30-434b-937f-ede4a22bcb37" {{(pid=110729) __call__ /opt/stack/placement/placement/requestlog.py:55}}
Feb 11 18:02:33.432180 n-d-828372-7 devstack@placement-api.service[110729]: INFO placement.requestlog [req-549d8513-6dbd-42a7-9970-d3fbf6bbac25 req-615a54c2-c705-489c-942e-4c826fa4b047 service placement] 10.222.0.62 "GET /placement/allocations/1b1dd015-0a30-434b-937f-ede4a22bcb37" status: 200 len: 19 microversion: 1.28
Feb 11 18:02:33.433070 n-d-828372-7 devstack@placement-api.service[110729]: [pid: 110729|app: 0|req: 249/503] 10.222.0.62 () {60 vars in 1380 bytes} [Fri Feb 11 18:02:33 2022] GET /placement/allocations/1b1dd015-0a30-434b-937f-ede4a22bcb37 => generated 19 bytes in 20 msecs (HTTP/1.1 200) 8 headers in 295 bytes (1 switches on core 0)
Feb 11 18:02:33.441753 n-d-828372-7 devstack@placement-api.service[110730]: DEBUG placement.requestlog [req-549d8513-6dbd-42a7-9970-d3fbf6bbac25 req-da9bede8-cf84-44b8-af90-62cdbea747ad None None] Starting request: 10.222.0.62 "PUT /placement/allocations/1b1dd015-0a30-434b-937f-ede4a22bcb37" {{(pid=110730) __call__ /opt/stack/placement/placement/requestlog.py:55}}
Feb 11 18:02:33.651143 n-d-828372-7 devstack@placement-api.service[110729]: DEBUG placement.requestlog [req-d770f452-d1eb-41e7-ac12-8e43a3142c70 req-00c3659b-966c-47a4-bb05-38b82a3e28d9 None None] Starting request: 10.222.0.62 "GET /placement/allocation_candidates?limit=1000&resources=DISK_GB%3A1%2CMEMORY_MB%3A1024%2CVCPU%3A1&root_required=%21COMPUTE_STATUS_DISABLED" {{(pid=110729) __call__ /opt/stack/placement/placement/requestlog.py:55}}
Feb 11 18:02:33.730259 n-d-828372-7 devstack@placement-api.service[110729]: DEBUG placement.objects.research_context [req-d770f452-d1eb-41e7-ac12-8e43a3142c70 req-00c3659b-966c-47a4-bb05-38b82a3e28d9 service placement] getting providers with 1 DISK_GB {{(pid=110729) __init__ /opt/stack/placement/placement/objects/research_context.py:126}}
Feb 11 18:02:33.741909 n-d-828372-7 devstack@placement-api.service[110729]: DEBUG placement.objects.research_context [req-d770f452-d1eb-41e7-ac12-8e43a3142c70 req-00c3659b-966c-47a4-bb05-38b82a3e28d9 service placement] getting providers with 1024 MEMORY_MB {{(pid=110729) __init__ /opt/stack/placement/placement/objects/research_context.py:126}}
Feb 11 18:02:33.752250 n-d-828372-7 devstack@placement-api.service[110729]: DEBUG placement.objects.research_context [req-d770f452-d1eb-41e7-ac12-8e43a3142c70 req-00c3659b-966c-47a4-bb05-38b82a3e28d9 service placement] getting providers with 1 VCPU {{(pid=110729) __init__ /opt/stack/placement/placement/objects/research_context.py:126}}
Feb 11 18:02:33.759165 n-d-828372-7 devstack@placement-api.service[110729]: DEBUG placement.objects.research_context [req-d770f452-d1eb-41e7-ac12-8e43a3142c70 req-00c3659b-966c-47a4-bb05-38b82a3e28d9 service placement] found 2 providers with available 1 DISK_GB {{(pid=110729) get_provider_ids_matching /opt/stack/placement/placement/objects/research_context.py:549}}
Feb 11 18:02:33.760559 n-d-828372-7 devstack@placement-api.service[110729]: DEBUG placement.objects.research_context [req-d770f452-d1eb-41e7-ac12-8e43a3142c70 req-00c3659b-966c-47a4-bb05-38b82a3e28d9 service placement] found 2 providers with available 1024 MEMORY_MB {{(pid=110729) get_provider_ids_matching /opt/stack/placement/placement/objects/research_context.py:549}}
Feb 11 18:02:33.761010 n-d-828372-7 devstack@placement-api.service[110729]: DEBUG placement.objects.research_context [req-d770f452-d1eb-41e7-ac12-8e43a3142c70 req-00c3659b-966c-47a4-bb05-38b82a3e28d9 service placement] found 2 providers after filtering by previous result {{(pid=110729) get_provider_ids_matching /opt/stack/placement/placement/objects/research_context.py:580}}
Feb 11 18:02:33.771363 n-d-828372-7 devstack@placement-api.service[110729]: DEBUG placement.objects.research_context [req-d770f452-d1eb-41e7-ac12-8e43a3142c70 req-00c3659b-966c-47a4-bb05-38b82a3e28d9 service placement] found 2 providers with available 1 VCPU {{(pid=110729) get_provider_ids_matching /opt/stack/placement/placement/objects/research_context.py:549}}
Feb 11 18:02:33.771363 n-d-828372-7 devstack@placement-api.service[110729]: DEBUG placement.objects.research_context [req-d770f452-d1eb-41e7-ac12-8e43a3142c70 req-00c3659b-966c-47a4-bb05-38b82a3e28d9 service placement] found 2 providers after filtering by previous result {{(pid=110729) get_provider_ids_matching /opt/stack/placement/placement/objects/research_context.py:580}}
Feb 11 18:02:33.789546 n-d-828372-7 devstack@placement-api.service[110729]: DEBUG placement.objects.allocation_candidate [req-d770f452-d1eb-41e7-ac12-8e43a3142c70 req-00c3659b-966c-47a4-bb05-38b82a3e28d9 service placement] RequestGroup(use_same_provider=False, resources={DISK_GB:1, MEMORY_MB:1024, VCPU:1}, traits=[], aggregates=[]) (suffix '') returned 2 matches {{(pid=110729) _get_by_requests /opt/stack/placement/placement/objects/allocation_candidate.py:145}}
Feb 11 18:02:33.790227 n-d-828372-7 devstack@placement-api.service[110729]: DEBUG placement.objects.allocation_candidate [req-d770f452-d1eb-41e7-ac12-8e43a3142c70 req-00c3659b-966c-47a4-bb05-38b82a3e28d9 service placement] Merging candidates yields 2 allocation requests and 2 provider summaries {{(pid=110729) _merge_candidates /opt/stack/placement/placement/objects/allocation_candidate.py:783}}
Feb 11 18:02:33.794190 n-d-828372-7 devstack@placement-api.service[110729]: INFO placement.requestlog [req-d770f452-d1eb-41e7-ac12-8e43a3142c70 req-00c3659b-966c-47a4-bb05-38b82a3e28d9 service placement] 10.222.0.62 "GET /placement/allocation_candidates?limit=1000&resources=DISK_GB%3A1%2CMEMORY_MB%3A1024%2CVCPU%3A1&root_required=%21COMPUTE_STATUS_DISABLED" status: 200 len: 1309 microversion: 1.36
Feb 11 18:02:33.796465 n-d-828372-7 devstack@placement-api.service[110729]: [pid: 110729|app: 0|req: 250/504] 10.222.0.62 () {60 vars in 1506 bytes} [Fri Feb 11 18:02:33 2022] GET /placement/allocation_candidates?limit=1000&resources=DISK_GB%3A1%2CMEMORY_MB%3A1024%2CVCPU%3A1&root_required=%21COMPUTE_STATUS_DISABLED => generated 1309 bytes in 146 msecs (HTTP/1.1 200) 8 headers in 297 bytes (2 switches on core 0)
Feb 11 18:02:33.929684 n-d-828372-7 devstack@placement-api.service[110729]: DEBUG placement.requestlog [req-d770f452-d1eb-41e7-ac12-8e43a3142c70 req-560dbe54-226a-403a-b0aa-c676f2431b05 None None] Starting request: 10.222.0.62 "GET /placement/allocations/aedb3c73-c2ff-4aa1-931c-7a469e808a92" {{(pid=110729) __call__ /opt/stack/placement/placement/requestlog.py:55}}
Feb 11 18:02:33.956089 n-d-828372-7 devstack@placement-api.service[110729]: INFO placement.requestlog [req-d770f452-d1eb-41e7-ac12-8e43a3142c70 req-560dbe54-226a-403a-b0aa-c676f2431b05 service placement] 10.222.0.62 "GET /placement/allocations/aedb3c73-c2ff-4aa1-931c-7a469e808a92" status: 200 len: 19 microversion: 1.28
Feb 11 18:02:33.961119 n-d-828372-7 devstack@placement-api.service[110729]: [pid: 110729|app: 0|req: 251/505] 10.222.0.62 () {60 vars in 1380 bytes} [Fri Feb 11 18:02:33 2022] GET /placement/allocations/aedb3c73-c2ff-4aa1-931c-7a469e808a92 => generated 19 bytes in 28 msecs (HTTP/1.1 200) 8 headers in 295 bytes (2 switches on core 0)
Feb 11 18:02:33.964216 n-d-828372-7 devstack@placement-api.service[110729]: DEBUG placement.requestlog [req-d770f452-d1eb-41e7-ac12-8e43a3142c70 req-82fece50-c388-40e6-8b62-dc375e423082 None None] Starting request: 10.222.0.62 "PUT /placement/allocations/aedb3c73-c2ff-4aa1-931c-7a469e808a92" {{(pid=110729) __call__ /opt/stack/placement/placement/requestlog.py:55}}
Feb 11 18:02:34.047339 n-d-828372-7 devstack@placement-api.service[110730]: DEBUG placement.handlers.allocation [req-549d8513-6dbd-42a7-9970-d3fbf6bbac25 req-da9bede8-cf84-44b8-af90-62cdbea747ad service placement] Successfully wrote allocations [, , ] {{(pid=110730) _update_consumers_and_create_allocations /opt/stack/placement/placement/handlers/allocation.py:462}}
Feb 11 18:02:34.138497 n-d-828372-7 devstack@placement-api.service[110730]: INFO placement.requestlog [req-549d8513-6dbd-42a7-9970-d3fbf6bbac25 req-da9bede8-cf84-44b8-af90-62cdbea747ad service placement] 10.222.0.62 "PUT /placement/allocations/1b1dd015-0a30-434b-937f-ede4a22bcb37" status: 204 len: 0 microversion: 1.36
Feb 11 18:02:34.143133 n-d-828372-7 devstack@placement-api.service[110730]: [pid: 110730|app: 0|req: 255/506] 10.222.0.62 () {64 vars in 1433 bytes} [Fri Feb 11 18:02:33 2022] PUT /placement/allocations/1b1dd015-0a30-434b-937f-ede4a22bcb37 => generated 0 bytes in 699 msecs (HTTP/1.1 204) 5 headers in 199 bytes (1 switches on core 0)
Feb 11 18:02:34.159843 n-d-828372-7 devstack@placement-api.service[110730]: DEBUG placement.requestlog [req-549d8513-6dbd-42a7-9970-d3fbf6bbac25 req-06de3a99-591d-4849-90af-68bac4ac0de0 None None] Starting request: 10.222.0.62 "GET /placement/allocations/4729d900-f2f8-4615-bba6-dab8b1241f02" {{(pid=110730) __call__ /opt/stack/placement/placement/requestlog.py:55}}
Feb 11 18:02:34.182837 n-d-828372-7 devstack@placement-api.service[110730]: INFO placement.requestlog [req-549d8513-6dbd-42a7-9970-d3fbf6bbac25 req-06de3a99-591d-4849-90af-68bac4ac0de0 service placement] 10.222.0.62 "GET /placement/allocations/4729d900-f2f8-4615-bba6-dab8b1241f02" status: 200 len: 19 microversion: 1.28
Feb 11 18:02:34.183770 n-d-828372-7 devstack@placement-api.service[110730]: [pid: 110730|app: 0|req: 256/507] 10.222.0.62 () {60 vars in 1380 bytes} [Fri Feb 11 18:02:34 2022] GET /placement/allocations/4729d900-f2f8-4615-bba6-dab8b1241f02 => generated 19 bytes in 24 msecs (HTTP/1.1 200) 8 headers in 295 bytes (2 switches on core 0)
Feb 11 18:02:34.195118 n-d-828372-7 devstack@placement-api.service[110730]: DEBUG placement.requestlog [req-549d8513-6dbd-42a7-9970-d3fbf6bbac25 req-57e2af74-e587-44ca-86b6-756b4cad0837 None None] Starting request: 10.222.0.62 "PUT /placement/allocations/4729d900-f2f8-4615-bba6-dab8b1241f02" {{(pid=110730) __call__ /opt/stack/placement/placement/requestlog.py:55}}
Feb 11 18:02:34.514978 n-d-828372-7 devstack@placement-api.service[110730]: DEBUG placement.handlers.allocation [req-549d8513-6dbd-42a7-9970-d3fbf6bbac25 req-57e2af74-e587-44ca-86b6-756b4cad0837 service placement] Successfully wrote allocations [, , ] {{(pid=110730) _update_consumers_and_create_allocations /opt/stack/placement/placement/handlers/allocation.py:462}}
Feb 11 18:02:34.581742 n-d-828372-7 devstack@placement-api.service[110729]: DEBUG placement.objects.allocation [req-d770f452-d1eb-41e7-ac12-8e43a3142c70 req-82fece50-c388-40e6-8b62-dc375e423082 service placement] Retrying allocations write on resource provider generation conflict {{(pid=110729) replace_all /opt/stack/placement/placement/objects/allocation.py:507}}
Feb 11 18:02:34.582628 n-d-828372-7 devstack@placement-api.service[110730]: INFO placement.requestlog [req-549d8513-6dbd-42a7-9970-d3fbf6bbac25 req-57e2af74-e587-44ca-86b6-756b4cad0837 service placement] 10.222.0.62 "PUT /placement/allocations/4729d900-f2f8-4615-bba6-dab8b1241f02" status: 204 len: 0 microversion: 1.36
Feb 11 18:02:34.582628 n-d-828372-7 devstack@placement-api.service[110730]: [pid: 110730|app: 0|req: 257/508] 10.222.0.62 () {64 vars in 1433 bytes} [Fri Feb 11 18:02:34 2022] PUT /placement/allocations/4729d900-f2f8-4615-bba6-dab8b1241f02 => generated 0 bytes in 382 msecs (HTTP/1.1 204) 5 headers in 199 bytes (1 switches on core 0)
Feb 11 18:02:34.622141 n-d-828372-7 devstack@placement-api.service[110729]: DEBUG placement.handlers.allocation [req-d770f452-d1eb-41e7-ac12-8e43a3142c70 req-82fece50-c388-40e6-8b62-dc375e423082 service placement] Successfully wrote allocations [, , ] {{(pid=110729) _update_consumers_and_create_allocations /opt/stack/placement/placement/handlers/allocation.py:462}}
Feb 11 18:02:34.794612 n-d-828372-7 devstack@placement-api.service[110729]: INFO placement.requestlog [req-d770f452-d1eb-41e7-ac12-8e43a3142c70 req-82fece50-c388-40e6-8b62-dc375e423082 service placement] 10.222.0.62 "PUT /placement/allocations/aedb3c73-c2ff-4aa1-931c-7a469e808a92" status: 204 len: 0 microversion: 1.36
Feb 11 18:02:34.795240 n-d-828372-7 devstack@placement-api.service[110729]: [pid: 110729|app: 0|req: 252/509] 10.222.0.62 () {64 vars in 1433 bytes} [Fri Feb 11 18:02:33 2022] PUT /placement/allocations/aedb3c73-c2ff-4aa1-931c-7a469e808a92 => generated 0 bytes in 832 msecs (HTTP/1.1 204) 5 headers in 199 bytes (1 switches on core 0)
Feb 11 18:02:36.894698 n-d-828372-7 devstack@placement-api.service[110730]: DEBUG placement.requestlog [req-d770f452-d1eb-41e7-ac12-8e43a3142c70 req-4e6dea4d-db63-4ce1-8bcd-894ccae0e11b None None] Starting request: 10.222.0.53 "GET /placement/allocations/aedb3c73-c2ff-4aa1-931c-7a469e808a92" {{(pid=110730) __call__ /opt/stack/placement/placement/requestlog.py:55}}
Feb 11 18:02:36.897179 n-d-828372-7 devstack@placement-api.service[110729]: DEBUG placement.requestlog [req-549d8513-6dbd-42a7-9970-d3fbf6bbac25 req-1b34b509-b2fc-4be5-b5cf-4646e4ab73c9 None None] Starting request: 10.222.0.53 "GET /placement/allocations/1b1dd015-0a30-434b-937f-ede4a22bcb37" {{(pid=110729) __call__ /opt/stack/placement/placement/requestlog.py:55}}
Feb 11 18:02:36.936229 n-d-828372-7 devstack@placement-api.service[110729]: INFO placement.requestlog [req-549d8513-6dbd-42a7-9970-d3fbf6bbac25 req-1b34b509-b2fc-4be5-b5cf-4646e4ab73c9 service placement] 10.222.0.53 "GET /placement/allocations/1b1dd015-0a30-434b-937f-ede4a22bcb37" status: 200 len: 259 microversion: 1.28
Feb 11 18:02:36.938408 n-d-828372-7 devstack@placement-api.service[110730]: INFO placement.requestlog [req-d770f452-d1eb-41e7-ac12-8e43a3142c70 req-4e6dea4d-db63-4ce1-8bcd-894ccae0e11b service placement] 10.222.0.53 "GET /placement/allocations/aedb3c73-c2ff-4aa1-931c-7a469e808a92" status: 200 len: 259 microversion: 1.28
Feb 11 18:02:36.938793 n-d-828372-7 devstack@placement-api.service[110730]: [pid: 110730|app: 0|req: 258/510] 10.222.0.53 () {60 vars in 1377 bytes} [Fri Feb 11 18:02:36 2022] GET /placement/allocations/aedb3c73-c2ff-4aa1-931c-7a469e808a92 => generated 259 bytes in 44 msecs (HTTP/1.1 200) 8 headers in 296 bytes (2 switches on core 0)
Feb 11 18:02:36.939657 n-d-828372-7 devstack@placement-api.service[110729]: [pid: 110729|app: 0|req: 253/511] 10.222.0.53 () {60 vars in 1377 bytes} [Fri Feb 11 18:02:36 2022] GET /placement/allocations/1b1dd015-0a30-434b-937f-ede4a22bcb37 => generated 259 bytes in 43 msecs (HTTP/1.1 200) 8 headers in 296 bytes (1 switches on core 0)
Feb 11 18:02:37.797332 n-d-828372-7 devstack@placement-api.service[110729]: DEBUG placement.requestlog [req-549d8513-6dbd-42a7-9970-d3fbf6bbac25 req-3cda0ca9-0f10-4ba9-8446-c7fddf38cd4c None None] Starting request: 10.222.0.53 "GET /placement/allocations/4729d900-f2f8-4615-bba6-dab8b1241f02" {{(pid=110729) __call__ /opt/stack/placement/placement/requestlog.py:55}}
Feb 11 18:02:37.823488 n-d-828372-7 devstack@placement-api.service[110729]: INFO placement.requestlog [req-549d8513-6dbd-42a7-9970-d3fbf6bbac25 req-3cda0ca9-0f10-4ba9-8446-c7fddf38cd4c service placement] 10.222.0.53 "GET /placement/allocations/4729d900-f2f8-4615-bba6-dab8b1241f02" status: 200 len: 259 microversion: 1.28
Feb 11 18:02:37.825299 n-d-828372-7 devstack@placement-api.service[110729]: [pid: 110729|app: 0|req: 254/512] 10.222.0.53 () {60 vars in 1377 bytes} [Fri Feb 11 18:02:37 2022] GET /placement/allocations/4729d900-f2f8-4615-bba6-dab8b1241f02 => generated 259 bytes in 28 msecs (HTTP/1.1 200) 8 headers in 296 bytes (2 switches on core 0)
Feb 11 18:02:45.653530 n-d-828372-7 devstack@placement-api.service[110730]: DEBUG placement.requestlog [req-aca8cebf-481b-4baf-987b-ec3a72da9d99 req-a3940895-992c-44ee-be5b-574b7a12e6d8 None None] Starting request: 10.222.0.77 "GET /placement/resource_providers/29996a9e-a41e-4274-a42b-22aea161c033/allocations" {{(pid=110730) __call__ /opt/stack/placement/placement/requestlog.py:55}}
Feb 11 18:02:45.702370 n-d-828372-7 devstack@placement-api.service[110730]: INFO placement.requestlog [req-aca8cebf-481b-4baf-987b-ec3a72da9d99 req-a3940895-992c-44ee-be5b-574b7a12e6d8 service placement] 10.222.0.77 "GET /placement/resource_providers/29996a9e-a41e-4274-a42b-22aea161c033/allocations" status: 200 len: 255 microversion: 1.0
Feb 11 18:02:45.704444 n-d-828372-7 devstack@placement-api.service[110730]: [pid: 110730|app: 0|req: 259/513] 10.222.0.77 () {58 vars in 1390 bytes} [Fri Feb 11 18:02:45 2022] GET /placement/resource_providers/29996a9e-a41e-4274-a42b-22aea161c033/allocations => generated 255 bytes in 51 msecs (HTTP/1.1 200) 6 headers in 224 bytes (1 switches on core 0)
Feb 11 18:02:46.822566 n-d-828372-7 devstack@placement-api.service[110729]: DEBUG placement.requestlog [req-3de7645b-de06-456e-90a5-f6335dcefa3a req-2e9c1ca9-7412-498b-87e0-9d437e51afac None None] Starting request: 10.222.0.62 "GET /placement/allocation_candidates?limit=1000&resources=DISK_GB%3A1%2CMEMORY_MB%3A1024%2CVCPU%3A1&root_required=%21COMPUTE_STATUS_DISABLED" {{(pid=110729) __call__ /opt/stack/placement/placement/requestlog.py:55}}
Feb 11 18:02:46.877086 n-d-828372-7 devstack@placement-api.service[110729]: DEBUG placement.objects.research_context [req-3de7645b-de06-456e-90a5-f6335dcefa3a req-2e9c1ca9-7412-498b-87e0-9d437e51afac service placement] getting providers with 1 DISK_GB {{(pid=110729) __init__ /opt/stack/placement/placement/objects/research_context.py:126}}
Feb 11 18:02:46.903859 n-d-828372-7 devstack@placement-api.service[110729]: DEBUG placement.objects.research_context [req-3de7645b-de06-456e-90a5-f6335dcefa3a req-2e9c1ca9-7412-498b-87e0-9d437e51afac service placement] getting providers with 1024 MEMORY_MB {{(pid=110729) __init__ /opt/stack/placement/placement/objects/research_context.py:126}}
Feb 11 18:02:46.924498 n-d-828372-7 devstack@placement-api.service[110729]: DEBUG placement.objects.research_context [req-3de7645b-de06-456e-90a5-f6335dcefa3a req-2e9c1ca9-7412-498b-87e0-9d437e51afac service placement] getting providers with 1 VCPU {{(pid=110729) __init__ /opt/stack/placement/placement/objects/research_context.py:126}}
Feb 11 18:02:46.939410 n-d-828372-7 devstack@placement-api.service[110729]: DEBUG placement.objects.research_context [req-3de7645b-de06-456e-90a5-f6335dcefa3a req-2e9c1ca9-7412-498b-87e0-9d437e51afac service placement] found 2 providers with available 1 DISK_GB {{(pid=110729) get_provider_ids_matching /opt/stack/placement/placement/objects/research_context.py:549}}
Feb 11 18:02:46.941515 n-d-828372-7 devstack@placement-api.service[110729]: DEBUG placement.objects.research_context [req-3de7645b-de06-456e-90a5-f6335dcefa3a req-2e9c1ca9-7412-498b-87e0-9d437e51afac service placement] found 2 providers with available 1024 MEMORY_MB {{(pid=110729) get_provider_ids_matching /opt/stack/placement/placement/objects/research_context.py:549}}
Feb 11 18:02:46.942100 n-d-828372-7 devstack@placement-api.service[110729]: DEBUG placement.objects.research_context [req-3de7645b-de06-456e-90a5-f6335dcefa3a req-2e9c1ca9-7412-498b-87e0-9d437e51afac service placement] found 2 providers after filtering by previous result {{(pid=110729) get_provider_ids_matching /opt/stack/placement/placement/objects/research_context.py:580}}
Feb 11 18:02:46.942554 n-d-828372-7 devstack@placement-api.service[110729]: DEBUG placement.objects.research_context [req-3de7645b-de06-456e-90a5-f6335dcefa3a req-2e9c1ca9-7412-498b-87e0-9d437e51afac service placement] found 2 providers with available 1 VCPU {{(pid=110729) get_provider_ids_matching /opt/stack/placement/placement/objects/research_context.py:549}}
Feb 11 18:02:46.943006 n-d-828372-7 devstack@placement-api.service[110729]: DEBUG placement.objects.research_context [req-3de7645b-de06-456e-90a5-f6335dcefa3a req-2e9c1ca9-7412-498b-87e0-9d437e51afac service placement] found 2 providers after filtering by previous result {{(pid=110729) get_provider_ids_matching /opt/stack/placement/placement/objects/research_context.py:580}}
Feb 11 18:02:46.973036 n-d-828372-7 devstack@placement-api.service[110729]: DEBUG placement.objects.allocation_candidate [req-3de7645b-de06-456e-90a5-f6335dcefa3a req-2e9c1ca9-7412-498b-87e0-9d437e51afac service placement] RequestGroup(use_same_provider=False, resources={DISK_GB:1, MEMORY_MB:1024, VCPU:1}, traits=[], aggregates=[]) (suffix '') returned 2 matches {{(pid=110729) _get_by_requests /opt/stack/placement/placement/objects/allocation_candidate.py:145}}
Feb 11 18:02:46.981498 n-d-828372-7 devstack@placement-api.service[110729]: DEBUG placement.objects.allocation_candidate [req-3de7645b-de06-456e-90a5-f6335dcefa3a req-2e9c1ca9-7412-498b-87e0-9d437e51afac service placement] Merging candidates yields 2 allocation requests and 2 provider summaries {{(pid=110729) _merge_candidates /opt/stack/placement/placement/objects/allocation_candidate.py:783}}
Feb 11 18:02:46.983478 n-d-828372-7 devstack@placement-api.service[110729]: INFO placement.requestlog [req-3de7645b-de06-456e-90a5-f6335dcefa3a req-2e9c1ca9-7412-498b-87e0-9d437e51afac service placement] 10.222.0.62 "GET /placement/allocation_candidates?limit=1000&resources=DISK_GB%3A1%2CMEMORY_MB%3A1024%2CVCPU%3A1&root_required=%21COMPUTE_STATUS_DISABLED" status: 200 len: 1309 microversion: 1.36
Feb 11 18:02:46.984058 n-d-828372-7 devstack@placement-api.service[110729]: [pid: 110729|app: 0|req: 255/514] 10.222.0.62 () {60 vars in 1506 bytes} [Fri Feb 11 18:02:46 2022] GET /placement/allocation_candidates?limit=1000&resources=DISK_GB%3A1%2CMEMORY_MB%3A1024%2CVCPU%3A1&root_required=%21COMPUTE_STATUS_DISABLED => generated 1309 bytes in 162 msecs (HTTP/1.1 200) 8 headers in 297 bytes (1 switches on core 0)
Feb 11 18:02:47.066560 n-d-828372-7 devstack@placement-api.service[110730]: DEBUG placement.requestlog [req-3de7645b-de06-456e-90a5-f6335dcefa3a req-4ff57ea1-9be6-48e4-bc47-3f656077d0c2 None None] Starting request: 10.222.0.62 "GET /placement/allocations/4436e01d-da7a-4a67-a613-4d46b5287f0f" {{(pid=110730) __call__ /opt/stack/placement/placement/requestlog.py:55}}
Feb 11 18:02:47.086489 n-d-828372-7 devstack@placement-api.service[110730]: INFO placement.requestlog [req-3de7645b-de06-456e-90a5-f6335dcefa3a req-4ff57ea1-9be6-48e4-bc47-3f656077d0c2 service placement] 10.222.0.62 "GET /placement/allocations/4436e01d-da7a-4a67-a613-4d46b5287f0f" status: 200 len: 19 microversion: 1.28
Feb 11 18:02:47.086840 n-d-828372-7 devstack@placement-api.service[110730]: [pid: 110730|app: 0|req: 260/515] 10.222.0.62 () {60 vars in 1380 bytes} [Fri Feb 11 18:02:47 2022] GET /placement/allocations/4436e01d-da7a-4a67-a613-4d46b5287f0f => generated 19 bytes in 20 msecs (HTTP/1.1 200) 8 headers in 295 bytes (1 switches on core 0)
Feb 11 18:02:47.127971 n-d-828372-7 devstack@placement-api.service[110729]: DEBUG placement.requestlog [req-3de7645b-de06-456e-90a5-f6335dcefa3a req-2a25a02b-0396-442c-b603-499a2cce60a3 None None] Starting request: 10.222.0.62 "PUT /placement/allocations/4436e01d-da7a-4a67-a613-4d46b5287f0f" {{(pid=110729) __call__ /opt/stack/placement/placement/requestlog.py:55}}
Feb 11 18:02:47.578124 n-d-828372-7 devstack@placement-api.service[110730]: DEBUG placement.requestlog [req-91b1b13e-20f8-47f8-80af-3a8913e942f0 req-edf44c48-822c-4e5e-8ad0-db9209412ea8 None None] Starting request: 10.222.0.53 "GET /placement/resource_providers/cbf98dca-2967-410e-b1c3-6971f5e54256/allocations" {{(pid=110730) __call__ /opt/stack/placement/placement/requestlog.py:55}}
Feb 11 18:02:47.613607 n-d-828372-7 devstack@placement-api.service[110730]: INFO placement.requestlog [req-91b1b13e-20f8-47f8-80af-3a8913e942f0 req-edf44c48-822c-4e5e-8ad0-db9209412ea8 service placement] 10.222.0.53 "GET /placement/resource_providers/cbf98dca-2967-410e-b1c3-6971f5e54256/allocations" status: 200 len: 544 microversion: 1.0
Feb 11 18:02:47.613607 n-d-828372-7 devstack@placement-api.service[110730]: [pid: 110730|app: 0|req: 261/516] 10.222.0.53 () {58 vars in 1390 bytes} [Fri Feb 11 18:02:47 2022] GET /placement/resource_providers/cbf98dca-2967-410e-b1c3-6971f5e54256/allocations => generated 544 bytes in 31 msecs (HTTP/1.1 200) 6 headers in 224 bytes (1 switches on core 0)
Feb 11 18:02:47.613892 n-d-828372-7 devstack@placement-api.service[110729]: DEBUG placement.handlers.allocation [req-3de7645b-de06-456e-90a5-f6335dcefa3a req-2a25a02b-0396-442c-b603-499a2cce60a3 service placement] Successfully wrote allocations [, , ] {{(pid=110729) _update_consumers_and_create_allocations /opt/stack/placement/placement/handlers/allocation.py:462}}
Feb 11 18:02:47.719176 n-d-828372-7 devstack@placement-api.service[110729]: INFO placement.requestlog [req-3de7645b-de06-456e-90a5-f6335dcefa3a req-2a25a02b-0396-442c-b603-499a2cce60a3 service placement] 10.222.0.62 "PUT /placement/allocations/4436e01d-da7a-4a67-a613-4d46b5287f0f" status: 204 len: 0 microversion: 1.36
Feb 11 18:02:47.719583 n-d-828372-7 devstack@placement-api.service[110729]: [pid: 110729|app: 0|req: 256/517] 10.222.0.62 () {64 vars in 1433 bytes} [Fri Feb 11 18:02:47 2022] PUT /placement/allocations/4436e01d-da7a-4a67-a613-4d46b5287f0f => generated 0 bytes in 592 msecs (HTTP/1.1 204) 5 headers in 199 bytes (1 switches on core 0)
Feb 11 18:02:47.737046 n-d-828372-7 devstack@placement-api.service[110730]: DEBUG placement.requestlog [req-3de7645b-de06-456e-90a5-f6335dcefa3a req-e7f89805-4f97-493f-99aa-cd3354355b9e None None] Starting request: 10.222.0.62 "GET /placement/allocations/822d63b2-7af6-446c-bbc0-25cf950df21e" {{(pid=110730) __call__ /opt/stack/placement/placement/requestlog.py:55}}
Feb 11 18:02:47.763202 n-d-828372-7 devstack@placement-api.service[110730]: INFO placement.requestlog [req-3de7645b-de06-456e-90a5-f6335dcefa3a req-e7f89805-4f97-493f-99aa-cd3354355b9e service placement] 10.222.0.62 "GET /placement/allocations/822d63b2-7af6-446c-bbc0-25cf950df21e" status: 200 len: 19 microversion: 1.28
Feb 11 18:02:47.763402 n-d-828372-7 devstack@placement-api.service[110730]: [pid: 110730|app: 0|req: 262/518] 10.222.0.62 () {60 vars in 1380 bytes} [Fri Feb 11 18:02:47 2022] GET /placement/allocations/822d63b2-7af6-446c-bbc0-25cf950df21e => generated 19 bytes in 26 msecs (HTTP/1.1 200) 8 headers in 295 bytes (1 switches on core 0)
Feb 11 18:02:47.770341 n-d-828372-7 devstack@placement-api.service[110729]: DEBUG placement.requestlog [req-3de7645b-de06-456e-90a5-f6335dcefa3a req-fe4584a9-299e-4ebd-86d9-b819cadaa542 None None] Starting request: 10.222.0.62 "PUT /placement/allocations/822d63b2-7af6-446c-bbc0-25cf950df21e" {{(pid=110729) __call__ /opt/stack/placement/placement/requestlog.py:55}}
Feb 11 18:02:47.977659 n-d-828372-7 devstack@placement-api.service[110729]: DEBUG placement.handlers.allocation [req-3de7645b-de06-456e-90a5-f6335dcefa3a req-fe4584a9-299e-4ebd-86d9-b819cadaa542 service placement] Successfully wrote allocations [, , ] {{(pid=110729) _update_consumers_and_create_allocations /opt/stack/placement/placement/handlers/allocation.py:462}}
Feb 11 18:02:48.142697 n-d-828372-7 devstack@placement-api.service[110729]: INFO placement.requestlog [req-3de7645b-de06-456e-90a5-f6335dcefa3a req-fe4584a9-299e-4ebd-86d9-b819cadaa542 service placement] 10.222.0.62 "PUT /placement/allocations/822d63b2-7af6-446c-bbc0-25cf950df21e" status: 204 len: 0 microversion: 1.36
Feb 11 18:02:48.149442 n-d-828372-7 devstack@placement-api.service[110729]: [pid: 110729|app: 0|req: 257/519] 10.222.0.62 () {64 vars in 1433 bytes} [Fri Feb 11 18:02:47 2022] PUT /placement/allocations/822d63b2-7af6-446c-bbc0-25cf950df21e => generated 0 bytes in 374 msecs (HTTP/1.1 204) 5 headers in 199 bytes (1 switches on core 0)
Feb 11 18:02:48.171745 n-d-828372-7 devstack@placement-api.service[110730]: DEBUG placement.requestlog [req-3de7645b-de06-456e-90a5-f6335dcefa3a req-941f691c-9d43-44f2-9a2e-d7b097542702 None None] Starting request: 10.222.0.62 "GET /placement/allocations/232541a9-bc7c-4eb7-9415-0c3c103e2dc6" {{(pid=110730) __call__ /opt/stack/placement/placement/requestlog.py:55}}
Feb 11 18:02:48.188958 n-d-828372-7 devstack@placement-api.service[110730]: INFO placement.requestlog [req-3de7645b-de06-456e-90a5-f6335dcefa3a req-941f691c-9d43-44f2-9a2e-d7b097542702 service placement] 10.222.0.62 "GET /placement/allocations/232541a9-bc7c-4eb7-9415-0c3c103e2dc6" status: 200 len: 19 microversion: 1.28
Feb 11 18:02:48.191664 n-d-828372-7 devstack@placement-api.service[110730]: [pid: 110730|app: 0|req: 263/520] 10.222.0.62 () {60 vars in 1380 bytes} [Fri Feb 11 18:02:48 2022] GET /placement/allocations/232541a9-bc7c-4eb7-9415-0c3c103e2dc6 => generated 19 bytes in 20 msecs (HTTP/1.1 200) 8 headers in 295 bytes (1 switches on core 0)
Feb 11 18:02:48.199384 n-d-828372-7 devstack@placement-api.service[110729]: DEBUG placement.requestlog [req-3de7645b-de06-456e-90a5-f6335dcefa3a req-517d22f1-e577-484d-a88f-4e4405690bfc None None] Starting request: 10.222.0.62 "PUT /placement/allocations/232541a9-bc7c-4eb7-9415-0c3c103e2dc6" {{(pid=110729) __call__ /opt/stack/placement/placement/requestlog.py:55}}
Feb 11 18:02:48.399146 n-d-828372-7 devstack@placement-api.service[110729]: DEBUG placement.handlers.allocation [req-3de7645b-de06-456e-90a5-f6335dcefa3a req-517d22f1-e577-484d-a88f-4e4405690bfc service placement] Successfully wrote allocations [, , ] {{(pid=110729) _update_consumers_and_create_allocations /opt/stack/placement/placement/handlers/allocation.py:462}}
Feb 11 18:02:48.502843 n-d-828372-7 devstack@placement-api.service[110729]: INFO placement.requestlog [req-3de7645b-de06-456e-90a5-f6335dcefa3a req-517d22f1-e577-484d-a88f-4e4405690bfc service placement] 10.222.0.62 "PUT /placement/allocations/232541a9-bc7c-4eb7-9415-0c3c103e2dc6" status: 204 len: 0 microversion: 1.36
Feb 11 18:02:48.503361 n-d-828372-7 devstack@placement-api.service[110729]: [pid: 110729|app: 0|req: 258/521] 10.222.0.62 () {64 vars in 1433 bytes} [Fri Feb 11 18:02:48 2022] PUT /placement/allocations/232541a9-bc7c-4eb7-9415-0c3c103e2dc6 => generated 0 bytes in 304 msecs (HTTP/1.1 204) 5 headers in 199 bytes (1 switches on core 0)
Feb 11 18:02:50.642599 n-d-828372-7 devstack@placement-api.service[110730]: DEBUG placement.requestlog [req-3de7645b-de06-456e-90a5-f6335dcefa3a req-5e3970f4-586e-4aac-89f0-c75360c96f57 None None] Starting request: 10.222.0.77 "GET /placement/allocations/4436e01d-da7a-4a67-a613-4d46b5287f0f" {{(pid=110730) __call__ /opt/stack/placement/placement/requestlog.py:55}}
Feb 11 18:02:50.691270 n-d-828372-7 devstack@placement-api.service[110730]: INFO placement.requestlog [req-3de7645b-de06-456e-90a5-f6335dcefa3a req-5e3970f4-586e-4aac-89f0-c75360c96f57 service placement] 10.222.0.77 "GET /placement/allocations/4436e01d-da7a-4a67-a613-4d46b5287f0f" status: 200 len: 259 microversion: 1.28
Feb 11 18:02:50.692010 n-d-828372-7 devstack@placement-api.service[110730]: [pid: 110730|app: 0|req: 264/522] 10.222.0.77 () {60 vars in 1377 bytes} [Fri Feb 11 18:02:50 2022] GET /placement/allocations/4436e01d-da7a-4a67-a613-4d46b5287f0f => generated 259 bytes in 50 msecs (HTTP/1.1 200) 8 headers in 296 bytes (1 switches on core 0)
Feb 11 18:02:50.976719 n-d-828372-7 devstack@placement-api.service[110729]: DEBUG placement.requestlog [req-1e1e055a-f85b-4bcd-bddd-2b5ed5adf1dc req-0e4f4a6f-cd30-428b-a38e-ca2f3db87058 None None] Starting request: 10.222.0.62 "GET /placement/allocation_candidates?limit=1000&resources=DISK_GB%3A1%2CMEMORY_MB%3A1024%2CVCPU%3A1&root_required=%21COMPUTE_STATUS_DISABLED" {{(pid=110729) __call__ /opt/stack/placement/placement/requestlog.py:55}}
Feb 11 18:02:51.072543 n-d-828372-7 devstack@placement-api.service[110729]: DEBUG placement.objects.research_context [req-1e1e055a-f85b-4bcd-bddd-2b5ed5adf1dc req-0e4f4a6f-cd30-428b-a38e-ca2f3db87058 service placement] getting providers with 1 DISK_GB {{(pid=110729) __init__ /opt/stack/placement/placement/objects/research_context.py:126}}
Feb 11 18:02:51.089327 n-d-828372-7 devstack@placement-api.service[110729]: DEBUG placement.objects.research_context [req-1e1e055a-f85b-4bcd-bddd-2b5ed5adf1dc req-0e4f4a6f-cd30-428b-a38e-ca2f3db87058 service placement] getting providers with 1024 MEMORY_MB {{(pid=110729) __init__ /opt/stack/placement/placement/objects/research_context.py:126}}
Feb 11 18:02:51.109537 n-d-828372-7 devstack@placement-api.service[110729]: DEBUG placement.objects.research_context [req-1e1e055a-f85b-4bcd-bddd-2b5ed5adf1dc req-0e4f4a6f-cd30-428b-a38e-ca2f3db87058 service placement] getting providers with 1 VCPU {{(pid=110729) __init__ /opt/stack/placement/placement/objects/research_context.py:126}}
Feb 11 18:02:51.123766 n-d-828372-7 devstack@placement-api.service[110729]: DEBUG placement.objects.research_context [req-1e1e055a-f85b-4bcd-bddd-2b5ed5adf1dc req-0e4f4a6f-cd30-428b-a38e-ca2f3db87058 service placement] found 2 providers with available 1 DISK_GB {{(pid=110729) get_provider_ids_matching /opt/stack/placement/placement/objects/research_context.py:549}}
Feb 11 18:02:51.125556 n-d-828372-7 devstack@placement-api.service[110729]: DEBUG placement.objects.research_context [req-1e1e055a-f85b-4bcd-bddd-2b5ed5adf1dc req-0e4f4a6f-cd30-428b-a38e-ca2f3db87058 service placement] found 2 providers with available 1024 MEMORY_MB {{(pid=110729) get_provider_ids_matching /opt/stack/placement/placement/objects/research_context.py:549}}
Feb 11 18:02:51.126593 n-d-828372-7 devstack@placement-api.service[110729]: DEBUG placement.objects.research_context [req-1e1e055a-f85b-4bcd-bddd-2b5ed5adf1dc req-0e4f4a6f-cd30-428b-a38e-ca2f3db87058 service placement] found 2 providers after filtering by previous result {{(pid=110729) get_provider_ids_matching /opt/stack/placement/placement/objects/research_context.py:580}}
Feb 11 18:02:51.128080 n-d-828372-7 devstack@placement-api.service[110729]: DEBUG placement.objects.research_context [req-1e1e055a-f85b-4bcd-bddd-2b5ed5adf1dc req-0e4f4a6f-cd30-428b-a38e-ca2f3db87058 service placement] found 2 providers with available 1 VCPU {{(pid=110729) get_provider_ids_matching /opt/stack/placement/placement/objects/research_context.py:549}}
Feb 11 18:02:51.128576 n-d-828372-7 devstack@placement-api.service[110729]: DEBUG placement.objects.research_context [req-1e1e055a-f85b-4bcd-bddd-2b5ed5adf1dc req-0e4f4a6f-cd30-428b-a38e-ca2f3db87058 service placement] found 2 providers after filtering by previous result {{(pid=110729) get_provider_ids_matching /opt/stack/placement/placement/objects/research_context.py:580}}
Feb 11 18:02:51.162489 n-d-828372-7 devstack@placement-api.service[110729]: DEBUG placement.objects.allocation_candidate [req-1e1e055a-f85b-4bcd-bddd-2b5ed5adf1dc req-0e4f4a6f-cd30-428b-a38e-ca2f3db87058 service placement] RequestGroup(use_same_provider=False, resources={DISK_GB:1, MEMORY_MB:1024, VCPU:1}, traits=[], aggregates=[]) (suffix '') returned 2 matches {{(pid=110729) _get_by_requests /opt/stack/placement/placement/objects/allocation_candidate.py:145}}
Feb 11 18:02:51.163142 n-d-828372-7 devstack@placement-api.service[110729]: DEBUG placement.objects.allocation_candidate [req-1e1e055a-f85b-4bcd-bddd-2b5ed5adf1dc req-0e4f4a6f-cd30-428b-a38e-ca2f3db87058 service placement] Merging candidates yields 2 allocation requests and 2 provider summaries {{(pid=110729) _merge_candidates /opt/stack/placement/placement/objects/allocation_candidate.py:783}}
Feb 11 18:02:51.173617 n-d-828372-7 devstack@placement-api.service[110729]: INFO placement.requestlog [req-1e1e055a-f85b-4bcd-bddd-2b5ed5adf1dc req-0e4f4a6f-cd30-428b-a38e-ca2f3db87058 service placement] 10.222.0.62 "GET /placement/allocation_candidates?limit=1000&resources=DISK_GB%3A1%2CMEMORY_MB%3A1024%2CVCPU%3A1&root_required=%21COMPUTE_STATUS_DISABLED" status: 200 len: 1309 microversion: 1.36
Feb 11 18:02:51.184576 n-d-828372-7 devstack@placement-api.service[110729]: [pid: 110729|app: 0|req: 259/523] 10.222.0.62 () {60 vars in 1506 bytes} [Fri Feb 11 18:02:50 2022] GET /placement/allocation_candidates?limit=1000&resources=DISK_GB%3A1%2CMEMORY_MB%3A1024%2CVCPU%3A1&root_required=%21COMPUTE_STATUS_DISABLED => generated 1309 bytes in 204 msecs (HTTP/1.1 200) 8 headers in 297 bytes (1 switches on core 0)
Feb 11 18:02:51.205947 n-d-828372-7 devstack@placement-api.service[110730]: DEBUG placement.requestlog [req-3de7645b-de06-456e-90a5-f6335dcefa3a req-dfb2f9dc-c646-456f-b24a-993a547b10c8 None None] Starting request: 10.222.0.77 "GET /placement/allocations/822d63b2-7af6-446c-bbc0-25cf950df21e" {{(pid=110730) __call__ /opt/stack/placement/placement/requestlog.py:55}}
Feb 11 18:02:51.246126 n-d-828372-7 devstack@placement-api.service[110730]: INFO placement.requestlog [req-3de7645b-de06-456e-90a5-f6335dcefa3a req-dfb2f9dc-c646-456f-b24a-993a547b10c8 service placement] 10.222.0.77 "GET /placement/allocations/822d63b2-7af6-446c-bbc0-25cf950df21e" status: 200 len: 259 microversion: 1.28
Feb 11 18:02:51.246508 n-d-828372-7 devstack@placement-api.service[110730]: [pid: 110730|app: 0|req: 265/524] 10.222.0.77 () {60 vars in 1377 bytes} [Fri Feb 11 18:02:51 2022] GET /placement/allocations/822d63b2-7af6-446c-bbc0-25cf950df21e => generated 259 bytes in 41 msecs (HTTP/1.1 200) 8 headers in 296 bytes (1 switches on core 0)
Feb 11 18:02:51.314607 n-d-828372-7 devstack@placement-api.service[110729]: DEBUG placement.requestlog [req-1e1e055a-f85b-4bcd-bddd-2b5ed5adf1dc req-7cc5e68b-dd92-4ee8-97c9-3bd9ae5bee59 None None] Starting request: 10.222.0.62 "GET /placement/allocations/df3a405f-0f7d-45c9-96b0-0eb473f67b12" {{(pid=110729) __call__ /opt/stack/placement/placement/requestlog.py:55}}
Feb 11 18:02:51.330957 n-d-828372-7 devstack@placement-api.service[110729]: INFO placement.requestlog [req-1e1e055a-f85b-4bcd-bddd-2b5ed5adf1dc req-7cc5e68b-dd92-4ee8-97c9-3bd9ae5bee59 service placement] 10.222.0.62 "GET /placement/allocations/df3a405f-0f7d-45c9-96b0-0eb473f67b12" status: 200 len: 19 microversion: 1.28
Feb 11 18:02:51.339391 n-d-828372-7 devstack@placement-api.service[110729]: [pid: 110729|app: 0|req: 260/525] 10.222.0.62 () {60 vars in 1380 bytes} [Fri Feb 11 18:02:51 2022] GET /placement/allocations/df3a405f-0f7d-45c9-96b0-0eb473f67b12 => generated 19 bytes in 25 msecs (HTTP/1.1 200) 8 headers in 295 bytes (1 switches on core 0)
Feb 11 18:02:51.342470 n-d-828372-7 devstack@placement-api.service[110730]: DEBUG placement.requestlog [req-1e1e055a-f85b-4bcd-bddd-2b5ed5adf1dc req-b991bbdb-172d-4146-b712-233dfaa0cbf7 None None] Starting request: 10.222.0.62 "PUT /placement/allocations/df3a405f-0f7d-45c9-96b0-0eb473f67b12" {{(pid=110730) __call__ /opt/stack/placement/placement/requestlog.py:55}}
Feb 11 18:02:51.593869 n-d-828372-7 devstack@placement-api.service[110730]: DEBUG placement.handlers.allocation [req-1e1e055a-f85b-4bcd-bddd-2b5ed5adf1dc req-b991bbdb-172d-4146-b712-233dfaa0cbf7 service placement] Successfully wrote allocations [, , ] {{(pid=110730) _update_consumers_and_create_allocations /opt/stack/placement/placement/handlers/allocation.py:462}}
Feb 11 18:02:51.748420 n-d-828372-7 devstack@placement-api.service[110730]: INFO placement.requestlog [req-1e1e055a-f85b-4bcd-bddd-2b5ed5adf1dc req-b991bbdb-172d-4146-b712-233dfaa0cbf7 service placement] 10.222.0.62 "PUT /placement/allocations/df3a405f-0f7d-45c9-96b0-0eb473f67b12" status: 204 len: 0 microversion: 1.36
Feb 11 18:02:51.751285 n-d-828372-7 devstack@placement-api.service[110730]: [pid: 110730|app: 0|req: 266/526] 10.222.0.62 () {64 vars in 1433 bytes} [Fri Feb 11 18:02:51 2022] PUT /placement/allocations/df3a405f-0f7d-45c9-96b0-0eb473f67b12 => generated 0 bytes in 407 msecs (HTTP/1.1 204) 5 headers in 199 bytes (2 switches on core 0)
Feb 11 18:02:51.812089 n-d-828372-7 devstack@placement-api.service[110729]: DEBUG placement.requestlog [req-3de7645b-de06-456e-90a5-f6335dcefa3a req-7213dafe-a4fe-4101-98c4-05efd81f6a10 None None] Starting request: 10.222.0.77 "GET /placement/allocations/232541a9-bc7c-4eb7-9415-0c3c103e2dc6" {{(pid=110729) __call__ /opt/stack/placement/placement/requestlog.py:55}}
Feb 11 18:02:51.851682 n-d-828372-7 devstack@placement-api.service[110729]: INFO placement.requestlog [req-3de7645b-de06-456e-90a5-f6335dcefa3a req-7213dafe-a4fe-4101-98c4-05efd81f6a10 service placement] 10.222.0.77 "GET /placement/allocations/232541a9-bc7c-4eb7-9415-0c3c103e2dc6" status: 200 len: 259 microversion: 1.28
Feb 11 18:02:51.854095 n-d-828372-7 devstack@placement-api.service[110729]: [pid: 110729|app: 0|req: 261/527] 10.222.0.77 () {60 vars in 1377 bytes} [Fri Feb 11 18:02:51 2022] GET /placement/allocations/232541a9-bc7c-4eb7-9415-0c3c103e2dc6 => generated 259 bytes in 43 msecs (HTTP/1.1 200) 8 headers in 296 bytes (1 switches on core 0)
Feb 11 18:02:53.580554 n-d-828372-7 devstack@placement-api.service[110730]: DEBUG placement.requestlog [req-1e1e055a-f85b-4bcd-bddd-2b5ed5adf1dc req-a1a0cdd2-ea9b-43d2-89de-d247c051401b None None] Starting request: 10.222.0.77 "GET /placement/allocations/df3a405f-0f7d-45c9-96b0-0eb473f67b12" {{(pid=110730) __call__ /opt/stack/placement/placement/requestlog.py:55}}
Feb 11 18:02:53.625654 n-d-828372-7 devstack@placement-api.service[110730]: INFO placement.requestlog [req-1e1e055a-f85b-4bcd-bddd-2b5ed5adf1dc req-a1a0cdd2-ea9b-43d2-89de-d247c051401b service placement] 10.222.0.77 "GET /placement/allocations/df3a405f-0f7d-45c9-96b0-0eb473f67b12" status: 200 len: 259 microversion: 1.28
Feb 11 18:02:53.636208 n-d-828372-7 devstack@placement-api.service[110730]: [pid: 110730|app: 0|req: 267/528] 10.222.0.77 () {60 vars in 1377 bytes} [Fri Feb 11 18:02:53 2022] GET /placement/allocations/df3a405f-0f7d-45c9-96b0-0eb473f67b12 => generated 259 bytes in 50 msecs (HTTP/1.1 200) 8 headers in 296 bytes (1 switches on core 0)
