Feb 09 01:36:06.635987 n-d-828372-4 devstack@placement-api.service[103573]: INFO placement.requestlog [req-1b7677fe-512c-4974-946b-0dc06d02954e req-844b7269-6160-40ef-af9c-50c7637e4054 service placement] 10.222.0.43 "DELETE /placement/allocations/1a970f8d-9798-4252-a371-abc947c8ae1f" status: 204 len: 0 microversion: 1.0
Feb 09 01:36:06.636694 n-d-828372-4 devstack@placement-api.service[103573]: [pid: 103573|app: 0|req: 536/1073] 10.222.0.43 () {60 vars in 1355 bytes} [Wed Feb 9 01:36:06 2022] DELETE /placement/allocations/1a970f8d-9798-4252-a371-abc947c8ae1f => generated 0 bytes in 66 msecs (HTTP/1.1 204) 5 headers in 198 bytes (1 switches on core 0)
Feb 09 01:36:11.610888 n-d-828372-4 devstack@placement-api.service[103572]: DEBUG placement.requestlog [req-82116120-ba2c-4fc3-ba8b-0550f87fa525 req-be5816bf-c84d-4c96-89e8-eb07e2aca988 None None] Starting request: 10.222.0.95 "DELETE /placement/allocations/76957d34-4b93-45a4-9c29-8825d9db0b83" {{(pid=103572) __call__ /opt/stack/placement/placement/requestlog.py:55}}
Feb 09 01:36:11.692244 n-d-828372-4 devstack@placement-api.service[103572]: DEBUG placement.handlers.allocation [req-82116120-ba2c-4fc3-ba8b-0550f87fa525 req-be5816bf-c84d-4c96-89e8-eb07e2aca988 service placement] Successfully deleted allocations [, , ] {{(pid=103572) delete_allocations /opt/stack/placement/placement/handlers/allocation.py:627}}
Feb 09 01:36:11.692759 n-d-828372-4 devstack@placement-api.service[103572]: INFO placement.requestlog [req-82116120-ba2c-4fc3-ba8b-0550f87fa525 req-be5816bf-c84d-4c96-89e8-eb07e2aca988 service placement] 10.222.0.95 "DELETE /placement/allocations/76957d34-4b93-45a4-9c29-8825d9db0b83" status: 204 len: 0 microversion: 1.0
Feb 09 01:36:11.693795 n-d-828372-4 devstack@placement-api.service[103572]: [pid: 103572|app: 0|req: 538/1074] 10.222.0.95 () {60 vars in 1355 bytes} [Wed Feb 9 01:36:11 2022] DELETE /placement/allocations/76957d34-4b93-45a4-9c29-8825d9db0b83 => generated 0 bytes in 83 msecs (HTTP/1.1 204) 5 headers in 198 bytes (1 switches on core 0)
Feb 09 01:36:15.452471 n-d-828372-4 devstack@placement-api.service[103573]: DEBUG placement.requestlog [req-0f1a3908-44db-4e1d-8e6e-44b7dfa69d0c req-3fad6f23-6f20-42ab-98ec-323bc46acd5e None None] Starting request: 10.222.0.43 "GET /placement/resource_providers/cefc58b4-be83-4aba-bd61-b4c8d230cf33/allocations" {{(pid=103573) __call__ /opt/stack/placement/placement/requestlog.py:55}}
Feb 09 01:36:15.490145 n-d-828372-4 devstack@placement-api.service[103573]: INFO placement.requestlog [req-0f1a3908-44db-4e1d-8e6e-44b7dfa69d0c req-3fad6f23-6f20-42ab-98ec-323bc46acd5e service placement] 10.222.0.43 "GET /placement/resource_providers/cefc58b4-be83-4aba-bd61-b4c8d230cf33/allocations" status: 200 len: 154 microversion: 1.0
Feb 09 01:36:15.491123 n-d-828372-4 devstack@placement-api.service[103573]: [pid: 103573|app: 0|req: 537/1075] 10.222.0.43 () {58 vars in 1390 bytes} [Wed Feb 9 01:36:15 2022] GET /placement/resource_providers/cefc58b4-be83-4aba-bd61-b4c8d230cf33/allocations => generated 154 bytes in 39 msecs (HTTP/1.1 200) 6 headers in 224 bytes (1 switches on core 0)
Feb 09 01:37:01.002638 n-d-828372-4 devstack@placement-api.service[103572]: DEBUG placement.requestlog [req-f7902432-a6cc-472a-bb68-d7697c7f8fff req-607c80ad-8c68-4325-afd2-fdae79d213a6 None None] Starting request: 10.222.0.95 "GET /placement/resource_providers/ff30db27-eeb8-49e2-93a3-2953f21595ed/allocations" {{(pid=103572) __call__ /opt/stack/placement/placement/requestlog.py:55}}
Feb 09 01:37:01.029066 n-d-828372-4 devstack@placement-api.service[103572]: INFO placement.requestlog [req-f7902432-a6cc-472a-bb68-d7697c7f8fff req-607c80ad-8c68-4325-afd2-fdae79d213a6 service placement] 10.222.0.95 "GET /placement/resource_providers/ff30db27-eeb8-49e2-93a3-2953f21595ed/allocations" status: 200 len: 56 microversion: 1.0
Feb 09 01:37:01.030079 n-d-828372-4 devstack@placement-api.service[103572]: [pid: 103572|app: 0|req: 539/1076] 10.222.0.95 () {58 vars in 1390 bytes} [Wed Feb 9 01:37:01 2022] GET /placement/resource_providers/ff30db27-eeb8-49e2-93a3-2953f21595ed/allocations => generated 56 bytes in 29 msecs (HTTP/1.1 200) 6 headers in 223 bytes (1 switches on core 0)
Feb 09 01:37:11.982371 n-d-828372-4 devstack@placement-api.service[103573]: DEBUG placement.requestlog [None req-26c9ae2b-2676-4b81-9281-9f29b6580f22 None None] Starting request: 10.222.0.64 "GET /placement/" {{(pid=103573) __call__ /opt/stack/placement/placement/requestlog.py:55}}
Feb 09 01:37:11.983447 n-d-828372-4 devstack@placement-api.service[103573]: INFO placement.requestlog [None req-26c9ae2b-2676-4b81-9281-9f29b6580f22 None None] 10.222.0.64 "GET /placement/" status: 200 len: 136 microversion: 1.0
Feb 09 01:37:11.984014 n-d-828372-4 devstack@placement-api.service[103573]: [pid: 103573|app: 0|req: 538/1077] 10.222.0.64 () {54 vars in 916 bytes} [Wed Feb 9 01:37:11 2022] GET /placement => generated 136 bytes in 2 msecs (HTTP/1.1 200) 6 headers in 224 bytes (1 switches on core 0)
Feb 09 01:37:11.993502 n-d-828372-4 devstack@placement-api.service[103572]: DEBUG placement.requestlog [req-2e9ecf1a-8300-4b4e-a720-f84ac15a7f87 req-f81959b5-eb56-4325-a1ab-559e94c34f18 None None] Starting request: 10.222.0.64 "GET /placement/allocations/48fdc244-f5db-4096-bb1c-3baf40da6c85" {{(pid=103572) __call__ /opt/stack/placement/placement/requestlog.py:55}}
Feb 09 01:37:12.065940 n-d-828372-4 devstack@placement-api.service[103572]: INFO placement.requestlog [req-2e9ecf1a-8300-4b4e-a720-f84ac15a7f87 req-f81959b5-eb56-4325-a1ab-559e94c34f18 service placement] 10.222.0.64 "GET /placement/allocations/48fdc244-f5db-4096-bb1c-3baf40da6c85" status: 200 len: 259 microversion: 1.28
Feb 09 01:37:12.066599 n-d-828372-4 devstack@placement-api.service[103572]: [pid: 103572|app: 0|req: 540/1078] 10.222.0.64 () {60 vars in 1380 bytes} [Wed Feb 9 01:37:11 2022] GET /placement/allocations/48fdc244-f5db-4096-bb1c-3baf40da6c85 => generated 259 bytes in 73 msecs (HTTP/1.1 200) 8 headers in 296 bytes (1 switches on core 0)
Feb 09 01:37:12.075208 n-d-828372-4 devstack@placement-api.service[103573]: DEBUG placement.requestlog [req-2e9ecf1a-8300-4b4e-a720-f84ac15a7f87 req-de4442e3-30d0-4e43-9a7b-ea43fe2b5973 None None] Starting request: 10.222.0.64 "GET /placement/allocations/48fdc244-f5db-4096-bb1c-3baf40da6c85" {{(pid=103573) __call__ /opt/stack/placement/placement/requestlog.py:55}}
Feb 09 01:37:12.090158 n-d-828372-4 devstack@placement-api.service[103573]: INFO placement.requestlog [req-2e9ecf1a-8300-4b4e-a720-f84ac15a7f87 req-de4442e3-30d0-4e43-9a7b-ea43fe2b5973 service placement] 10.222.0.64 "GET /placement/allocations/48fdc244-f5db-4096-bb1c-3baf40da6c85" status: 200 len: 259 microversion: 1.28
Feb 09 01:37:12.090694 n-d-828372-4 devstack@placement-api.service[103573]: [pid: 103573|app: 0|req: 539/1079] 10.222.0.64 () {60 vars in 1380 bytes} [Wed Feb 9 01:37:12 2022] GET /placement/allocations/48fdc244-f5db-4096-bb1c-3baf40da6c85 => generated 259 bytes in 16 msecs (HTTP/1.1 200) 8 headers in 296 bytes (1 switches on core 0)
Feb 09 01:37:12.097366 n-d-828372-4 devstack@placement-api.service[103572]: DEBUG placement.requestlog [req-2e9ecf1a-8300-4b4e-a720-f84ac15a7f87 req-686cf360-0410-469e-b81a-e8d3735a2822 None None] Starting request: 10.222.0.64 "GET /placement/allocations/ceeac7f3-43d0-486b-a5ed-2f7bb678768e" {{(pid=103572) __call__ /opt/stack/placement/placement/requestlog.py:55}}
Feb 09 01:37:12.108501 n-d-828372-4 devstack@placement-api.service[103572]: INFO placement.requestlog [req-2e9ecf1a-8300-4b4e-a720-f84ac15a7f87 req-686cf360-0410-469e-b81a-e8d3735a2822 service placement] 10.222.0.64 "GET /placement/allocations/ceeac7f3-43d0-486b-a5ed-2f7bb678768e" status: 200 len: 19 microversion: 1.28
Feb 09 01:37:12.109043 n-d-828372-4 devstack@placement-api.service[103572]: [pid: 103572|app: 0|req: 541/1080] 10.222.0.64 () {60 vars in 1380 bytes} [Wed Feb 9 01:37:12 2022] GET /placement/allocations/ceeac7f3-43d0-486b-a5ed-2f7bb678768e => generated 19 bytes in 12 msecs (HTTP/1.1 200) 8 headers in 295 bytes (1 switches on core 0)
Feb 09 01:37:12.116075 n-d-828372-4 devstack@placement-api.service[103573]: DEBUG placement.requestlog [req-2e9ecf1a-8300-4b4e-a720-f84ac15a7f87 req-8b5763ee-6165-4352-95a3-5c4478275138 None None] Starting request: 10.222.0.64 "POST /placement/allocations" {{(pid=103573) __call__ /opt/stack/placement/placement/requestlog.py:55}}
Feb 09 01:37:12.188887 n-d-828372-4 devstack@placement-api.service[103573]: DEBUG placement.handlers.allocation [req-2e9ecf1a-8300-4b4e-a720-f84ac15a7f87 req-8b5763ee-6165-4352-95a3-5c4478275138 service placement] Successfully wrote allocations [, , , , , ] {{(pid=103573) _update_consumers_and_create_allocations /opt/stack/placement/placement/handlers/allocation.py:572}}
Feb 09 01:37:12.192303 n-d-828372-4 devstack@placement-api.service[103573]: INFO placement.requestlog [req-2e9ecf1a-8300-4b4e-a720-f84ac15a7f87 req-8b5763ee-6165-4352-95a3-5c4478275138 service placement] 10.222.0.64 "POST /placement/allocations" status: 204 len: 0 microversion: 1.28
Feb 09 01:37:12.193079 n-d-828372-4 devstack@placement-api.service[103573]: [pid: 103573|app: 0|req: 540/1081] 10.222.0.64 () {64 vars in 1323 bytes} [Wed Feb 9 01:37:12 2022] POST /placement/allocations => generated 0 bytes in 77 msecs (HTTP/1.1 204) 5 headers in 199 bytes (1 switches on core 0)
Feb 09 01:37:12.414493 n-d-828372-4 devstack@placement-api.service[103572]: DEBUG placement.requestlog [req-2e9ecf1a-8300-4b4e-a720-f84ac15a7f87 req-854cd9bf-92dc-4be3-b1c0-d6e7586a12f5 None None] Starting request: 10.222.0.64 "GET /placement/allocation_candidates?limit=1000&resources=DISK_GB%3A1%2CMEMORY_MB%3A1024%2CVCPU%3A1&root_required=%21COMPUTE_STATUS_DISABLED" {{(pid=103572) __call__ /opt/stack/placement/placement/requestlog.py:55}}
Feb 09 01:37:12.446801 n-d-828372-4 devstack@placement-api.service[103572]: DEBUG placement.objects.research_context [req-2e9ecf1a-8300-4b4e-a720-f84ac15a7f87 req-854cd9bf-92dc-4be3-b1c0-d6e7586a12f5 service placement] getting providers with 1 DISK_GB {{(pid=103572) __init__ /opt/stack/placement/placement/objects/research_context.py:126}}
Feb 09 01:37:12.452577 n-d-828372-4 devstack@placement-api.service[103572]: DEBUG placement.objects.research_context [req-2e9ecf1a-8300-4b4e-a720-f84ac15a7f87 req-854cd9bf-92dc-4be3-b1c0-d6e7586a12f5 service placement] getting providers with 1024 MEMORY_MB {{(pid=103572) __init__ /opt/stack/placement/placement/objects/research_context.py:126}}
Feb 09 01:37:12.458738 n-d-828372-4 devstack@placement-api.service[103572]: DEBUG placement.objects.research_context [req-2e9ecf1a-8300-4b4e-a720-f84ac15a7f87 req-854cd9bf-92dc-4be3-b1c0-d6e7586a12f5 service placement] getting providers with 1 VCPU {{(pid=103572) __init__ /opt/stack/placement/placement/objects/research_context.py:126}}
Feb 09 01:37:12.464069 n-d-828372-4 devstack@placement-api.service[103572]: DEBUG placement.objects.research_context [req-2e9ecf1a-8300-4b4e-a720-f84ac15a7f87 req-854cd9bf-92dc-4be3-b1c0-d6e7586a12f5 service placement] found 2 providers with available 1 DISK_GB {{(pid=103572) get_provider_ids_matching /opt/stack/placement/placement/objects/research_context.py:549}}
Feb 09 01:37:12.464341 n-d-828372-4 devstack@placement-api.service[103572]: DEBUG placement.objects.research_context [req-2e9ecf1a-8300-4b4e-a720-f84ac15a7f87 req-854cd9bf-92dc-4be3-b1c0-d6e7586a12f5 service placement] found 2 providers with available 1024 MEMORY_MB {{(pid=103572) get_provider_ids_matching /opt/stack/placement/placement/objects/research_context.py:549}}
Feb 09 01:37:12.464610 n-d-828372-4 devstack@placement-api.service[103572]: DEBUG placement.objects.research_context [req-2e9ecf1a-8300-4b4e-a720-f84ac15a7f87 req-854cd9bf-92dc-4be3-b1c0-d6e7586a12f5 service placement] found 2 providers after filtering by previous result {{(pid=103572) get_provider_ids_matching /opt/stack/placement/placement/objects/research_context.py:580}}
Feb 09 01:37:12.464866 n-d-828372-4 devstack@placement-api.service[103572]: DEBUG placement.objects.research_context [req-2e9ecf1a-8300-4b4e-a720-f84ac15a7f87 req-854cd9bf-92dc-4be3-b1c0-d6e7586a12f5 service placement] found 2 providers with available 1 VCPU {{(pid=103572) get_provider_ids_matching /opt/stack/placement/placement/objects/research_context.py:549}}
Feb 09 01:37:12.465127 n-d-828372-4 devstack@placement-api.service[103572]: DEBUG placement.objects.research_context [req-2e9ecf1a-8300-4b4e-a720-f84ac15a7f87 req-854cd9bf-92dc-4be3-b1c0-d6e7586a12f5 service placement] found 2 providers after filtering by previous result {{(pid=103572) get_provider_ids_matching /opt/stack/placement/placement/objects/research_context.py:580}}
Feb 09 01:37:12.475817 n-d-828372-4 devstack@placement-api.service[103572]: DEBUG placement.objects.allocation_candidate [req-2e9ecf1a-8300-4b4e-a720-f84ac15a7f87 req-854cd9bf-92dc-4be3-b1c0-d6e7586a12f5 service placement] RequestGroup(use_same_provider=False, resources={DISK_GB:1, MEMORY_MB:1024, VCPU:1}, traits=[], aggregates=[]) (suffix '') returned 2 matches {{(pid=103572) _get_by_requests /opt/stack/placement/placement/objects/allocation_candidate.py:145}}
Feb 09 01:37:12.476192 n-d-828372-4 devstack@placement-api.service[103572]: DEBUG placement.objects.allocation_candidate [req-2e9ecf1a-8300-4b4e-a720-f84ac15a7f87 req-854cd9bf-92dc-4be3-b1c0-d6e7586a12f5 service placement] Merging candidates yields 2 allocation requests and 2 provider summaries {{(pid=103572) _merge_candidates /opt/stack/placement/placement/objects/allocation_candidate.py:783}}
Feb 09 01:37:12.477764 n-d-828372-4 devstack@placement-api.service[103572]: INFO placement.requestlog [req-2e9ecf1a-8300-4b4e-a720-f84ac15a7f87 req-854cd9bf-92dc-4be3-b1c0-d6e7586a12f5 service placement] 10.222.0.64 "GET /placement/allocation_candidates?limit=1000&resources=DISK_GB%3A1%2CMEMORY_MB%3A1024%2CVCPU%3A1&root_required=%21COMPUTE_STATUS_DISABLED" status: 200 len: 1306 microversion: 1.36
Feb 09 01:37:12.478141 n-d-828372-4 devstack@placement-api.service[103572]: [pid: 103572|app: 0|req: 542/1082] 10.222.0.64 () {60 vars in 1506 bytes} [Wed Feb 9 01:37:12 2022] GET /placement/allocation_candidates?limit=1000&resources=DISK_GB%3A1%2CMEMORY_MB%3A1024%2CVCPU%3A1&root_required=%21COMPUTE_STATUS_DISABLED => generated 1306 bytes in 64 msecs (HTTP/1.1 200) 8 headers in 297 bytes (1 switches on core 0)
Feb 09 01:37:12.529652 n-d-828372-4 devstack@placement-api.service[103573]: DEBUG placement.requestlog [req-2e9ecf1a-8300-4b4e-a720-f84ac15a7f87 req-d332901e-1c6a-40c1-ad90-d7fdf35a11af None None] Starting request: 10.222.0.64 "GET /placement/allocations/48fdc244-f5db-4096-bb1c-3baf40da6c85" {{(pid=103573) __call__ /opt/stack/placement/placement/requestlog.py:55}}
Feb 09 01:37:12.541328 n-d-828372-4 devstack@placement-api.service[103573]: INFO placement.requestlog [req-2e9ecf1a-8300-4b4e-a720-f84ac15a7f87 req-d332901e-1c6a-40c1-ad90-d7fdf35a11af service placement] 10.222.0.64 "GET /placement/allocations/48fdc244-f5db-4096-bb1c-3baf40da6c85" status: 200 len: 19 microversion: 1.28
Feb 09 01:37:12.541904 n-d-828372-4 devstack@placement-api.service[103573]: [pid: 103573|app: 0|req: 541/1083] 10.222.0.64 () {60 vars in 1380 bytes} [Wed Feb 9 01:37:12 2022] GET /placement/allocations/48fdc244-f5db-4096-bb1c-3baf40da6c85 => generated 19 bytes in 12 msecs (HTTP/1.1 200) 8 headers in 295 bytes (1 switches on core 0)
Feb 09 01:37:12.547301 n-d-828372-4 devstack@placement-api.service[103572]: DEBUG placement.requestlog [req-2e9ecf1a-8300-4b4e-a720-f84ac15a7f87 req-72d36b1e-966a-468d-876a-107dff58d045 None None] Starting request: 10.222.0.64 "PUT /placement/allocations/48fdc244-f5db-4096-bb1c-3baf40da6c85" {{(pid=103572) __call__ /opt/stack/placement/placement/requestlog.py:55}}
Feb 09 01:37:12.597874 n-d-828372-4 devstack@placement-api.service[103572]: DEBUG placement.handlers.allocation [req-2e9ecf1a-8300-4b4e-a720-f84ac15a7f87 req-72d36b1e-966a-468d-876a-107dff58d045 service placement] Successfully wrote allocations [, , ] {{(pid=103572) _update_consumers_and_create_allocations /opt/stack/placement/placement/handlers/allocation.py:462}}
Feb 09 01:37:12.602029 n-d-828372-4 devstack@placement-api.service[103572]: INFO placement.requestlog [req-2e9ecf1a-8300-4b4e-a720-f84ac15a7f87 req-72d36b1e-966a-468d-876a-107dff58d045 service placement] 10.222.0.64 "PUT /placement/allocations/48fdc244-f5db-4096-bb1c-3baf40da6c85" status: 204 len: 0 microversion: 1.36
Feb 09 01:37:12.602422 n-d-828372-4 devstack@placement-api.service[103572]: [pid: 103572|app: 0|req: 543/1084] 10.222.0.64 () {64 vars in 1433 bytes} [Wed Feb 9 01:37:12 2022] PUT /placement/allocations/48fdc244-f5db-4096-bb1c-3baf40da6c85 => generated 0 bytes in 55 msecs (HTTP/1.1 204) 5 headers in 199 bytes (2 switches on core 0)
Feb 09 01:37:12.757762 n-d-828372-4 devstack@placement-api.service[103573]: DEBUG placement.requestlog [req-2e9ecf1a-8300-4b4e-a720-f84ac15a7f87 req-a1e60d9d-817e-4418-9a7a-c4ca363ce688 None None] Starting request: 10.222.0.95 "GET /placement/allocations/48fdc244-f5db-4096-bb1c-3baf40da6c85" {{(pid=103573) __call__ /opt/stack/placement/placement/requestlog.py:55}}
Feb 09 01:37:12.786960 n-d-828372-4 devstack@placement-api.service[103573]: INFO placement.requestlog [req-2e9ecf1a-8300-4b4e-a720-f84ac15a7f87 req-a1e60d9d-817e-4418-9a7a-c4ca363ce688 service placement] 10.222.0.95 "GET /placement/allocations/48fdc244-f5db-4096-bb1c-3baf40da6c85" status: 200 len: 260 microversion: 1.28
Feb 09 01:37:12.788139 n-d-828372-4 devstack@placement-api.service[103573]: [pid: 103573|app: 0|req: 542/1085] 10.222.0.95 () {60 vars in 1377 bytes} [Wed Feb 9 01:37:12 2022] GET /placement/allocations/48fdc244-f5db-4096-bb1c-3baf40da6c85 => generated 260 bytes in 31 msecs (HTTP/1.1 200) 8 headers in 296 bytes (1 switches on core 0)
Feb 09 01:37:16.398789 n-d-828372-4 devstack@placement-api.service[103572]: DEBUG placement.requestlog [req-7675b3d9-0268-4979-9b25-be3ead169d8c req-87244cd2-dc38-41f4-8a5d-57a663cfe90f None None] Starting request: 10.222.0.43 "GET /placement/resource_providers/cefc58b4-be83-4aba-bd61-b4c8d230cf33/allocations" {{(pid=103572) __call__ /opt/stack/placement/placement/requestlog.py:55}}
Feb 09 01:37:16.506841 n-d-828372-4 devstack@placement-api.service[103572]: INFO placement.requestlog [req-7675b3d9-0268-4979-9b25-be3ead169d8c req-87244cd2-dc38-41f4-8a5d-57a663cfe90f service placement] 10.222.0.43 "GET /placement/resource_providers/cefc58b4-be83-4aba-bd61-b4c8d230cf33/allocations" status: 200 len: 154 microversion: 1.0
Feb 09 01:37:16.507723 n-d-828372-4 devstack@placement-api.service[103572]: [pid: 103572|app: 0|req: 544/1086] 10.222.0.43 () {58 vars in 1390 bytes} [Wed Feb 9 01:37:16 2022] GET /placement/resource_providers/cefc58b4-be83-4aba-bd61-b4c8d230cf33/allocations => generated 154 bytes in 109 msecs (HTTP/1.1 200) 6 headers in 224 bytes (1 switches on core 0)
Feb 09 01:37:16.562286 n-d-828372-4 devstack@placement-api.service[103573]: DEBUG placement.requestlog [req-7675b3d9-0268-4979-9b25-be3ead169d8c req-544ad5b9-a5de-4589-b9e0-5c98b9c0f8b6 None None] Starting request: 10.222.0.43 "GET /placement/resource_providers?in_tree=cefc58b4-be83-4aba-bd61-b4c8d230cf33" {{(pid=103573) __call__ /opt/stack/placement/placement/requestlog.py:55}}
Feb 09 01:37:16.580022 n-d-828372-4 devstack@placement-api.service[103573]: INFO placement.requestlog [req-7675b3d9-0268-4979-9b25-be3ead169d8c req-544ad5b9-a5de-4589-b9e0-5c98b9c0f8b6 service placement] 10.222.0.43 "GET /placement/resource_providers?in_tree=cefc58b4-be83-4aba-bd61-b4c8d230cf33" status: 200 len: 863 microversion: 1.14
Feb 09 01:37:16.580540 n-d-828372-4 devstack@placement-api.service[103573]: [pid: 103573|app: 0|req: 543/1087] 10.222.0.43 () {60 vars in 1376 bytes} [Wed Feb 9 01:37:16 2022] GET /placement/resource_providers?in_tree=cefc58b4-be83-4aba-bd61-b4c8d230cf33 => generated 863 bytes in 19 msecs (HTTP/1.1 200) 6 headers in 225 bytes (2 switches on core 0)
Feb 09 01:37:16.610745 n-d-828372-4 devstack@placement-api.service[103572]: DEBUG placement.requestlog [req-7675b3d9-0268-4979-9b25-be3ead169d8c req-da61a026-f081-446a-8055-7a1c79dc1569 None None] Starting request: 10.222.0.43 "GET /placement/resource_providers/cefc58b4-be83-4aba-bd61-b4c8d230cf33/inventories" {{(pid=103572) __call__ /opt/stack/placement/placement/requestlog.py:55}}
Feb 09 01:37:16.634912 n-d-828372-4 devstack@placement-api.service[103572]: INFO placement.requestlog [req-7675b3d9-0268-4979-9b25-be3ead169d8c req-da61a026-f081-446a-8055-7a1c79dc1569 service placement] 10.222.0.43 "GET /placement/resource_providers/cefc58b4-be83-4aba-bd61-b4c8d230cf33/inventories" status: 200 len: 398 microversion: 1.0
Feb 09 01:37:16.635291 n-d-828372-4 devstack@placement-api.service[103572]: [pid: 103572|app: 0|req: 545/1088] 10.222.0.43 () {58 vars in 1390 bytes} [Wed Feb 9 01:37:16 2022] GET /placement/resource_providers/cefc58b4-be83-4aba-bd61-b4c8d230cf33/inventories => generated 398 bytes in 25 msecs (HTTP/1.1 200) 6 headers in 224 bytes (1 switches on core 0)
Feb 09 01:37:16.655241 n-d-828372-4 devstack@placement-api.service[103573]: DEBUG placement.requestlog [req-7675b3d9-0268-4979-9b25-be3ead169d8c req-13409291-4863-4a5e-9630-d31368441a2f None None] Starting request: 10.222.0.43 "GET /placement/resource_providers/cefc58b4-be83-4aba-bd61-b4c8d230cf33/aggregates" {{(pid=103573) __call__ /opt/stack/placement/placement/requestlog.py:55}}
Feb 09 01:37:16.668908 n-d-828372-4 devstack@placement-api.service[103573]: INFO placement.requestlog [req-7675b3d9-0268-4979-9b25-be3ead169d8c req-13409291-4863-4a5e-9630-d31368441a2f service placement] 10.222.0.43 "GET /placement/resource_providers/cefc58b4-be83-4aba-bd61-b4c8d230cf33/aggregates" status: 200 len: 54 microversion: 1.19
Feb 09 01:37:16.669449 n-d-828372-4 devstack@placement-api.service[103573]: [pid: 103573|app: 0|req: 544/1089] 10.222.0.43 () {60 vars in 1431 bytes} [Wed Feb 9 01:37:16 2022] GET /placement/resource_providers/cefc58b4-be83-4aba-bd61-b4c8d230cf33/aggregates => generated 54 bytes in 14 msecs (HTTP/1.1 200) 8 headers in 295 bytes (2 switches on core 0)
Feb 09 01:37:16.695292 n-d-828372-4 devstack@placement-api.service[103572]: DEBUG placement.requestlog [req-7675b3d9-0268-4979-9b25-be3ead169d8c req-4128a242-e409-4c8b-97fd-1889df43898b None None] Starting request: 10.222.0.43 "GET /placement/resource_providers/cefc58b4-be83-4aba-bd61-b4c8d230cf33/traits" {{(pid=103572) __call__ /opt/stack/placement/placement/requestlog.py:55}}
Feb 09 01:37:16.724176 n-d-828372-4 devstack@placement-api.service[103572]: INFO placement.requestlog [req-7675b3d9-0268-4979-9b25-be3ead169d8c req-4128a242-e409-4c8b-97fd-1889df43898b service placement] 10.222.0.43 "GET /placement/resource_providers/cefc58b4-be83-4aba-bd61-b4c8d230cf33/traits" status: 200 len: 212 microversion: 1.6
Feb 09 01:37:16.724648 n-d-828372-4 devstack@placement-api.service[103572]: [pid: 103572|app: 0|req: 546/1090] 10.222.0.43 () {60 vars in 1418 bytes} [Wed Feb 9 01:37:16 2022] GET /placement/resource_providers/cefc58b4-be83-4aba-bd61-b4c8d230cf33/traits => generated 212 bytes in 30 msecs (HTTP/1.1 200) 6 headers in 224 bytes (2 switches on core 0)
Feb 09 01:37:26.831073 n-d-828372-4 devstack@placement-api.service[103573]: DEBUG placement.requestlog [req-2e9ecf1a-8300-4b4e-a720-f84ac15a7f87 req-ab1418a0-a1cd-4123-b49c-258c393813b4 None None] Starting request: 10.222.0.43 "GET /placement/resource_providers/cefc58b4-be83-4aba-bd61-b4c8d230cf33/allocations" {{(pid=103573) __call__ /opt/stack/placement/placement/requestlog.py:55}}
Feb 09 01:37:26.855496 n-d-828372-4 devstack@placement-api.service[103573]: INFO placement.requestlog [req-2e9ecf1a-8300-4b4e-a720-f84ac15a7f87 req-ab1418a0-a1cd-4123-b49c-258c393813b4 service placement] 10.222.0.43 "GET /placement/resource_providers/cefc58b4-be83-4aba-bd61-b4c8d230cf33/allocations" status: 200 len: 154 microversion: 1.0
Feb 09 01:37:26.856039 n-d-828372-4 devstack@placement-api.service[103573]: [pid: 103573|app: 0|req: 545/1091] 10.222.0.43 () {58 vars in 1390 bytes} [Wed Feb 9 01:37:26 2022] GET /placement/resource_providers/cefc58b4-be83-4aba-bd61-b4c8d230cf33/allocations => generated 154 bytes in 25 msecs (HTTP/1.1 200) 6 headers in 224 bytes (1 switches on core 0)
Feb 09 01:37:27.235668 n-d-828372-4 devstack@placement-api.service[103572]: DEBUG placement.requestlog [req-2e9ecf1a-8300-4b4e-a720-f84ac15a7f87 req-dc15dd6e-4f5d-4eac-9c76-e796a513d4bc None None] Starting request: 10.222.0.43 "GET /placement/allocations/ceeac7f3-43d0-486b-a5ed-2f7bb678768e" {{(pid=103572) __call__ /opt/stack/placement/placement/requestlog.py:55}}
Feb 09 01:37:27.263717 n-d-828372-4 devstack@placement-api.service[103572]: INFO placement.requestlog [req-2e9ecf1a-8300-4b4e-a720-f84ac15a7f87 req-dc15dd6e-4f5d-4eac-9c76-e796a513d4bc service placement] 10.222.0.43 "GET /placement/allocations/ceeac7f3-43d0-486b-a5ed-2f7bb678768e" status: 200 len: 259 microversion: 1.28
Feb 09 01:37:27.264558 n-d-828372-4 devstack@placement-api.service[103572]: [pid: 103572|app: 0|req: 547/1092] 10.222.0.43 () {60 vars in 1377 bytes} [Wed Feb 9 01:37:27 2022] GET /placement/allocations/ceeac7f3-43d0-486b-a5ed-2f7bb678768e => generated 259 bytes in 29 msecs (HTTP/1.1 200) 8 headers in 296 bytes (1 switches on core 0)
Feb 09 01:37:27.272603 n-d-828372-4 devstack@placement-api.service[103573]: DEBUG placement.requestlog [req-2e9ecf1a-8300-4b4e-a720-f84ac15a7f87 req-f2695521-bf73-44ec-a473-8fa450974528 None None] Starting request: 10.222.0.43 "PUT /placement/allocations/ceeac7f3-43d0-486b-a5ed-2f7bb678768e" {{(pid=103573) __call__ /opt/stack/placement/placement/requestlog.py:55}}
Feb 09 01:37:27.330391 n-d-828372-4 devstack@placement-api.service[103573]: DEBUG placement.handlers.allocation [req-2e9ecf1a-8300-4b4e-a720-f84ac15a7f87 req-f2695521-bf73-44ec-a473-8fa450974528 service placement] Successfully wrote allocations [, , ] {{(pid=103573) _update_consumers_and_create_allocations /opt/stack/placement/placement/handlers/allocation.py:462}}
Feb 09 01:37:27.335046 n-d-828372-4 devstack@placement-api.service[103573]: INFO placement.requestlog [req-2e9ecf1a-8300-4b4e-a720-f84ac15a7f87 req-f2695521-bf73-44ec-a473-8fa450974528 service placement] 10.222.0.43 "PUT /placement/allocations/ceeac7f3-43d0-486b-a5ed-2f7bb678768e" status: 204 len: 0 microversion: 1.28
Feb 09 01:37:27.335864 n-d-828372-4 devstack@placement-api.service[103573]: [pid: 103573|app: 0|req: 546/1093] 10.222.0.43 () {64 vars in 1430 bytes} [Wed Feb 9 01:37:27 2022] PUT /placement/allocations/ceeac7f3-43d0-486b-a5ed-2f7bb678768e => generated 0 bytes in 63 msecs (HTTP/1.1 204) 5 headers in 199 bytes (1 switches on core 0)
Feb 09 01:37:32.913938 n-d-828372-4 devstack@placement-api.service[103572]: DEBUG placement.requestlog [req-012c53ec-8f73-4d2b-b5bd-8b7cec681698 req-ac889215-ce4b-4d79-9a1c-47c3f12cd61b None None] Starting request: 10.222.0.95 "DELETE /placement/allocations/48fdc244-f5db-4096-bb1c-3baf40da6c85" {{(pid=103572) __call__ /opt/stack/placement/placement/requestlog.py:55}}
Feb 09 01:37:32.967761 n-d-828372-4 devstack@placement-api.service[103572]: DEBUG placement.handlers.allocation [req-012c53ec-8f73-4d2b-b5bd-8b7cec681698 req-ac889215-ce4b-4d79-9a1c-47c3f12cd61b service placement] Successfully deleted allocations [, , ] {{(pid=103572) delete_allocations /opt/stack/placement/placement/handlers/allocation.py:627}}
Feb 09 01:37:32.968682 n-d-828372-4 devstack@placement-api.service[103572]: INFO placement.requestlog [req-012c53ec-8f73-4d2b-b5bd-8b7cec681698 req-ac889215-ce4b-4d79-9a1c-47c3f12cd61b service placement] 10.222.0.95 "DELETE /placement/allocations/48fdc244-f5db-4096-bb1c-3baf40da6c85" status: 204 len: 0 microversion: 1.0
Feb 09 01:37:32.969740 n-d-828372-4 devstack@placement-api.service[103572]: [pid: 103572|app: 0|req: 548/1094] 10.222.0.95 () {60 vars in 1355 bytes} [Wed Feb 9 01:37:32 2022] DELETE /placement/allocations/48fdc244-f5db-4096-bb1c-3baf40da6c85 => generated 0 bytes in 56 msecs (HTTP/1.1 204) 5 headers in 198 bytes (1 switches on core 0)
Feb 09 01:37:47.100594 n-d-828372-4 devstack@placement-api.service[103573]: DEBUG placement.requestlog [req-c4e4053e-b76e-46d3-9bd6-1a2a29d5d71d req-ed72d93c-394f-4327-8c09-1b9a833401d8 None None] Starting request: 10.222.0.64 "GET /placement/allocation_candidates?limit=1000&resources=DISK_GB%3A1%2CMEMORY_MB%3A1024%2CVCPU%3A1&root_required=%21COMPUTE_STATUS_DISABLED" {{(pid=103573) __call__ /opt/stack/placement/placement/requestlog.py:55}}
Feb 09 01:37:47.152487 n-d-828372-4 devstack@placement-api.service[103573]: DEBUG placement.objects.research_context [req-c4e4053e-b76e-46d3-9bd6-1a2a29d5d71d req-ed72d93c-394f-4327-8c09-1b9a833401d8 service placement] getting providers with 1 DISK_GB {{(pid=103573) __init__ /opt/stack/placement/placement/objects/research_context.py:126}}
Feb 09 01:37:47.159310 n-d-828372-4 devstack@placement-api.service[103573]: DEBUG placement.objects.research_context [req-c4e4053e-b76e-46d3-9bd6-1a2a29d5d71d req-ed72d93c-394f-4327-8c09-1b9a833401d8 service placement] getting providers with 1024 MEMORY_MB {{(pid=103573) __init__ /opt/stack/placement/placement/objects/research_context.py:126}}
Feb 09 01:37:47.166963 n-d-828372-4 devstack@placement-api.service[103573]: DEBUG placement.objects.research_context [req-c4e4053e-b76e-46d3-9bd6-1a2a29d5d71d req-ed72d93c-394f-4327-8c09-1b9a833401d8 service placement] getting providers with 1 VCPU {{(pid=103573) __init__ /opt/stack/placement/placement/objects/research_context.py:126}}
Feb 09 01:37:47.175817 n-d-828372-4 devstack@placement-api.service[103573]: DEBUG placement.objects.research_context [req-c4e4053e-b76e-46d3-9bd6-1a2a29d5d71d req-ed72d93c-394f-4327-8c09-1b9a833401d8 service placement] found 2 providers with available 1 DISK_GB {{(pid=103573) get_provider_ids_matching /opt/stack/placement/placement/objects/research_context.py:549}}
Feb 09 01:37:47.176256 n-d-828372-4 devstack@placement-api.service[103573]: DEBUG placement.objects.research_context [req-c4e4053e-b76e-46d3-9bd6-1a2a29d5d71d req-ed72d93c-394f-4327-8c09-1b9a833401d8 service placement] found 2 providers with available 1024 MEMORY_MB {{(pid=103573) get_provider_ids_matching /opt/stack/placement/placement/objects/research_context.py:549}}
Feb 09 01:37:47.177120 n-d-828372-4 devstack@placement-api.service[103573]: DEBUG placement.objects.research_context [req-c4e4053e-b76e-46d3-9bd6-1a2a29d5d71d req-ed72d93c-394f-4327-8c09-1b9a833401d8 service placement] found 2 providers after filtering by previous result {{(pid=103573) get_provider_ids_matching /opt/stack/placement/placement/objects/research_context.py:580}}
Feb 09 01:37:47.177576 n-d-828372-4 devstack@placement-api.service[103573]: DEBUG placement.objects.research_context [req-c4e4053e-b76e-46d3-9bd6-1a2a29d5d71d req-ed72d93c-394f-4327-8c09-1b9a833401d8 service placement] found 2 providers with available 1 VCPU {{(pid=103573) get_provider_ids_matching /opt/stack/placement/placement/objects/research_context.py:549}}
Feb 09 01:37:47.178007 n-d-828372-4 devstack@placement-api.service[103573]: DEBUG placement.objects.research_context [req-c4e4053e-b76e-46d3-9bd6-1a2a29d5d71d req-ed72d93c-394f-4327-8c09-1b9a833401d8 service placement] found 2 providers after filtering by previous result {{(pid=103573) get_provider_ids_matching /opt/stack/placement/placement/objects/research_context.py:580}}
Feb 09 01:37:47.191779 n-d-828372-4 devstack@placement-api.service[103573]: DEBUG placement.objects.allocation_candidate [req-c4e4053e-b76e-46d3-9bd6-1a2a29d5d71d req-ed72d93c-394f-4327-8c09-1b9a833401d8 service placement] RequestGroup(use_same_provider=False, resources={DISK_GB:1, MEMORY_MB:1024, VCPU:1}, traits=[], aggregates=[]) (suffix '') returned 2 matches {{(pid=103573) _get_by_requests /opt/stack/placement/placement/objects/allocation_candidate.py:145}}
Feb 09 01:37:47.192355 n-d-828372-4 devstack@placement-api.service[103573]: DEBUG placement.objects.allocation_candidate [req-c4e4053e-b76e-46d3-9bd6-1a2a29d5d71d req-ed72d93c-394f-4327-8c09-1b9a833401d8 service placement] Merging candidates yields 2 allocation requests and 2 provider summaries {{(pid=103573) _merge_candidates /opt/stack/placement/placement/objects/allocation_candidate.py:783}}
Feb 09 01:37:47.194333 n-d-828372-4 devstack@placement-api.service[103573]: INFO placement.requestlog [req-c4e4053e-b76e-46d3-9bd6-1a2a29d5d71d req-ed72d93c-394f-4327-8c09-1b9a833401d8 service placement] 10.222.0.64 "GET /placement/allocation_candidates?limit=1000&resources=DISK_GB%3A1%2CMEMORY_MB%3A1024%2CVCPU%3A1&root_required=%21COMPUTE_STATUS_DISABLED" status: 200 len: 1303 microversion: 1.36
Feb 09 01:37:47.195261 n-d-828372-4 devstack@placement-api.service[103573]: [pid: 103573|app: 0|req: 547/1095] 10.222.0.64 () {60 vars in 1506 bytes} [Wed Feb 9 01:37:47 2022] GET /placement/allocation_candidates?limit=1000&resources=DISK_GB%3A1%2CMEMORY_MB%3A1024%2CVCPU%3A1&root_required=%21COMPUTE_STATUS_DISABLED => generated 1303 bytes in 95 msecs (HTTP/1.1 200) 8 headers in 297 bytes (2 switches on core 0)
Feb 09 01:37:47.261453 n-d-828372-4 devstack@placement-api.service[103572]: DEBUG placement.requestlog [req-c4e4053e-b76e-46d3-9bd6-1a2a29d5d71d req-79a7b3f8-4fb0-43f1-b422-747751dbe564 None None] Starting request: 10.222.0.64 "GET /placement/allocations/56962e2d-db65-4479-b2db-8cb9b2aaea74" {{(pid=103572) __call__ /opt/stack/placement/placement/requestlog.py:55}}
Feb 09 01:37:47.274266 n-d-828372-4 devstack@placement-api.service[103572]: INFO placement.requestlog [req-c4e4053e-b76e-46d3-9bd6-1a2a29d5d71d req-79a7b3f8-4fb0-43f1-b422-747751dbe564 service placement] 10.222.0.64 "GET /placement/allocations/56962e2d-db65-4479-b2db-8cb9b2aaea74" status: 200 len: 19 microversion: 1.28
Feb 09 01:37:47.279194 n-d-828372-4 devstack@placement-api.service[103572]: [pid: 103572|app: 0|req: 549/1096] 10.222.0.64 () {60 vars in 1380 bytes} [Wed Feb 9 01:37:47 2022] GET /placement/allocations/56962e2d-db65-4479-b2db-8cb9b2aaea74 => generated 19 bytes in 18 msecs (HTTP/1.1 200) 8 headers in 295 bytes (1 switches on core 0)
Feb 09 01:37:47.282894 n-d-828372-4 devstack@placement-api.service[103573]: DEBUG placement.requestlog [req-c4e4053e-b76e-46d3-9bd6-1a2a29d5d71d req-b9320b8c-d0d9-43aa-b543-03f0bc539148 None None] Starting request: 10.222.0.64 "PUT /placement/allocations/56962e2d-db65-4479-b2db-8cb9b2aaea74" {{(pid=103573) __call__ /opt/stack/placement/placement/requestlog.py:55}}
Feb 09 01:37:47.368788 n-d-828372-4 devstack@placement-api.service[103573]: DEBUG placement.handlers.allocation [req-c4e4053e-b76e-46d3-9bd6-1a2a29d5d71d req-b9320b8c-d0d9-43aa-b543-03f0bc539148 service placement] Successfully wrote allocations [, , ] {{(pid=103573) _update_consumers_and_create_allocations /opt/stack/placement/placement/handlers/allocation.py:462}}
Feb 09 01:37:47.375104 n-d-828372-4 devstack@placement-api.service[103573]: INFO placement.requestlog [req-c4e4053e-b76e-46d3-9bd6-1a2a29d5d71d req-b9320b8c-d0d9-43aa-b543-03f0bc539148 service placement] 10.222.0.64 "PUT /placement/allocations/56962e2d-db65-4479-b2db-8cb9b2aaea74" status: 204 len: 0 microversion: 1.36
Feb 09 01:37:47.376136 n-d-828372-4 devstack@placement-api.service[103573]: [pid: 103573|app: 0|req: 548/1097] 10.222.0.64 () {64 vars in 1433 bytes} [Wed Feb 9 01:37:47 2022] PUT /placement/allocations/56962e2d-db65-4479-b2db-8cb9b2aaea74 => generated 0 bytes in 94 msecs (HTTP/1.1 204) 5 headers in 199 bytes (1 switches on core 0)
Feb 09 01:37:47.909331 n-d-828372-4 devstack@placement-api.service[103572]: DEBUG placement.requestlog [req-c4e4053e-b76e-46d3-9bd6-1a2a29d5d71d req-146891d1-dbdf-4ddb-9887-3b7d4bc2d6d9 None None] Starting request: 10.222.0.43 "GET /placement/allocations/56962e2d-db65-4479-b2db-8cb9b2aaea74" {{(pid=103572) __call__ /opt/stack/placement/placement/requestlog.py:55}}
Feb 09 01:37:47.928103 n-d-828372-4 devstack@placement-api.service[103572]: INFO placement.requestlog [req-c4e4053e-b76e-46d3-9bd6-1a2a29d5d71d req-146891d1-dbdf-4ddb-9887-3b7d4bc2d6d9 service placement] 10.222.0.43 "GET /placement/allocations/56962e2d-db65-4479-b2db-8cb9b2aaea74" status: 200 len: 259 microversion: 1.28
Feb 09 01:37:47.929076 n-d-828372-4 devstack@placement-api.service[103572]: [pid: 103572|app: 0|req: 550/1098] 10.222.0.43 () {60 vars in 1377 bytes} [Wed Feb 9 01:37:47 2022] GET /placement/allocations/56962e2d-db65-4479-b2db-8cb9b2aaea74 => generated 259 bytes in 21 msecs (HTTP/1.1 200) 8 headers in 296 bytes (1 switches on core 0)
Feb 09 01:38:02.988737 n-d-828372-4 devstack@placement-api.service[103573]: DEBUG placement.requestlog [req-825125e5-8943-43ff-ac51-a647b303158c req-fe80274f-fd4f-4253-9ca7-994606119ffa None None] Starting request: 10.222.0.95 "GET /placement/resource_providers/ff30db27-eeb8-49e2-93a3-2953f21595ed/allocations" {{(pid=103573) __call__ /opt/stack/placement/placement/requestlog.py:55}}
Feb 09 01:38:03.016107 n-d-828372-4 devstack@placement-api.service[103573]: INFO placement.requestlog [req-825125e5-8943-43ff-ac51-a647b303158c req-fe80274f-fd4f-4253-9ca7-994606119ffa service placement] 10.222.0.95 "GET /placement/resource_providers/ff30db27-eeb8-49e2-93a3-2953f21595ed/allocations" status: 200 len: 56 microversion: 1.0
Feb 09 01:38:03.018046 n-d-828372-4 devstack@placement-api.service[103573]: [pid: 103573|app: 0|req: 549/1099] 10.222.0.95 () {58 vars in 1390 bytes} [Wed Feb 9 01:38:02 2022] GET /placement/resource_providers/ff30db27-eeb8-49e2-93a3-2953f21595ed/allocations => generated 56 bytes in 29 msecs (HTTP/1.1 200) 6 headers in 223 bytes (1 switches on core 0)
Feb 09 01:38:17.348390 n-d-828372-4 devstack@placement-api.service[103572]: DEBUG placement.requestlog [req-0d08ab4c-e9ab-49fd-9edb-3a325a936de5 req-478b1cde-9643-45b4-a4e6-2e3e3e54ab71 None None] Starting request: 10.222.0.43 "GET /placement/resource_providers/cefc58b4-be83-4aba-bd61-b4c8d230cf33/allocations" {{(pid=103572) __call__ /opt/stack/placement/placement/requestlog.py:55}}
Feb 09 01:38:17.372416 n-d-828372-4 devstack@placement-api.service[103572]: INFO placement.requestlog [req-0d08ab4c-e9ab-49fd-9edb-3a325a936de5 req-478b1cde-9643-45b4-a4e6-2e3e3e54ab71 service placement] 10.222.0.43 "GET /placement/resource_providers/cefc58b4-be83-4aba-bd61-b4c8d230cf33/allocations" status: 200 len: 154 microversion: 1.0
Feb 09 01:38:17.372797 n-d-828372-4 devstack@placement-api.service[103572]: [pid: 103572|app: 0|req: 551/1100] 10.222.0.43 () {58 vars in 1390 bytes} [Wed Feb 9 01:38:17 2022] GET /placement/resource_providers/cefc58b4-be83-4aba-bd61-b4c8d230cf33/allocations => generated 154 bytes in 25 msecs (HTTP/1.1 200) 6 headers in 224 bytes (1 switches on core 0)
Feb 09 01:39:02.975279 n-d-828372-4 devstack@placement-api.service[103573]: DEBUG placement.requestlog [req-e175b0ee-1817-4481-95e2-e0ecb34d0f3d req-1367c030-8da4-40da-902e-3f6fca60f8d0 None None] Starting request: 10.222.0.95 "GET /placement/resource_providers/ff30db27-eeb8-49e2-93a3-2953f21595ed/allocations" {{(pid=103573) __call__ /opt/stack/placement/placement/requestlog.py:55}}
Feb 09 01:39:03.003215 n-d-828372-4 devstack@placement-api.service[103573]: INFO placement.requestlog [req-e175b0ee-1817-4481-95e2-e0ecb34d0f3d req-1367c030-8da4-40da-902e-3f6fca60f8d0 service placement] 10.222.0.95 "GET /placement/resource_providers/ff30db27-eeb8-49e2-93a3-2953f21595ed/allocations" status: 200 len: 56 microversion: 1.0
Feb 09 01:39:03.006514 n-d-828372-4 devstack@placement-api.service[103573]: [pid: 103573|app: 0|req: 550/1101] 10.222.0.95 () {58 vars in 1390 bytes} [Wed Feb 9 01:39:02 2022] GET /placement/resource_providers/ff30db27-eeb8-49e2-93a3-2953f21595ed/allocations => generated 56 bytes in 30 msecs (HTTP/1.1 200) 6 headers in 223 bytes (1 switches on core 0)
Feb 09 01:39:06.358785 n-d-828372-4 devstack@placement-api.service[103572]: DEBUG placement.requestlog [req-d1c834dc-8ba8-4d50-9913-d27b5fdb40b2 req-cfee5d2d-44c5-4596-a629-77d7cc7c7ba7 None None] Starting request: 10.222.0.43 "GET /placement/allocations/56962e2d-db65-4479-b2db-8cb9b2aaea74" {{(pid=103572) __call__ /opt/stack/placement/placement/requestlog.py:55}}
Feb 09 01:39:06.385213 n-d-828372-4 devstack@placement-api.service[103572]: INFO placement.requestlog [req-d1c834dc-8ba8-4d50-9913-d27b5fdb40b2 req-cfee5d2d-44c5-4596-a629-77d7cc7c7ba7 service placement] 10.222.0.43 "GET /placement/allocations/56962e2d-db65-4479-b2db-8cb9b2aaea74" status: 200 len: 259 microversion: 1.28
Feb 09 01:39:06.385628 n-d-828372-4 devstack@placement-api.service[103572]: [pid: 103572|app: 0|req: 552/1102] 10.222.0.43 () {60 vars in 1377 bytes} [Wed Feb 9 01:39:06 2022] GET /placement/allocations/56962e2d-db65-4479-b2db-8cb9b2aaea74 => generated 259 bytes in 27 msecs (HTTP/1.1 200) 8 headers in 296 bytes (1 switches on core 0)
Feb 09 01:39:19.501176 n-d-828372-4 devstack@placement-api.service[103573]: DEBUG placement.requestlog [req-6dcb0604-cd73-4b86-965f-37bbf08375df req-def57f22-8486-4a34-ba2b-ceefe836f159 None None] Starting request: 10.222.0.43 "GET /placement/resource_providers/cefc58b4-be83-4aba-bd61-b4c8d230cf33/allocations" {{(pid=103573) __call__ /opt/stack/placement/placement/requestlog.py:55}}
Feb 09 01:39:19.525693 n-d-828372-4 devstack@placement-api.service[103573]: INFO placement.requestlog [req-6dcb0604-cd73-4b86-965f-37bbf08375df req-def57f22-8486-4a34-ba2b-ceefe836f159 service placement] 10.222.0.43 "GET /placement/resource_providers/cefc58b4-be83-4aba-bd61-b4c8d230cf33/allocations" status: 200 len: 154 microversion: 1.0
Feb 09 01:39:19.526090 n-d-828372-4 devstack@placement-api.service[103573]: [pid: 103573|app: 0|req: 551/1103] 10.222.0.43 () {58 vars in 1390 bytes} [Wed Feb 9 01:39:19 2022] GET /placement/resource_providers/cefc58b4-be83-4aba-bd61-b4c8d230cf33/allocations => generated 154 bytes in 25 msecs (HTTP/1.1 200) 6 headers in 224 bytes (1 switches on core 0)
Feb 09 01:39:51.535376 n-d-828372-4 devstack@placement-api.service[103572]: DEBUG placement.requestlog [req-04e8779f-af16-4226-bd07-9e7c428938b4 req-51436916-deea-43e1-8b48-a91dd7ee91c0 None None] Starting request: 10.222.0.64 "GET /placement/resource_providers?name=n-h1-828372-4" {{(pid=103572) __call__ /opt/stack/placement/placement/requestlog.py:55}}
Feb 09 01:39:51.692189 n-d-828372-4 devstack@placement-api.service[103572]: INFO placement.requestlog [req-04e8779f-af16-4226-bd07-9e7c428938b4 req-51436916-deea-43e1-8b48-a91dd7ee91c0 service placement] 10.222.0.64 "GET /placement/resource_providers?name=n-h1-828372-4" status: 200 len: 442 microversion: 1.0
Feb 09 01:39:51.692757 n-d-828372-4 devstack@placement-api.service[103572]: [pid: 103572|app: 0|req: 553/1104] 10.222.0.64 () {58 vars in 1274 bytes} [Wed Feb 9 01:39:51 2022] GET /placement/resource_providers?name=n-h1-828372-4 => generated 442 bytes in 158 msecs (HTTP/1.1 200) 6 headers in 224 bytes (1 switches on core 0)
Feb 09 01:39:51.700390 n-d-828372-4 devstack@placement-api.service[103573]: DEBUG placement.requestlog [req-04e8779f-af16-4226-bd07-9e7c428938b4 req-b32d8d8a-0e3b-4951-93d1-c200648192bd None None] Starting request: 10.222.0.64 "GET /placement/resource_providers/ff30db27-eeb8-49e2-93a3-2953f21595ed/aggregates" {{(pid=103573) __call__ /opt/stack/placement/placement/requestlog.py:55}}
Feb 09 01:39:51.724345 n-d-828372-4 devstack@placement-api.service[103573]: INFO placement.requestlog [req-04e8779f-af16-4226-bd07-9e7c428938b4 req-b32d8d8a-0e3b-4951-93d1-c200648192bd service placement] 10.222.0.64 "GET /placement/resource_providers/ff30db27-eeb8-49e2-93a3-2953f21595ed/aggregates" status: 200 len: 55 microversion: 1.19
Feb 09 01:39:51.732715 n-d-828372-4 devstack@placement-api.service[103572]: DEBUG placement.requestlog [req-04e8779f-af16-4226-bd07-9e7c428938b4 req-9c20ee78-ee12-4c9b-beb6-ef0ec5bb787a None None] Starting request: 10.222.0.64 "PUT /placement/resource_providers/ff30db27-eeb8-49e2-93a3-2953f21595ed/aggregates" {{(pid=103572) __call__ /opt/stack/placement/placement/requestlog.py:55}}
Feb 09 01:39:51.732904 n-d-828372-4 devstack@placement-api.service[103573]: [pid: 103573|app: 0|req: 552/1105] 10.222.0.64 () {60 vars in 1425 bytes} [Wed Feb 9 01:39:51 2022] GET /placement/resource_providers/ff30db27-eeb8-49e2-93a3-2953f21595ed/aggregates => generated 55 bytes in 33 msecs (HTTP/1.1 200) 8 headers in 295 bytes (1 switches on core 0)
Feb 09 01:39:51.753757 n-d-828372-4 devstack@placement-api.service[103572]: DEBUG placement.objects.resource_provider [req-04e8779f-af16-4226-bd07-9e7c428938b4 req-9c20ee78-ee12-4c9b-beb6-ef0ec5bb787a service placement] _ensure_aggregate() did not find aggregate 6cc676e7-dbf0-43c6-a8a1-cc9075e37eb5. Attempting to create it. {{(pid=103572) _ensure_aggregate /opt/stack/placement/placement/objects/resource_provider.py:320}}
Feb 09 01:39:51.755061 n-d-828372-4 devstack@placement-api.service[103572]: DEBUG placement.objects.resource_provider [req-04e8779f-af16-4226-bd07-9e7c428938b4 req-9c20ee78-ee12-4c9b-beb6-ef0ec5bb787a service placement] _ensure_aggregate() created new aggregate 6cc676e7-dbf0-43c6-a8a1-cc9075e37eb5 (id=8). {{(pid=103572) _ensure_aggregate /opt/stack/placement/placement/objects/resource_provider.py:326}}
Feb 09 01:39:51.756251 n-d-828372-4 devstack@placement-api.service[103572]: DEBUG placement.objects.resource_provider [req-04e8779f-af16-4226-bd07-9e7c428938b4 req-9c20ee78-ee12-4c9b-beb6-ef0ec5bb787a service placement] Setting aggregates for provider ff30db27-eeb8-49e2-93a3-2953f21595ed. Successfully associated aggregate 6cc676e7-dbf0-43c6-a8a1-cc9075e37eb5. {{(pid=103572) _set_aggregates /opt/stack/placement/placement/objects/resource_provider.py:388}}
Feb 09 01:39:51.762819 n-d-828372-4 devstack@placement-api.service[103572]: INFO placement.requestlog [req-04e8779f-af16-4226-bd07-9e7c428938b4 req-9c20ee78-ee12-4c9b-beb6-ef0ec5bb787a service placement] 10.222.0.64 "PUT /placement/resource_providers/ff30db27-eeb8-49e2-93a3-2953f21595ed/aggregates" status: 200 len: 93 microversion: 1.19
Feb 09 01:39:51.764142 n-d-828372-4 devstack@placement-api.service[103572]: [pid: 103572|app: 0|req: 554/1106] 10.222.0.64 () {64 vars in 1477 bytes} [Wed Feb 9 01:39:51 2022] PUT /placement/resource_providers/ff30db27-eeb8-49e2-93a3-2953f21595ed/aggregates => generated 93 bytes in 31 msecs (HTTP/1.1 200) 8 headers in 295 bytes (2 switches on core 0)
Feb 09 01:39:52.214328 n-d-828372-4 devstack@placement-api.service[103573]: DEBUG placement.requestlog [req-b34d4d28-8798-4008-90f7-97601f37a117 req-e85200a5-e719-4ca8-a044-4f02f6c2b918 None None] Starting request: 10.222.0.64 "GET /placement/resource_providers?name=n-h1-828372-4" {{(pid=103573) __call__ /opt/stack/placement/placement/requestlog.py:55}}
Feb 09 01:39:52.309298 n-d-828372-4 devstack@placement-api.service[103573]: INFO placement.requestlog [req-b34d4d28-8798-4008-90f7-97601f37a117 req-e85200a5-e719-4ca8-a044-4f02f6c2b918 service placement] 10.222.0.64 "GET /placement/resource_providers?name=n-h1-828372-4" status: 200 len: 442 microversion: 1.0
Feb 09 01:39:52.310220 n-d-828372-4 devstack@placement-api.service[103573]: [pid: 103573|app: 0|req: 553/1107] 10.222.0.64 () {58 vars in 1274 bytes} [Wed Feb 9 01:39:52 2022] GET /placement/resource_providers?name=n-h1-828372-4 => generated 442 bytes in 96 msecs (HTTP/1.1 200) 6 headers in 224 bytes (1 switches on core 0)
Feb 09 01:39:52.316740 n-d-828372-4 devstack@placement-api.service[103572]: DEBUG placement.requestlog [req-b34d4d28-8798-4008-90f7-97601f37a117 req-5fce9daf-f68a-4fc2-bded-121931c64092 None None] Starting request: 10.222.0.64 "GET /placement/resource_providers/ff30db27-eeb8-49e2-93a3-2953f21595ed/aggregates" {{(pid=103572) __call__ /opt/stack/placement/placement/requestlog.py:55}}
Feb 09 01:39:52.332595 n-d-828372-4 devstack@placement-api.service[103572]: INFO placement.requestlog [req-b34d4d28-8798-4008-90f7-97601f37a117 req-5fce9daf-f68a-4fc2-bded-121931c64092 service placement] 10.222.0.64 "GET /placement/resource_providers/ff30db27-eeb8-49e2-93a3-2953f21595ed/aggregates" status: 200 len: 93 microversion: 1.19
Feb 09 01:39:52.333311 n-d-828372-4 devstack@placement-api.service[103572]: [pid: 103572|app: 0|req: 555/1108] 10.222.0.64 () {60 vars in 1425 bytes} [Wed Feb 9 01:39:52 2022] GET /placement/resource_providers/ff30db27-eeb8-49e2-93a3-2953f21595ed/aggregates => generated 93 bytes in 17 msecs (HTTP/1.1 200) 8 headers in 295 bytes (1 switches on core 0)
Feb 09 01:39:52.340283 n-d-828372-4 devstack@placement-api.service[103573]: DEBUG placement.requestlog [req-b34d4d28-8798-4008-90f7-97601f37a117 req-3ac98954-a7de-4ae7-9a9c-194e5727bf47 None None] Starting request: 10.222.0.64 "PUT /placement/resource_providers/ff30db27-eeb8-49e2-93a3-2953f21595ed/aggregates" {{(pid=103573) __call__ /opt/stack/placement/placement/requestlog.py:55}}
Feb 09 01:39:52.357804 n-d-828372-4 devstack@placement-api.service[103573]: DEBUG placement.objects.resource_provider [req-b34d4d28-8798-4008-90f7-97601f37a117 req-3ac98954-a7de-4ae7-9a9c-194e5727bf47 service placement] Setting aggregates for provider ff30db27-eeb8-49e2-93a3-2953f21595ed. Successfully disassociated aggregate 6cc676e7-dbf0-43c6-a8a1-cc9075e37eb5. {{(pid=103573) _set_aggregates /opt/stack/placement/placement/objects/resource_provider.py:403}}
Feb 09 01:39:52.363861 n-d-828372-4 devstack@placement-api.service[103573]: INFO placement.requestlog [req-b34d4d28-8798-4008-90f7-97601f37a117 req-3ac98954-a7de-4ae7-9a9c-194e5727bf47 service placement] 10.222.0.64 "PUT /placement/resource_providers/ff30db27-eeb8-49e2-93a3-2953f21595ed/aggregates" status: 200 len: 55 microversion: 1.19
Feb 09 01:39:52.364534 n-d-828372-4 devstack@placement-api.service[103573]: [pid: 103573|app: 0|req: 554/1109] 10.222.0.64 () {64 vars in 1477 bytes} [Wed Feb 9 01:39:52 2022] PUT /placement/resource_providers/ff30db27-eeb8-49e2-93a3-2953f21595ed/aggregates => generated 55 bytes in 25 msecs (HTTP/1.1 200) 8 headers in 295 bytes (2 switches on core 0)
