Feb 15 16:35:12.753190 n-d-828372-14 devstack@n-api.service[124909]: [pid: 124909|app: 0|req: 55/122] 10.222.0.107 () {58 vars in 1249 bytes} [Tue Feb 15 16:35:12 2022] DELETE /compute/v2.1/os-quota-sets/dbfbde10c7e94cb3a755d2d510aef620 => generated 0 bytes in 124 msecs (HTTP/1.1 202) 9 headers in 361 bytes (1 switches on core 0)
Feb 15 16:35:12.760731 n-d-828372-14 devstack@n-api.service[124909]: DEBUG nova.api.openstack.wsgi [None req-74a5ac29-5bab-4c4f-a1f0-2a8189c40ac9 tempest-QuotasAdminTestJSON-1609269162 tempest-QuotasAdminTestJSON-1609269162-project-admin] Calling method '.version_select at 0x7f659c383790>' {{(pid=124909) _process_stack /opt/stack/nova/nova/api/openstack/wsgi.py:513}}
Feb 15 16:35:12.799411 n-d-828372-14 devstack@n-api.service[124908]: DEBUG nova.policy [None req-62a816ac-59ff-4fcb-83f1-81476fb7885c tempest-AggregatesAdminTestJSON-1592010455 tempest-AggregatesAdminTestJSON-1592010455-project] Policy check for os_compute_api:os-extended-server-attributes failed with credentials {'is_admin': False, 'user_id': '00f4c3eb236544faab44ced18cda998c', 'user_domain_id': 'default', 'system_scope': None, 'domain_id': None, 'project_id': 'a4e817801bf341918d3e1380047cd746', 'project_domain_id': 'default', 'roles': ['reader', 'member'], 'is_admin_project': True, 'service_user_id': None, 'service_user_domain_id': None, 'service_project_id': None, 'service_project_domain_id': None, 'service_roles': []} {{(pid=124908) authorize /opt/stack/nova/nova/policy.py:199}}
Feb 15 16:35:12.807679 n-d-828372-14 devstack@n-api.service[124908]: INFO nova.api.openstack.requestlog [None req-62a816ac-59ff-4fcb-83f1-81476fb7885c tempest-AggregatesAdminTestJSON-1592010455 tempest-AggregatesAdminTestJSON-1592010455-project] 10.222.0.107 "GET /compute/v2.1/servers/67f757c4-fd6a-444f-a7f1-271453f93ca2" status: 200 len: 1342 microversion: 2.1 time: 0.325181
Feb 15 16:35:12.809978 n-d-828372-14 devstack@n-api.service[124908]: [pid: 124908|app: 0|req: 68/123] 10.222.0.107 () {58 vars in 1240 bytes} [Tue Feb 15 16:35:12 2022] GET /compute/v2.1/servers/67f757c4-fd6a-444f-a7f1-271453f93ca2 => generated 1342 bytes in 328 msecs (HTTP/1.1 200) 9 headers in 358 bytes (2 switches on core 0)
Feb 15 16:35:13.014687 n-d-828372-14 devstack@n-api.service[124909]: INFO nova.api.openstack.requestlog [None req-74a5ac29-5bab-4c4f-a1f0-2a8189c40ac9 tempest-QuotasAdminTestJSON-1609269162 tempest-QuotasAdminTestJSON-1609269162-project-admin] 10.222.0.107 "GET /compute/v2.1/os-quota-sets/dbfbde10c7e94cb3a755d2d510aef620" status: 200 len: 371 microversion: 2.1 time: 0.257371
Feb 15 16:35:13.014687 n-d-828372-14 devstack@n-api.service[124909]: [pid: 124909|app: 0|req: 56/124] 10.222.0.107 () {58 vars in 1246 bytes} [Tue Feb 15 16:35:12 2022] GET /compute/v2.1/os-quota-sets/dbfbde10c7e94cb3a755d2d510aef620 => generated 371 bytes in 259 msecs (HTTP/1.1 200) 9 headers in 357 bytes (1 switches on core 0)
Feb 15 16:35:13.263106 n-d-828372-14 devstack@n-api.service[124908]: DEBUG nova.api.openstack.wsgi [None req-2edf2e69-b69a-479c-bffb-170e48943b93 tempest-DeleteServersAdminTestJSON-1329582385 tempest-DeleteServersAdminTestJSON-1329582385-project] Calling method '>' {{(pid=124908) _process_stack /opt/stack/nova/nova/api/openstack/wsgi.py:513}}
Feb 15 16:35:13.263709 n-d-828372-14 devstack@n-api.service[124908]: DEBUG nova.compute.api [None req-2edf2e69-b69a-479c-bffb-170e48943b93 tempest-DeleteServersAdminTestJSON-1329582385 tempest-DeleteServersAdminTestJSON-1329582385-project] [instance: 8a1ee676-8c75-47a4-91d0-1a264014b01a] Fetching instance by UUID {{(pid=124908) get /opt/stack/nova/nova/compute/api.py:2885}}
Feb 15 16:35:13.270098 n-d-828372-14 devstack@n-api.service[124908]: DEBUG oslo_concurrency.lockutils [None req-2edf2e69-b69a-479c-bffb-170e48943b93 tempest-DeleteServersAdminTestJSON-1329582385 tempest-DeleteServersAdminTestJSON-1329582385-project] Lock "a60b1a1f-795b-4887-913d-71a99d42a5fe" acquired by "nova.context.set_target_cell..get_or_set_cached_cell_and_set_connections" :: waited 0.000s {{(pid=124908) inner /usr/local/lib/python3.8/dist-packages/oslo_concurrency/lockutils.py:386}}
Feb 15 16:35:13.270545 n-d-828372-14 devstack@n-api.service[124908]: DEBUG oslo_concurrency.lockutils [None req-2edf2e69-b69a-479c-bffb-170e48943b93 tempest-DeleteServersAdminTestJSON-1329582385 tempest-DeleteServersAdminTestJSON-1329582385-project] Lock "a60b1a1f-795b-4887-913d-71a99d42a5fe" "released" by "nova.context.set_target_cell..get_or_set_cached_cell_and_set_connections" :: held 0.001s {{(pid=124908) inner /usr/local/lib/python3.8/dist-packages/oslo_concurrency/lockutils.py:400}}
Feb 15 16:35:13.271414 n-d-828372-14 devstack@n-api.service[124908]: DEBUG oslo_concurrency.lockutils [None req-2edf2e69-b69a-479c-bffb-170e48943b93 tempest-DeleteServersAdminTestJSON-1329582385 tempest-DeleteServersAdminTestJSON-1329582385-project] Lock "a60b1a1f-795b-4887-913d-71a99d42a5fe" acquired by "nova.context.set_target_cell..get_or_set_cached_cell_and_set_connections" :: waited 0.000s {{(pid=124908) inner /usr/local/lib/python3.8/dist-packages/oslo_concurrency/lockutils.py:386}}
Feb 15 16:35:13.271874 n-d-828372-14 devstack@n-api.service[124908]: DEBUG oslo_concurrency.lockutils [None req-2edf2e69-b69a-479c-bffb-170e48943b93 tempest-DeleteServersAdminTestJSON-1329582385 tempest-DeleteServersAdminTestJSON-1329582385-project] Lock "a60b1a1f-795b-4887-913d-71a99d42a5fe" "released" by "nova.context.set_target_cell..get_or_set_cached_cell_and_set_connections" :: held 0.000s {{(pid=124908) inner /usr/local/lib/python3.8/dist-packages/oslo_concurrency/lockutils.py:400}}
Feb 15 16:35:13.521154 n-d-828372-14 devstack@n-api.service[124909]: DEBUG nova.api.openstack.wsgi [None req-de14c6c1-25c5-4e8e-bcb4-96d742c85217 tempest-QuotasAdminTestJSON-1609269162 tempest-QuotasAdminTestJSON-1609269162-project-admin] Calling method '.version_select at 0x7f659c36e820>' {{(pid=124909) _process_stack /opt/stack/nova/nova/api/openstack/wsgi.py:513}}
Feb 15 16:35:13.835360 n-d-828372-14 devstack@n-api.service[124908]: DEBUG nova.policy [None req-2edf2e69-b69a-479c-bffb-170e48943b93 tempest-DeleteServersAdminTestJSON-1329582385 tempest-DeleteServersAdminTestJSON-1329582385-project] Policy check for os_compute_api:os-extended-server-attributes failed with credentials {'is_admin': False, 'user_id': '2c70513b693c49e383efe8e9d4356ba4', 'user_domain_id': 'default', 'system_scope': None, 'domain_id': None, 'project_id': 'ed222577d18d4754b6c74b7b1b59a0c1', 'project_domain_id': 'default', 'roles': ['reader', 'member'], 'is_admin_project': True, 'service_user_id': None, 'service_user_domain_id': None, 'service_project_id': None, 'service_project_domain_id': None, 'service_roles': []} {{(pid=124908) authorize /opt/stack/nova/nova/policy.py:199}}
Feb 15 16:35:13.845496 n-d-828372-14 devstack@n-api.service[124908]: INFO nova.api.openstack.requestlog [None req-2edf2e69-b69a-479c-bffb-170e48943b93 tempest-DeleteServersAdminTestJSON-1329582385 tempest-DeleteServersAdminTestJSON-1329582385-project] 10.222.0.107 "GET /compute/v2.1/servers/8a1ee676-8c75-47a4-91d0-1a264014b01a" status: 200 len: 1345 microversion: 2.1 time: 0.585873
Feb 15 16:35:13.846238 n-d-828372-14 devstack@n-api.service[124908]: [pid: 124908|app: 0|req: 69/125] 10.222.0.107 () {58 vars in 1240 bytes} [Tue Feb 15 16:35:13 2022] GET /compute/v2.1/servers/8a1ee676-8c75-47a4-91d0-1a264014b01a => generated 1345 bytes in 587 msecs (HTTP/1.1 200) 9 headers in 358 bytes (1 switches on core 0)
Feb 15 16:35:13.851384 n-d-828372-14 devstack@n-api.service[124908]: DEBUG nova.api.openstack.wsgi [None req-454d3b02-acdd-4925-8369-1f60eb250405 tempest-AggregatesAdminTestJSON-1592010455 tempest-AggregatesAdminTestJSON-1592010455-project] Calling method '>' {{(pid=124908) _process_stack /opt/stack/nova/nova/api/openstack/wsgi.py:513}}
Feb 15 16:35:13.854260 n-d-828372-14 devstack@n-api.service[124908]: DEBUG nova.compute.api [None req-454d3b02-acdd-4925-8369-1f60eb250405 tempest-AggregatesAdminTestJSON-1592010455 tempest-AggregatesAdminTestJSON-1592010455-project] [instance: 67f757c4-fd6a-444f-a7f1-271453f93ca2] Fetching instance by UUID {{(pid=124908) get /opt/stack/nova/nova/compute/api.py:2885}}
Feb 15 16:35:13.860240 n-d-828372-14 devstack@n-api.service[124908]: DEBUG oslo_concurrency.lockutils [None req-454d3b02-acdd-4925-8369-1f60eb250405 tempest-AggregatesAdminTestJSON-1592010455 tempest-AggregatesAdminTestJSON-1592010455-project] Lock "a60b1a1f-795b-4887-913d-71a99d42a5fe" acquired by "nova.context.set_target_cell..get_or_set_cached_cell_and_set_connections" :: waited 0.000s {{(pid=124908) inner /usr/local/lib/python3.8/dist-packages/oslo_concurrency/lockutils.py:386}}
Feb 15 16:35:13.861087 n-d-828372-14 devstack@n-api.service[124908]: DEBUG oslo_concurrency.lockutils [None req-454d3b02-acdd-4925-8369-1f60eb250405 tempest-AggregatesAdminTestJSON-1592010455 tempest-AggregatesAdminTestJSON-1592010455-project] Lock "a60b1a1f-795b-4887-913d-71a99d42a5fe" "released" by "nova.context.set_target_cell..get_or_set_cached_cell_and_set_connections" :: held 0.001s {{(pid=124908) inner /usr/local/lib/python3.8/dist-packages/oslo_concurrency/lockutils.py:400}}
Feb 15 16:35:13.862532 n-d-828372-14 devstack@n-api.service[124908]: DEBUG oslo_concurrency.lockutils [None req-454d3b02-acdd-4925-8369-1f60eb250405 tempest-AggregatesAdminTestJSON-1592010455 tempest-AggregatesAdminTestJSON-1592010455-project] Lock "a60b1a1f-795b-4887-913d-71a99d42a5fe" acquired by "nova.context.set_target_cell..get_or_set_cached_cell_and_set_connections" :: waited 0.000s {{(pid=124908) inner /usr/local/lib/python3.8/dist-packages/oslo_concurrency/lockutils.py:386}}
Feb 15 16:35:13.863603 n-d-828372-14 devstack@n-api.service[124908]: DEBUG oslo_concurrency.lockutils [None req-454d3b02-acdd-4925-8369-1f60eb250405 tempest-AggregatesAdminTestJSON-1592010455 tempest-AggregatesAdminTestJSON-1592010455-project] Lock "a60b1a1f-795b-4887-913d-71a99d42a5fe" "released" by "nova.context.set_target_cell..get_or_set_cached_cell_and_set_connections" :: held 0.001s {{(pid=124908) inner /usr/local/lib/python3.8/dist-packages/oslo_concurrency/lockutils.py:400}}
Feb 15 16:35:13.884758 n-d-828372-14 devstack@n-api.service[124909]: INFO nova.api.openstack.requestlog [None req-de14c6c1-25c5-4e8e-bcb4-96d742c85217 tempest-QuotasAdminTestJSON-1609269162 tempest-QuotasAdminTestJSON-1609269162-project-admin] 10.222.0.107 "GET /compute/v2.1/os-quota-sets/cf934639f07242259a9165665c130eeb/defaults" status: 200 len: 371 microversion: 2.1 time: 0.368113
Feb 15 16:35:13.889409 n-d-828372-14 devstack@n-api.service[124909]: [pid: 124909|app: 0|req: 57/126] 10.222.0.107 () {58 vars in 1273 bytes} [Tue Feb 15 16:35:13 2022] GET /compute/v2.1/os-quota-sets/cf934639f07242259a9165665c130eeb/defaults => generated 371 bytes in 370 msecs (HTTP/1.1 200) 9 headers in 357 bytes (1 switches on core 0)
Feb 15 16:35:14.043143 n-d-828372-14 devstack@n-api.service[124908]: DEBUG nova.policy [None req-454d3b02-acdd-4925-8369-1f60eb250405 tempest-AggregatesAdminTestJSON-1592010455 tempest-AggregatesAdminTestJSON-1592010455-project] Policy check for os_compute_api:os-extended-server-attributes failed with credentials {'is_admin': False, 'user_id': '00f4c3eb236544faab44ced18cda998c', 'user_domain_id': 'default', 'system_scope': None, 'domain_id': None, 'project_id': 'a4e817801bf341918d3e1380047cd746', 'project_domain_id': 'default', 'roles': ['reader', 'member'], 'is_admin_project': True, 'service_user_id': None, 'service_user_domain_id': None, 'service_project_id': None, 'service_project_domain_id': None, 'service_roles': []} {{(pid=124908) authorize /opt/stack/nova/nova/policy.py:199}}
Feb 15 16:35:14.051414 n-d-828372-14 devstack@n-api.service[124908]: INFO nova.api.openstack.requestlog [None req-454d3b02-acdd-4925-8369-1f60eb250405 tempest-AggregatesAdminTestJSON-1592010455 tempest-AggregatesAdminTestJSON-1592010455-project] 10.222.0.107 "GET /compute/v2.1/servers/67f757c4-fd6a-444f-a7f1-271453f93ca2" status: 200 len: 1342 microversion: 2.1 time: 0.203960
Feb 15 16:35:14.065675 n-d-828372-14 devstack@n-api.service[124908]: [pid: 124908|app: 0|req: 70/127] 10.222.0.107 () {58 vars in 1240 bytes} [Tue Feb 15 16:35:13 2022] GET /compute/v2.1/servers/67f757c4-fd6a-444f-a7f1-271453f93ca2 => generated 1342 bytes in 218 msecs (HTTP/1.1 200) 9 headers in 358 bytes (1 switches on core 0)
Feb 15 16:35:14.389488 n-d-828372-14 devstack@n-api.service[124909]: DEBUG nova.api.openstack.wsgi [None req-485a9efa-8f3b-492e-8463-bb10ba6efb7c tempest-QuotasAdminTestJSON-1609269162 tempest-QuotasAdminTestJSON-1609269162-project-admin] Action: 'update', calling method: .version_select at 0x7f659c36e940>, body: {"quota_set": {"ram": "5120"}} {{(pid=124909) _process_stack /opt/stack/nova/nova/api/openstack/wsgi.py:511}}
Feb 15 16:35:14.537998 n-d-828372-14 devstack@n-api.service[124909]: DEBUG oslo_concurrency.lockutils [None req-485a9efa-8f3b-492e-8463-bb10ba6efb7c tempest-QuotasAdminTestJSON-1609269162 tempest-QuotasAdminTestJSON-1609269162-project-admin] Lock "00000000-0000-0000-0000-000000000000" acquired by "nova.context.set_target_cell..get_or_set_cached_cell_and_set_connections" :: waited 0.000s {{(pid=124909) inner /usr/local/lib/python3.8/dist-packages/oslo_concurrency/lockutils.py:386}}
Feb 15 16:35:14.538477 n-d-828372-14 devstack@n-api.service[124909]: DEBUG oslo_concurrency.lockutils [None req-485a9efa-8f3b-492e-8463-bb10ba6efb7c tempest-QuotasAdminTestJSON-1609269162 tempest-QuotasAdminTestJSON-1609269162-project-admin] Lock "00000000-0000-0000-0000-000000000000" "released" by "nova.context.set_target_cell..get_or_set_cached_cell_and_set_connections" :: held 0.001s {{(pid=124909) inner /usr/local/lib/python3.8/dist-packages/oslo_concurrency/lockutils.py:400}}
Feb 15 16:35:14.539290 n-d-828372-14 devstack@n-api.service[124909]: DEBUG oslo_concurrency.lockutils [None req-485a9efa-8f3b-492e-8463-bb10ba6efb7c tempest-QuotasAdminTestJSON-1609269162 tempest-QuotasAdminTestJSON-1609269162-project-admin] Lock "a60b1a1f-795b-4887-913d-71a99d42a5fe" acquired by "nova.context.set_target_cell..get_or_set_cached_cell_and_set_connections" :: waited 0.000s {{(pid=124909) inner /usr/local/lib/python3.8/dist-packages/oslo_concurrency/lockutils.py:386}}
Feb 15 16:35:14.539726 n-d-828372-14 devstack@n-api.service[124909]: DEBUG oslo_concurrency.lockutils [None req-485a9efa-8f3b-492e-8463-bb10ba6efb7c tempest-QuotasAdminTestJSON-1609269162 tempest-QuotasAdminTestJSON-1609269162-project-admin] Lock "a60b1a1f-795b-4887-913d-71a99d42a5fe" "released" by "nova.context.set_target_cell..get_or_set_cached_cell_and_set_connections" :: held 0.000s {{(pid=124909) inner /usr/local/lib/python3.8/dist-packages/oslo_concurrency/lockutils.py:400}}
Feb 15 16:35:14.652705 n-d-828372-14 devstack@n-api.service[124909]: INFO nova.api.openstack.requestlog [None req-485a9efa-8f3b-492e-8463-bb10ba6efb7c tempest-QuotasAdminTestJSON-1609269162 tempest-QuotasAdminTestJSON-1609269162-project-admin] 10.222.0.107 "PUT /compute/v2.1/os-quota-sets/6415f1f0636c425d8809f176bc950869" status: 200 len: 328 microversion: 2.1 time: 0.268748
Feb 15 16:35:14.658906 n-d-828372-14 devstack@n-api.service[124909]: [pid: 124909|app: 0|req: 58/128] 10.222.0.107 () {60 vars in 1266 bytes} [Tue Feb 15 16:35:14 2022] PUT /compute/v2.1/os-quota-sets/6415f1f0636c425d8809f176bc950869 => generated 328 bytes in 271 msecs (HTTP/1.1 200) 9 headers in 357 bytes (1 switches on core 0)
Feb 15 16:35:14.665006 n-d-828372-14 devstack@n-api.service[124908]: DEBUG nova.api.openstack.wsgi [None req-7f3a560e-8ffd-4eb1-85c0-5a1029cc4f99 tempest-QuotasAdminTestJSON-1609269162 tempest-QuotasAdminTestJSON-1609269162-project-admin] Calling method '.version_select at 0x7f659c2ee670>' {{(pid=124908) _process_stack /opt/stack/nova/nova/api/openstack/wsgi.py:513}}
Feb 15 16:35:15.099307 n-d-828372-14 devstack@n-api.service[124908]: DEBUG oslo_concurrency.lockutils [None req-7f3a560e-8ffd-4eb1-85c0-5a1029cc4f99 tempest-QuotasAdminTestJSON-1609269162 tempest-QuotasAdminTestJSON-1609269162-project-admin] Lock "00000000-0000-0000-0000-000000000000" acquired by "nova.context.set_target_cell..get_or_set_cached_cell_and_set_connections" :: waited 0.000s {{(pid=124908) inner /usr/local/lib/python3.8/dist-packages/oslo_concurrency/lockutils.py:386}}
Feb 15 16:35:15.099968 n-d-828372-14 devstack@n-api.service[124908]: DEBUG oslo_concurrency.lockutils [None req-7f3a560e-8ffd-4eb1-85c0-5a1029cc4f99 tempest-QuotasAdminTestJSON-1609269162 tempest-QuotasAdminTestJSON-1609269162-project-admin] Lock "00000000-0000-0000-0000-000000000000" "released" by "nova.context.set_target_cell..get_or_set_cached_cell_and_set_connections" :: held 0.001s {{(pid=124908) inner /usr/local/lib/python3.8/dist-packages/oslo_concurrency/lockutils.py:400}}
Feb 15 16:35:15.101535 n-d-828372-14 devstack@n-api.service[124908]: DEBUG oslo_concurrency.lockutils [None req-7f3a560e-8ffd-4eb1-85c0-5a1029cc4f99 tempest-QuotasAdminTestJSON-1609269162 tempest-QuotasAdminTestJSON-1609269162-project-admin] Lock "a60b1a1f-795b-4887-913d-71a99d42a5fe" acquired by "nova.context.set_target_cell..get_or_set_cached_cell_and_set_connections" :: waited 0.000s {{(pid=124908) inner /usr/local/lib/python3.8/dist-packages/oslo_concurrency/lockutils.py:386}}
Feb 15 16:35:15.102120 n-d-828372-14 devstack@n-api.service[124908]: DEBUG oslo_concurrency.lockutils [None req-7f3a560e-8ffd-4eb1-85c0-5a1029cc4f99 tempest-QuotasAdminTestJSON-1609269162 tempest-QuotasAdminTestJSON-1609269162-project-admin] Lock "a60b1a1f-795b-4887-913d-71a99d42a5fe" "released" by "nova.context.set_target_cell..get_or_set_cached_cell_and_set_connections" :: held 0.001s {{(pid=124908) inner /usr/local/lib/python3.8/dist-packages/oslo_concurrency/lockutils.py:400}}
Feb 15 16:35:15.128952 n-d-828372-14 devstack@n-api.service[124908]: INFO nova.api.openstack.requestlog [None req-7f3a560e-8ffd-4eb1-85c0-5a1029cc4f99 tempest-QuotasAdminTestJSON-1609269162 tempest-QuotasAdminTestJSON-1609269162-project-admin] 10.222.0.107 "GET /compute/v2.1/os-quota-sets/6415f1f0636c425d8809f176bc950869/detail" status: 200 len: 916 microversion: 2.1 time: 0.468570
Feb 15 16:35:15.138071 n-d-828372-14 devstack@n-api.service[124908]: [pid: 124908|app: 0|req: 71/129] 10.222.0.107 () {58 vars in 1267 bytes} [Tue Feb 15 16:35:14 2022] GET /compute/v2.1/os-quota-sets/6415f1f0636c425d8809f176bc950869/detail => generated 916 bytes in 478 msecs (HTTP/1.1 200) 9 headers in 357 bytes (2 switches on core 0)
Feb 15 16:35:15.142926 n-d-828372-14 devstack@n-api.service[124908]: DEBUG nova.api.openstack.wsgi [None req-cec56163-faa5-4d1e-8e1f-dd3cd89c99b3 tempest-DeleteServersAdminTestJSON-1329582385 tempest-DeleteServersAdminTestJSON-1329582385-project] Calling method '>' {{(pid=124908) _process_stack /opt/stack/nova/nova/api/openstack/wsgi.py:513}}
Feb 15 16:35:15.143519 n-d-828372-14 devstack@n-api.service[124908]: DEBUG nova.compute.api [None req-cec56163-faa5-4d1e-8e1f-dd3cd89c99b3 tempest-DeleteServersAdminTestJSON-1329582385 tempest-DeleteServersAdminTestJSON-1329582385-project] [instance: 8a1ee676-8c75-47a4-91d0-1a264014b01a] Fetching instance by UUID {{(pid=124908) get /opt/stack/nova/nova/compute/api.py:2885}}
Feb 15 16:35:15.150140 n-d-828372-14 devstack@n-api.service[124908]: DEBUG oslo_concurrency.lockutils [None req-cec56163-faa5-4d1e-8e1f-dd3cd89c99b3 tempest-DeleteServersAdminTestJSON-1329582385 tempest-DeleteServersAdminTestJSON-1329582385-project] Lock "a60b1a1f-795b-4887-913d-71a99d42a5fe" acquired by "nova.context.set_target_cell..get_or_set_cached_cell_and_set_connections" :: waited 0.000s {{(pid=124908) inner /usr/local/lib/python3.8/dist-packages/oslo_concurrency/lockutils.py:386}}
Feb 15 16:35:15.150776 n-d-828372-14 devstack@n-api.service[124908]: DEBUG oslo_concurrency.lockutils [None req-cec56163-faa5-4d1e-8e1f-dd3cd89c99b3 tempest-DeleteServersAdminTestJSON-1329582385 tempest-DeleteServersAdminTestJSON-1329582385-project] Lock "a60b1a1f-795b-4887-913d-71a99d42a5fe" "released" by "nova.context.set_target_cell..get_or_set_cached_cell_and_set_connections" :: held 0.001s {{(pid=124908) inner /usr/local/lib/python3.8/dist-packages/oslo_concurrency/lockutils.py:400}}
Feb 15 16:35:15.151737 n-d-828372-14 devstack@n-api.service[124908]: DEBUG oslo_concurrency.lockutils [None req-cec56163-faa5-4d1e-8e1f-dd3cd89c99b3 tempest-DeleteServersAdminTestJSON-1329582385 tempest-DeleteServersAdminTestJSON-1329582385-project] Lock "a60b1a1f-795b-4887-913d-71a99d42a5fe" acquired by "nova.context.set_target_cell..get_or_set_cached_cell_and_set_connections" :: waited 0.000s {{(pid=124908) inner /usr/local/lib/python3.8/dist-packages/oslo_concurrency/lockutils.py:386}}
Feb 15 16:35:15.152318 n-d-828372-14 devstack@n-api.service[124908]: DEBUG oslo_concurrency.lockutils [None req-cec56163-faa5-4d1e-8e1f-dd3cd89c99b3 tempest-DeleteServersAdminTestJSON-1329582385 tempest-DeleteServersAdminTestJSON-1329582385-project] Lock "a60b1a1f-795b-4887-913d-71a99d42a5fe" "released" by "nova.context.set_target_cell..get_or_set_cached_cell_and_set_connections" :: held 0.001s {{(pid=124908) inner /usr/local/lib/python3.8/dist-packages/oslo_concurrency/lockutils.py:400}}
Feb 15 16:35:15.184844 n-d-828372-14 devstack@n-api.service[124909]: DEBUG nova.api.openstack.wsgi [None req-18b9c2d2-360e-4837-a668-d1637d94aa7d tempest-LiveAutoBlockMigrationV225Test-654960325 tempest-LiveAutoBlockMigrationV225Test-654960325-project] Action: 'create', calling method: >, body: {"server": {"name": "tempest-LiveAutoBlockMigrationV225Test-server-392828289", "imageRef": "73a01cc8-1819-4e4a-963b-d5d212e340f2", "flavorRef": "452", "networks": [{"uuid": "cc8d71f0-af5e-4df1-bb31-1f595b410607"}]}} {{(pid=124909) _process_stack /opt/stack/nova/nova/api/openstack/wsgi.py:511}}
Feb 15 16:35:15.276555 n-d-828372-14 devstack@n-api.service[124909]: DEBUG nova.network.neutron [None req-18b9c2d2-360e-4837-a668-d1637d94aa7d tempest-LiveAutoBlockMigrationV225Test-654960325 tempest-LiveAutoBlockMigrationV225Test-654960325-project] validate_networks() for [('cc8d71f0-af5e-4df1-bb31-1f595b410607', None, None, None, None, None)] {{(pid=124909) validate_networks /opt/stack/nova/nova/network/neutron.py:2623}}
Feb 15 16:35:15.339339 n-d-828372-14 devstack@n-api.service[124908]: DEBUG nova.policy [None req-cec56163-faa5-4d1e-8e1f-dd3cd89c99b3 tempest-DeleteServersAdminTestJSON-1329582385 tempest-DeleteServersAdminTestJSON-1329582385-project] Policy check for os_compute_api:os-extended-server-attributes failed with credentials {'is_admin': False, 'user_id': '2c70513b693c49e383efe8e9d4356ba4', 'user_domain_id': 'default', 'system_scope': None, 'domain_id': None, 'project_id': 'ed222577d18d4754b6c74b7b1b59a0c1', 'project_domain_id': 'default', 'roles': ['reader', 'member'], 'is_admin_project': True, 'service_user_id': None, 'service_user_domain_id': None, 'service_project_id': None, 'service_project_domain_id': None, 'service_roles': []} {{(pid=124908) authorize /opt/stack/nova/nova/policy.py:199}}
Feb 15 16:35:15.346125 n-d-828372-14 devstack@n-api.service[124908]: INFO nova.api.openstack.requestlog [None req-cec56163-faa5-4d1e-8e1f-dd3cd89c99b3 tempest-DeleteServersAdminTestJSON-1329582385 tempest-DeleteServersAdminTestJSON-1329582385-project] 10.222.0.107 "GET /compute/v2.1/servers/8a1ee676-8c75-47a4-91d0-1a264014b01a" status: 200 len: 1345 microversion: 2.1 time: 0.206729
Feb 15 16:35:15.347249 n-d-828372-14 devstack@n-api.service[124908]: [pid: 124908|app: 0|req: 72/130] 10.222.0.107 () {58 vars in 1240 bytes} [Tue Feb 15 16:35:15 2022] GET /compute/v2.1/servers/8a1ee676-8c75-47a4-91d0-1a264014b01a => generated 1345 bytes in 208 msecs (HTTP/1.1 200) 9 headers in 358 bytes (1 switches on core 0)
Feb 15 16:35:15.360970 n-d-828372-14 devstack@n-api.service[124908]: DEBUG nova.api.openstack.wsgi [None req-b721f71e-2ea9-4b66-9fb4-c2a8af293087 tempest-AggregatesAdminTestJSON-1592010455 tempest-AggregatesAdminTestJSON-1592010455-project] Calling method '>' {{(pid=124908) _process_stack /opt/stack/nova/nova/api/openstack/wsgi.py:513}}
Feb 15 16:35:15.361849 n-d-828372-14 devstack@n-api.service[124908]: DEBUG nova.compute.api [None req-b721f71e-2ea9-4b66-9fb4-c2a8af293087 tempest-AggregatesAdminTestJSON-1592010455 tempest-AggregatesAdminTestJSON-1592010455-project] [instance: 67f757c4-fd6a-444f-a7f1-271453f93ca2] Fetching instance by UUID {{(pid=124908) get /opt/stack/nova/nova/compute/api.py:2885}}
Feb 15 16:35:15.368595 n-d-828372-14 devstack@n-api.service[124908]: DEBUG oslo_concurrency.lockutils [None req-b721f71e-2ea9-4b66-9fb4-c2a8af293087 tempest-AggregatesAdminTestJSON-1592010455 tempest-AggregatesAdminTestJSON-1592010455-project] Lock "a60b1a1f-795b-4887-913d-71a99d42a5fe" acquired by "nova.context.set_target_cell..get_or_set_cached_cell_and_set_connections" :: waited 0.000s {{(pid=124908) inner /usr/local/lib/python3.8/dist-packages/oslo_concurrency/lockutils.py:386}}
Feb 15 16:35:15.373185 n-d-828372-14 devstack@n-api.service[124908]: DEBUG oslo_concurrency.lockutils [None req-b721f71e-2ea9-4b66-9fb4-c2a8af293087 tempest-AggregatesAdminTestJSON-1592010455 tempest-AggregatesAdminTestJSON-1592010455-project] Lock "a60b1a1f-795b-4887-913d-71a99d42a5fe" "released" by "nova.context.set_target_cell..get_or_set_cached_cell_and_set_connections" :: held 0.004s {{(pid=124908) inner /usr/local/lib/python3.8/dist-packages/oslo_concurrency/lockutils.py:400}}
Feb 15 16:35:15.374177 n-d-828372-14 devstack@n-api.service[124908]: DEBUG oslo_concurrency.lockutils [None req-b721f71e-2ea9-4b66-9fb4-c2a8af293087 tempest-AggregatesAdminTestJSON-1592010455 tempest-AggregatesAdminTestJSON-1592010455-project] Lock "a60b1a1f-795b-4887-913d-71a99d42a5fe" acquired by "nova.context.set_target_cell..get_or_set_cached_cell_and_set_connections" :: waited 0.000s {{(pid=124908) inner /usr/local/lib/python3.8/dist-packages/oslo_concurrency/lockutils.py:386}}
Feb 15 16:35:15.374762 n-d-828372-14 devstack@n-api.service[124908]: DEBUG oslo_concurrency.lockutils [None req-b721f71e-2ea9-4b66-9fb4-c2a8af293087 tempest-AggregatesAdminTestJSON-1592010455 tempest-AggregatesAdminTestJSON-1592010455-project] Lock "a60b1a1f-795b-4887-913d-71a99d42a5fe" "released" by "nova.context.set_target_cell..get_or_set_cached_cell_and_set_connections" :: held 0.001s {{(pid=124908) inner /usr/local/lib/python3.8/dist-packages/oslo_concurrency/lockutils.py:400}}
Feb 15 16:35:15.582909 n-d-828372-14 devstack@n-api.service[124908]: DEBUG nova.policy [None req-b721f71e-2ea9-4b66-9fb4-c2a8af293087 tempest-AggregatesAdminTestJSON-1592010455 tempest-AggregatesAdminTestJSON-1592010455-project] Policy check for os_compute_api:os-extended-server-attributes failed with credentials {'is_admin': False, 'user_id': '00f4c3eb236544faab44ced18cda998c', 'user_domain_id': 'default', 'system_scope': None, 'domain_id': None, 'project_id': 'a4e817801bf341918d3e1380047cd746', 'project_domain_id': 'default', 'roles': ['reader', 'member'], 'is_admin_project': True, 'service_user_id': None, 'service_user_domain_id': None, 'service_project_id': None, 'service_project_domain_id': None, 'service_roles': []} {{(pid=124908) authorize /opt/stack/nova/nova/policy.py:199}}
Feb 15 16:35:15.591634 n-d-828372-14 devstack@n-api.service[124908]: INFO nova.api.openstack.requestlog [None req-b721f71e-2ea9-4b66-9fb4-c2a8af293087 tempest-AggregatesAdminTestJSON-1592010455 tempest-AggregatesAdminTestJSON-1592010455-project] 10.222.0.107 "GET /compute/v2.1/servers/67f757c4-fd6a-444f-a7f1-271453f93ca2" status: 200 len: 1342 microversion: 2.1 time: 0.243136
Feb 15 16:35:15.592222 n-d-828372-14 devstack@n-api.service[124908]: [pid: 124908|app: 0|req: 73/131] 10.222.0.107 () {58 vars in 1240 bytes} [Tue Feb 15 16:35:15 2022] GET /compute/v2.1/servers/67f757c4-fd6a-444f-a7f1-271453f93ca2 => generated 1342 bytes in 244 msecs (HTTP/1.1 200) 9 headers in 358 bytes (1 switches on core 0)
Feb 15 16:35:15.981145 n-d-828372-14 devstack@n-api.service[124909]: DEBUG nova.virt.hardware [None req-18b9c2d2-360e-4837-a668-d1637d94aa7d tempest-LiveAutoBlockMigrationV225Test-654960325 tempest-LiveAutoBlockMigrationV225Test-654960325-project] Flavor limits 0:0:0 {{(pid=124909) get_cpu_topology_constraints /opt/stack/nova/nova/virt/hardware.py:343}}
Feb 15 16:35:15.981597 n-d-828372-14 devstack@n-api.service[124909]: DEBUG nova.virt.hardware [None req-18b9c2d2-360e-4837-a668-d1637d94aa7d tempest-LiveAutoBlockMigrationV225Test-654960325 tempest-LiveAutoBlockMigrationV225Test-654960325-project] Image limits 0:0:0 {{(pid=124909) get_cpu_topology_constraints /opt/stack/nova/nova/virt/hardware.py:347}}
Feb 15 16:35:15.982061 n-d-828372-14 devstack@n-api.service[124909]: DEBUG nova.virt.hardware [None req-18b9c2d2-360e-4837-a668-d1637d94aa7d tempest-LiveAutoBlockMigrationV225Test-654960325 tempest-LiveAutoBlockMigrationV225Test-654960325-project] Flavor pref 0:0:0 {{(pid=124909) get_cpu_topology_constraints /opt/stack/nova/nova/virt/hardware.py:383}}
Feb 15 16:35:15.982463 n-d-828372-14 devstack@n-api.service[124909]: DEBUG nova.virt.hardware [None req-18b9c2d2-360e-4837-a668-d1637d94aa7d tempest-LiveAutoBlockMigrationV225Test-654960325 tempest-LiveAutoBlockMigrationV225Test-654960325-project] Image pref 0:0:0 {{(pid=124909) get_cpu_topology_constraints /opt/stack/nova/nova/virt/hardware.py:387}}
Feb 15 16:35:15.982917 n-d-828372-14 devstack@n-api.service[124909]: DEBUG nova.virt.hardware [None req-18b9c2d2-360e-4837-a668-d1637d94aa7d tempest-LiveAutoBlockMigrationV225Test-654960325 tempest-LiveAutoBlockMigrationV225Test-654960325-project] Chose sockets=0, cores=0, threads=0; limits were sockets=65536, cores=65536, threads=65536 {{(pid=124909) get_cpu_topology_constraints /opt/stack/nova/nova/virt/hardware.py:425}}
Feb 15 16:35:16.065579 n-d-828372-14 devstack@n-api.service[124909]: DEBUG oslo_concurrency.lockutils [None req-18b9c2d2-360e-4837-a668-d1637d94aa7d tempest-LiveAutoBlockMigrationV225Test-654960325 tempest-LiveAutoBlockMigrationV225Test-654960325-project] Lock "00000000-0000-0000-0000-000000000000" acquired by "nova.context.set_target_cell..get_or_set_cached_cell_and_set_connections" :: waited 0.000s {{(pid=124909) inner /usr/local/lib/python3.8/dist-packages/oslo_concurrency/lockutils.py:386}}
Feb 15 16:35:16.065579 n-d-828372-14 devstack@n-api.service[124909]: DEBUG oslo_concurrency.lockutils [None req-18b9c2d2-360e-4837-a668-d1637d94aa7d tempest-LiveAutoBlockMigrationV225Test-654960325 tempest-LiveAutoBlockMigrationV225Test-654960325-project] Lock "00000000-0000-0000-0000-000000000000" "released" by "nova.context.set_target_cell..get_or_set_cached_cell_and_set_connections" :: held 0.001s {{(pid=124909) inner /usr/local/lib/python3.8/dist-packages/oslo_concurrency/lockutils.py:400}}
Feb 15 16:35:16.065579 n-d-828372-14 devstack@n-api.service[124909]: DEBUG oslo_concurrency.lockutils [None req-18b9c2d2-360e-4837-a668-d1637d94aa7d tempest-LiveAutoBlockMigrationV225Test-654960325 tempest-LiveAutoBlockMigrationV225Test-654960325-project] Lock "a60b1a1f-795b-4887-913d-71a99d42a5fe" acquired by "nova.context.set_target_cell..get_or_set_cached_cell_and_set_connections" :: waited 0.000s {{(pid=124909) inner /usr/local/lib/python3.8/dist-packages/oslo_concurrency/lockutils.py:386}}
Feb 15 16:35:16.065579 n-d-828372-14 devstack@n-api.service[124909]: DEBUG oslo_concurrency.lockutils [None req-18b9c2d2-360e-4837-a668-d1637d94aa7d tempest-LiveAutoBlockMigrationV225Test-654960325 tempest-LiveAutoBlockMigrationV225Test-654960325-project] Lock "a60b1a1f-795b-4887-913d-71a99d42a5fe" "released" by "nova.context.set_target_cell..get_or_set_cached_cell_and_set_connections" :: held 0.000s {{(pid=124909) inner /usr/local/lib/python3.8/dist-packages/oslo_concurrency/lockutils.py:400}}
Feb 15 16:35:16.066127 n-d-828372-14 devstack@n-api.service[124909]: DEBUG nova.quota [None req-18b9c2d2-360e-4837-a668-d1637d94aa7d tempest-LiveAutoBlockMigrationV225Test-654960325 tempest-LiveAutoBlockMigrationV225Test-654960325-project] Getting quotas for project d0ff076c939c42f79afd32ae34c41b7e. Resources: {'instances', 'cores', 'ram'} {{(pid=124909) _get_quotas /opt/stack/nova/nova/quota.py:387}}
Feb 15 16:35:16.066127 n-d-828372-14 devstack@n-api.service[124909]: DEBUG nova.quota [None req-18b9c2d2-360e-4837-a668-d1637d94aa7d tempest-LiveAutoBlockMigrationV225Test-654960325 tempest-LiveAutoBlockMigrationV225Test-654960325-project] Getting quotas for user 4f5a563f62df49a1b6cb5f558bc4fdca and project d0ff076c939c42f79afd32ae34c41b7e. Resources: {'instances', 'cores', 'ram'} {{(pid=124909) _get_quotas /opt/stack/nova/nova/quota.py:377}}
Feb 15 16:35:16.066127 n-d-828372-14 devstack@n-api.service[124909]: DEBUG nova.compute.api [None req-18b9c2d2-360e-4837-a668-d1637d94aa7d tempest-LiveAutoBlockMigrationV225Test-654960325 tempest-LiveAutoBlockMigrationV225Test-654960325-project] Going to run 1 instances... {{(pid=124909) _provision_instances /opt/stack/nova/nova/compute/api.py:1370}}
Feb 15 16:35:16.066356 n-d-828372-14 devstack@n-api.service[124909]: DEBUG nova.compute.api [None req-18b9c2d2-360e-4837-a668-d1637d94aa7d tempest-LiveAutoBlockMigrationV225Test-654960325 tempest-LiveAutoBlockMigrationV225Test-654960325-project] [instance: b03ca31c-480d-416a-80e2-24e0d95489a6] block_device_mapping [BlockDeviceMapping(attachment_id=,boot_index=0,connection_info=None,created_at=,delete_on_termination=True,deleted=,deleted_at=,destination_type='local',device_name=None,device_type='disk',disk_bus=None,guest_format=None,id=,image_id='73a01cc8-1819-4e4a-963b-d5d212e340f2',instance=,instance_uuid=,no_device=False,snapshot_id=None,source_type='image',tag=None,updated_at=,uuid=,volume_id=None,volume_size=None,volume_type=None)] {{(pid=124909) _bdm_validate_set_size_and_instance /opt/stack/nova/nova/compute/api.py:1777}}
Feb 15 16:35:16.363861 n-d-828372-14 devstack@n-api.service[124908]: DEBUG nova.api.openstack.wsgi [None req-3ec87584-bb85-4767-b941-51d44b9a64dd tempest-DeleteServersAdminTestJSON-1329582385 tempest-DeleteServersAdminTestJSON-1329582385-project] Calling method '>' {{(pid=124908) _process_stack /opt/stack/nova/nova/api/openstack/wsgi.py:513}}
Feb 15 16:35:16.364378 n-d-828372-14 devstack@n-api.service[124908]: DEBUG nova.compute.api [None req-3ec87584-bb85-4767-b941-51d44b9a64dd tempest-DeleteServersAdminTestJSON-1329582385 tempest-DeleteServersAdminTestJSON-1329582385-project] [instance: 8a1ee676-8c75-47a4-91d0-1a264014b01a] Fetching instance by UUID {{(pid=124908) get /opt/stack/nova/nova/compute/api.py:2885}}
Feb 15 16:35:16.370524 n-d-828372-14 devstack@n-api.service[124908]: DEBUG oslo_concurrency.lockutils [None req-3ec87584-bb85-4767-b941-51d44b9a64dd tempest-DeleteServersAdminTestJSON-1329582385 tempest-DeleteServersAdminTestJSON-1329582385-project] Lock "a60b1a1f-795b-4887-913d-71a99d42a5fe" acquired by "nova.context.set_target_cell..get_or_set_cached_cell_and_set_connections" :: waited 0.000s {{(pid=124908) inner /usr/local/lib/python3.8/dist-packages/oslo_concurrency/lockutils.py:386}}
Feb 15 16:35:16.370973 n-d-828372-14 devstack@n-api.service[124908]: DEBUG oslo_concurrency.lockutils [None req-3ec87584-bb85-4767-b941-51d44b9a64dd tempest-DeleteServersAdminTestJSON-1329582385 tempest-DeleteServersAdminTestJSON-1329582385-project] Lock "a60b1a1f-795b-4887-913d-71a99d42a5fe" "released" by "nova.context.set_target_cell..get_or_set_cached_cell_and_set_connections" :: held 0.001s {{(pid=124908) inner /usr/local/lib/python3.8/dist-packages/oslo_concurrency/lockutils.py:400}}
Feb 15 16:35:16.371767 n-d-828372-14 devstack@n-api.service[124908]: DEBUG oslo_concurrency.lockutils [None req-3ec87584-bb85-4767-b941-51d44b9a64dd tempest-DeleteServersAdminTestJSON-1329582385 tempest-DeleteServersAdminTestJSON-1329582385-project] Lock "a60b1a1f-795b-4887-913d-71a99d42a5fe" acquired by "nova.context.set_target_cell..get_or_set_cached_cell_and_set_connections" :: waited 0.000s {{(pid=124908) inner /usr/local/lib/python3.8/dist-packages/oslo_concurrency/lockutils.py:386}}
Feb 15 16:35:16.372207 n-d-828372-14 devstack@n-api.service[124908]: DEBUG oslo_concurrency.lockutils [None req-3ec87584-bb85-4767-b941-51d44b9a64dd tempest-DeleteServersAdminTestJSON-1329582385 tempest-DeleteServersAdminTestJSON-1329582385-project] Lock "a60b1a1f-795b-4887-913d-71a99d42a5fe" "released" by "nova.context.set_target_cell..get_or_set_cached_cell_and_set_connections" :: held 0.000s {{(pid=124908) inner /usr/local/lib/python3.8/dist-packages/oslo_concurrency/lockutils.py:400}}
Feb 15 16:35:16.509635 n-d-828372-14 devstack@n-api.service[124908]: DEBUG nova.policy [None req-3ec87584-bb85-4767-b941-51d44b9a64dd tempest-DeleteServersAdminTestJSON-1329582385 tempest-DeleteServersAdminTestJSON-1329582385-project] Policy check for os_compute_api:os-extended-server-attributes failed with credentials {'is_admin': False, 'user_id': '2c70513b693c49e383efe8e9d4356ba4', 'user_domain_id': 'default', 'system_scope': None, 'domain_id': None, 'project_id': 'ed222577d18d4754b6c74b7b1b59a0c1', 'project_domain_id': 'default', 'roles': ['reader', 'member'], 'is_admin_project': True, 'service_user_id': None, 'service_user_domain_id': None, 'service_project_id': None, 'service_project_domain_id': None, 'service_roles': []} {{(pid=124908) authorize /opt/stack/nova/nova/policy.py:199}}
Feb 15 16:35:16.516764 n-d-828372-14 devstack@n-api.service[124908]: INFO nova.api.openstack.requestlog [None req-3ec87584-bb85-4767-b941-51d44b9a64dd tempest-DeleteServersAdminTestJSON-1329582385 tempest-DeleteServersAdminTestJSON-1329582385-project] 10.222.0.107 "GET /compute/v2.1/servers/8a1ee676-8c75-47a4-91d0-1a264014b01a" status: 200 len: 1345 microversion: 2.1 time: 0.156834
Feb 15 16:35:16.517319 n-d-828372-14 devstack@n-api.service[124908]: [pid: 124908|app: 0|req: 74/132] 10.222.0.107 () {58 vars in 1240 bytes} [Tue Feb 15 16:35:16 2022] GET /compute/v2.1/servers/8a1ee676-8c75-47a4-91d0-1a264014b01a => generated 1345 bytes in 158 msecs (HTTP/1.1 200) 9 headers in 358 bytes (2 switches on core 0)
Feb 15 16:35:16.566135 n-d-828372-14 devstack@n-api.service[124909]: INFO nova.api.openstack.requestlog [None req-18b9c2d2-360e-4837-a668-d1637d94aa7d tempest-LiveAutoBlockMigrationV225Test-654960325 tempest-LiveAutoBlockMigrationV225Test-654960325-project] 10.222.0.107 "POST /compute/v2.1/servers" status: 202 len: 382 microversion: 2.25 time: 1.766249
Feb 15 16:35:16.567632 n-d-828372-14 devstack@n-api.service[124909]: [pid: 124909|app: 0|req: 59/133] 10.222.0.107 () {62 vars in 1192 bytes} [Tue Feb 15 16:35:14 2022] POST /compute/v2.1/servers => generated 382 bytes in 1768 msecs (HTTP/1.1 202) 10 headers in 454 bytes (1 switches on core 0)
Feb 15 16:35:16.578087 n-d-828372-14 devstack@n-api.service[124908]: DEBUG nova.api.openstack.wsgi [None req-7a2db838-ba37-41cf-9265-28a9d1b16ef0 tempest-LiveAutoBlockMigrationV225Test-654960325 tempest-LiveAutoBlockMigrationV225Test-654960325-project] Calling method '>' {{(pid=124908) _process_stack /opt/stack/nova/nova/api/openstack/wsgi.py:513}}
Feb 15 16:35:16.578900 n-d-828372-14 devstack@n-api.service[124908]: DEBUG nova.compute.api [None req-7a2db838-ba37-41cf-9265-28a9d1b16ef0 tempest-LiveAutoBlockMigrationV225Test-654960325 tempest-LiveAutoBlockMigrationV225Test-654960325-project] [instance: b03ca31c-480d-416a-80e2-24e0d95489a6] Fetching instance by UUID {{(pid=124908) get /opt/stack/nova/nova/compute/api.py:2885}}
Feb 15 16:35:16.608551 n-d-828372-14 devstack@n-api.service[124909]: DEBUG nova.api.openstack.wsgi [None req-c1e9c312-ef95-438f-8367-58582b47a107 tempest-AggregatesAdminTestJSON-1592010455 tempest-AggregatesAdminTestJSON-1592010455-project] Calling method '>' {{(pid=124909) _process_stack /opt/stack/nova/nova/api/openstack/wsgi.py:513}}
Feb 15 16:35:16.609215 n-d-828372-14 devstack@n-api.service[124909]: DEBUG nova.compute.api [None req-c1e9c312-ef95-438f-8367-58582b47a107 tempest-AggregatesAdminTestJSON-1592010455 tempest-AggregatesAdminTestJSON-1592010455-project] [instance: 67f757c4-fd6a-444f-a7f1-271453f93ca2] Fetching instance by UUID {{(pid=124909) get /opt/stack/nova/nova/compute/api.py:2885}}
Feb 15 16:35:16.634324 n-d-828372-14 devstack@n-api.service[124909]: DEBUG oslo_concurrency.lockutils [None req-c1e9c312-ef95-438f-8367-58582b47a107 tempest-AggregatesAdminTestJSON-1592010455 tempest-AggregatesAdminTestJSON-1592010455-project] Lock "a60b1a1f-795b-4887-913d-71a99d42a5fe" acquired by "nova.context.set_target_cell..get_or_set_cached_cell_and_set_connections" :: waited 0.000s {{(pid=124909) inner /usr/local/lib/python3.8/dist-packages/oslo_concurrency/lockutils.py:386}}
Feb 15 16:35:16.635013 n-d-828372-14 devstack@n-api.service[124909]: DEBUG oslo_concurrency.lockutils [None req-c1e9c312-ef95-438f-8367-58582b47a107 tempest-AggregatesAdminTestJSON-1592010455 tempest-AggregatesAdminTestJSON-1592010455-project] Lock "a60b1a1f-795b-4887-913d-71a99d42a5fe" "released" by "nova.context.set_target_cell..get_or_set_cached_cell_and_set_connections" :: held 0.001s {{(pid=124909) inner /usr/local/lib/python3.8/dist-packages/oslo_concurrency/lockutils.py:400}}
Feb 15 16:35:16.636141 n-d-828372-14 devstack@n-api.service[124909]: DEBUG oslo_concurrency.lockutils [None req-c1e9c312-ef95-438f-8367-58582b47a107 tempest-AggregatesAdminTestJSON-1592010455 tempest-AggregatesAdminTestJSON-1592010455-project] Lock "a60b1a1f-795b-4887-913d-71a99d42a5fe" acquired by "nova.context.set_target_cell..get_or_set_cached_cell_and_set_connections" :: waited 0.000s {{(pid=124909) inner /usr/local/lib/python3.8/dist-packages/oslo_concurrency/lockutils.py:386}}
Feb 15 16:35:16.640585 n-d-828372-14 devstack@n-api.service[124909]: DEBUG oslo_concurrency.lockutils [None req-c1e9c312-ef95-438f-8367-58582b47a107 tempest-AggregatesAdminTestJSON-1592010455 tempest-AggregatesAdminTestJSON-1592010455-project] Lock "a60b1a1f-795b-4887-913d-71a99d42a5fe" "released" by "nova.context.set_target_cell..get_or_set_cached_cell_and_set_connections" :: held 0.001s {{(pid=124909) inner /usr/local/lib/python3.8/dist-packages/oslo_concurrency/lockutils.py:400}}
Feb 15 16:35:16.772353 n-d-828372-14 devstack@n-api.service[124908]: DEBUG nova.policy [None req-7a2db838-ba37-41cf-9265-28a9d1b16ef0 tempest-LiveAutoBlockMigrationV225Test-654960325 tempest-LiveAutoBlockMigrationV225Test-654960325-project] Policy check for os_compute_api:os-extended-server-attributes failed with credentials {'is_admin': False, 'user_id': '4f5a563f62df49a1b6cb5f558bc4fdca', 'user_domain_id': 'default', 'system_scope': None, 'domain_id': None, 'project_id': 'd0ff076c939c42f79afd32ae34c41b7e', 'project_domain_id': 'default', 'roles': ['reader', 'member'], 'is_admin_project': True, 'service_user_id': None, 'service_user_domain_id': None, 'service_project_id': None, 'service_project_domain_id': None, 'service_roles': []} {{(pid=124908) authorize /opt/stack/nova/nova/policy.py:199}}
Feb 15 16:35:16.782057 n-d-828372-14 devstack@n-api.service[124908]: DEBUG nova.policy [None req-7a2db838-ba37-41cf-9265-28a9d1b16ef0 tempest-LiveAutoBlockMigrationV225Test-654960325 tempest-LiveAutoBlockMigrationV225Test-654960325-project] Policy check for os_compute_api:servers:show:host_status failed with credentials {'is_admin': False, 'user_id': '4f5a563f62df49a1b6cb5f558bc4fdca', 'user_domain_id': 'default', 'system_scope': None, 'domain_id': None, 'project_id': 'd0ff076c939c42f79afd32ae34c41b7e', 'project_domain_id': 'default', 'roles': ['reader', 'member'], 'is_admin_project': True, 'service_user_id': None, 'service_user_domain_id': None, 'service_project_id': None, 'service_project_domain_id': None, 'service_roles': []} {{(pid=124908) authorize /opt/stack/nova/nova/policy.py:199}}
Feb 15 16:35:16.789912 n-d-828372-14 devstack@n-api.service[124908]: DEBUG nova.policy [None req-7a2db838-ba37-41cf-9265-28a9d1b16ef0 tempest-LiveAutoBlockMigrationV225Test-654960325 tempest-LiveAutoBlockMigrationV225Test-654960325-project] Policy check for os_compute_api:servers:show:host_status:unknown-only failed with credentials {'is_admin': False, 'user_id': '4f5a563f62df49a1b6cb5f558bc4fdca', 'user_domain_id': 'default', 'system_scope': None, 'domain_id': None, 'project_id': 'd0ff076c939c42f79afd32ae34c41b7e', 'project_domain_id': 'default', 'roles': ['reader', 'member'], 'is_admin_project': True, 'service_user_id': None, 'service_user_domain_id': None, 'service_project_id': None, 'service_project_domain_id': None, 'service_roles': []} {{(pid=124908) authorize /opt/stack/nova/nova/policy.py:199}}
Feb 15 16:35:16.791203 n-d-828372-14 devstack@n-api.service[124908]: INFO nova.api.openstack.requestlog [None req-7a2db838-ba37-41cf-9265-28a9d1b16ef0 tempest-LiveAutoBlockMigrationV225Test-654960325 tempest-LiveAutoBlockMigrationV225Test-654960325-project] 10.222.0.107 "GET /compute/v2.1/servers/b03ca31c-480d-416a-80e2-24e0d95489a6" status: 200 len: 1265 microversion: 2.25 time: 0.217808
Feb 15 16:35:16.794498 n-d-828372-14 devstack@n-api.service[124908]: [pid: 124908|app: 0|req: 75/134] 10.222.0.107 () {60 vars in 1281 bytes} [Tue Feb 15 16:35:16 2022] GET /compute/v2.1/servers/b03ca31c-480d-416a-80e2-24e0d95489a6 => generated 1265 bytes in 222 msecs (HTTP/1.1 200) 9 headers in 360 bytes (1 switches on core 0)
Feb 15 16:35:16.817181 n-d-828372-14 devstack@n-api.service[124908]: DEBUG nova.api.openstack.wsgi [None req-5361761f-0880-4551-a94c-5d3c506e9c81 tempest-QuotasAdminTestJSON-1609269162 tempest-QuotasAdminTestJSON-1609269162-project-admin] Action: 'update', calling method: .version_select at 0x7f659c2def70>, body: {"quota_set": {"ram": "2048"}} {{(pid=124908) _process_stack /opt/stack/nova/nova/api/openstack/wsgi.py:511}}
Feb 15 16:35:16.823976 n-d-828372-14 devstack@n-api.service[124908]: /usr/local/lib/python3.8/dist-packages/oslo_policy/policy.py:1119: UserWarning: Policy "os_compute_api:os-quota-sets:update": "rule:system_admin_api" failed scope check. The token used to make the request was project scoped but the policy requires ['system'] scope. This behavior may change in the future where using the intended scope is required
Feb 15 16:35:16.823976 n-d-828372-14 devstack@n-api.service[124908]: warnings.warn(msg)
Feb 15 16:35:16.891428 n-d-828372-14 devstack@n-api.service[124909]: DEBUG nova.policy [None req-c1e9c312-ef95-438f-8367-58582b47a107 tempest-AggregatesAdminTestJSON-1592010455 tempest-AggregatesAdminTestJSON-1592010455-project] Policy check for os_compute_api:os-extended-server-attributes failed with credentials {'is_admin': False, 'user_id': '00f4c3eb236544faab44ced18cda998c', 'user_domain_id': 'default', 'system_scope': None, 'domain_id': None, 'project_id': 'a4e817801bf341918d3e1380047cd746', 'project_domain_id': 'default', 'roles': ['reader', 'member'], 'is_admin_project': True, 'service_user_id': None, 'service_user_domain_id': None, 'service_project_id': None, 'service_project_domain_id': None, 'service_roles': []} {{(pid=124909) authorize /opt/stack/nova/nova/policy.py:199}}
Feb 15 16:35:16.891428 n-d-828372-14 devstack@n-api.service[124909]: INFO nova.api.openstack.requestlog [None req-c1e9c312-ef95-438f-8367-58582b47a107 tempest-AggregatesAdminTestJSON-1592010455 tempest-AggregatesAdminTestJSON-1592010455-project] 10.222.0.107 "GET /compute/v2.1/servers/67f757c4-fd6a-444f-a7f1-271453f93ca2" status: 200 len: 1342 microversion: 2.1 time: 0.281467
Feb 15 16:35:16.891428 n-d-828372-14 devstack@n-api.service[124909]: [pid: 124909|app: 0|req: 60/135] 10.222.0.107 () {58 vars in 1240 bytes} [Tue Feb 15 16:35:16 2022] GET /compute/v2.1/servers/67f757c4-fd6a-444f-a7f1-271453f93ca2 => generated 1342 bytes in 283 msecs (HTTP/1.1 200) 9 headers in 358 bytes (2 switches on core 0)
Feb 15 16:35:17.036080 n-d-828372-14 devstack@n-api.service[124908]: DEBUG oslo_concurrency.lockutils [None req-5361761f-0880-4551-a94c-5d3c506e9c81 tempest-QuotasAdminTestJSON-1609269162 tempest-QuotasAdminTestJSON-1609269162-project-admin] Lock "00000000-0000-0000-0000-000000000000" acquired by "nova.context.set_target_cell..get_or_set_cached_cell_and_set_connections" :: waited 0.000s {{(pid=124908) inner /usr/local/lib/python3.8/dist-packages/oslo_concurrency/lockutils.py:386}}
Feb 15 16:35:17.036518 n-d-828372-14 devstack@n-api.service[124908]: DEBUG oslo_concurrency.lockutils [None req-5361761f-0880-4551-a94c-5d3c506e9c81 tempest-QuotasAdminTestJSON-1609269162 tempest-QuotasAdminTestJSON-1609269162-project-admin] Lock "00000000-0000-0000-0000-000000000000" "released" by "nova.context.set_target_cell..get_or_set_cached_cell_and_set_connections" :: held 0.001s {{(pid=124908) inner /usr/local/lib/python3.8/dist-packages/oslo_concurrency/lockutils.py:400}}
Feb 15 16:35:17.043818 n-d-828372-14 devstack@n-api.service[124908]: DEBUG oslo_concurrency.lockutils [None req-5361761f-0880-4551-a94c-5d3c506e9c81 tempest-QuotasAdminTestJSON-1609269162 tempest-QuotasAdminTestJSON-1609269162-project-admin] Lock "a60b1a1f-795b-4887-913d-71a99d42a5fe" acquired by "nova.context.set_target_cell..get_or_set_cached_cell_and_set_connections" :: waited 0.000s {{(pid=124908) inner /usr/local/lib/python3.8/dist-packages/oslo_concurrency/lockutils.py:386}}
Feb 15 16:35:17.048505 n-d-828372-14 devstack@n-api.service[124908]: DEBUG oslo_concurrency.lockutils [None req-5361761f-0880-4551-a94c-5d3c506e9c81 tempest-QuotasAdminTestJSON-1609269162 tempest-QuotasAdminTestJSON-1609269162-project-admin] Lock "a60b1a1f-795b-4887-913d-71a99d42a5fe" "released" by "nova.context.set_target_cell..get_or_set_cached_cell_and_set_connections" :: held 0.006s {{(pid=124908) inner /usr/local/lib/python3.8/dist-packages/oslo_concurrency/lockutils.py:400}}
