Feb 09 01:00:49.651857 n-d-828369-4 neutron-server[103138]: DEBUG neutron.plugins.ml2.db [None req-fbe99ece-9c36-4586-a38e-3286d458d362 None None] For port f6a8ef8b-cfe0-4fba-8d6c-39747c1facfb, host n-d-828369-4, set binding levels [PortBindingLevel(driver='openvswitch',host='n-d-828369-4',level=0,port_id=f6a8ef8b-cfe0-4fba-8d6c-39747c1facfb,segment=NetworkSegment(431c715a-c199-48c1-a403-75c9f288f923),segment_id=431c715a-c199-48c1-a403-75c9f288f923)] {{(pid=103138) set_binding_levels /opt/stack/neutron/neutron/plugins/ml2/db.py:59}}
Feb 09 01:00:49.653593 n-d-828369-4 neutron-server[103137]: DEBUG neutron_lib.callbacks.manager [None req-76394554-d5f2-42f5-ba42-31db3fdec52b admin admin] Publish callbacks ['neutron.plugins.ml2.ovo_rpc._ObjectChangeHandler.handle_event-3720929'] for security_group (d088c97b-750c-41c3-a982-1513a9fdf60f), after_create {{(pid=103137) _notify_loop /usr/local/lib/python3.8/dist-packages/neutron_lib/callbacks/manager.py:176}}
Feb 09 01:00:49.663860 n-d-828369-4 neutron-server[103136]: INFO neutron.wsgi [req-3689318b-6717-433e-a033-86ad40ece28a req-3dbb2885-fd45-4c61-aa77-e7b5004d1c3d tempest-LiveMigrationNegativeTest-924755100 tempest-LiveMigrationNegativeTest-924755100-project] 10.222.0.50 "GET /v2.0/ports?device_id=27853c66-b265-45b7-80e1-ee893e41923c HTTP/1.1" status: 200 len: 950 time: 0.8264296
Feb 09 01:00:49.686944 n-d-828369-4 neutron-server[103136]: INFO neutron.wsgi [req-79d7f23f-408c-4ebd-93e3-9b7a51e0fcb0 req-a7a67328-abfc-4262-baf3-e9d79599c440 tempest-LiveAutoBlockMigrationV225Test-678283037 tempest-LiveAutoBlockMigrationV225Test-678283037-project] 10.222.0.50 "GET /v2.0/security-groups?id=71ae7923-4b5e-418b-9181-334456f385aa&fields=id&fields=name HTTP/1.1" status: 200 len: 286 time: 0.8587515
Feb 09 01:00:49.699001 n-d-828369-4 neutron-server[103138]: DEBUG neutron_lib.callbacks.manager [None req-fbe99ece-9c36-4586-a38e-3286d458d362 None None] Publish callbacks ['neutron.plugins.ml2.plugin.SecurityGroupServerNotifierRpcMixin._notify_sg_on_port_change-3476537', 'neutron.plugins.ml2.ovo_rpc._ObjectChangeHandler.handle_event-207872', 'neutron.api.rpc.agentnotifiers.dhcp_rpc_agent_api.DhcpAgentNotifyAPI._native_event_send_dhcp_notification-3924630', 'neutron.db.l3_db.L3RpcNotifierMixin._notify_gateway_port_ip_changed-8750578436109', 'neutron.db.l3_dvrscheduler_db._notify_l3_agent_port_update-8750578096851', 'neutron.db.l3_hascheduler_db._notify_l3_agent_ha_port_update-8750578096869'] for port (f6a8ef8b-cfe0-4fba-8d6c-39747c1facfb), after_update {{(pid=103138) _notify_loop /usr/local/lib/python3.8/dist-packages/neutron_lib/callbacks/manager.py:176}}
Feb 09 01:00:49.702487 n-d-828369-4 neutron-server[103136]: INFO neutron.wsgi [req-dad78aaa-c6a4-45ee-a070-0406b2701812 req-dc116ffe-67d2-485d-b0e5-4344657f7ee8 service neutron] 10.222.0.47 "GET /v2.0/ports?network_id=7041f7c4-8ab5-4479-b63e-c8706fa7ab10&device_owner=network%3Adhcp HTTP/1.1" status: 200 len: 210 time: 0.2315865
Feb 09 01:00:49.724108 n-d-828369-4 neutron-server[103137]: DEBUG neutron.plugins.ml2.drivers.helpers [None req-76394554-d5f2-42f5-ba42-31db3fdec52b admin admin] vlan segment allocate from pool success with {'physical_network': 'physnet1', 'vlan_id': 1030} {{(pid=103137) allocate_partially_specified_segment /opt/stack/neutron/neutron/plugins/ml2/drivers/helpers.py:153}}
Feb 09 01:00:49.729462 n-d-828369-4 neutron-server[103136]: DEBUG neutron.api.v2.base [req-d7df005c-1a3c-404b-ae44-494999bb3e0b req-21592da6-f338-46f5-ac79-61b4c63c3e4b service neutron] Request body: {'port': {'device_id': '33d6315d-0d15-4b90-ae26-5e6c6a03986d', 'device_owner': 'compute:nova', 'binding:host_id': 'n-h1-828369-4'}} {{(pid=103136) prepare_request_body /opt/stack/neutron/neutron/api/v2/base.py:729}}
Feb 09 01:00:49.788617 n-d-828369-4 neutron-server[103137]: DEBUG neutron_lib.callbacks.manager [None req-76394554-d5f2-42f5-ba42-31db3fdec52b admin admin] Publish callbacks ['neutron.plugins.ml2.plugin.Ml2Plugin._handle_segment_change-3509258'] for segment (5222b586-be16-4fd9-a710-08b44cbd3ccd), precommit_create {{(pid=103137) _notify_loop /usr/local/lib/python3.8/dist-packages/neutron_lib/callbacks/manager.py:176}}
Feb 09 01:00:49.788994 n-d-828369-4 neutron-server[103137]: INFO neutron.db.segments_db [None req-76394554-d5f2-42f5-ba42-31db3fdec52b admin admin] Added segment 5222b586-be16-4fd9-a710-08b44cbd3ccd of type vlan for network dbece8d4-4ff3-4f42-9878-5304cd11aa89
Feb 09 01:00:49.813529 n-d-828369-4 neutron-server[103137]: DEBUG neutron.api.rpc.handlers.resources_rpc [None req-76394554-d5f2-42f5-ba42-31db3fdec52b admin admin] Pushing event updated for resources: {'SecurityGroup': ['ID=d088c97b-750c-41c3-a982-1513a9fdf60f,revision_number=1']} {{(pid=103137) push /opt/stack/neutron/neutron/api/rpc/handlers/resources_rpc.py:237}}
Feb 09 01:00:49.886461 n-d-828369-4 neutron-server[103138]: DEBUG neutron.plugins.ml2.plugin [None req-09ab1538-2dff-47be-ab02-f7339f9809d4 None None] Port f6a8ef8b-cfe0-4fba-8d6c-39747c1facfb cannot update to ACTIVE because it is not bound. {{(pid=103138) _port_provisioned /opt/stack/neutron/neutron/plugins/ml2/plugin.py:343}}
Feb 09 01:00:49.953355 n-d-828369-4 neutron-server[103137]: DEBUG neutron_lib.callbacks.manager [None req-76394554-d5f2-42f5-ba42-31db3fdec52b admin admin] Publish callbacks ['neutron.services.auto_allocate.db._ensure_external_network_default_value_callback-8750578112296'] for network (dbece8d4-4ff3-4f42-9878-5304cd11aa89), precommit_create {{(pid=103137) _notify_loop /usr/local/lib/python3.8/dist-packages/neutron_lib/callbacks/manager.py:176}}
Feb 09 01:00:49.976524 n-d-828369-4 neutron-server[103138]: DEBUG neutron.db.l3_dvrscheduler_db [None req-fbe99ece-9c36-4586-a38e-3286d458d362 None None] Routers {'ada90dd7-44ce-466f-a95c-18e6c74d0611'} bound to L3 agent in host n-d-828369-4 {{(pid=103138) _get_router_ids_for_agent /opt/stack/neutron/neutron/db/l3_dvrscheduler_db.py:421}}
Feb 09 01:00:49.977336 n-d-828369-4 neutron-server[103138]: DEBUG neutron.db.l3_hamode_db [None req-fbe99ece-9c36-4586-a38e-3286d458d362 None None] neutron.services.l3_router.l3_router_plugin.L3RouterPlugin method get_ha_sync_data_for_host called with arguments (, 'n-d-828369-4', Agent(admin_state_up=True,agent_type='L3 agent',availability_zone='nova',binary='neutron-l3-agent',configurations={"agent_mode": "legacy", "ex_gw_ports": 1, "extensions": [], "floating_ips": 0, "handle_internal_only_routers": true, "interface_driver": "openvswitch", "interfaces": 1, "log_agent_heartbeats": false, "routers": 1},created_at=2022-02-09T00:50:04Z,description=,heartbeat_timestamp=2022-02-09T01:00:35Z,host='n-d-828369-4',id=92e5b2ad-b906-4f6b-bf82-6944925578cd,load=0,resource_versions=,resources_synced=,started_at=2022-02-09T00:50:04Z,topic='l3_agent')) {'router_ids': ['ada90dd7-44ce-466f-a95c-18e6c74d0611'], 'active': True} {{(pid=103138) wrapper /usr/local/lib/python3.8/dist-packages/oslo_log/helpers.py:65}}
Feb 09 01:00:50.032184 n-d-828369-4 neutron-server[103137]: DEBUG neutron_lib.callbacks.manager [None req-76394554-d5f2-42f5-ba42-31db3fdec52b admin admin] Publish callbacks ['neutron.plugins.ml2.ovo_rpc._ObjectChangeHandler.handle_event-3722301', 'neutron.api.rpc.agentnotifiers.dhcp_rpc_agent_api.DhcpAgentNotifyAPI._native_event_send_dhcp_notification-3924630'] for network (dbece8d4-4ff3-4f42-9878-5304cd11aa89), after_create {{(pid=103137) _notify_loop /usr/local/lib/python3.8/dist-packages/neutron_lib/callbacks/manager.py:176}}
Feb 09 01:00:50.033111 n-d-828369-4 neutron-server[103137]: DEBUG neutron.pecan_wsgi.hooks.policy_enforcement [None req-76394554-d5f2-42f5-ba42-31db3fdec52b admin admin] Attributes excluded by policy engine: ['standard_attr_id', 'vlan_transparent'] {{(pid=103137) _exclude_attributes_by_policy /opt/stack/neutron/neutron/pecan_wsgi/hooks/policy_enforcement.py:255}}
Feb 09 01:00:50.033770 n-d-828369-4 neutron-server[103137]: DEBUG neutron_lib.callbacks.manager [None req-76394554-d5f2-42f5-ba42-31db3fdec52b admin admin] Publish callbacks ['neutron.api.rpc.agentnotifiers.dhcp_rpc_agent_api.DhcpAgentNotifyAPI._send_dhcp_notification-3924708'] for network (None), before_response {{(pid=103137) _notify_loop /usr/local/lib/python3.8/dist-packages/neutron_lib/callbacks/manager.py:176}}
Feb 09 01:00:50.059277 n-d-828369-4 neutron-server[103138]: DEBUG neutron.api.rpc.handlers.resources_rpc [None req-ae649e04-001f-454c-8e7e-8df3cd29b28d None None] Pushing event updated for resources: {'Port': ['ID=f6a8ef8b-cfe0-4fba-8d6c-39747c1facfb,revision_number=4']} {{(pid=103138) push /opt/stack/neutron/neutron/api/rpc/handlers/resources_rpc.py:237}}
Feb 09 01:00:50.128147 n-d-828369-4 neutron-server[103138]: DEBUG neutron.plugins.ml2.rpc [None req-73a4e159-fbb2-40ce-92e0-b402a8466d06 None None] Device c5720836-7c12-40a3-96af-97d4f676d2e8 up at agent hyperv_n-h1-828369-4 {{(pid=103138) update_device_up /opt/stack/neutron/neutron/plugins/ml2/rpc.py:296}}
Feb 09 01:00:50.143108 n-d-828369-4 neutron-server[103137]: DEBUG neutron.wsgi [-] (103137) accepted ('10.222.0.50', 38010) {{(pid=103137) server /usr/local/lib/python3.8/dist-packages/eventlet/wsgi.py:1004}}
Feb 09 01:00:50.162957 n-d-828369-4 neutron-server[103136]: INFO neutron.wsgi [req-dad78aaa-c6a4-45ee-a070-0406b2701812 req-cb392f97-43bd-4dbe-92d6-33e043137e0a service neutron] 10.222.0.47 "GET /v2.0/networks/7041f7c4-8ab5-4479-b63e-c8706fa7ab10?fields=segments HTTP/1.1" status: 200 len: 212 time: 0.2502604
Feb 09 01:00:50.184985 n-d-828369-4 neutron-server[103137]: INFO neutron.wsgi [None req-76394554-d5f2-42f5-ba42-31db3fdec52b admin admin] 10.222.0.50 "POST /v2.0/networks HTTP/1.1" status: 201 len: 898 time: 0.9599285
Feb 09 01:00:50.185600 n-d-828369-4 neutron-server[103137]: DEBUG neutron.wsgi [-] (103137) accepted ('10.222.0.50', 38012) {{(pid=103137) server /usr/local/lib/python3.8/dist-packages/eventlet/wsgi.py:1004}}
Feb 09 01:00:50.193350 n-d-828369-4 neutron-server[103137]: DEBUG neutron.api.v2.base [None req-41c18160-aa4d-41f2-b788-310c84a969f4 admin admin] Request body: {'subnet': {'network_id': 'dbece8d4-4ff3-4f42-9878-5304cd11aa89', 'cidr': '172.20.0.0/28', 'name': 'tempest-ServersWithSpecificFlavorTestJSON-1872106542-subnet', 'tenant_id': '37ac9d48452c4f7db9f108f5d4739f3f', 'enable_dhcp': True, 'ip_version': 4}} {{(pid=103137) prepare_request_body /opt/stack/neutron/neutron/api/v2/base.py:729}}
Feb 09 01:00:50.229294 n-d-828369-4 neutron-server[103138]: DEBUG neutron.db.provisioning_blocks [None req-39d5783e-10fe-4081-bffb-449f679c4329 None None] Provisioning complete for port bc3bbf9e-6302-4f75-979e-f06189e488b9 triggered by entity DHCP. {{(pid=103138) provisioning_complete /opt/stack/neutron/neutron/db/provisioning_blocks.py:139}}
Feb 09 01:00:50.229587 n-d-828369-4 neutron-server[103137]: DEBUG neutron_lib.callbacks.manager [None req-68b31fba-87b0-4bc9-8b19-2e9e516eb635 admin admin] Publish callbacks [] for security_group (None), before_create {{(pid=103137) _notify_loop /usr/local/lib/python3.8/dist-packages/neutron_lib/callbacks/manager.py:176}}
Feb 09 01:00:50.230248 n-d-828369-4 neutron-server[103138]: DEBUG neutron_lib.callbacks.manager [None req-39d5783e-10fe-4081-bffb-449f679c4329 None None] Publish callbacks ['neutron.plugins.ml2.plugin.Ml2Plugin._port_provisioned-686274'] for port (bc3bbf9e-6302-4f75-979e-f06189e488b9), provisioning_complete {{(pid=103138) _notify_loop /usr/local/lib/python3.8/dist-packages/neutron_lib/callbacks/manager.py:176}}
Feb 09 01:00:50.241315 n-d-828369-4 neutron-server[103137]: DEBUG neutron.pecan_wsgi.hooks.quota_enforcement [None req-41c18160-aa4d-41f2-b788-310c84a969f4 admin admin] Made reservation on behalf of 37ac9d48452c4f7db9f108f5d4739f3f for: {'subnet': 1} {{(pid=103137) before /opt/stack/neutron/neutron/pecan_wsgi/hooks/quota_enforcement.py:53}}
Feb 09 01:00:50.244446 n-d-828369-4 neutron-server[103137]: DEBUG neutron_lib.callbacks.manager [None req-41c18160-aa4d-41f2-b788-310c84a969f4 admin admin] Publish callbacks [] for subnet (None), before_create {{(pid=103137) _notify_loop /usr/local/lib/python3.8/dist-packages/neutron_lib/callbacks/manager.py:176}}
Feb 09 01:00:50.253568 n-d-828369-4 neutron-server[103137]: DEBUG neutron.api.rpc.handlers.resources_rpc [None req-76394554-d5f2-42f5-ba42-31db3fdec52b admin admin] Pushing event updated for resources: {'Network': ['ID=dbece8d4-4ff3-4f42-9878-5304cd11aa89,revision_number=1']} {{(pid=103137) push /opt/stack/neutron/neutron/api/rpc/handlers/resources_rpc.py:237}}
Feb 09 01:00:50.286502 n-d-828369-4 neutron-server[103138]: DEBUG neutron.plugins.ml2.rpc [None req-6b272cae-9936-4801-90c0-8e5fa7070a48 None None] Network dbece8d4-4ff3-4f42-9878-5304cd11aa89 details requested by agent ovs-agent-n-d-828369-4 with host n-d-828369-4 {{(pid=103138) get_network_details /opt/stack/neutron/neutron/plugins/ml2/rpc.py:248}}
Feb 09 01:00:50.367947 n-d-828369-4 neutron-server[103136]: DEBUG neutron_lib.callbacks.manager [req-d7df005c-1a3c-404b-ae44-494999bb3e0b req-21592da6-f338-46f5-ac79-61b4c63c3e4b service neutron] Publish callbacks ['neutron.plugins.ml2.plugin.SecurityGroupDbMixin._ensure_default_security_group_handler-3476629'] for port (bc3bbf9e-6302-4f75-979e-f06189e488b9), before_update {{(pid=103136) _notify_loop /usr/local/lib/python3.8/dist-packages/neutron_lib/callbacks/manager.py:176}}
Feb 09 01:00:50.386370 n-d-828369-4 neutron-server[103136]: DEBUG neutron.pecan_wsgi.hooks.policy_enforcement [req-b7bfe3ee-9242-4122-8464-4aef12c199bd req-d0528458-6c57-4e9b-8d1c-abdf27d8c8ee tempest-MigrationsAdminTest-388513268 tempest-MigrationsAdminTest-388513268-project] Attributes excluded by policy engine: ['standard_attr_id', 'binding:profile', 'binding:host_id', 'binding:vif_type', 'binding:vif_details'] {{(pid=103136) _exclude_attributes_by_policy /opt/stack/neutron/neutron/pecan_wsgi/hooks/policy_enforcement.py:255}}
Feb 09 01:00:50.387904 n-d-828369-4 neutron-server[103136]: INFO neutron.wsgi [req-b7bfe3ee-9242-4122-8464-4aef12c199bd req-d0528458-6c57-4e9b-8d1c-abdf27d8c8ee tempest-MigrationsAdminTest-388513268 tempest-MigrationsAdminTest-388513268-project] 10.222.0.50 "GET /v2.0/ports?device_id=33d6315d-0d15-4b90-ae26-5e6c6a03986d HTTP/1.1" status: 200 len: 935 time: 0.2154946
Feb 09 01:00:50.403808 n-d-828369-4 neutron-server[103138]: DEBUG neutron.db.l3_dvr_db [None req-fbe99ece-9c36-4586-a38e-3286d458d362 None None] Set router ada90dd7-44ce-466f-a95c-18e6c74d0611 gateway port host: n-d-828369-4 {{(pid=103138) _build_routers_list /opt/stack/neutron/neutron/db/l3_dvr_db.py:906}}
Feb 09 01:00:50.411258 n-d-828369-4 neutron-server[103138]: DEBUG neutron.plugins.ml2.plugin [None req-39d5783e-10fe-4081-bffb-449f679c4329 None None] Port bc3bbf9e-6302-4f75-979e-f06189e488b9 cannot update to ACTIVE because it is not bound. {{(pid=103138) _port_provisioned /opt/stack/neutron/neutron/plugins/ml2/plugin.py:343}}
Feb 09 01:00:50.421172 n-d-828369-4 neutron-server[103136]: INFO neutron.wsgi [req-3689318b-6717-433e-a033-86ad40ece28a req-17948010-3a5f-48d8-aac4-6382c1cfa35c tempest-LiveMigrationNegativeTest-924755100 tempest-LiveMigrationNegativeTest-924755100-project] 10.222.0.50 "GET /v2.0/security-groups?id=3ae89f1b-0d6f-4181-9124-42300154813a&fields=id&fields=name HTTP/1.1" status: 200 len: 286 time: 0.7545316
Feb 09 01:00:50.433520 n-d-828369-4 neutron-server[103136]: DEBUG neutron_lib.callbacks.manager [None req-eebd5556-68dc-496f-b832-725eca5c6e4c admin admin] Publish callbacks [] for security_group (e4efea71-5297-424a-9cde-5982b17f770f), before_delete {{(pid=103136) _notify_loop /usr/local/lib/python3.8/dist-packages/neutron_lib/callbacks/manager.py:176}}
Feb 09 01:00:50.465907 n-d-828369-4 neutron-server[103136]: DEBUG neutron_lib.callbacks.manager [None req-eebd5556-68dc-496f-b832-725eca5c6e4c admin admin] Publish callbacks [] for security_group (e4efea71-5297-424a-9cde-5982b17f770f), precommit_delete {{(pid=103136) _notify_loop /usr/local/lib/python3.8/dist-packages/neutron_lib/callbacks/manager.py:176}}
Feb 09 01:00:50.474362 n-d-828369-4 neutron-server[103138]: DEBUG neutron.db.provisioning_blocks [None req-73a4e159-fbb2-40ce-92e0-b402a8466d06 None None] Provisioning complete for port c5720836-7c12-40a3-96af-97d4f676d2e8 triggered by entity L2. {{(pid=103138) provisioning_complete /opt/stack/neutron/neutron/db/provisioning_blocks.py:139}}
Feb 09 01:00:50.475091 n-d-828369-4 neutron-server[103138]: DEBUG neutron_lib.callbacks.manager [None req-73a4e159-fbb2-40ce-92e0-b402a8466d06 None None] Publish callbacks ['neutron.plugins.ml2.plugin.Ml2Plugin._port_provisioned-686274'] for port (c5720836-7c12-40a3-96af-97d4f676d2e8), provisioning_complete {{(pid=103138) _notify_loop /usr/local/lib/python3.8/dist-packages/neutron_lib/callbacks/manager.py:176}}
Feb 09 01:00:50.479520 n-d-828369-4 neutron-server[103137]: DEBUG neutron_lib.callbacks.manager [None req-68b31fba-87b0-4bc9-8b19-2e9e516eb635 admin admin] Publish callbacks [] for security_group (27ba3b75-152a-4380-b7c8-5c73b5a299f4), precommit_create {{(pid=103137) _notify_loop /usr/local/lib/python3.8/dist-packages/neutron_lib/callbacks/manager.py:176}}
Feb 09 01:00:50.493256 n-d-828369-4 neutron-server[103137]: DEBUG neutron_lib.callbacks.manager [None req-68b31fba-87b0-4bc9-8b19-2e9e516eb635 admin admin] Publish callbacks ['neutron.plugins.ml2.ovo_rpc._ObjectChangeHandler.handle_event-3720929'] for security_group (27ba3b75-152a-4380-b7c8-5c73b5a299f4), after_create {{(pid=103137) _notify_loop /usr/local/lib/python3.8/dist-packages/neutron_lib/callbacks/manager.py:176}}
Feb 09 01:00:50.566807 n-d-828369-4 neutron-server[103137]: DEBUG neutron.api.rpc.handlers.resources_rpc [None req-68b31fba-87b0-4bc9-8b19-2e9e516eb635 admin admin] Pushing event updated for resources: {'SecurityGroup': ['ID=27ba3b75-152a-4380-b7c8-5c73b5a299f4,revision_number=1']} {{(pid=103137) push /opt/stack/neutron/neutron/api/rpc/handlers/resources_rpc.py:237}}
Feb 09 01:00:50.580792 n-d-828369-4 neutron-server[103136]: INFO neutron.wsgi [req-b7bfe3ee-9242-4122-8464-4aef12c199bd req-5aaca671-44db-4c4f-bf03-7cf11e686d8d tempest-MigrationsAdminTest-388513268 tempest-MigrationsAdminTest-388513268-project] 10.222.0.50 "GET /v2.0/security-groups?id=d6266177-dc23-4c7d-8975-7172374aa386&fields=id&fields=name HTTP/1.1" status: 200 len: 286 time: 0.1765087
Feb 09 01:00:50.584935 n-d-828369-4 neutron-server[103136]: DEBUG neutron_lib.callbacks.manager [None req-eebd5556-68dc-496f-b832-725eca5c6e4c admin admin] Publish callbacks ['neutron.plugins.ml2.ovo_rpc._ObjectChangeHandler.handle_event-3720929'] for security_group (e4efea71-5297-424a-9cde-5982b17f770f), after_delete {{(pid=103136) _notify_loop /usr/local/lib/python3.8/dist-packages/neutron_lib/callbacks/manager.py:176}}
Feb 09 01:00:50.587558 n-d-828369-4 neutron-server[103136]: DEBUG neutron_lib.callbacks.manager [None req-eebd5556-68dc-496f-b832-725eca5c6e4c admin admin] Publish callbacks [] for security_group (None), before_response {{(pid=103136) _notify_loop /usr/local/lib/python3.8/dist-packages/neutron_lib/callbacks/manager.py:176}}
Feb 09 01:00:50.588712 n-d-828369-4 neutron-server[103136]: INFO neutron.wsgi [None req-eebd5556-68dc-496f-b832-725eca5c6e4c admin admin] 10.222.0.50 "DELETE /v2.0/security-groups/e4efea71-5297-424a-9cde-5982b17f770f HTTP/1.1" status: 204 len: 168 time: 0.9007845
Feb 09 01:00:50.636278 n-d-828369-4 neutron-server[103136]: DEBUG neutron.api.rpc.handlers.resources_rpc [None req-eebd5556-68dc-496f-b832-725eca5c6e4c admin admin] Pushing event deleted for resources: {'SecurityGroup': ['ID=e4efea71-5297-424a-9cde-5982b17f770f,revision_number=None']} {{(pid=103136) push /opt/stack/neutron/neutron/api/rpc/handlers/resources_rpc.py:237}}
Feb 09 01:00:50.673130 n-d-828369-4 neutron-server[103136]: INFO neutron.wsgi [req-dad78aaa-c6a4-45ee-a070-0406b2701812 req-88a34e78-c386-4696-8b58-0c19d252adf4 service neutron] 10.222.0.47 "GET /v2.0/networks/7041f7c4-8ab5-4479-b63e-c8706fa7ab10?fields=provider%3Aphysical_network&fields=provider%3Anetwork_type HTTP/1.1" status: 200 len: 281 time: 0.4989784
Feb 09 01:00:50.731601 n-d-828369-4 neutron-server[103138]: DEBUG neutron.db.provisioning_blocks [None req-7ee5a8a3-c74a-43a0-b441-5dffd012fed0 None None] Provisioning complete for port f6a8ef8b-cfe0-4fba-8d6c-39747c1facfb triggered by entity DHCP. {{(pid=103138) provisioning_complete /opt/stack/neutron/neutron/db/provisioning_blocks.py:139}}
Feb 09 01:00:50.737911 n-d-828369-4 neutron-server[103138]: DEBUG neutron_lib.callbacks.manager [None req-7ee5a8a3-c74a-43a0-b441-5dffd012fed0 None None] Publish callbacks ['neutron.plugins.ml2.plugin.Ml2Plugin._port_provisioned-686274'] for port (f6a8ef8b-cfe0-4fba-8d6c-39747c1facfb), provisioning_complete {{(pid=103138) _notify_loop /usr/local/lib/python3.8/dist-packages/neutron_lib/callbacks/manager.py:176}}
Feb 09 01:00:50.745007 n-d-828369-4 neutron-server[103137]: INFO neutron.wsgi [None req-68b31fba-87b0-4bc9-8b19-2e9e516eb635 admin admin] 10.222.0.50 "GET /v2.0/security-groups?tenant_id=0179879791194259be8e3eb84acd2aac&name=default HTTP/1.1" status: 200 len: 2996 time: 0.6006525
Feb 09 01:00:50.753772 n-d-828369-4 neutron-server[103137]: DEBUG neutron.wsgi [-] (103137) accepted ('10.222.0.50', 38022) {{(pid=103137) server /usr/local/lib/python3.8/dist-packages/eventlet/wsgi.py:1004}}
Feb 09 01:00:50.845217 n-d-828369-4 neutron-server[103137]: DEBUG neutron_lib.callbacks.manager [None req-41c18160-aa4d-41f2-b788-310c84a969f4 admin admin] Publish callbacks ['neutron.plugins.ml2.ovo_rpc._ObjectChangeHandler.handle_event-79433', 'neutron.api.rpc.agentnotifiers.dhcp_rpc_agent_api.DhcpAgentNotifyAPI._native_event_send_dhcp_notification-3924630'] for subnet (75c2f933-5ba6-4c8a-a23f-8e8f2e024d57), after_create {{(pid=103137) _notify_loop /usr/local/lib/python3.8/dist-packages/neutron_lib/callbacks/manager.py:176}}
Feb 09 01:00:51.134404 n-d-828369-4 neutron-server[103137]: DEBUG neutron.api.rpc.handlers.resources_rpc [None req-41c18160-aa4d-41f2-b788-310c84a969f4 admin admin] Pushing event updated for resources: {'Subnet': ['ID=75c2f933-5ba6-4c8a-a23f-8e8f2e024d57,revision_number=0']} {{(pid=103137) push /opt/stack/neutron/neutron/api/rpc/handlers/resources_rpc.py:237}}
Feb 09 01:00:51.232242 n-d-828369-4 neutron-server[103137]: DEBUG neutron_lib.callbacks.manager [None req-313be549-901e-4ae7-b175-871317be3e99 admin admin] Publish callbacks [] for security_group (27ba3b75-152a-4380-b7c8-5c73b5a299f4), before_delete {{(pid=103137) _notify_loop /usr/local/lib/python3.8/dist-packages/neutron_lib/callbacks/manager.py:176}}
Feb 09 01:00:51.266278 n-d-828369-4 neutron-server[103137]: DEBUG neutron.plugins.ml2.drivers.mech_agent [None req-41c18160-aa4d-41f2-b788-310c84a969f4 admin admin] Checking segment: {'id': '5222b586-be16-4fd9-a710-08b44cbd3ccd', 'network_type': 'vlan', 'physical_network': 'physnet1', 'segmentation_id': 1030, 'network_id': 'dbece8d4-4ff3-4f42-9878-5304cd11aa89'} for mappings: {'physnet1': 'br-data'} with network types: ['local', 'flat', 'vlan'] {{(pid=103137) check_segment_for_agent /opt/stack/neutron/neutron/plugins/ml2/drivers/mech_agent.py:373}}
Feb 09 01:00:51.266979 n-d-828369-4 neutron-server[103137]: DEBUG neutron.scheduler.dhcp_agent_scheduler [None req-41c18160-aa4d-41f2-b788-310c84a969f4 admin admin] Network hostable DHCP agents. Network: dbece8d4-4ff3-4f42-9878-5304cd11aa89, hostable agents: ['257758ee-c91b-49b3-ab26-4d29e3c87f03'], hosted agents: [] {{(pid=103137) _get_network_hostable_dhcp_agents /opt/stack/neutron/neutron/scheduler/dhcp_agent_scheduler.py:329}}
Feb 09 01:00:51.305098 n-d-828369-4 neutron-server[103138]: DEBUG neutron.plugins.ml2.plugin [None req-73a4e159-fbb2-40ce-92e0-b402a8466d06 None None] Current status of the port c5720836-7c12-40a3-96af-97d4f676d2e8 is: BUILD; New status is: ACTIVE {{(pid=103138) _update_individual_port_db_status /opt/stack/neutron/neutron/plugins/ml2/plugin.py:2232}}
Feb 09 01:00:51.305914 n-d-828369-4 neutron-server[103138]: DEBUG neutron_lib.callbacks.manager [None req-73a4e159-fbb2-40ce-92e0-b402a8466d06 None None] Publish callbacks ['neutron.plugins.ml2.plugin.SecurityGroupDbMixin._ensure_default_security_group_handler-3476629'] for port (c5720836-7c12-40a3-96af-97d4f676d2e8), before_update {{(pid=103138) _notify_loop /usr/local/lib/python3.8/dist-packages/neutron_lib/callbacks/manager.py:176}}
Feb 09 01:00:51.307129 n-d-828369-4 neutron-server[103136]: DEBUG neutron.notifiers.nova [req-d7df005c-1a3c-404b-ae44-494999bb3e0b req-21592da6-f338-46f5-ac79-61b4c63c3e4b service neutron] Ignoring state change previous_port_status: DOWN current_port_status: DOWN port_id bc3bbf9e-6302-4f75-979e-f06189e488b9 {{(pid=103136) record_port_status_changed /opt/stack/neutron/neutron/notifiers/nova.py:233}}
Feb 09 01:00:51.354246 n-d-828369-4 neutron-server[103136]: DEBUG neutron.pecan_wsgi.hooks.policy_enforcement [req-dad78aaa-c6a4-45ee-a070-0406b2701812 req-ace8512c-0976-4864-951b-36b690cb3c75 tempest-LiveAutoBlockMigrationV225Test-1343020216 tempest-LiveAutoBlockMigrationV225Test-1343020216-project-admin] Attributes excluded by policy engine: ['standard_attr_id'] {{(pid=103136) _exclude_attributes_by_policy /opt/stack/neutron/neutron/pecan_wsgi/hooks/policy_enforcement.py:255}}
Feb 09 01:00:51.356742 n-d-828369-4 neutron-server[103137]: DEBUG neutron_lib.callbacks.manager [None req-313be549-901e-4ae7-b175-871317be3e99 admin admin] Publish callbacks [] for security_group (27ba3b75-152a-4380-b7c8-5c73b5a299f4), precommit_delete {{(pid=103137) _notify_loop /usr/local/lib/python3.8/dist-packages/neutron_lib/callbacks/manager.py:176}}
Feb 09 01:00:51.360874 n-d-828369-4 neutron-server[103136]: INFO neutron.wsgi [req-dad78aaa-c6a4-45ee-a070-0406b2701812 req-ace8512c-0976-4864-951b-36b690cb3c75 tempest-LiveAutoBlockMigrationV225Test-1343020216 tempest-LiveAutoBlockMigrationV225Test-1343020216-project-admin] 10.222.0.47 "GET /v2.0/ports?device_id=8c500d91-5364-48c7-b452-78dfe56882e1&tenant_id=3b70da3c9e0441c5928a48dabf785fc6&binding%3Ahost_id=n-h1-828369-4 HTTP/1.1" status: 200 len: 1126 time: 0.2972019
Feb 09 01:00:51.367107 n-d-828369-4 neutron-server[103136]: DEBUG neutron_lib.callbacks.manager [req-d7df005c-1a3c-404b-ae44-494999bb3e0b req-21592da6-f338-46f5-ac79-61b4c63c3e4b service neutron] Publish callbacks [] for port (bc3bbf9e-6302-4f75-979e-f06189e488b9), precommit_update {{(pid=103136) _notify_loop /usr/local/lib/python3.8/dist-packages/neutron_lib/callbacks/manager.py:176}}
Feb 09 01:00:51.405989 n-d-828369-4 neutron-server[103137]: DEBUG neutron.scheduler.dhcp_agent_scheduler [None req-41c18160-aa4d-41f2-b788-310c84a969f4 admin admin] Network dbece8d4-4ff3-4f42-9878-5304cd11aa89 is scheduled to be hosted by DHCP agent 257758ee-c91b-49b3-ab26-4d29e3c87f03 with binding_index 1 {{(pid=103137) bind /opt/stack/neutron/neutron/scheduler/dhcp_agent_scheduler.py:227}}
Feb 09 01:00:51.440259 n-d-828369-4 neutron-server[103138]: DEBUG neutron.plugins.ml2.plugin [None req-7ee5a8a3-c74a-43a0-b441-5dffd012fed0 None None] Current status of the port f6a8ef8b-cfe0-4fba-8d6c-39747c1facfb is: DOWN; New status is: ACTIVE {{(pid=103138) _update_individual_port_db_status /opt/stack/neutron/neutron/plugins/ml2/plugin.py:2232}}
Feb 09 01:00:51.440259 n-d-828369-4 neutron-server[103138]: DEBUG neutron_lib.callbacks.manager [None req-7ee5a8a3-c74a-43a0-b441-5dffd012fed0 None None] Publish callbacks ['neutron.plugins.ml2.plugin.SecurityGroupDbMixin._ensure_default_security_group_handler-3476629'] for port (f6a8ef8b-cfe0-4fba-8d6c-39747c1facfb), before_update {{(pid=103138) _notify_loop /usr/local/lib/python3.8/dist-packages/neutron_lib/callbacks/manager.py:176}}
Feb 09 01:00:51.486572 n-d-828369-4 neutron-server[103138]: DEBUG neutron.plugins.ml2.db [None req-7ee5a8a3-c74a-43a0-b441-5dffd012fed0 None None] For port f6a8ef8b-cfe0-4fba-8d6c-39747c1facfb, host n-d-828369-4, got binding levels [PortBindingLevel(driver='openvswitch',host='n-d-828369-4',level=0,port_id=f6a8ef8b-cfe0-4fba-8d6c-39747c1facfb,segment=NetworkSegment(431c715a-c199-48c1-a403-75c9f288f923),segment_id=431c715a-c199-48c1-a403-75c9f288f923)] {{(pid=103138) get_binding_level_objs /opt/stack/neutron/neutron/plugins/ml2/db.py:74}}
Feb 09 01:00:51.511415 n-d-828369-4 neutron-server[103137]: DEBUG neutron_lib.callbacks.manager [None req-313be549-901e-4ae7-b175-871317be3e99 admin admin] Publish callbacks ['neutron.plugins.ml2.ovo_rpc._ObjectChangeHandler.handle_event-3720929'] for security_group (27ba3b75-152a-4380-b7c8-5c73b5a299f4), after_delete {{(pid=103137) _notify_loop /usr/local/lib/python3.8/dist-packages/neutron_lib/callbacks/manager.py:176}}
Feb 09 01:00:51.515363 n-d-828369-4 neutron-server[103137]: DEBUG neutron_lib.callbacks.manager [None req-313be549-901e-4ae7-b175-871317be3e99 admin admin] Publish callbacks [] for security_group (None), before_response {{(pid=103137) _notify_loop /usr/local/lib/python3.8/dist-packages/neutron_lib/callbacks/manager.py:176}}
Feb 09 01:00:51.517222 n-d-828369-4 neutron-server[103137]: INFO neutron.wsgi [None req-313be549-901e-4ae7-b175-871317be3e99 admin admin] 10.222.0.50 "DELETE /v2.0/security-groups/27ba3b75-152a-4380-b7c8-5c73b5a299f4 HTTP/1.1" status: 204 len: 168 time: 0.7577004
Feb 09 01:00:51.517898 n-d-828369-4 neutron-server[103136]: INFO neutron.wsgi [req-24d08c6a-91ec-4d3b-bf8d-b029e4685d96 req-61349127-2ca7-470f-922d-e6db43122b31 tempest-ImagesOneServerTestJSON-1245790352 tempest-ImagesOneServerTestJSON-1245790352-project] 10.222.0.50 "GET /v2.0/networks?tenant_id=e843f4035a9846f685ac3d2af37d4521&shared=False HTTP/1.1" status: 200 len: 213 time: 0.1849389
Feb 09 01:00:51.531125 n-d-828369-4 neutron-server[103136]: DEBUG neutron.db.provisioning_blocks [req-d7df005c-1a3c-404b-ae44-494999bb3e0b req-21592da6-f338-46f5-ac79-61b4c63c3e4b service neutron] Transition to ACTIVE for port object bc3bbf9e-6302-4f75-979e-f06189e488b9 will not be triggered until provisioned by entity L2. {{(pid=103136) add_provisioning_component /opt/stack/neutron/neutron/db/provisioning_blocks.py:73}}
Feb 09 01:00:51.551923 n-d-828369-4 neutron-server[103137]: DEBUG neutron.scheduler.base_scheduler [None req-41c18160-aa4d-41f2-b788-310c84a969f4 admin admin] Resources bound (agent type, host, resource id): (DHCP agent, n-d-828369-4, dbece8d4-4ff3-4f42-9878-5304cd11aa89) {{(pid=103137) schedule /opt/stack/neutron/neutron/scheduler/base_scheduler.py:57}}
Feb 09 01:00:51.570711 n-d-828369-4 neutron-server[103137]: DEBUG neutron.pecan_wsgi.hooks.policy_enforcement [None req-41c18160-aa4d-41f2-b788-310c84a969f4 admin admin] Attributes excluded by policy engine: ['standard_attr_id', 'shared', 'network'] {{(pid=103137) _exclude_attributes_by_policy /opt/stack/neutron/neutron/pecan_wsgi/hooks/policy_enforcement.py:255}}
Feb 09 01:00:51.571497 n-d-828369-4 neutron-server[103137]: DEBUG neutron_lib.callbacks.manager [None req-41c18160-aa4d-41f2-b788-310c84a969f4 admin admin] Publish callbacks ['neutron.api.rpc.agentnotifiers.dhcp_rpc_agent_api.DhcpAgentNotifyAPI._send_dhcp_notification-3924708'] for subnet (None), before_response {{(pid=103137) _notify_loop /usr/local/lib/python3.8/dist-packages/neutron_lib/callbacks/manager.py:176}}
Feb 09 01:00:51.586212 n-d-828369-4 neutron-server[103136]: DEBUG neutron_lib.callbacks.manager [req-d7df005c-1a3c-404b-ae44-494999bb3e0b req-21592da6-f338-46f5-ac79-61b4c63c3e4b service neutron] Publish callbacks ['neutron.plugins.ml2.plugin.SecurityGroupServerNotifierRpcMixin._notify_sg_on_port_change-3476537', 'neutron.plugins.ml2.ovo_rpc._ObjectChangeHandler.handle_event-207872', 'neutron.api.rpc.agentnotifiers.dhcp_rpc_agent_api.DhcpAgentNotifyAPI._native_event_send_dhcp_notification-3924630', 'neutron.db.l3_db.L3RpcNotifierMixin._notify_gateway_port_ip_changed-8750578436109', 'neutron.db.l3_dvrscheduler_db._notify_l3_agent_port_update-8750578096851', 'neutron.db.l3_hascheduler_db._notify_l3_agent_ha_port_update-8750578096869'] for port (bc3bbf9e-6302-4f75-979e-f06189e488b9), after_update {{(pid=103136) _notify_loop /usr/local/lib/python3.8/dist-packages/neutron_lib/callbacks/manager.py:176}}
Feb 09 01:00:51.599872 n-d-828369-4 neutron-server[103137]: DEBUG neutron.api.rpc.handlers.resources_rpc [None req-313be549-901e-4ae7-b175-871317be3e99 admin admin] Pushing event deleted for resources: {'SecurityGroup': ['ID=27ba3b75-152a-4380-b7c8-5c73b5a299f4,revision_number=None']} {{(pid=103137) push /opt/stack/neutron/neutron/api/rpc/handlers/resources_rpc.py:237}}
Feb 09 01:00:51.617969 n-d-828369-4 neutron-server[103137]: INFO neutron.wsgi [None req-41c18160-aa4d-41f2-b788-310c84a969f4 admin admin] 10.222.0.50 "POST /v2.0/subnets HTTP/1.1" status: 201 len: 860 time: 1.4267762
Feb 09 01:00:51.618375 n-d-828369-4 neutron-server[103137]: DEBUG neutron.wsgi [-] (103137) accepted ('10.222.0.50', 38046) {{(pid=103137) server /usr/local/lib/python3.8/dist-packages/eventlet/wsgi.py:1004}}
Feb 09 01:00:51.627180 n-d-828369-4 neutron-server[103137]: DEBUG neutron.api.v2.base [None req-caa4698f-5c3d-420a-acaa-1d70671e33d8 admin admin] Request body: {'router': {'name': 'tempest-ServersWithSpecificFlavorTestJSON-1872106542-router', 'tenant_id': '37ac9d48452c4f7db9f108f5d4739f3f', 'external_gateway_info': {'network_id': 'ca740734-29c2-4b60-ae10-4c709b5c6ef4'}}} {{(pid=103137) prepare_request_body /opt/stack/neutron/neutron/api/v2/base.py:729}}
Feb 09 01:00:51.672028 n-d-828369-4 neutron-server[103137]: DEBUG neutron_lib.callbacks.manager [None req-caa4698f-5c3d-420a-acaa-1d70671e33d8 admin admin] Publish callbacks ['neutron.services.l3_router.l3_router_plugin.L3_HA_NAT_db_mixin._before_router_create_handler-478256', 'neutron.services.l3_router.service_providers.driver_controller.DriverController._check_router_request-57633'] for router (57de46cf-5087-4fd0-9d66-6ed1770cc5a7), before_create {{(pid=103137) _notify_loop /usr/local/lib/python3.8/dist-packages/neutron_lib/callbacks/manager.py:176}}
Feb 09 01:00:51.678923 n-d-828369-4 neutron-server[103137]: DEBUG neutron_lib.callbacks.manager [None req-caa4698f-5c3d-420a-acaa-1d70671e33d8 admin admin] Publish callbacks ['neutron.services.l3_router.l3_router_plugin.L3_HA_NAT_db_mixin._precommit_router_create-478276', 'neutron.services.l3_router.l3_router_plugin.DVRResourceOperationHandler._set_distributed_flag-482798', 'neutron.services.l3_router.l3_router_plugin.RouterAvailabilityZoneMixin._process_az_request-3725425', 'neutron.services.l3_router.service_providers.driver_controller.DriverController._set_router_provider-57640'] for router (57de46cf-5087-4fd0-9d66-6ed1770cc5a7), precommit_create {{(pid=103137) _notify_loop /usr/local/lib/python3.8/dist-packages/neutron_lib/callbacks/manager.py:176}}
Feb 09 01:00:51.751094 n-d-828369-4 neutron-server[103138]: DEBUG neutron.plugins.ml2.db [None req-73a4e159-fbb2-40ce-92e0-b402a8466d06 None None] For port c5720836-7c12-40a3-96af-97d4f676d2e8, host n-h1-828369-4, got binding levels [PortBindingLevel(driver='hyperv',host='n-h1-828369-4',level=0,port_id=c5720836-7c12-40a3-96af-97d4f676d2e8,segment=NetworkSegment(b2ef10b9-0c7e-4ea0-88fe-781103c28e86),segment_id=b2ef10b9-0c7e-4ea0-88fe-781103c28e86)] {{(pid=103138) get_binding_level_objs /opt/stack/neutron/neutron/plugins/ml2/db.py:74}}
Feb 09 01:00:51.777232 n-d-828369-4 neutron-server[103138]: DEBUG neutron.notifiers.nova [-] Sending events: [{'server_uuid': 'f7218c38-5b3c-49f7-9f41-0357966bf891', 'name': 'network-vif-plugged', 'status': 'completed', 'tag': 'c5720836-7c12-40a3-96af-97d4f676d2e8'}] {{(pid=103138) send_events /opt/stack/neutron/neutron/notifiers/nova.py:271}}
Feb 09 01:00:51.782010 n-d-828369-4 neutron-server[103138]: DEBUG novaclient.v2.client [-] REQ: curl -g -i --cacert "/opt/stack/data/ca-bundle.pem" -X POST http://10.222.0.50/compute/v2.1/os-server-external-events -H "Accept: application/json" -H "Content-Type: application/json" -H "User-Agent: python-novaclient" -H "X-Auth-Token: {SHA256}ba9b3135d33d8726a01a27532c3c1b887f2491a0f76397e3d1134f5007483bba" -H "X-OpenStack-Nova-API-Version: 2.1" -H "X-OpenStack-Request-ID: req-faa8a16a-bf47-4f47-99b2-feea1b950b74" -d '{"events": [{"server_uuid": "f7218c38-5b3c-49f7-9f41-0357966bf891", "name": "network-vif-plugged", "status": "completed", "tag": "c5720836-7c12-40a3-96af-97d4f676d2e8"}]}' {{(pid=103138) _http_log_request /usr/local/lib/python3.8/dist-packages/keystoneauth1/session.py:519}}
Feb 09 01:00:51.796484 n-d-828369-4 neutron-server[103138]: DEBUG neutron.api.rpc.handlers.dhcp_rpc [None req-7847ead6-1f68-40e6-bf55-f6959842212f None None] Network dbece8d4-4ff3-4f42-9878-5304cd11aa89 requested from n-d-828369-4 {{(pid=103138) get_network_info /opt/stack/neutron/neutron/api/rpc/handlers/dhcp_rpc.py:191}}
Feb 09 01:00:51.809989 n-d-828369-4 neutron-server[103138]: DEBUG neutron_lib.callbacks.manager [None req-7ee5a8a3-c74a-43a0-b441-5dffd012fed0 None None] Publish callbacks ['neutron.plugins.ml2.plugin.SecurityGroupServerNotifierRpcMixin._notify_sg_on_port_change-3476537', 'neutron.plugins.ml2.ovo_rpc._ObjectChangeHandler.handle_event-207872', 'neutron.api.rpc.agentnotifiers.dhcp_rpc_agent_api.DhcpAgentNotifyAPI._native_event_send_dhcp_notification-3924630', 'neutron.db.l3_db.L3RpcNotifierMixin._notify_gateway_port_ip_changed-8750578436109', 'neutron.db.l3_dvrscheduler_db._notify_l3_agent_port_update-8750578096851', 'neutron.db.l3_hascheduler_db._notify_l3_agent_ha_port_update-8750578096869'] for port (f6a8ef8b-cfe0-4fba-8d6c-39747c1facfb), after_update {{(pid=103138) _notify_loop /usr/local/lib/python3.8/dist-packages/neutron_lib/callbacks/manager.py:176}}
Feb 09 01:00:51.819542 n-d-828369-4 neutron-server[103137]: DEBUG neutron_lib.callbacks.manager [None req-caa4698f-5c3d-420a-acaa-1d70671e33d8 admin admin] Publish callbacks [] for router_controller (57de46cf-5087-4fd0-9d66-6ed1770cc5a7), precommit_add_association {{(pid=103137) _notify_loop /usr/local/lib/python3.8/dist-packages/neutron_lib/callbacks/manager.py:176}}
Feb 09 01:00:51.913003 n-d-828369-4 neutron-server[103138]: DEBUG neutron_lib.callbacks.manager [None req-73a4e159-fbb2-40ce-92e0-b402a8466d06 None None] Publish callbacks ['neutron.plugins.ml2.plugin.SecurityGroupServerNotifierRpcMixin._notify_sg_on_port_change-3476537', 'neutron.plugins.ml2.ovo_rpc._ObjectChangeHandler.handle_event-207872', 'neutron.api.rpc.agentnotifiers.dhcp_rpc_agent_api.DhcpAgentNotifyAPI._native_event_send_dhcp_notification-3924630', 'neutron.db.l3_db.L3RpcNotifierMixin._notify_gateway_port_ip_changed-8750578436109', 'neutron.db.l3_dvrscheduler_db._notify_l3_agent_port_update-8750578096851', 'neutron.db.l3_hascheduler_db._notify_l3_agent_ha_port_update-8750578096869'] for port (c5720836-7c12-40a3-96af-97d4f676d2e8), after_update {{(pid=103138) _notify_loop /usr/local/lib/python3.8/dist-packages/neutron_lib/callbacks/manager.py:176}}
Feb 09 01:00:52.095374 n-d-828369-4 neutron-server[103136]: DEBUG neutron.pecan_wsgi.hooks.policy_enforcement [req-4c044f43-deaf-4d92-8cb1-b9b277b9eccf req-5c2cc828-6d8e-42c4-af9c-6661880485d4 tempest-LiveAutoBlockMigrationV225Test-678283037 tempest-LiveAutoBlockMigrationV225Test-678283037-project] Attributes excluded by policy engine: ['standard_attr_id', 'binding:profile', 'binding:host_id', 'binding:vif_type', 'binding:vif_details'] {{(pid=103136) _exclude_attributes_by_policy /opt/stack/neutron/neutron/pecan_wsgi/hooks/policy_enforcement.py:255}}
Feb 09 01:00:52.109959 n-d-828369-4 neutron-server[103136]: INFO neutron.wsgi [req-4c044f43-deaf-4d92-8cb1-b9b277b9eccf req-5c2cc828-6d8e-42c4-af9c-6661880485d4 tempest-LiveAutoBlockMigrationV225Test-678283037 tempest-LiveAutoBlockMigrationV225Test-678283037-project] 10.222.0.50 "GET /v2.0/ports?device_id=8c500d91-5364-48c7-b452-78dfe56882e1 HTTP/1.1" status: 200 len: 944 time: 0.7749825
Feb 09 01:00:52.112703 n-d-828369-4 neutron-server[103136]: DEBUG neutron.api.rpc.handlers.resources_rpc [None req-21592da6-f338-46f5-ac79-61b4c63c3e4b service neutron] Pushing event updated for resources: {'Port': ['ID=bc3bbf9e-6302-4f75-979e-f06189e488b9,revision_number=2']} {{(pid=103136) push /opt/stack/neutron/neutron/api/rpc/handlers/resources_rpc.py:237}}
Feb 09 01:00:52.117499 n-d-828369-4 neutron-server[103138]: DEBUG neutron.api.rpc.handlers.resources_rpc [None req-7ee5a8a3-c74a-43a0-b441-5dffd012fed0 None None] Pushing event updated for resources: {'Port': ['ID=f6a8ef8b-cfe0-4fba-8d6c-39747c1facfb,revision_number=5']} {{(pid=103138) push /opt/stack/neutron/neutron/api/rpc/handlers/resources_rpc.py:237}}
Feb 09 01:00:52.157961 n-d-828369-4 neutron-server[103136]: DEBUG neutron.pecan_wsgi.hooks.policy_enforcement [req-24d08c6a-91ec-4d3b-bf8d-b029e4685d96 req-fd80025a-3435-4418-be8b-272bc65a2623 tempest-ImagesOneServerTestJSON-1245790352 tempest-ImagesOneServerTestJSON-1245790352-project] Attributes excluded by policy engine: ['standard_attr_id', 'vlan_transparent', 'provider:network_type', 'provider:physical_network', 'provider:segmentation_id'] {{(pid=103136) _exclude_attributes_by_policy /opt/stack/neutron/neutron/pecan_wsgi/hooks/policy_enforcement.py:255}}
Feb 09 01:00:52.168830 n-d-828369-4 neutron-server[103136]: INFO neutron.wsgi [req-24d08c6a-91ec-4d3b-bf8d-b029e4685d96 req-fd80025a-3435-4418-be8b-272bc65a2623 tempest-ImagesOneServerTestJSON-1245790352 tempest-ImagesOneServerTestJSON-1245790352-project] 10.222.0.50 "GET /v2.0/networks?shared=True HTTP/1.1" status: 200 len: 769 time: 0.6346750
Feb 09 01:00:52.223018 n-d-828369-4 neutron-server[103138]: DEBUG neutron.api.rpc.handlers.resources_rpc [None req-73a4e159-fbb2-40ce-92e0-b402a8466d06 None None] Pushing event updated for resources: {'Port': ['ID=c5720836-7c12-40a3-96af-97d4f676d2e8,revision_number=7']} {{(pid=103138) push /opt/stack/neutron/neutron/api/rpc/handlers/resources_rpc.py:237}}
Feb 09 01:00:52.314128 n-d-828369-4 neutron-server[103138]: DEBUG neutron.api.rpc.handlers.dhcp_rpc [None req-0f920242-dbc1-49a7-9c41-19c7c9f1502e None None] Create dhcp port {'port': {'name': '', 'admin_state_up': True, 'device_id': 'dhcp4691251e-02ce-519a-822a-52abf53c0e49-dbece8d4-4ff3-4f42-9878-5304cd11aa89', 'network_id': 'dbece8d4-4ff3-4f42-9878-5304cd11aa89', 'project_id': '37ac9d48452c4f7db9f108f5d4739f3f', 'fixed_ips': [{'subnet_id': '75c2f933-5ba6-4c8a-a23f-8e8f2e024d57'}]}} from n-d-828369-4. {{(pid=103138) create_dhcp_port /opt/stack/neutron/neutron/api/rpc/handlers/dhcp_rpc.py:268}}
Feb 09 01:00:52.315043 n-d-828369-4 neutron-server[103138]: DEBUG neutron_lib.callbacks.manager [None req-0f920242-dbc1-49a7-9c41-19c7c9f1502e None None] Publish callbacks ['neutron.plugins.ml2.plugin.SecurityGroupDbMixin._ensure_default_security_group_handler-3476629'] for port (None), before_create {{(pid=103138) _notify_loop /usr/local/lib/python3.8/dist-packages/neutron_lib/callbacks/manager.py:176}}
Feb 09 01:00:52.419352 n-d-828369-4 neutron-server[103136]: INFO neutron.wsgi [req-24d08c6a-91ec-4d3b-bf8d-b029e4685d96 req-eaf4c479-f1e2-43ff-be2d-f6c24382e8b5 tempest-ImagesOneServerTestJSON-1245790352 tempest-ImagesOneServerTestJSON-1245790352-project] 10.222.0.50 "GET /v2.0/quotas/e843f4035a9846f685ac3d2af37d4521 HTTP/1.1" status: 200 len: 375 time: 0.2275710
Feb 09 01:00:52.449698 n-d-828369-4 neutron-server[103136]: DEBUG neutron.plugins.ml2.db [req-dad78aaa-c6a4-45ee-a070-0406b2701812 req-6a510e48-2bb4-4b1c-954e-238f224eafae service neutron] For port 9804ef2d-9fcf-4148-8470-0d34c52d2038, host n-h2-828369-4, cleared binding levels {{(pid=103136) clear_binding_levels /opt/stack/neutron/neutron/plugins/ml2/db.py:87}}
Feb 09 01:00:52.503199 n-d-828369-4 neutron-server[103136]: DEBUG neutron_lib.callbacks.manager [req-dad78aaa-c6a4-45ee-a070-0406b2701812 req-6a510e48-2bb4-4b1c-954e-238f224eafae service neutron] Publish callbacks [] for binding (None), before_response {{(pid=103136) _notify_loop /usr/local/lib/python3.8/dist-packages/neutron_lib/callbacks/manager.py:176}}
Feb 09 01:00:52.505683 n-d-828369-4 neutron-server[103136]: INFO neutron.wsgi [req-dad78aaa-c6a4-45ee-a070-0406b2701812 req-6a510e48-2bb4-4b1c-954e-238f224eafae service neutron] 10.222.0.47 "DELETE /v2.0/ports/9804ef2d-9fcf-4148-8470-0d34c52d2038/bindings/n-h2-828369-4 HTTP/1.1" status: 204 len: 173 time: 1.0469012
Feb 09 01:00:52.531688 n-d-828369-4 neutron-server[103136]: DEBUG neutron.plugins.ml2.managers [req-d7df005c-1a3c-404b-ae44-494999bb3e0b req-21592da6-f338-46f5-ac79-61b4c63c3e4b service neutron] Attempting to bind port bc3bbf9e-6302-4f75-979e-f06189e488b9 on host n-h1-828369-4 for vnic_type normal with profile {{(pid=103136) bind_port /opt/stack/neutron/neutron/plugins/ml2/managers.py:795}}
Feb 09 01:00:52.533011 n-d-828369-4 neutron-server[103136]: DEBUG neutron.plugins.ml2.managers [req-d7df005c-1a3c-404b-ae44-494999bb3e0b req-21592da6-f338-46f5-ac79-61b4c63c3e4b service neutron] Attempting to bind port bc3bbf9e-6302-4f75-979e-f06189e488b9 by drivers openvswitch,hyperv on host n-h1-828369-4 at level 0 using segments [{'id': '436f5ab3-8a97-45ce-a1a0-b82fa68f6c53', 'network_type': 'vlan', 'physical_network': 'physnet1', 'segmentation_id': 1012, 'network_id': '9e88fe6e-2b1d-4294-a17d-9a7801813700'}] {{(pid=103136) _bind_port_level /opt/stack/neutron/neutron/plugins/ml2/managers.py:820}}
Feb 09 01:00:52.537296 n-d-828369-4 neutron-server[103136]: DEBUG neutron.plugins.ml2.drivers.mech_agent [req-d7df005c-1a3c-404b-ae44-494999bb3e0b req-21592da6-f338-46f5-ac79-61b4c63c3e4b service neutron] Attempting to bind port bc3bbf9e-6302-4f75-979e-f06189e488b9 on network 9e88fe6e-2b1d-4294-a17d-9a7801813700 {{(pid=103136) bind_port /opt/stack/neutron/neutron/plugins/ml2/drivers/mech_agent.py:91}}
Feb 09 01:00:52.575557 n-d-828369-4 neutron-server[103136]: DEBUG neutron.plugins.ml2.drivers.mech_agent [req-d7df005c-1a3c-404b-ae44-494999bb3e0b req-21592da6-f338-46f5-ac79-61b4c63c3e4b service neutron] Port bc3bbf9e-6302-4f75-979e-f06189e488b9 on network 9e88fe6e-2b1d-4294-a17d-9a7801813700 not bound, no agent of type Open vSwitch agent registered on host n-h1-828369-4 {{(pid=103136) bind_port /opt/stack/neutron/neutron/plugins/ml2/drivers/mech_agent.py:103}}
Feb 09 01:00:52.578920 n-d-828369-4 neutron-server[103136]: DEBUG neutron.plugins.ml2.drivers.mech_agent [req-d7df005c-1a3c-404b-ae44-494999bb3e0b req-21592da6-f338-46f5-ac79-61b4c63c3e4b service neutron] Attempting to bind port bc3bbf9e-6302-4f75-979e-f06189e488b9 on network 9e88fe6e-2b1d-4294-a17d-9a7801813700 {{(pid=103136) bind_port /opt/stack/neutron/neutron/plugins/ml2/drivers/mech_agent.py:91}}
Feb 09 01:00:52.662210 n-d-828369-4 neutron-server[103136]: INFO neutron.wsgi [req-24d08c6a-91ec-4d3b-bf8d-b029e4685d96 req-4f94be0d-7a67-46d4-ad7a-4f20a569011b tempest-ImagesOneServerTestJSON-1245790352 tempest-ImagesOneServerTestJSON-1245790352-project] 10.222.0.50 "GET /v2.0/ports?tenant_id=e843f4035a9846f685ac3d2af37d4521&fields=id HTTP/1.1" status: 200 len: 210 time: 0.2011781
Feb 09 01:00:52.663509 n-d-828369-4 neutron-server[103137]: DEBUG neutron_lib.callbacks.manager [None req-caa4698f-5c3d-420a-acaa-1d70671e33d8 admin admin] Publish callbacks [] for router_gateway (57de46cf-5087-4fd0-9d66-6ed1770cc5a7), precommit_update {{(pid=103137) _notify_loop /usr/local/lib/python3.8/dist-packages/neutron_lib/callbacks/manager.py:176}}
Feb 09 01:00:52.666514 n-d-828369-4 neutron-server[103136]: DEBUG neutron.plugins.ml2.drivers.mech_agent [req-d7df005c-1a3c-404b-ae44-494999bb3e0b req-21592da6-f338-46f5-ac79-61b4c63c3e4b service neutron] Checking agent: {'id': '243e362d-72b7-4682-a9ca-b9050fbc39ab', 'agent_type': 'HyperV agent', 'binary': 'neutron-hyperv-agent', 'topic': 'N/A', 'host': 'n-h1-828369-4', 'admin_state_up': True, 'created_at': datetime.datetime(2022, 2, 9, 0, 57, 37), 'started_at': datetime.datetime(2022, 2, 9, 0, 57, 37), 'heartbeat_timestamp': datetime.datetime(2022, 2, 9, 1, 0, 37), 'description': None, 'resources_synced': None, 'availability_zone': None, 'alive': True, 'configurations': {'vswitch_mappings': {'physnet1$': 'br-data'}}, 'resource_versions': {}} {{(pid=103136) bind_port /opt/stack/neutron/neutron/plugins/ml2/drivers/mech_agent.py:110}}
Feb 09 01:00:52.668839 n-d-828369-4 neutron-server[103136]: DEBUG neutron.plugins.ml2.drivers.mech_agent [req-d7df005c-1a3c-404b-ae44-494999bb3e0b req-21592da6-f338-46f5-ac79-61b4c63c3e4b service neutron] Checking segment: {'id': '436f5ab3-8a97-45ce-a1a0-b82fa68f6c53', 'network_type': 'vlan', 'physical_network': 'physnet1', 'segmentation_id': 1012, 'network_id': '9e88fe6e-2b1d-4294-a17d-9a7801813700'} for mappings: {'physnet1$': 'br-data'} with network types: ['local', 'flat', 'vlan'] {{(pid=103136) check_segment_for_agent /opt/stack/neutron/neutron/plugins/ml2/drivers/mech_agent.py:373}}
Feb 09 01:00:52.671617 n-d-828369-4 neutron-server[103136]: DEBUG neutron.plugins.ml2.drivers.mech_agent [req-d7df005c-1a3c-404b-ae44-494999bb3e0b req-21592da6-f338-46f5-ac79-61b4c63c3e4b service neutron] Bound using segment: {'id': '436f5ab3-8a97-45ce-a1a0-b82fa68f6c53', 'network_type': 'vlan', 'physical_network': 'physnet1', 'segmentation_id': 1012, 'network_id': '9e88fe6e-2b1d-4294-a17d-9a7801813700'} {{(pid=103136) bind_port /opt/stack/neutron/neutron/plugins/ml2/drivers/mech_agent.py:120}}
Feb 09 01:00:52.675137 n-d-828369-4 neutron-server[103136]: DEBUG neutron.plugins.ml2.managers [req-d7df005c-1a3c-404b-ae44-494999bb3e0b req-21592da6-f338-46f5-ac79-61b4c63c3e4b service neutron] Bound port: bc3bbf9e-6302-4f75-979e-f06189e488b9, host: n-h1-828369-4, vif_type: hyperv, vif_details: {"connectivity": "legacy", "port_filter": false}, binding_levels: [{'bound_driver': 'hyperv', 'bound_segment': {'id': '436f5ab3-8a97-45ce-a1a0-b82fa68f6c53', 'network_type': 'vlan', 'physical_network': 'physnet1', 'segmentation_id': 1012, 'network_id': '9e88fe6e-2b1d-4294-a17d-9a7801813700'}}] {{(pid=103136) _bind_port_level /opt/stack/neutron/neutron/plugins/ml2/managers.py:932}}
