Feb 08 19:05:48.320782 n-d-828369-2 devstack@n-api.service[117741]: [pid: 117741|app: 0|req: 39/72] 10.222.0.75 () {58 vars in 1151 bytes} [Tue Feb 8 19:05:48 2022] DELETE /compute/v2.1/os-aggregates/7 => generated 116 bytes in 18 msecs (HTTP/1.1 403) 9 headers in 379 bytes (1 switches on core 0)
Feb 08 19:05:48.391431 n-d-828369-2 devstack@n-api.service[117740]: INFO nova.api.openstack.requestlog [None req-1b795545-1f98-4f14-b29a-af1efe1aac24 tempest-FlavorsAccessNegativeTestJSON-960995803 tempest-FlavorsAccessNegativeTestJSON-960995803-project-admin] 10.222.0.75 "POST /compute/v2.1/flavors/451834717/action" status: 200 len: 96 microversion: 2.1 time: 0.475258
Feb 08 19:05:48.400884 n-d-828369-2 devstack@n-api.service[117740]: [pid: 117740|app: 0|req: 34/73] 10.222.0.75 () {60 vars in 1196 bytes} [Tue Feb 8 19:05:47 2022] POST /compute/v2.1/flavors/451834717/action => generated 96 bytes in 483 msecs (HTTP/1.1 200) 9 headers in 356 bytes (1 switches on core 0)
Feb 08 19:05:48.405809 n-d-828369-2 devstack@n-api.service[117740]: DEBUG nova.api.openstack.wsgi [None req-98077330-4b4a-45ea-b79b-0db50cd552e8 tempest-AggregatesAdminNegativeTestJSON-1339213360 tempest-AggregatesAdminNegativeTestJSON-1339213360-project-admin] Calling method '>' {{(pid=117740) _process_stack /opt/stack/nova/nova/api/openstack/wsgi.py:513}}
Feb 08 19:05:48.406609 n-d-828369-2 devstack@n-api.service[117740]: /usr/local/lib/python3.8/dist-packages/oslo_policy/policy.py:1119: UserWarning: Policy "os_compute_api:os-aggregates:delete": "rule:system_admin_api" failed scope check. The token used to make the request was project scoped but the policy requires ['system'] scope. This behavior may change in the future where using the intended scope is required
Feb 08 19:05:48.406609 n-d-828369-2 devstack@n-api.service[117740]: warnings.warn(msg)
Feb 08 19:05:48.468360 n-d-828369-2 devstack@n-api.service[117740]: INFO nova.api.openstack.requestlog [None req-98077330-4b4a-45ea-b79b-0db50cd552e8 tempest-AggregatesAdminNegativeTestJSON-1339213360 tempest-AggregatesAdminNegativeTestJSON-1339213360-project-admin] 10.222.0.75 "DELETE /compute/v2.1/os-aggregates/7" status: 200 len: 0 microversion: 2.1 time: 0.064145
Feb 08 19:05:48.470003 n-d-828369-2 devstack@n-api.service[117740]: [pid: 117740|app: 0|req: 35/74] 10.222.0.75 () {58 vars in 1151 bytes} [Tue Feb 8 19:05:48 2022] DELETE /compute/v2.1/os-aggregates/7 => generated 0 bytes in 68 msecs (HTTP/1.1 200) 9 headers in 355 bytes (1 switches on core 0)
Feb 08 19:05:48.483645 n-d-828369-2 devstack@n-api.service[117740]: DEBUG nova.api.openstack.wsgi [None req-e96e987a-3253-48c0-b109-bb40b5a2d6e2 tempest-FlavorsAccessNegativeTestJSON-1387871786 tempest-FlavorsAccessNegativeTestJSON-1387871786-project] Action: 'action', calling method: >, body: {"removeTenantAccess": {"tenant": "48efa756af724ab197ab03362e7bc681"}} {{(pid=117740) _process_stack /opt/stack/nova/nova/api/openstack/wsgi.py:511}}
Feb 08 19:05:48.485336 n-d-828369-2 devstack@n-api.service[117740]: /usr/local/lib/python3.8/dist-packages/oslo_policy/policy.py:1119: UserWarning: Policy "os_compute_api:os-flavor-access:remove_tenant_access": "rule:system_admin_api" failed scope check. The token used to make the request was project scoped but the policy requires ['system'] scope. This behavior may change in the future where using the intended scope is required
Feb 08 19:05:48.485336 n-d-828369-2 devstack@n-api.service[117740]: warnings.warn(msg)
Feb 08 19:05:48.486609 n-d-828369-2 devstack@n-api.service[117740]: DEBUG nova.policy [None req-e96e987a-3253-48c0-b109-bb40b5a2d6e2 tempest-FlavorsAccessNegativeTestJSON-1387871786 tempest-FlavorsAccessNegativeTestJSON-1387871786-project] Policy check for os_compute_api:os-flavor-access:remove_tenant_access failed with credentials {'is_admin': False, 'user_id': '4d94aa8576574a8d81819b4037e64ee3', 'user_domain_id': 'default', 'system_scope': None, 'domain_id': None, 'project_id': '48efa756af724ab197ab03362e7bc681', 'project_domain_id': 'default', 'roles': ['reader', 'member'], 'is_admin_project': True, 'service_user_id': None, 'service_user_domain_id': None, 'service_project_id': None, 'service_project_domain_id': None, 'service_roles': []} {{(pid=117740) authorize /opt/stack/nova/nova/policy.py:199}}
Feb 08 19:05:48.488629 n-d-828369-2 devstack@n-api.service[117740]: DEBUG nova.api.openstack.wsgi [None req-e96e987a-3253-48c0-b109-bb40b5a2d6e2 tempest-FlavorsAccessNegativeTestJSON-1387871786 tempest-FlavorsAccessNegativeTestJSON-1387871786-project] Returning 403 to user: Policy doesn't allow os_compute_api:os-flavor-access:remove_tenant_access to be performed. {{(pid=117740) __call__ /opt/stack/nova/nova/api/openstack/wsgi.py:936}}
Feb 08 19:05:48.489696 n-d-828369-2 devstack@n-api.service[117740]: INFO nova.api.openstack.requestlog [None req-e96e987a-3253-48c0-b109-bb40b5a2d6e2 tempest-FlavorsAccessNegativeTestJSON-1387871786 tempest-FlavorsAccessNegativeTestJSON-1387871786-project] 10.222.0.75 "POST /compute/v2.1/flavors/451834717/action" status: 403 len: 133 microversion: 2.1 time: 0.015102
Feb 08 19:05:48.490510 n-d-828369-2 devstack@n-api.service[117740]: [pid: 117740|app: 0|req: 36/75] 10.222.0.75 () {60 vars in 1196 bytes} [Tue Feb 8 19:05:48 2022] POST /compute/v2.1/flavors/451834717/action => generated 133 bytes in 20 msecs (HTTP/1.1 403) 9 headers in 379 bytes (1 switches on core 0)
Feb 08 19:05:48.502135 n-d-828369-2 devstack@n-api.service[117740]: DEBUG nova.api.openstack.wsgi [None req-c1f6c1d2-fb59-476b-8599-1bf4f72287c2 tempest-AggregatesAdminNegativeTestJSON-1339213360 tempest-AggregatesAdminNegativeTestJSON-1339213360-project-admin] Calling method '>' {{(pid=117740) _process_stack /opt/stack/nova/nova/api/openstack/wsgi.py:513}}
Feb 08 19:05:48.503357 n-d-828369-2 devstack@n-api.service[117740]: /usr/local/lib/python3.8/dist-packages/oslo_policy/policy.py:1119: UserWarning: Policy "os_compute_api:os-aggregates:delete": "rule:system_admin_api" failed scope check. The token used to make the request was project scoped but the policy requires ['system'] scope. This behavior may change in the future where using the intended scope is required
Feb 08 19:05:48.503357 n-d-828369-2 devstack@n-api.service[117740]: warnings.warn(msg)
Feb 08 19:05:48.520505 n-d-828369-2 devstack@n-api.service[117740]: INFO nova.api.openstack.wsgi [None req-c1f6c1d2-fb59-476b-8599-1bf4f72287c2 tempest-AggregatesAdminNegativeTestJSON-1339213360 tempest-AggregatesAdminNegativeTestJSON-1339213360-project-admin] HTTP exception thrown: Aggregate -1 could not be found.
Feb 08 19:05:48.521041 n-d-828369-2 devstack@n-api.service[117740]: DEBUG nova.api.openstack.wsgi [None req-c1f6c1d2-fb59-476b-8599-1bf4f72287c2 tempest-AggregatesAdminNegativeTestJSON-1339213360 tempest-AggregatesAdminNegativeTestJSON-1339213360-project-admin] Returning 404 to user: Aggregate -1 could not be found. {{(pid=117740) __call__ /opt/stack/nova/nova/api/openstack/wsgi.py:936}}
Feb 08 19:05:48.523036 n-d-828369-2 devstack@n-api.service[117740]: INFO nova.api.openstack.requestlog [None req-c1f6c1d2-fb59-476b-8599-1bf4f72287c2 tempest-AggregatesAdminNegativeTestJSON-1339213360 tempest-AggregatesAdminNegativeTestJSON-1339213360-project-admin] 10.222.0.75 "DELETE /compute/v2.1/os-aggregates/-1" status: 404 len: 78 microversion: 2.1 time: 0.031272
Feb 08 19:05:48.524528 n-d-828369-2 devstack@n-api.service[117740]: [pid: 117740|app: 0|req: 37/76] 10.222.0.75 () {58 vars in 1154 bytes} [Tue Feb 8 19:05:48 2022] DELETE /compute/v2.1/os-aggregates/-1 => generated 78 bytes in 33 msecs (HTTP/1.1 404) 9 headers in 378 bytes (1 switches on core 0)
Feb 08 19:05:48.538478 n-d-828369-2 devstack@n-api.service[117740]: DEBUG nova.api.openstack.wsgi [None req-92def0d9-5127-4c2b-9e41-3f7e674fada8 tempest-FlavorsAccessNegativeTestJSON-960995803 tempest-FlavorsAccessNegativeTestJSON-960995803-project-admin] Action: 'action', calling method: >, body: {"removeTenantAccess": {"tenant": "48efa756af724ab197ab03362e7bc681"}} {{(pid=117740) _process_stack /opt/stack/nova/nova/api/openstack/wsgi.py:511}}
Feb 08 19:05:48.692816 n-d-828369-2 devstack@n-api.service[117741]: DEBUG nova.api.openstack.wsgi [None req-102d087f-ecdb-447e-98bf-f279d5f3abbf tempest-FlavorsAdminTestJSON-2116702481 tempest-FlavorsAdminTestJSON-2116702481-project] Calling method '>' {{(pid=117741) _process_stack /opt/stack/nova/nova/api/openstack/wsgi.py:513}}
Feb 08 19:05:48.726020 n-d-828369-2 devstack@n-api.service[117741]: INFO nova.api.openstack.requestlog [None req-102d087f-ecdb-447e-98bf-f279d5f3abbf tempest-FlavorsAdminTestJSON-2116702481 tempest-FlavorsAdminTestJSON-2116702481-project] 10.222.0.75 "GET /compute/v2.1/flavors/detail" status: 200 len: 5395 microversion: 2.1 time: 0.403803
Feb 08 19:05:48.737902 n-d-828369-2 devstack@n-api.service[117741]: [pid: 117741|app: 0|req: 40/77] 10.222.0.75 () {58 vars in 1145 bytes} [Tue Feb 8 19:05:48 2022] GET /compute/v2.1/flavors/detail => generated 5395 bytes in 416 msecs (HTTP/1.1 200) 9 headers in 358 bytes (1 switches on core 0)
Feb 08 19:05:48.745306 n-d-828369-2 devstack@n-api.service[117741]: DEBUG nova.api.openstack.wsgi [None req-4b61ecaf-0c34-4d43-947b-4db242036204 tempest-AggregatesAdminNegativeTestJSON-1339213360 tempest-AggregatesAdminNegativeTestJSON-1339213360-project-admin] Action: 'create', calling method: >, body: {"aggregate": {"name": "tempest-test_aggregate-402807723"}} {{(pid=117741) _process_stack /opt/stack/nova/nova/api/openstack/wsgi.py:511}}
Feb 08 19:05:48.746752 n-d-828369-2 devstack@n-api.service[117741]: /usr/local/lib/python3.8/dist-packages/oslo_policy/policy.py:1119: UserWarning: Policy "os_compute_api:os-aggregates:create": "rule:system_admin_api" failed scope check. The token used to make the request was project scoped but the policy requires ['system'] scope. This behavior may change in the future where using the intended scope is required
Feb 08 19:05:48.746752 n-d-828369-2 devstack@n-api.service[117741]: warnings.warn(msg)
Feb 08 19:05:48.748405 n-d-828369-2 devstack@n-api.service[117741]: DEBUG nova.objects.aggregate [None req-4b61ecaf-0c34-4d43-947b-4db242036204 tempest-AggregatesAdminNegativeTestJSON-1339213360 tempest-AggregatesAdminNegativeTestJSON-1339213360-project-admin] Generated uuid 1d779d7f-fa09-4385-8fab-7ca3d7b9208d for aggregate {{(pid=117741) create /opt/stack/nova/nova/objects/aggregate.py:298}}
Feb 08 19:05:48.768045 n-d-828369-2 devstack@n-api.service[117741]: INFO nova.api.openstack.requestlog [None req-4b61ecaf-0c34-4d43-947b-4db242036204 tempest-AggregatesAdminNegativeTestJSON-1339213360 tempest-AggregatesAdminNegativeTestJSON-1339213360-project-admin] 10.222.0.75 "POST /compute/v2.1/os-aggregates" status: 200 len: 197 microversion: 2.1 time: 0.028783
Feb 08 19:05:48.774860 n-d-828369-2 devstack@n-api.service[117741]: [pid: 117741|app: 0|req: 41/78] 10.222.0.75 () {60 vars in 1163 bytes} [Tue Feb 8 19:05:48 2022] POST /compute/v2.1/os-aggregates => generated 197 bytes in 36 msecs (HTTP/1.1 200) 9 headers in 357 bytes (1 switches on core 0)
Feb 08 19:05:48.786083 n-d-828369-2 devstack@n-api.service[117741]: DEBUG nova.api.openstack.wsgi [None req-2874a3cd-7362-47b8-b7df-e622abc3b3c6 tempest-QuotasAdminTestJSON-1794274394 tempest-QuotasAdminTestJSON-1794274394-project-admin] Action: 'update', calling method: .version_select at 0x7fc518db3820>, body: {"quota_set": {"ram": "5120"}} {{(pid=117741) _process_stack /opt/stack/nova/nova/api/openstack/wsgi.py:511}}
Feb 08 19:05:48.788484 n-d-828369-2 devstack@n-api.service[117741]: /usr/local/lib/python3.8/dist-packages/oslo_policy/policy.py:1119: UserWarning: Policy "os_compute_api:os-quota-sets:update": "rule:system_admin_api" failed scope check. The token used to make the request was project scoped but the policy requires ['system'] scope. This behavior may change in the future where using the intended scope is required
Feb 08 19:05:48.788484 n-d-828369-2 devstack@n-api.service[117741]: warnings.warn(msg)
Feb 08 19:05:49.113020 n-d-828369-2 devstack@n-api.service[117740]: INFO nova.api.openstack.requestlog [None req-92def0d9-5127-4c2b-9e41-3f7e674fada8 tempest-FlavorsAccessNegativeTestJSON-960995803 tempest-FlavorsAccessNegativeTestJSON-960995803-project-admin] 10.222.0.75 "POST /compute/v2.1/flavors/451834717/action" status: 200 len: 21 microversion: 2.1 time: 0.586508
Feb 08 19:05:49.113887 n-d-828369-2 devstack@n-api.service[117740]: [pid: 117740|app: 0|req: 38/79] 10.222.0.75 () {60 vars in 1196 bytes} [Tue Feb 8 19:05:48 2022] POST /compute/v2.1/flavors/451834717/action => generated 21 bytes in 589 msecs (HTTP/1.1 200) 9 headers in 356 bytes (1 switches on core 0)
Feb 08 19:05:49.397905 n-d-828369-2 devstack@n-api.service[117741]: DEBUG oslo_concurrency.lockutils [None req-2874a3cd-7362-47b8-b7df-e622abc3b3c6 tempest-QuotasAdminTestJSON-1794274394 tempest-QuotasAdminTestJSON-1794274394-project-admin] Lock "00000000-0000-0000-0000-000000000000" acquired by "nova.context.set_target_cell..get_or_set_cached_cell_and_set_connections" :: waited 0.000s {{(pid=117741) inner /usr/local/lib/python3.8/dist-packages/oslo_concurrency/lockutils.py:386}}
Feb 08 19:05:49.398357 n-d-828369-2 devstack@n-api.service[117741]: DEBUG oslo_concurrency.lockutils [None req-2874a3cd-7362-47b8-b7df-e622abc3b3c6 tempest-QuotasAdminTestJSON-1794274394 tempest-QuotasAdminTestJSON-1794274394-project-admin] Lock "00000000-0000-0000-0000-000000000000" "released" by "nova.context.set_target_cell..get_or_set_cached_cell_and_set_connections" :: held 0.001s {{(pid=117741) inner /usr/local/lib/python3.8/dist-packages/oslo_concurrency/lockutils.py:400}}
Feb 08 19:05:49.412312 n-d-828369-2 devstack@n-api.service[117741]: DEBUG oslo_concurrency.lockutils [None req-2874a3cd-7362-47b8-b7df-e622abc3b3c6 tempest-QuotasAdminTestJSON-1794274394 tempest-QuotasAdminTestJSON-1794274394-project-admin] Lock "eabe4ddf-45df-416e-95b2-4670235da41d" acquired by "nova.context.set_target_cell..get_or_set_cached_cell_and_set_connections" :: waited 0.013s {{(pid=117741) inner /usr/local/lib/python3.8/dist-packages/oslo_concurrency/lockutils.py:386}}
Feb 08 19:05:49.412783 n-d-828369-2 devstack@n-api.service[117741]: DEBUG oslo_concurrency.lockutils [None req-2874a3cd-7362-47b8-b7df-e622abc3b3c6 tempest-QuotasAdminTestJSON-1794274394 tempest-QuotasAdminTestJSON-1794274394-project-admin] Lock "eabe4ddf-45df-416e-95b2-4670235da41d" "released" by "nova.context.set_target_cell..get_or_set_cached_cell_and_set_connections" :: held 0.001s {{(pid=117741) inner /usr/local/lib/python3.8/dist-packages/oslo_concurrency/lockutils.py:400}}
Feb 08 19:05:49.465450 n-d-828369-2 devstack@n-api.service[117740]: DEBUG nova.api.openstack.wsgi [None req-f5f215b2-5cde-4d00-9cb3-45537225ac11 tempest-AggregatesAdminTestJSON-23303897 tempest-AggregatesAdminTestJSON-23303897-project] Action: 'create', calling method: >, body: {"server": {"name": "tempest-AggregatesAdminTestJSON-server-1325739790", "imageRef": "bf6daf0e-cd24-463c-930b-36ae81e48454", "flavorRef": "452", "availability_zone": "tempest-test_az-972095090"}} {{(pid=117740) _process_stack /opt/stack/nova/nova/api/openstack/wsgi.py:511}}
Feb 08 19:05:49.488368 n-d-828369-2 devstack@n-api.service[117740]: DEBUG oslo_concurrency.lockutils [None req-f5f215b2-5cde-4d00-9cb3-45537225ac11 tempest-AggregatesAdminTestJSON-23303897 tempest-AggregatesAdminTestJSON-23303897-project] Lock "00000000-0000-0000-0000-000000000000" acquired by "nova.context.set_target_cell..get_or_set_cached_cell_and_set_connections" :: waited 0.000s {{(pid=117740) inner /usr/local/lib/python3.8/dist-packages/oslo_concurrency/lockutils.py:386}}
Feb 08 19:05:49.489675 n-d-828369-2 devstack@n-api.service[117740]: DEBUG oslo_concurrency.lockutils [None req-f5f215b2-5cde-4d00-9cb3-45537225ac11 tempest-AggregatesAdminTestJSON-23303897 tempest-AggregatesAdminTestJSON-23303897-project] Lock "00000000-0000-0000-0000-000000000000" "released" by "nova.context.set_target_cell..get_or_set_cached_cell_and_set_connections" :: held 0.001s {{(pid=117740) inner /usr/local/lib/python3.8/dist-packages/oslo_concurrency/lockutils.py:400}}
Feb 08 19:05:49.490788 n-d-828369-2 devstack@n-api.service[117740]: DEBUG oslo_concurrency.lockutils [None req-f5f215b2-5cde-4d00-9cb3-45537225ac11 tempest-AggregatesAdminTestJSON-23303897 tempest-AggregatesAdminTestJSON-23303897-project] Lock "eabe4ddf-45df-416e-95b2-4670235da41d" acquired by "nova.context.set_target_cell..get_or_set_cached_cell_and_set_connections" :: waited 0.000s {{(pid=117740) inner /usr/local/lib/python3.8/dist-packages/oslo_concurrency/lockutils.py:386}}
Feb 08 19:05:49.491693 n-d-828369-2 devstack@n-api.service[117740]: DEBUG oslo_concurrency.lockutils [None req-f5f215b2-5cde-4d00-9cb3-45537225ac11 tempest-AggregatesAdminTestJSON-23303897 tempest-AggregatesAdminTestJSON-23303897-project] Lock "eabe4ddf-45df-416e-95b2-4670235da41d" "released" by "nova.context.set_target_cell..get_or_set_cached_cell_and_set_connections" :: held 0.001s {{(pid=117740) inner /usr/local/lib/python3.8/dist-packages/oslo_concurrency/lockutils.py:400}}
Feb 08 19:05:49.546782 n-d-828369-2 devstack@n-api.service[117741]: INFO nova.api.openstack.requestlog [None req-2874a3cd-7362-47b8-b7df-e622abc3b3c6 tempest-QuotasAdminTestJSON-1794274394 tempest-QuotasAdminTestJSON-1794274394-project-admin] 10.222.0.75 "PUT /compute/v2.1/os-quota-sets/37d0274bb54f4b0d9a969f37fc0bf42d" status: 200 len: 328 microversion: 2.1 time: 0.770354
Feb 08 19:05:49.556093 n-d-828369-2 devstack@n-api.service[117741]: [pid: 117741|app: 0|req: 42/80] 10.222.0.75 () {60 vars in 1261 bytes} [Tue Feb 8 19:05:48 2022] PUT /compute/v2.1/os-quota-sets/37d0274bb54f4b0d9a969f37fc0bf42d => generated 328 bytes in 772 msecs (HTTP/1.1 200) 9 headers in 357 bytes (1 switches on core 0)
Feb 08 19:05:49.556093 n-d-828369-2 devstack@n-api.service[117741]: DEBUG nova.api.openstack.wsgi [None req-50fc3dff-e12c-43f7-a2dd-520c2723ad77 tempest-FlavorsAdminTestJSON-1794881462 tempest-FlavorsAdminTestJSON-1794881462-project-admin] Calling method '>' {{(pid=117741) _process_stack /opt/stack/nova/nova/api/openstack/wsgi.py:513}}
Feb 08 19:05:49.556093 n-d-828369-2 devstack@n-api.service[117741]: /usr/local/lib/python3.8/dist-packages/oslo_policy/policy.py:1119: UserWarning: Policy "os_compute_api:os-flavor-manage:delete": "rule:system_admin_api" failed scope check. The token used to make the request was project scoped but the policy requires ['system'] scope. This behavior may change in the future where using the intended scope is required
Feb 08 19:05:49.556093 n-d-828369-2 devstack@n-api.service[117741]: warnings.warn(msg)
Feb 08 19:05:49.622000 n-d-828369-2 devstack@n-api.service[117741]: INFO nova.api.openstack.requestlog [None req-50fc3dff-e12c-43f7-a2dd-520c2723ad77 tempest-FlavorsAdminTestJSON-1794881462 tempest-FlavorsAdminTestJSON-1794881462-project-admin] 10.222.0.75 "DELETE /compute/v2.1/flavors/1065142271" status: 202 len: 0 microversion: 2.1 time: 0.068658
Feb 08 19:05:49.637629 n-d-828369-2 devstack@n-api.service[117741]: [pid: 117741|app: 0|req: 43/81] 10.222.0.75 () {58 vars in 1160 bytes} [Tue Feb 8 19:05:49 2022] DELETE /compute/v2.1/flavors/1065142271 => generated 0 bytes in 89 msecs (HTTP/1.1 202) 9 headers in 361 bytes (1 switches on core 0)
Feb 08 19:05:49.664349 n-d-828369-2 devstack@n-api.service[117741]: DEBUG nova.api.openstack.wsgi [None req-944c62e3-d294-4e8b-a321-5f3b852dc3f5 tempest-AggregatesAdminNegativeTestJSON-1268521884 tempest-AggregatesAdminNegativeTestJSON-1268521884-project] Calling method '>' {{(pid=117741) _process_stack /opt/stack/nova/nova/api/openstack/wsgi.py:513}}
Feb 08 19:05:49.667113 n-d-828369-2 devstack@n-api.service[117741]: /usr/local/lib/python3.8/dist-packages/oslo_policy/policy.py:1119: UserWarning: Policy "os_compute_api:os-aggregates:show": "rule:system_reader_api" failed scope check. The token used to make the request was project scoped but the policy requires ['system'] scope. This behavior may change in the future where using the intended scope is required
Feb 08 19:05:49.667113 n-d-828369-2 devstack@n-api.service[117741]: warnings.warn(msg)
Feb 08 19:05:49.672663 n-d-828369-2 devstack@n-api.service[117741]: DEBUG nova.policy [None req-944c62e3-d294-4e8b-a321-5f3b852dc3f5 tempest-AggregatesAdminNegativeTestJSON-1268521884 tempest-AggregatesAdminNegativeTestJSON-1268521884-project] Policy check for os_compute_api:os-aggregates:show failed with credentials {'is_admin': False, 'user_id': 'd44f4cb4c49d42f2a0c77528c61a0311', 'user_domain_id': 'default', 'system_scope': None, 'domain_id': None, 'project_id': 'de9b96c14389468da1829a72997f9b05', 'project_domain_id': 'default', 'roles': ['reader', 'member'], 'is_admin_project': True, 'service_user_id': None, 'service_user_domain_id': None, 'service_project_id': None, 'service_project_domain_id': None, 'service_roles': []} {{(pid=117741) authorize /opt/stack/nova/nova/policy.py:199}}
Feb 08 19:05:49.674504 n-d-828369-2 devstack@n-api.service[117741]: DEBUG nova.api.openstack.wsgi [None req-944c62e3-d294-4e8b-a321-5f3b852dc3f5 tempest-AggregatesAdminNegativeTestJSON-1268521884 tempest-AggregatesAdminNegativeTestJSON-1268521884-project] Returning 403 to user: Policy doesn't allow os_compute_api:os-aggregates:show to be performed. {{(pid=117741) __call__ /opt/stack/nova/nova/api/openstack/wsgi.py:936}}
Feb 08 19:05:49.679991 n-d-828369-2 devstack@n-api.service[117741]: INFO nova.api.openstack.requestlog [None req-944c62e3-d294-4e8b-a321-5f3b852dc3f5 tempest-AggregatesAdminNegativeTestJSON-1268521884 tempest-AggregatesAdminNegativeTestJSON-1268521884-project] 10.222.0.75 "GET /compute/v2.1/os-aggregates/8" status: 403 len: 114 microversion: 2.1 time: 0.040309
Feb 08 19:05:49.681451 n-d-828369-2 devstack@n-api.service[117741]: [pid: 117741|app: 0|req: 44/82] 10.222.0.75 () {58 vars in 1148 bytes} [Tue Feb 8 19:05:49 2022] GET /compute/v2.1/os-aggregates/8 => generated 114 bytes in 43 msecs (HTTP/1.1 403) 9 headers in 379 bytes (1 switches on core 0)
Feb 08 19:05:49.697490 n-d-828369-2 devstack@n-api.service[117741]: DEBUG nova.api.openstack.wsgi [None req-893e6095-24e4-42bb-8570-e366c6e12b44 tempest-FlavorsAccessNegativeTestJSON-960995803 tempest-FlavorsAccessNegativeTestJSON-960995803-project-admin] Calling method '>' {{(pid=117741) _process_stack /opt/stack/nova/nova/api/openstack/wsgi.py:513}}
Feb 08 19:05:49.728941 n-d-828369-2 devstack@n-api.service[117741]: INFO nova.api.openstack.requestlog [None req-893e6095-24e4-42bb-8570-e366c6e12b44 tempest-FlavorsAccessNegativeTestJSON-960995803 tempest-FlavorsAccessNegativeTestJSON-960995803-project-admin] 10.222.0.75 "DELETE /compute/v2.1/flavors/451834717" status: 202 len: 0 microversion: 2.1 time: 0.040662
Feb 08 19:05:49.730954 n-d-828369-2 devstack@n-api.service[117741]: [pid: 117741|app: 0|req: 45/83] 10.222.0.75 () {58 vars in 1157 bytes} [Tue Feb 8 19:05:49 2022] DELETE /compute/v2.1/flavors/451834717 => generated 0 bytes in 48 msecs (HTTP/1.1 202) 9 headers in 361 bytes (1 switches on core 0)
Feb 08 19:05:50.004586 n-d-828369-2 devstack@n-api.service[117741]: DEBUG nova.api.openstack.wsgi [None req-6d0ee75e-5150-45ab-bae6-21c2c52670c6 tempest-DeleteServersAdminTestJSON-1589092775 tempest-DeleteServersAdminTestJSON-1589092775-project] Action: 'create', calling method: >, body: {"server": {"name": "tempest-DeleteServersAdminTestJSON-server-446593009", "imageRef": "bf6daf0e-cd24-463c-930b-36ae81e48454", "flavorRef": "452"}} {{(pid=117741) _process_stack /opt/stack/nova/nova/api/openstack/wsgi.py:511}}
Feb 08 19:05:50.440303 n-d-828369-2 devstack@n-api.service[117740]: DEBUG nova.network.neutron [None req-f5f215b2-5cde-4d00-9cb3-45537225ac11 tempest-AggregatesAdminTestJSON-23303897 tempest-AggregatesAdminTestJSON-23303897-project] validate_networks() for None {{(pid=117740) validate_networks /opt/stack/nova/nova/network/neutron.py:2494}}
Feb 08 19:05:50.951920 n-d-828369-2 devstack@n-api.service[117741]: DEBUG nova.network.neutron [None req-6d0ee75e-5150-45ab-bae6-21c2c52670c6 tempest-DeleteServersAdminTestJSON-1589092775 tempest-DeleteServersAdminTestJSON-1589092775-project] validate_networks() for None {{(pid=117741) validate_networks /opt/stack/nova/nova/network/neutron.py:2494}}
Feb 08 19:05:51.057010 n-d-828369-2 devstack@n-api.service[117740]: DEBUG nova.virt.hardware [None req-f5f215b2-5cde-4d00-9cb3-45537225ac11 tempest-AggregatesAdminTestJSON-23303897 tempest-AggregatesAdminTestJSON-23303897-project] Flavor limits 0:0:0 {{(pid=117740) get_cpu_topology_constraints /opt/stack/nova/nova/virt/hardware.py:343}}
Feb 08 19:05:51.059227 n-d-828369-2 devstack@n-api.service[117740]: DEBUG nova.virt.hardware [None req-f5f215b2-5cde-4d00-9cb3-45537225ac11 tempest-AggregatesAdminTestJSON-23303897 tempest-AggregatesAdminTestJSON-23303897-project] Image limits 0:0:0 {{(pid=117740) get_cpu_topology_constraints /opt/stack/nova/nova/virt/hardware.py:347}}
Feb 08 19:05:51.060485 n-d-828369-2 devstack@n-api.service[117740]: DEBUG nova.virt.hardware [None req-f5f215b2-5cde-4d00-9cb3-45537225ac11 tempest-AggregatesAdminTestJSON-23303897 tempest-AggregatesAdminTestJSON-23303897-project] Flavor pref 0:0:0 {{(pid=117740) get_cpu_topology_constraints /opt/stack/nova/nova/virt/hardware.py:383}}
Feb 08 19:05:51.062080 n-d-828369-2 devstack@n-api.service[117740]: DEBUG nova.virt.hardware [None req-f5f215b2-5cde-4d00-9cb3-45537225ac11 tempest-AggregatesAdminTestJSON-23303897 tempest-AggregatesAdminTestJSON-23303897-project] Image pref 0:0:0 {{(pid=117740) get_cpu_topology_constraints /opt/stack/nova/nova/virt/hardware.py:387}}
Feb 08 19:05:51.063004 n-d-828369-2 devstack@n-api.service[117740]: DEBUG nova.virt.hardware [None req-f5f215b2-5cde-4d00-9cb3-45537225ac11 tempest-AggregatesAdminTestJSON-23303897 tempest-AggregatesAdminTestJSON-23303897-project] Chose sockets=0, cores=0, threads=0; limits were sockets=65536, cores=65536, threads=65536 {{(pid=117740) get_cpu_topology_constraints /opt/stack/nova/nova/virt/hardware.py:425}}
Feb 08 19:05:51.098825 n-d-828369-2 devstack@n-api.service[117740]: DEBUG oslo_concurrency.lockutils [None req-f5f215b2-5cde-4d00-9cb3-45537225ac11 tempest-AggregatesAdminTestJSON-23303897 tempest-AggregatesAdminTestJSON-23303897-project] Lock "00000000-0000-0000-0000-000000000000" acquired by "nova.context.set_target_cell..get_or_set_cached_cell_and_set_connections" :: waited 0.000s {{(pid=117740) inner /usr/local/lib/python3.8/dist-packages/oslo_concurrency/lockutils.py:386}}
Feb 08 19:05:51.099682 n-d-828369-2 devstack@n-api.service[117740]: DEBUG oslo_concurrency.lockutils [None req-f5f215b2-5cde-4d00-9cb3-45537225ac11 tempest-AggregatesAdminTestJSON-23303897 tempest-AggregatesAdminTestJSON-23303897-project] Lock "00000000-0000-0000-0000-000000000000" "released" by "nova.context.set_target_cell..get_or_set_cached_cell_and_set_connections" :: held 0.001s {{(pid=117740) inner /usr/local/lib/python3.8/dist-packages/oslo_concurrency/lockutils.py:400}}
Feb 08 19:05:51.100791 n-d-828369-2 devstack@n-api.service[117740]: DEBUG oslo_concurrency.lockutils [None req-f5f215b2-5cde-4d00-9cb3-45537225ac11 tempest-AggregatesAdminTestJSON-23303897 tempest-AggregatesAdminTestJSON-23303897-project] Lock "eabe4ddf-45df-416e-95b2-4670235da41d" acquired by "nova.context.set_target_cell..get_or_set_cached_cell_and_set_connections" :: waited 0.000s {{(pid=117740) inner /usr/local/lib/python3.8/dist-packages/oslo_concurrency/lockutils.py:386}}
Feb 08 19:05:51.101420 n-d-828369-2 devstack@n-api.service[117740]: DEBUG oslo_concurrency.lockutils [None req-f5f215b2-5cde-4d00-9cb3-45537225ac11 tempest-AggregatesAdminTestJSON-23303897 tempest-AggregatesAdminTestJSON-23303897-project] Lock "eabe4ddf-45df-416e-95b2-4670235da41d" "released" by "nova.context.set_target_cell..get_or_set_cached_cell_and_set_connections" :: held 0.001s {{(pid=117740) inner /usr/local/lib/python3.8/dist-packages/oslo_concurrency/lockutils.py:400}}
Feb 08 19:05:51.123430 n-d-828369-2 devstack@n-api.service[117740]: DEBUG nova.quota [None req-f5f215b2-5cde-4d00-9cb3-45537225ac11 tempest-AggregatesAdminTestJSON-23303897 tempest-AggregatesAdminTestJSON-23303897-project] Getting quotas for project 480d8e2a09b5446e99a9a4ef68378831. Resources: {'ram', 'cores', 'instances'} {{(pid=117740) _get_quotas /opt/stack/nova/nova/quota.py:387}}
Feb 08 19:05:51.128992 n-d-828369-2 devstack@n-api.service[117740]: DEBUG nova.quota [None req-f5f215b2-5cde-4d00-9cb3-45537225ac11 tempest-AggregatesAdminTestJSON-23303897 tempest-AggregatesAdminTestJSON-23303897-project] Getting quotas for user 96dc9941486347af8c75b465dffad8a1 and project 480d8e2a09b5446e99a9a4ef68378831. Resources: {'ram', 'cores', 'instances'} {{(pid=117740) _get_quotas /opt/stack/nova/nova/quota.py:377}}
Feb 08 19:05:51.142873 n-d-828369-2 devstack@n-api.service[117740]: DEBUG nova.compute.api [None req-f5f215b2-5cde-4d00-9cb3-45537225ac11 tempest-AggregatesAdminTestJSON-23303897 tempest-AggregatesAdminTestJSON-23303897-project] Going to run 1 instances... {{(pid=117740) _provision_instances /opt/stack/nova/nova/compute/api.py:1351}}
Feb 08 19:05:51.146304 n-d-828369-2 devstack@n-api.service[117740]: DEBUG nova.compute.api [None req-f5f215b2-5cde-4d00-9cb3-45537225ac11 tempest-AggregatesAdminTestJSON-23303897 tempest-AggregatesAdminTestJSON-23303897-project] [instance: e369b842-6e2a-4174-8feb-90e27dcc8134] block_device_mapping [BlockDeviceMapping(attachment_id=,boot_index=0,connection_info=None,created_at=,delete_on_termination=True,deleted=,deleted_at=,destination_type='local',device_name=None,device_type='disk',disk_bus=None,guest_format=None,id=,image_id='bf6daf0e-cd24-463c-930b-36ae81e48454',instance=,instance_uuid=,no_device=False,snapshot_id=None,source_type='image',tag=None,updated_at=,uuid=,volume_id=None,volume_size=None,volume_type=None)] {{(pid=117740) _bdm_validate_set_size_and_instance /opt/stack/nova/nova/compute/api.py:1758}}
Feb 08 19:05:51.216817 n-d-828369-2 devstack@n-api.service[117740]: INFO nova.api.openstack.requestlog [None req-f5f215b2-5cde-4d00-9cb3-45537225ac11 tempest-AggregatesAdminTestJSON-23303897 tempest-AggregatesAdminTestJSON-23303897-project] 10.222.0.75 "POST /compute/v2.1/servers" status: 202 len: 380 microversion: 2.1 time: 2.101048
Feb 08 19:05:51.218174 n-d-828369-2 devstack@n-api.service[117740]: [pid: 117740|app: 0|req: 39/84] 10.222.0.75 () {60 vars in 1146 bytes} [Tue Feb 8 19:05:49 2022] POST /compute/v2.1/servers => generated 380 bytes in 2104 msecs (HTTP/1.1 202) 10 headers in 451 bytes (1 switches on core 0)
Feb 08 19:05:51.229287 n-d-828369-2 devstack@n-api.service[117740]: DEBUG nova.api.openstack.wsgi [None req-12713a1d-a8b4-44c1-925e-4e1fa745ad1a tempest-QuotasAdminTestJSON-1794274394 tempest-QuotasAdminTestJSON-1794274394-project-admin] Calling method '.version_select at 0x7fc518d67ee0>' {{(pid=117740) _process_stack /opt/stack/nova/nova/api/openstack/wsgi.py:513}}
Feb 08 19:05:51.381185 n-d-828369-2 devstack@n-api.service[117741]: DEBUG nova.virt.hardware [None req-6d0ee75e-5150-45ab-bae6-21c2c52670c6 tempest-DeleteServersAdminTestJSON-1589092775 tempest-DeleteServersAdminTestJSON-1589092775-project] Flavor limits 0:0:0 {{(pid=117741) get_cpu_topology_constraints /opt/stack/nova/nova/virt/hardware.py:343}}
Feb 08 19:05:51.382577 n-d-828369-2 devstack@n-api.service[117741]: DEBUG nova.virt.hardware [None req-6d0ee75e-5150-45ab-bae6-21c2c52670c6 tempest-DeleteServersAdminTestJSON-1589092775 tempest-DeleteServersAdminTestJSON-1589092775-project] Image limits 0:0:0 {{(pid=117741) get_cpu_topology_constraints /opt/stack/nova/nova/virt/hardware.py:347}}
Feb 08 19:05:51.383430 n-d-828369-2 devstack@n-api.service[117741]: DEBUG nova.virt.hardware [None req-6d0ee75e-5150-45ab-bae6-21c2c52670c6 tempest-DeleteServersAdminTestJSON-1589092775 tempest-DeleteServersAdminTestJSON-1589092775-project] Flavor pref 0:0:0 {{(pid=117741) get_cpu_topology_constraints /opt/stack/nova/nova/virt/hardware.py:383}}
Feb 08 19:05:51.384025 n-d-828369-2 devstack@n-api.service[117741]: DEBUG nova.virt.hardware [None req-6d0ee75e-5150-45ab-bae6-21c2c52670c6 tempest-DeleteServersAdminTestJSON-1589092775 tempest-DeleteServersAdminTestJSON-1589092775-project] Image pref 0:0:0 {{(pid=117741) get_cpu_topology_constraints /opt/stack/nova/nova/virt/hardware.py:387}}
Feb 08 19:05:51.385059 n-d-828369-2 devstack@n-api.service[117741]: DEBUG nova.virt.hardware [None req-6d0ee75e-5150-45ab-bae6-21c2c52670c6 tempest-DeleteServersAdminTestJSON-1589092775 tempest-DeleteServersAdminTestJSON-1589092775-project] Chose sockets=0, cores=0, threads=0; limits were sockets=65536, cores=65536, threads=65536 {{(pid=117741) get_cpu_topology_constraints /opt/stack/nova/nova/virt/hardware.py:425}}
Feb 08 19:05:51.414993 n-d-828369-2 devstack@n-api.service[117741]: DEBUG oslo_concurrency.lockutils [None req-6d0ee75e-5150-45ab-bae6-21c2c52670c6 tempest-DeleteServersAdminTestJSON-1589092775 tempest-DeleteServersAdminTestJSON-1589092775-project] Lock "00000000-0000-0000-0000-000000000000" acquired by "nova.context.set_target_cell..get_or_set_cached_cell_and_set_connections" :: waited 0.000s {{(pid=117741) inner /usr/local/lib/python3.8/dist-packages/oslo_concurrency/lockutils.py:386}}
Feb 08 19:05:51.416537 n-d-828369-2 devstack@n-api.service[117741]: DEBUG oslo_concurrency.lockutils [None req-6d0ee75e-5150-45ab-bae6-21c2c52670c6 tempest-DeleteServersAdminTestJSON-1589092775 tempest-DeleteServersAdminTestJSON-1589092775-project] Lock "00000000-0000-0000-0000-000000000000" "released" by "nova.context.set_target_cell..get_or_set_cached_cell_and_set_connections" :: held 0.001s {{(pid=117741) inner /usr/local/lib/python3.8/dist-packages/oslo_concurrency/lockutils.py:400}}
Feb 08 19:05:51.419479 n-d-828369-2 devstack@n-api.service[117741]: DEBUG oslo_concurrency.lockutils [None req-6d0ee75e-5150-45ab-bae6-21c2c52670c6 tempest-DeleteServersAdminTestJSON-1589092775 tempest-DeleteServersAdminTestJSON-1589092775-project] Lock "eabe4ddf-45df-416e-95b2-4670235da41d" acquired by "nova.context.set_target_cell..get_or_set_cached_cell_and_set_connections" :: waited 0.000s {{(pid=117741) inner /usr/local/lib/python3.8/dist-packages/oslo_concurrency/lockutils.py:386}}
Feb 08 19:05:51.421501 n-d-828369-2 devstack@n-api.service[117741]: DEBUG oslo_concurrency.lockutils [None req-6d0ee75e-5150-45ab-bae6-21c2c52670c6 tempest-DeleteServersAdminTestJSON-1589092775 tempest-DeleteServersAdminTestJSON-1589092775-project] Lock "eabe4ddf-45df-416e-95b2-4670235da41d" "released" by "nova.context.set_target_cell..get_or_set_cached_cell_and_set_connections" :: held 0.001s {{(pid=117741) inner /usr/local/lib/python3.8/dist-packages/oslo_concurrency/lockutils.py:400}}
Feb 08 19:05:51.472604 n-d-828369-2 devstack@n-api.service[117741]: DEBUG nova.quota [None req-6d0ee75e-5150-45ab-bae6-21c2c52670c6 tempest-DeleteServersAdminTestJSON-1589092775 tempest-DeleteServersAdminTestJSON-1589092775-project] Getting quotas for project 8b1cbb37e7494436906d6805ba3d66df. Resources: {'ram', 'cores', 'instances'} {{(pid=117741) _get_quotas /opt/stack/nova/nova/quota.py:387}}
Feb 08 19:05:51.485181 n-d-828369-2 devstack@n-api.service[117741]: DEBUG nova.quota [None req-6d0ee75e-5150-45ab-bae6-21c2c52670c6 tempest-DeleteServersAdminTestJSON-1589092775 tempest-DeleteServersAdminTestJSON-1589092775-project] Getting quotas for user ec6db6b520554d6fa3d9726a0ee623c3 and project 8b1cbb37e7494436906d6805ba3d66df. Resources: {'ram', 'cores', 'instances'} {{(pid=117741) _get_quotas /opt/stack/nova/nova/quota.py:377}}
Feb 08 19:05:51.516849 n-d-828369-2 devstack@n-api.service[117741]: DEBUG nova.compute.api [None req-6d0ee75e-5150-45ab-bae6-21c2c52670c6 tempest-DeleteServersAdminTestJSON-1589092775 tempest-DeleteServersAdminTestJSON-1589092775-project] Going to run 1 instances... {{(pid=117741) _provision_instances /opt/stack/nova/nova/compute/api.py:1351}}
Feb 08 19:05:51.522084 n-d-828369-2 devstack@n-api.service[117741]: DEBUG nova.compute.api [None req-6d0ee75e-5150-45ab-bae6-21c2c52670c6 tempest-DeleteServersAdminTestJSON-1589092775 tempest-DeleteServersAdminTestJSON-1589092775-project] [instance: 4f4eb32c-a54e-4fe9-a549-57d25738e08b] block_device_mapping [BlockDeviceMapping(attachment_id=,boot_index=0,connection_info=None,created_at=,delete_on_termination=True,deleted=,deleted_at=,destination_type='local',device_name=None,device_type='disk',disk_bus=None,guest_format=None,id=,image_id='bf6daf0e-cd24-463c-930b-36ae81e48454',instance=,instance_uuid=,no_device=False,snapshot_id=None,source_type='image',tag=None,updated_at=,uuid=,volume_id=None,volume_size=None,volume_type=None)] {{(pid=117741) _bdm_validate_set_size_and_instance /opt/stack/nova/nova/compute/api.py:1758}}
Feb 08 19:05:51.658047 n-d-828369-2 devstack@n-api.service[117741]: INFO nova.api.openstack.requestlog [None req-6d0ee75e-5150-45ab-bae6-21c2c52670c6 tempest-DeleteServersAdminTestJSON-1589092775 tempest-DeleteServersAdminTestJSON-1589092775-project] 10.222.0.75 "POST /compute/v2.1/servers" status: 202 len: 380 microversion: 2.1 time: 1.925447
Feb 08 19:05:51.659346 n-d-828369-2 devstack@n-api.service[117741]: [pid: 117741|app: 0|req: 46/85] 10.222.0.75 () {60 vars in 1146 bytes} [Tue Feb 8 19:05:49 2022] POST /compute/v2.1/servers => generated 380 bytes in 1928 msecs (HTTP/1.1 202) 10 headers in 451 bytes (1 switches on core 0)
Feb 08 19:05:51.669188 n-d-828369-2 devstack@n-api.service[117741]: DEBUG nova.api.openstack.wsgi [None req-33c6c6ce-a5a0-4e17-b29c-37001bc9e626 tempest-FlavorsAdminTestJSON-1794881462 tempest-FlavorsAdminTestJSON-1794881462-project-admin] Calling method '>' {{(pid=117741) _process_stack /opt/stack/nova/nova/api/openstack/wsgi.py:513}}
Feb 08 19:05:51.698742 n-d-828369-2 devstack@n-api.service[117740]: DEBUG oslo_concurrency.lockutils [None req-12713a1d-a8b4-44c1-925e-4e1fa745ad1a tempest-QuotasAdminTestJSON-1794274394 tempest-QuotasAdminTestJSON-1794274394-project-admin] Lock "00000000-0000-0000-0000-000000000000" acquired by "nova.context.set_target_cell..get_or_set_cached_cell_and_set_connections" :: waited 0.000s {{(pid=117740) inner /usr/local/lib/python3.8/dist-packages/oslo_concurrency/lockutils.py:386}}
Feb 08 19:05:51.700334 n-d-828369-2 devstack@n-api.service[117740]: DEBUG oslo_concurrency.lockutils [None req-12713a1d-a8b4-44c1-925e-4e1fa745ad1a tempest-QuotasAdminTestJSON-1794274394 tempest-QuotasAdminTestJSON-1794274394-project-admin] Lock "00000000-0000-0000-0000-000000000000" "released" by "nova.context.set_target_cell..get_or_set_cached_cell_and_set_connections" :: held 0.003s {{(pid=117740) inner /usr/local/lib/python3.8/dist-packages/oslo_concurrency/lockutils.py:400}}
Feb 08 19:05:51.701378 n-d-828369-2 devstack@n-api.service[117740]: DEBUG oslo_concurrency.lockutils [None req-12713a1d-a8b4-44c1-925e-4e1fa745ad1a tempest-QuotasAdminTestJSON-1794274394 tempest-QuotasAdminTestJSON-1794274394-project-admin] Lock "eabe4ddf-45df-416e-95b2-4670235da41d" acquired by "nova.context.set_target_cell..get_or_set_cached_cell_and_set_connections" :: waited 0.000s {{(pid=117740) inner /usr/local/lib/python3.8/dist-packages/oslo_concurrency/lockutils.py:386}}
Feb 08 19:05:51.710404 n-d-828369-2 devstack@n-api.service[117740]: DEBUG oslo_concurrency.lockutils [None req-12713a1d-a8b4-44c1-925e-4e1fa745ad1a tempest-QuotasAdminTestJSON-1794274394 tempest-QuotasAdminTestJSON-1794274394-project-admin] Lock "eabe4ddf-45df-416e-95b2-4670235da41d" "released" by "nova.context.set_target_cell..get_or_set_cached_cell_and_set_connections" :: held 0.000s {{(pid=117740) inner /usr/local/lib/python3.8/dist-packages/oslo_concurrency/lockutils.py:400}}
Feb 08 19:05:51.730680 n-d-828369-2 devstack@n-api.service[117741]: INFO nova.api.openstack.requestlog [None req-33c6c6ce-a5a0-4e17-b29c-37001bc9e626 tempest-FlavorsAdminTestJSON-1794881462 tempest-FlavorsAdminTestJSON-1794881462-project-admin] 10.222.0.75 "GET /compute/v2.1/flavors/detail" status: 200 len: 4991 microversion: 2.1 time: 0.070047
Feb 08 19:05:51.732655 n-d-828369-2 devstack@n-api.service[117741]: [pid: 117741|app: 0|req: 47/86] 10.222.0.75 () {58 vars in 1145 bytes} [Tue Feb 8 19:05:51 2022] GET /compute/v2.1/flavors/detail => generated 4991 bytes in 73 msecs (HTTP/1.1 200) 9 headers in 358 bytes (1 switches on core 0)
Feb 08 19:05:51.741240 n-d-828369-2 devstack@n-api.service[117741]: DEBUG nova.api.openstack.wsgi [None req-d7f74840-42ae-406e-a463-5480a98e187c tempest-AggregatesAdminNegativeTestJSON-1339213360 tempest-AggregatesAdminNegativeTestJSON-1339213360-project-admin] Calling method '>' {{(pid=117741) _process_stack /opt/stack/nova/nova/api/openstack/wsgi.py:513}}
Feb 08 19:05:51.742367 n-d-828369-2 devstack@n-api.service[117741]: /usr/local/lib/python3.8/dist-packages/oslo_policy/policy.py:1119: UserWarning: Policy "os_compute_api:os-aggregates:delete": "rule:system_admin_api" failed scope check. The token used to make the request was project scoped but the policy requires ['system'] scope. This behavior may change in the future where using the intended scope is required
Feb 08 19:05:51.742367 n-d-828369-2 devstack@n-api.service[117741]: warnings.warn(msg)
Feb 08 19:05:51.792886 n-d-828369-2 devstack@n-api.service[117741]: INFO nova.api.openstack.requestlog [None req-d7f74840-42ae-406e-a463-5480a98e187c tempest-AggregatesAdminNegativeTestJSON-1339213360 tempest-AggregatesAdminNegativeTestJSON-1339213360-project-admin] 10.222.0.75 "DELETE /compute/v2.1/os-aggregates/8" status: 200 len: 0 microversion: 2.1 time: 0.057351
Feb 08 19:05:51.795347 n-d-828369-2 devstack@n-api.service[117740]: INFO nova.api.openstack.requestlog [None req-12713a1d-a8b4-44c1-925e-4e1fa745ad1a tempest-QuotasAdminTestJSON-1794274394 tempest-QuotasAdminTestJSON-1794274394-project-admin] 10.222.0.75 "GET /compute/v2.1/os-quota-sets/37d0274bb54f4b0d9a969f37fc0bf42d/detail" status: 200 len: 916 microversion: 2.1 time: 0.573130
Feb 08 19:05:51.804620 n-d-828369-2 devstack@n-api.service[117740]: [pid: 117740|app: 0|req: 40/87] 10.222.0.75 () {58 vars in 1262 bytes} [Tue Feb 8 19:05:51 2022] GET /compute/v2.1/os-quota-sets/37d0274bb54f4b0d9a969f37fc0bf42d/detail => generated 916 bytes in 585 msecs (HTTP/1.1 200) 9 headers in 357 bytes (1 switches on core 0)
Feb 08 19:05:51.815435 n-d-828369-2 devstack@n-api.service[117741]: [pid: 117741|app: 0|req: 48/88] 10.222.0.75 () {58 vars in 1151 bytes} [Tue Feb 8 19:05:51 2022] DELETE /compute/v2.1/os-aggregates/8 => generated 0 bytes in 82 msecs (HTTP/1.1 200) 9 headers in 355 bytes (1 switches on core 0)
Feb 08 19:05:51.819546 n-d-828369-2 devstack@n-api.service[117740]: DEBUG nova.api.openstack.wsgi [None req-40afbb9b-5dda-40fc-b88f-730d4685b233 tempest-FlavorsAccessNegativeTestJSON-960995803 tempest-FlavorsAccessNegativeTestJSON-960995803-project-admin] Calling method '>' {{(pid=117740) _process_stack /opt/stack/nova/nova/api/openstack/wsgi.py:513}}
Feb 08 19:05:51.825348 n-d-828369-2 devstack@n-api.service[117741]: DEBUG nova.api.openstack.wsgi [None req-2d6e554f-c1b8-4326-8219-529adebc96ba tempest-AggregatesAdminTestJSON-23303897 tempest-AggregatesAdminTestJSON-23303897-project] Calling method '>' {{(pid=117741) _process_stack /opt/stack/nova/nova/api/openstack/wsgi.py:513}}
Feb 08 19:05:51.826653 n-d-828369-2 devstack@n-api.service[117741]: DEBUG nova.compute.api [None req-2d6e554f-c1b8-4326-8219-529adebc96ba tempest-AggregatesAdminTestJSON-23303897 tempest-AggregatesAdminTestJSON-23303897-project] [instance: e369b842-6e2a-4174-8feb-90e27dcc8134] Fetching instance by UUID {{(pid=117741) get /opt/stack/nova/nova/compute/api.py:2866}}
Feb 08 19:05:51.896290 n-d-828369-2 devstack@n-api.service[117740]: INFO nova.api.openstack.requestlog [None req-40afbb9b-5dda-40fc-b88f-730d4685b233 tempest-FlavorsAccessNegativeTestJSON-960995803 tempest-FlavorsAccessNegativeTestJSON-960995803-project-admin] 10.222.0.75 "GET /compute/v2.1/flavors/detail" status: 200 len: 4991 microversion: 2.1 time: 0.085165
Feb 08 19:05:51.896917 n-d-828369-2 devstack@n-api.service[117740]: [pid: 117740|app: 0|req: 41/89] 10.222.0.75 () {58 vars in 1145 bytes} [Tue Feb 8 19:05:51 2022] GET /compute/v2.1/flavors/detail => generated 4991 bytes in 92 msecs (HTTP/1.1 200) 9 headers in 358 bytes (1 switches on core 0)
Feb 08 19:05:51.915693 n-d-828369-2 devstack@n-api.service[117740]: DEBUG nova.api.openstack.wsgi [None req-a563b378-5ec3-4982-9a9a-c49e602eaae3 tempest-DeleteServersAdminTestJSON-1589092775 tempest-DeleteServersAdminTestJSON-1589092775-project] Calling method '>' {{(pid=117740) _process_stack /opt/stack/nova/nova/api/openstack/wsgi.py:513}}
Feb 08 19:05:51.916424 n-d-828369-2 devstack@n-api.service[117740]: DEBUG nova.compute.api [None req-a563b378-5ec3-4982-9a9a-c49e602eaae3 tempest-DeleteServersAdminTestJSON-1589092775 tempest-DeleteServersAdminTestJSON-1589092775-project] [instance: 4f4eb32c-a54e-4fe9-a549-57d25738e08b] Fetching instance by UUID {{(pid=117740) get /opt/stack/nova/nova/compute/api.py:2866}}
Feb 08 19:05:52.110996 n-d-828369-2 devstack@n-api.service[117741]: DEBUG nova.policy [None req-2d6e554f-c1b8-4326-8219-529adebc96ba tempest-AggregatesAdminTestJSON-23303897 tempest-AggregatesAdminTestJSON-23303897-project] Policy check for os_compute_api:os-extended-server-attributes failed with credentials {'is_admin': False, 'user_id': '96dc9941486347af8c75b465dffad8a1', 'user_domain_id': 'default', 'system_scope': None, 'domain_id': None, 'project_id': '480d8e2a09b5446e99a9a4ef68378831', 'project_domain_id': 'default', 'roles': ['reader', 'member'], 'is_admin_project': True, 'service_user_id': None, 'service_user_domain_id': None, 'service_project_id': None, 'service_project_domain_id': None, 'service_roles': []} {{(pid=117741) authorize /opt/stack/nova/nova/policy.py:199}}
Feb 08 19:05:52.147932 n-d-828369-2 devstack@n-api.service[117740]: DEBUG nova.policy [None req-a563b378-5ec3-4982-9a9a-c49e602eaae3 tempest-DeleteServersAdminTestJSON-1589092775 tempest-DeleteServersAdminTestJSON-1589092775-project] Policy check for os_compute_api:os-extended-server-attributes failed with credentials {'is_admin': False, 'user_id': 'ec6db6b520554d6fa3d9726a0ee623c3', 'user_domain_id': 'default', 'system_scope': None, 'domain_id': None, 'project_id': '8b1cbb37e7494436906d6805ba3d66df', 'project_domain_id': 'default', 'roles': ['reader', 'member'], 'is_admin_project': True, 'service_user_id': None, 'service_user_domain_id': None, 'service_project_id': None, 'service_project_domain_id': None, 'service_roles': []} {{(pid=117740) authorize /opt/stack/nova/nova/policy.py:199}}
Feb 08 19:05:52.175231 n-d-828369-2 devstack@n-api.service[117741]: INFO nova.api.openstack.requestlog [None req-2d6e554f-c1b8-4326-8219-529adebc96ba tempest-AggregatesAdminTestJSON-23303897 tempest-AggregatesAdminTestJSON-23303897-project] 10.222.0.75 "GET /compute/v2.1/servers/e369b842-6e2a-4174-8feb-90e27dcc8134" status: 200 len: 1242 microversion: 2.1 time: 0.355265
Feb 08 19:05:52.191398 n-d-828369-2 devstack@n-api.service[117741]: [pid: 117741|app: 0|req: 49/90] 10.222.0.75 () {58 vars in 1235 bytes} [Tue Feb 8 19:05:51 2022] GET /compute/v2.1/servers/e369b842-6e2a-4174-8feb-90e27dcc8134 => generated 1242 bytes in 372 msecs (HTTP/1.1 200) 9 headers in 358 bytes (1 switches on core 0)
Feb 08 19:05:52.198113 n-d-828369-2 devstack@n-api.service[117741]: DEBUG nova.api.openstack.wsgi [None req-798346f2-62a9-4b15-bc93-bdce51138737 tempest-FlavorsAdminTestJSON-1794881462 tempest-FlavorsAdminTestJSON-1794881462-project-admin] Action: 'create', calling method: >, body: {"flavor": {"ram": 512, "vcpus": 1, "disk": 10, "name": "tempest-FlavorsAdminTestJSON-flavor-7792855", "id": 11690005, "os-flavor-access:is_public": "False"}} {{(pid=117741) _process_stack /opt/stack/nova/nova/api/openstack/wsgi.py:511}}
Feb 08 19:05:52.198682 n-d-828369-2 devstack@n-api.service[117740]: INFO nova.api.openstack.requestlog [None req-a563b378-5ec3-4982-9a9a-c49e602eaae3 tempest-DeleteServersAdminTestJSON-1589092775 tempest-DeleteServersAdminTestJSON-1589092775-project] 10.222.0.75 "GET /compute/v2.1/servers/4f4eb32c-a54e-4fe9-a549-57d25738e08b" status: 200 len: 1219 microversion: 2.1 time: 0.300644
Feb 08 19:05:52.200951 n-d-828369-2 devstack@n-api.service[117741]: /usr/local/lib/python3.8/dist-packages/oslo_policy/policy.py:1119: UserWarning: Policy "os_compute_api:os-flavor-manage:create": "rule:system_admin_api" failed scope check. The token used to make the request was project scoped but the policy requires ['system'] scope. This behavior may change in the future where using the intended scope is required
Feb 08 19:05:52.200951 n-d-828369-2 devstack@n-api.service[117741]: warnings.warn(msg)
Feb 08 19:05:52.209625 n-d-828369-2 devstack@n-api.service[117740]: [pid: 117740|app: 0|req: 42/91] 10.222.0.75 () {58 vars in 1235 bytes} [Tue Feb 8 19:05:51 2022] GET /compute/v2.1/servers/4f4eb32c-a54e-4fe9-a549-57d25738e08b => generated 1219 bytes in 311 msecs (HTTP/1.1 200) 9 headers in 358 bytes (1 switches on core 0)
Feb 08 19:05:52.224153 n-d-828369-2 devstack@n-api.service[117740]: DEBUG nova.api.openstack.wsgi [None req-90115c02-049d-4a30-aeb4-0d6709c4dd78 tempest-AggregatesAdminNegativeTestJSON-1339213360 tempest-AggregatesAdminNegativeTestJSON-1339213360-project-admin] Calling method '>' {{(pid=117740) _process_stack /opt/stack/nova/nova/api/openstack/wsgi.py:513}}
Feb 08 19:05:52.225134 n-d-828369-2 devstack@n-api.service[117740]: /usr/local/lib/python3.8/dist-packages/oslo_policy/policy.py:1119: UserWarning: Policy "os_compute_api:os-aggregates:show": "rule:system_reader_api" failed scope check. The token used to make the request was project scoped but the policy requires ['system'] scope. This behavior may change in the future where using the intended scope is required
Feb 08 19:05:52.225134 n-d-828369-2 devstack@n-api.service[117740]: warnings.warn(msg)
