Feb 17 17:51:42.091795 n-d-828369-16 devstack@placement-api.service[111054]: DEBUG placement.objects.allocation_candidate [req-01fd94bc-e644-49a3-8a88-f4120269fd50 req-f1ec7545-a332-476d-9616-288ef96efb67 service placement] RequestGroup(use_same_provider=False, resources={DISK_GB:1, MEMORY_MB:1024, VCPU:1}, traits=[], aggregates=[]) (suffix '') returned 2 matches {{(pid=111054) _get_by_requests /opt/stack/placement/placement/objects/allocation_candidate.py:145}}
Feb 17 17:51:42.092499 n-d-828369-16 devstack@placement-api.service[111054]: DEBUG placement.objects.allocation_candidate [req-01fd94bc-e644-49a3-8a88-f4120269fd50 req-f1ec7545-a332-476d-9616-288ef96efb67 service placement] Merging candidates yields 2 allocation requests and 2 provider summaries {{(pid=111054) _merge_candidates /opt/stack/placement/placement/objects/allocation_candidate.py:783}}
Feb 17 17:51:42.094358 n-d-828369-16 devstack@placement-api.service[111054]: INFO placement.requestlog [req-01fd94bc-e644-49a3-8a88-f4120269fd50 req-f1ec7545-a332-476d-9616-288ef96efb67 service placement] 10.222.0.124 "GET /placement/allocation_candidates?limit=1000&resources=DISK_GB%3A1%2CMEMORY_MB%3A1024%2CVCPU%3A1&root_required=%21COMPUTE_STATUS_DISABLED" status: 200 len: 1309 microversion: 1.36
Feb 17 17:51:42.095313 n-d-828369-16 devstack@placement-api.service[111054]: [pid: 111054|app: 0|req: 74/149] 10.222.0.124 () {60 vars in 1511 bytes} [Thu Feb 17 17:51:41 2022] GET /placement/allocation_candidates?limit=1000&resources=DISK_GB%3A1%2CMEMORY_MB%3A1024%2CVCPU%3A1&root_required=%21COMPUTE_STATUS_DISABLED => generated 1309 bytes in 128 msecs (HTTP/1.1 200) 8 headers in 297 bytes (2 switches on core 0)
Feb 17 17:51:42.176562 n-d-828369-16 devstack@placement-api.service[111053]: DEBUG placement.requestlog [req-01fd94bc-e644-49a3-8a88-f4120269fd50 req-f9e973a2-2299-4f34-bf5a-4d0dfcd3d69b None None] Starting request: 10.222.0.124 "GET /placement/allocations/e9846b28-2312-4afc-aae8-5207d82a03ab" {{(pid=111053) __call__ /opt/stack/placement/placement/requestlog.py:55}}
Feb 17 17:51:42.189147 n-d-828369-16 devstack@placement-api.service[111053]: INFO placement.requestlog [req-01fd94bc-e644-49a3-8a88-f4120269fd50 req-f9e973a2-2299-4f34-bf5a-4d0dfcd3d69b service placement] 10.222.0.124 "GET /placement/allocations/e9846b28-2312-4afc-aae8-5207d82a03ab" status: 200 len: 19 microversion: 1.28
Feb 17 17:51:42.190191 n-d-828369-16 devstack@placement-api.service[111053]: [pid: 111053|app: 0|req: 76/150] 10.222.0.124 () {60 vars in 1385 bytes} [Thu Feb 17 17:51:42 2022] GET /placement/allocations/e9846b28-2312-4afc-aae8-5207d82a03ab => generated 19 bytes in 14 msecs (HTTP/1.1 200) 8 headers in 295 bytes (1 switches on core 0)
Feb 17 17:51:42.196802 n-d-828369-16 devstack@placement-api.service[111054]: DEBUG placement.requestlog [req-01fd94bc-e644-49a3-8a88-f4120269fd50 req-d95b0ee0-c79e-4805-a009-9de81d3273a8 None None] Starting request: 10.222.0.124 "PUT /placement/allocations/e9846b28-2312-4afc-aae8-5207d82a03ab" {{(pid=111054) __call__ /opt/stack/placement/placement/requestlog.py:55}}
Feb 17 17:51:42.612683 n-d-828369-16 devstack@placement-api.service[111054]: DEBUG placement.handlers.allocation [req-01fd94bc-e644-49a3-8a88-f4120269fd50 req-d95b0ee0-c79e-4805-a009-9de81d3273a8 service placement] Successfully wrote allocations [, , ] {{(pid=111054) _update_consumers_and_create_allocations /opt/stack/placement/placement/handlers/allocation.py:462}}
Feb 17 17:51:42.682140 n-d-828369-16 devstack@placement-api.service[111053]: DEBUG placement.requestlog [req-3c2db90c-c2d1-49ac-b083-a8d32fdf446d req-af761fcf-44cc-44e8-b3ce-296d58a7da4d None None] Starting request: 10.222.0.123 "GET /placement/allocations/301a2747-d4cf-47b3-b701-fc2e0dc9bb8f" {{(pid=111053) __call__ /opt/stack/placement/placement/requestlog.py:55}}
Feb 17 17:51:42.712168 n-d-828369-16 devstack@placement-api.service[111053]: INFO placement.requestlog [req-3c2db90c-c2d1-49ac-b083-a8d32fdf446d req-af761fcf-44cc-44e8-b3ce-296d58a7da4d service placement] 10.222.0.123 "GET /placement/allocations/301a2747-d4cf-47b3-b701-fc2e0dc9bb8f" status: 200 len: 259 microversion: 1.28
Feb 17 17:51:42.712997 n-d-828369-16 devstack@placement-api.service[111053]: [pid: 111053|app: 0|req: 77/151] 10.222.0.123 () {60 vars in 1382 bytes} [Thu Feb 17 17:51:42 2022] GET /placement/allocations/301a2747-d4cf-47b3-b701-fc2e0dc9bb8f => generated 259 bytes in 31 msecs (HTTP/1.1 200) 8 headers in 296 bytes (1 switches on core 0)
Feb 17 17:51:42.732966 n-d-828369-16 devstack@placement-api.service[111054]: INFO placement.requestlog [req-01fd94bc-e644-49a3-8a88-f4120269fd50 req-d95b0ee0-c79e-4805-a009-9de81d3273a8 service placement] 10.222.0.124 "PUT /placement/allocations/e9846b28-2312-4afc-aae8-5207d82a03ab" status: 204 len: 0 microversion: 1.36
Feb 17 17:51:42.736260 n-d-828369-16 devstack@placement-api.service[111054]: [pid: 111054|app: 0|req: 75/152] 10.222.0.124 () {64 vars in 1438 bytes} [Thu Feb 17 17:51:42 2022] PUT /placement/allocations/e9846b28-2312-4afc-aae8-5207d82a03ab => generated 0 bytes in 541 msecs (HTTP/1.1 204) 5 headers in 199 bytes (2 switches on core 0)
Feb 17 17:51:42.932662 n-d-828369-16 devstack@placement-api.service[111053]: DEBUG placement.requestlog [req-ed299e82-09a5-4f1a-a091-7d7c8207e392 req-fe156744-cef4-45af-b87b-8ca16edf1e39 None None] Starting request: 10.222.0.123 "GET /placement/allocations/0e65a607-a39f-4237-824a-e84bc27a11aa" {{(pid=111053) __call__ /opt/stack/placement/placement/requestlog.py:55}}
Feb 17 17:51:42.967784 n-d-828369-16 devstack@placement-api.service[111053]: INFO placement.requestlog [req-ed299e82-09a5-4f1a-a091-7d7c8207e392 req-fe156744-cef4-45af-b87b-8ca16edf1e39 service placement] 10.222.0.123 "GET /placement/allocations/0e65a607-a39f-4237-824a-e84bc27a11aa" status: 200 len: 259 microversion: 1.28
Feb 17 17:51:42.970871 n-d-828369-16 devstack@placement-api.service[111053]: [pid: 111053|app: 0|req: 78/153] 10.222.0.123 () {60 vars in 1382 bytes} [Thu Feb 17 17:51:42 2022] GET /placement/allocations/0e65a607-a39f-4237-824a-e84bc27a11aa => generated 259 bytes in 38 msecs (HTTP/1.1 200) 8 headers in 296 bytes (1 switches on core 0)
Feb 17 17:51:44.260414 n-d-828369-16 devstack@placement-api.service[111054]: DEBUG placement.requestlog [req-01fd94bc-e644-49a3-8a88-f4120269fd50 req-c0036b04-220b-44cc-a9a1-badcd12665fe None None] Starting request: 10.222.0.123 "GET /placement/allocations/e9846b28-2312-4afc-aae8-5207d82a03ab" {{(pid=111054) __call__ /opt/stack/placement/placement/requestlog.py:55}}
Feb 17 17:51:44.321794 n-d-828369-16 devstack@placement-api.service[111054]: INFO placement.requestlog [req-01fd94bc-e644-49a3-8a88-f4120269fd50 req-c0036b04-220b-44cc-a9a1-badcd12665fe service placement] 10.222.0.123 "GET /placement/allocations/e9846b28-2312-4afc-aae8-5207d82a03ab" status: 200 len: 259 microversion: 1.28
Feb 17 17:51:44.323642 n-d-828369-16 devstack@placement-api.service[111054]: [pid: 111054|app: 0|req: 76/154] 10.222.0.123 () {60 vars in 1382 bytes} [Thu Feb 17 17:51:44 2022] GET /placement/allocations/e9846b28-2312-4afc-aae8-5207d82a03ab => generated 259 bytes in 64 msecs (HTTP/1.1 200) 8 headers in 296 bytes (1 switches on core 0)
Feb 17 17:51:46.325262 n-d-828369-16 devstack@placement-api.service[111053]: DEBUG placement.requestlog [req-d4d880a1-26e4-45b4-893b-a90cd6d6dba9 req-614b6e23-fb3f-4396-9ca9-3ba3f8974190 None None] Starting request: 10.222.0.122 "DELETE /placement/allocations/71f79d83-cd05-418c-bb05-31f3b63ea6b8" {{(pid=111053) __call__ /opt/stack/placement/placement/requestlog.py:55}}
Feb 17 17:51:46.613331 n-d-828369-16 devstack@placement-api.service[111053]: DEBUG placement.handlers.allocation [req-d4d880a1-26e4-45b4-893b-a90cd6d6dba9 req-614b6e23-fb3f-4396-9ca9-3ba3f8974190 service placement] Successfully deleted allocations [, , ] {{(pid=111053) delete_allocations /opt/stack/placement/placement/handlers/allocation.py:627}}
Feb 17 17:51:46.613993 n-d-828369-16 devstack@placement-api.service[111053]: INFO placement.requestlog [req-d4d880a1-26e4-45b4-893b-a90cd6d6dba9 req-614b6e23-fb3f-4396-9ca9-3ba3f8974190 service placement] 10.222.0.122 "DELETE /placement/allocations/71f79d83-cd05-418c-bb05-31f3b63ea6b8" status: 204 len: 0 microversion: 1.0
Feb 17 17:51:46.615946 n-d-828369-16 devstack@placement-api.service[111053]: [pid: 111053|app: 0|req: 79/155] 10.222.0.122 () {60 vars in 1360 bytes} [Thu Feb 17 17:51:46 2022] DELETE /placement/allocations/71f79d83-cd05-418c-bb05-31f3b63ea6b8 => generated 0 bytes in 291 msecs (HTTP/1.1 204) 5 headers in 198 bytes (1 switches on core 0)
Feb 17 17:51:47.987116 n-d-828369-16 devstack@placement-api.service[111054]: DEBUG placement.requestlog [req-4088e326-fe59-4e78-a629-5b3e5d06df11 req-bda87bc6-f8e0-4879-953e-f05256a30700 None None] Starting request: 10.222.0.122 "GET /placement/allocations/13400698-60bc-44d9-927a-a44cf72d85de" {{(pid=111054) __call__ /opt/stack/placement/placement/requestlog.py:55}}
Feb 17 17:51:48.013877 n-d-828369-16 devstack@placement-api.service[111054]: INFO placement.requestlog [req-4088e326-fe59-4e78-a629-5b3e5d06df11 req-bda87bc6-f8e0-4879-953e-f05256a30700 service placement] 10.222.0.122 "GET /placement/allocations/13400698-60bc-44d9-927a-a44cf72d85de" status: 200 len: 259 microversion: 1.28
Feb 17 17:51:48.015907 n-d-828369-16 devstack@placement-api.service[111054]: [pid: 111054|app: 0|req: 77/156] 10.222.0.122 () {60 vars in 1382 bytes} [Thu Feb 17 17:51:47 2022] GET /placement/allocations/13400698-60bc-44d9-927a-a44cf72d85de => generated 259 bytes in 28 msecs (HTTP/1.1 200) 8 headers in 296 bytes (1 switches on core 0)
Feb 17 17:51:48.280790 n-d-828369-16 devstack@placement-api.service[111053]: DEBUG placement.requestlog [req-be0bcb03-58d1-4885-b81b-64f644ccbe63 req-a3d771fd-c0a1-4bce-a661-60cdb0412ec2 None None] Starting request: 10.222.0.123 "GET /placement/resource_providers/23a6cce6-6a59-44d0-a5c9-258e99cdede6/allocations" {{(pid=111053) __call__ /opt/stack/placement/placement/requestlog.py:55}}
Feb 17 17:51:48.351230 n-d-828369-16 devstack@placement-api.service[111053]: INFO placement.requestlog [req-be0bcb03-58d1-4885-b81b-64f644ccbe63 req-a3d771fd-c0a1-4bce-a661-60cdb0412ec2 service placement] 10.222.0.123 "GET /placement/resource_providers/23a6cce6-6a59-44d0-a5c9-258e99cdede6/allocations" status: 200 len: 457 microversion: 1.0
Feb 17 17:51:48.352732 n-d-828369-16 devstack@placement-api.service[111053]: [pid: 111053|app: 0|req: 80/157] 10.222.0.123 () {58 vars in 1395 bytes} [Thu Feb 17 17:51:48 2022] GET /placement/resource_providers/23a6cce6-6a59-44d0-a5c9-258e99cdede6/allocations => generated 457 bytes in 72 msecs (HTTP/1.1 200) 6 headers in 224 bytes (1 switches on core 0)
Feb 17 17:51:51.294327 n-d-828369-16 devstack@placement-api.service[111054]: DEBUG placement.requestlog [None req-ce391acc-ba5e-4a53-b8fd-c5109e5759d1 None None] Starting request: 10.222.0.124 "GET /placement/" {{(pid=111054) __call__ /opt/stack/placement/placement/requestlog.py:55}}
Feb 17 17:51:51.295338 n-d-828369-16 devstack@placement-api.service[111054]: INFO placement.requestlog [None req-ce391acc-ba5e-4a53-b8fd-c5109e5759d1 None None] 10.222.0.124 "GET /placement/" status: 200 len: 136 microversion: 1.0
Feb 17 17:51:51.296002 n-d-828369-16 devstack@placement-api.service[111054]: [pid: 111054|app: 0|req: 78/158] 10.222.0.124 () {54 vars in 921 bytes} [Thu Feb 17 17:51:51 2022] GET /placement => generated 136 bytes in 2 msecs (HTTP/1.1 200) 6 headers in 224 bytes (1 switches on core 0)
Feb 17 17:51:51.322806 n-d-828369-16 devstack@placement-api.service[111053]: DEBUG placement.requestlog [req-cdde35e5-c4eb-4aa2-a1eb-70dae69746d5 req-439abac6-9c68-4a90-b59e-81cb4a171468 None None] Starting request: 10.222.0.124 "GET /placement/allocations/3c784598-9e13-47d8-a2ae-26521513f692" {{(pid=111053) __call__ /opt/stack/placement/placement/requestlog.py:55}}
Feb 17 17:51:51.501168 n-d-828369-16 devstack@placement-api.service[111053]: INFO placement.requestlog [req-cdde35e5-c4eb-4aa2-a1eb-70dae69746d5 req-439abac6-9c68-4a90-b59e-81cb4a171468 service placement] 10.222.0.124 "GET /placement/allocations/3c784598-9e13-47d8-a2ae-26521513f692" status: 200 len: 259 microversion: 1.28
Feb 17 17:51:51.503571 n-d-828369-16 devstack@placement-api.service[111053]: [pid: 111053|app: 0|req: 81/159] 10.222.0.124 () {60 vars in 1385 bytes} [Thu Feb 17 17:51:51 2022] GET /placement/allocations/3c784598-9e13-47d8-a2ae-26521513f692 => generated 259 bytes in 179 msecs (HTTP/1.1 200) 8 headers in 296 bytes (1 switches on core 0)
Feb 17 17:51:51.511535 n-d-828369-16 devstack@placement-api.service[111054]: DEBUG placement.requestlog [req-cdde35e5-c4eb-4aa2-a1eb-70dae69746d5 req-3889ccd5-9ea8-400b-bc87-743204e0af10 None None] Starting request: 10.222.0.124 "GET /placement/allocations/3c784598-9e13-47d8-a2ae-26521513f692" {{(pid=111054) __call__ /opt/stack/placement/placement/requestlog.py:55}}
Feb 17 17:51:51.541787 n-d-828369-16 devstack@placement-api.service[111054]: INFO placement.requestlog [req-cdde35e5-c4eb-4aa2-a1eb-70dae69746d5 req-3889ccd5-9ea8-400b-bc87-743204e0af10 service placement] 10.222.0.124 "GET /placement/allocations/3c784598-9e13-47d8-a2ae-26521513f692" status: 200 len: 259 microversion: 1.28
Feb 17 17:51:51.543651 n-d-828369-16 devstack@placement-api.service[111054]: [pid: 111054|app: 0|req: 79/160] 10.222.0.124 () {60 vars in 1385 bytes} [Thu Feb 17 17:51:51 2022] GET /placement/allocations/3c784598-9e13-47d8-a2ae-26521513f692 => generated 259 bytes in 31 msecs (HTTP/1.1 200) 8 headers in 296 bytes (1 switches on core 0)
Feb 17 17:51:51.550385 n-d-828369-16 devstack@placement-api.service[111053]: DEBUG placement.requestlog [req-cdde35e5-c4eb-4aa2-a1eb-70dae69746d5 req-a2b9e449-f06b-4369-a369-2db596d3770c None None] Starting request: 10.222.0.124 "GET /placement/allocations/677655c3-fd16-4d47-b29b-730cb3a3c188" {{(pid=111053) __call__ /opt/stack/placement/placement/requestlog.py:55}}
Feb 17 17:51:51.569825 n-d-828369-16 devstack@placement-api.service[111053]: INFO placement.requestlog [req-cdde35e5-c4eb-4aa2-a1eb-70dae69746d5 req-a2b9e449-f06b-4369-a369-2db596d3770c service placement] 10.222.0.124 "GET /placement/allocations/677655c3-fd16-4d47-b29b-730cb3a3c188" status: 200 len: 19 microversion: 1.28
Feb 17 17:51:51.572736 n-d-828369-16 devstack@placement-api.service[111053]: [pid: 111053|app: 0|req: 82/161] 10.222.0.124 () {60 vars in 1385 bytes} [Thu Feb 17 17:51:51 2022] GET /placement/allocations/677655c3-fd16-4d47-b29b-730cb3a3c188 => generated 19 bytes in 23 msecs (HTTP/1.1 200) 8 headers in 295 bytes (1 switches on core 0)
Feb 17 17:51:51.580251 n-d-828369-16 devstack@placement-api.service[111054]: DEBUG placement.requestlog [req-cdde35e5-c4eb-4aa2-a1eb-70dae69746d5 req-5aadf391-a346-466d-ab77-b11427b21886 None None] Starting request: 10.222.0.124 "POST /placement/allocations" {{(pid=111054) __call__ /opt/stack/placement/placement/requestlog.py:55}}
Feb 17 17:51:51.811175 n-d-828369-16 devstack@placement-api.service[111054]: DEBUG placement.handlers.allocation [req-cdde35e5-c4eb-4aa2-a1eb-70dae69746d5 req-5aadf391-a346-466d-ab77-b11427b21886 service placement] Successfully wrote allocations [, , , , , ] {{(pid=111054) _update_consumers_and_create_allocations /opt/stack/placement/placement/handlers/allocation.py:572}}
Feb 17 17:51:51.864358 n-d-828369-16 devstack@placement-api.service[111054]: INFO placement.requestlog [req-cdde35e5-c4eb-4aa2-a1eb-70dae69746d5 req-5aadf391-a346-466d-ab77-b11427b21886 service placement] 10.222.0.124 "POST /placement/allocations" status: 204 len: 0 microversion: 1.28
Feb 17 17:51:51.868125 n-d-828369-16 devstack@placement-api.service[111054]: [pid: 111054|app: 0|req: 80/162] 10.222.0.124 () {64 vars in 1328 bytes} [Thu Feb 17 17:51:51 2022] POST /placement/allocations => generated 0 bytes in 285 msecs (HTTP/1.1 204) 5 headers in 199 bytes (1 switches on core 0)
Feb 17 17:51:51.908554 n-d-828369-16 devstack@placement-api.service[111053]: DEBUG placement.requestlog [req-cdde35e5-c4eb-4aa2-a1eb-70dae69746d5 req-15a0a654-624f-49a1-a6b5-e967400dc683 None None] Starting request: 10.222.0.124 "GET /placement/allocations/3c784598-9e13-47d8-a2ae-26521513f692" {{(pid=111053) __call__ /opt/stack/placement/placement/requestlog.py:55}}
Feb 17 17:51:51.923076 n-d-828369-16 devstack@placement-api.service[111053]: INFO placement.requestlog [req-cdde35e5-c4eb-4aa2-a1eb-70dae69746d5 req-15a0a654-624f-49a1-a6b5-e967400dc683 service placement] 10.222.0.124 "GET /placement/allocations/3c784598-9e13-47d8-a2ae-26521513f692" status: 200 len: 19 microversion: 1.28
Feb 17 17:51:51.937108 n-d-828369-16 devstack@placement-api.service[111053]: [pid: 111053|app: 0|req: 83/163] 10.222.0.124 () {60 vars in 1385 bytes} [Thu Feb 17 17:51:51 2022] GET /placement/allocations/3c784598-9e13-47d8-a2ae-26521513f692 => generated 19 bytes in 29 msecs (HTTP/1.1 200) 8 headers in 295 bytes (1 switches on core 0)
Feb 17 17:51:51.939874 n-d-828369-16 devstack@placement-api.service[111054]: DEBUG placement.requestlog [req-cdde35e5-c4eb-4aa2-a1eb-70dae69746d5 req-aacc30a8-5b65-4cd7-8e9a-d81182cc7b38 None None] Starting request: 10.222.0.124 "PUT /placement/allocations/3c784598-9e13-47d8-a2ae-26521513f692" {{(pid=111054) __call__ /opt/stack/placement/placement/requestlog.py:55}}
Feb 17 17:51:52.136512 n-d-828369-16 devstack@placement-api.service[111054]: DEBUG placement.handlers.allocation [req-cdde35e5-c4eb-4aa2-a1eb-70dae69746d5 req-aacc30a8-5b65-4cd7-8e9a-d81182cc7b38 service placement] Successfully wrote allocations [, , ] {{(pid=111054) _update_consumers_and_create_allocations /opt/stack/placement/placement/handlers/allocation.py:462}}
Feb 17 17:51:52.236267 n-d-828369-16 devstack@placement-api.service[111054]: INFO placement.requestlog [req-cdde35e5-c4eb-4aa2-a1eb-70dae69746d5 req-aacc30a8-5b65-4cd7-8e9a-d81182cc7b38 service placement] 10.222.0.124 "PUT /placement/allocations/3c784598-9e13-47d8-a2ae-26521513f692" status: 204 len: 0 microversion: 1.28
Feb 17 17:51:52.240888 n-d-828369-16 devstack@placement-api.service[111054]: [pid: 111054|app: 0|req: 81/164] 10.222.0.124 () {64 vars in 1438 bytes} [Thu Feb 17 17:51:51 2022] PUT /placement/allocations/3c784598-9e13-47d8-a2ae-26521513f692 => generated 0 bytes in 298 msecs (HTTP/1.1 204) 5 headers in 199 bytes (2 switches on core 0)
Feb 17 17:51:58.300473 n-d-828369-16 devstack@placement-api.service[111053]: DEBUG placement.requestlog [req-cdde35e5-c4eb-4aa2-a1eb-70dae69746d5 req-d4bd39dc-b856-4798-87bb-38a95f7cde97 None None] Starting request: 10.222.0.122 "GET /placement/allocations/3c784598-9e13-47d8-a2ae-26521513f692" {{(pid=111053) __call__ /opt/stack/placement/placement/requestlog.py:55}}
Feb 17 17:51:58.324168 n-d-828369-16 devstack@placement-api.service[111053]: INFO placement.requestlog [req-cdde35e5-c4eb-4aa2-a1eb-70dae69746d5 req-d4bd39dc-b856-4798-87bb-38a95f7cde97 service placement] 10.222.0.122 "GET /placement/allocations/3c784598-9e13-47d8-a2ae-26521513f692" status: 200 len: 259 microversion: 1.28
Feb 17 17:51:58.324815 n-d-828369-16 devstack@placement-api.service[111053]: [pid: 111053|app: 0|req: 84/165] 10.222.0.122 () {60 vars in 1382 bytes} [Thu Feb 17 17:51:58 2022] GET /placement/allocations/3c784598-9e13-47d8-a2ae-26521513f692 => generated 259 bytes in 25 msecs (HTTP/1.1 200) 8 headers in 296 bytes (2 switches on core 0)
Feb 17 17:52:05.505741 n-d-828369-16 devstack@placement-api.service[111054]: DEBUG placement.requestlog [req-b241d2b4-e6d4-4228-af1b-6a9c2d265f82 req-42efb076-ab52-4403-a3c7-f1822e90c786 None None] Starting request: 10.222.0.124 "GET /placement/allocation_candidates?limit=1000&resources=DISK_GB%3A1%2CMEMORY_MB%3A1024%2CVCPU%3A1&root_required=%21COMPUTE_STATUS_DISABLED" {{(pid=111054) __call__ /opt/stack/placement/placement/requestlog.py:55}}
Feb 17 17:52:05.539548 n-d-828369-16 devstack@placement-api.service[111054]: DEBUG placement.objects.research_context [req-b241d2b4-e6d4-4228-af1b-6a9c2d265f82 req-42efb076-ab52-4403-a3c7-f1822e90c786 service placement] getting providers with 1 DISK_GB {{(pid=111054) __init__ /opt/stack/placement/placement/objects/research_context.py:126}}
Feb 17 17:52:05.546547 n-d-828369-16 devstack@placement-api.service[111054]: DEBUG placement.objects.research_context [req-b241d2b4-e6d4-4228-af1b-6a9c2d265f82 req-42efb076-ab52-4403-a3c7-f1822e90c786 service placement] getting providers with 1024 MEMORY_MB {{(pid=111054) __init__ /opt/stack/placement/placement/objects/research_context.py:126}}
Feb 17 17:52:05.551861 n-d-828369-16 devstack@placement-api.service[111054]: DEBUG placement.objects.research_context [req-b241d2b4-e6d4-4228-af1b-6a9c2d265f82 req-42efb076-ab52-4403-a3c7-f1822e90c786 service placement] getting providers with 1 VCPU {{(pid=111054) __init__ /opt/stack/placement/placement/objects/research_context.py:126}}
Feb 17 17:52:05.560292 n-d-828369-16 devstack@placement-api.service[111054]: DEBUG placement.objects.research_context [req-b241d2b4-e6d4-4228-af1b-6a9c2d265f82 req-42efb076-ab52-4403-a3c7-f1822e90c786 service placement] found 2 providers with available 1 DISK_GB {{(pid=111054) get_provider_ids_matching /opt/stack/placement/placement/objects/research_context.py:549}}
Feb 17 17:52:05.560737 n-d-828369-16 devstack@placement-api.service[111054]: DEBUG placement.objects.research_context [req-b241d2b4-e6d4-4228-af1b-6a9c2d265f82 req-42efb076-ab52-4403-a3c7-f1822e90c786 service placement] found 2 providers with available 1024 MEMORY_MB {{(pid=111054) get_provider_ids_matching /opt/stack/placement/placement/objects/research_context.py:549}}
Feb 17 17:52:05.561166 n-d-828369-16 devstack@placement-api.service[111054]: DEBUG placement.objects.research_context [req-b241d2b4-e6d4-4228-af1b-6a9c2d265f82 req-42efb076-ab52-4403-a3c7-f1822e90c786 service placement] found 2 providers after filtering by previous result {{(pid=111054) get_provider_ids_matching /opt/stack/placement/placement/objects/research_context.py:580}}
Feb 17 17:52:05.561757 n-d-828369-16 devstack@placement-api.service[111054]: DEBUG placement.objects.research_context [req-b241d2b4-e6d4-4228-af1b-6a9c2d265f82 req-42efb076-ab52-4403-a3c7-f1822e90c786 service placement] found 2 providers with available 1 VCPU {{(pid=111054) get_provider_ids_matching /opt/stack/placement/placement/objects/research_context.py:549}}
Feb 17 17:52:05.562214 n-d-828369-16 devstack@placement-api.service[111054]: DEBUG placement.objects.research_context [req-b241d2b4-e6d4-4228-af1b-6a9c2d265f82 req-42efb076-ab52-4403-a3c7-f1822e90c786 service placement] found 2 providers after filtering by previous result {{(pid=111054) get_provider_ids_matching /opt/stack/placement/placement/objects/research_context.py:580}}
Feb 17 17:52:05.573434 n-d-828369-16 devstack@placement-api.service[111054]: DEBUG placement.objects.allocation_candidate [req-b241d2b4-e6d4-4228-af1b-6a9c2d265f82 req-42efb076-ab52-4403-a3c7-f1822e90c786 service placement] RequestGroup(use_same_provider=False, resources={DISK_GB:1, MEMORY_MB:1024, VCPU:1}, traits=[], aggregates=[]) (suffix '') returned 2 matches {{(pid=111054) _get_by_requests /opt/stack/placement/placement/objects/allocation_candidate.py:145}}
Feb 17 17:52:05.573816 n-d-828369-16 devstack@placement-api.service[111054]: DEBUG placement.objects.allocation_candidate [req-b241d2b4-e6d4-4228-af1b-6a9c2d265f82 req-42efb076-ab52-4403-a3c7-f1822e90c786 service placement] Merging candidates yields 2 allocation requests and 2 provider summaries {{(pid=111054) _merge_candidates /opt/stack/placement/placement/objects/allocation_candidate.py:783}}
Feb 17 17:52:05.575484 n-d-828369-16 devstack@placement-api.service[111054]: INFO placement.requestlog [req-b241d2b4-e6d4-4228-af1b-6a9c2d265f82 req-42efb076-ab52-4403-a3c7-f1822e90c786 service placement] 10.222.0.124 "GET /placement/allocation_candidates?limit=1000&resources=DISK_GB%3A1%2CMEMORY_MB%3A1024%2CVCPU%3A1&root_required=%21COMPUTE_STATUS_DISABLED" status: 200 len: 1309 microversion: 1.36
Feb 17 17:52:05.580804 n-d-828369-16 devstack@placement-api.service[111054]: [pid: 111054|app: 0|req: 82/166] 10.222.0.124 () {60 vars in 1511 bytes} [Thu Feb 17 17:52:05 2022] GET /placement/allocation_candidates?limit=1000&resources=DISK_GB%3A1%2CMEMORY_MB%3A1024%2CVCPU%3A1&root_required=%21COMPUTE_STATUS_DISABLED => generated 1309 bytes in 70 msecs (HTTP/1.1 200) 8 headers in 297 bytes (2 switches on core 0)
Feb 17 17:52:05.620890 n-d-828369-16 devstack@placement-api.service[111053]: DEBUG placement.requestlog [req-b241d2b4-e6d4-4228-af1b-6a9c2d265f82 req-7e120a55-4972-4f7c-8e67-7707a82ebfc7 None None] Starting request: 10.222.0.124 "GET /placement/allocations/05f2f636-1adc-433c-8990-cb82e3332ec9" {{(pid=111053) __call__ /opt/stack/placement/placement/requestlog.py:55}}
Feb 17 17:52:05.631783 n-d-828369-16 devstack@placement-api.service[111053]: INFO placement.requestlog [req-b241d2b4-e6d4-4228-af1b-6a9c2d265f82 req-7e120a55-4972-4f7c-8e67-7707a82ebfc7 service placement] 10.222.0.124 "GET /placement/allocations/05f2f636-1adc-433c-8990-cb82e3332ec9" status: 200 len: 19 microversion: 1.28
Feb 17 17:52:05.632150 n-d-828369-16 devstack@placement-api.service[111053]: [pid: 111053|app: 0|req: 85/167] 10.222.0.124 () {60 vars in 1385 bytes} [Thu Feb 17 17:52:05 2022] GET /placement/allocations/05f2f636-1adc-433c-8990-cb82e3332ec9 => generated 19 bytes in 12 msecs (HTTP/1.1 200) 8 headers in 295 bytes (1 switches on core 0)
Feb 17 17:52:05.638965 n-d-828369-16 devstack@placement-api.service[111054]: DEBUG placement.requestlog [req-b241d2b4-e6d4-4228-af1b-6a9c2d265f82 req-28c5199f-7607-4852-bf54-3ece258a46a8 None None] Starting request: 10.222.0.124 "PUT /placement/allocations/05f2f636-1adc-433c-8990-cb82e3332ec9" {{(pid=111054) __call__ /opt/stack/placement/placement/requestlog.py:55}}
Feb 17 17:52:05.901347 n-d-828369-16 devstack@placement-api.service[111053]: DEBUG placement.requestlog [None req-6c86ae93-ebfe-42c0-993b-71314a335a96 None None] Starting request: 10.222.0.124 "GET /placement/" {{(pid=111053) __call__ /opt/stack/placement/placement/requestlog.py:55}}
Feb 17 17:52:05.902373 n-d-828369-16 devstack@placement-api.service[111053]: INFO placement.requestlog [None req-6c86ae93-ebfe-42c0-993b-71314a335a96 None None] 10.222.0.124 "GET /placement/" status: 200 len: 136 microversion: 1.0
Feb 17 17:52:05.902703 n-d-828369-16 devstack@placement-api.service[111053]: [pid: 111053|app: 0|req: 86/168] 10.222.0.124 () {54 vars in 921 bytes} [Thu Feb 17 17:52:05 2022] GET /placement => generated 136 bytes in 2 msecs (HTTP/1.1 200) 6 headers in 224 bytes (2 switches on core 0)
Feb 17 17:52:05.912200 n-d-828369-16 devstack@placement-api.service[111053]: DEBUG placement.requestlog [req-f83a0458-2c32-42dd-8906-17e62acf6248 req-95116846-093b-4e2d-9d16-353ee96e3b07 None None] Starting request: 10.222.0.124 "GET /placement/allocations/8ecf0ace-6822-4029-ab28-c9d9283ca0a0" {{(pid=111053) __call__ /opt/stack/placement/placement/requestlog.py:55}}
Feb 17 17:52:05.982809 n-d-828369-16 devstack@placement-api.service[111053]: INFO placement.requestlog [req-f83a0458-2c32-42dd-8906-17e62acf6248 req-95116846-093b-4e2d-9d16-353ee96e3b07 service placement] 10.222.0.124 "GET /placement/allocations/8ecf0ace-6822-4029-ab28-c9d9283ca0a0" status: 200 len: 259 microversion: 1.28
Feb 17 17:52:05.983606 n-d-828369-16 devstack@placement-api.service[111053]: [pid: 111053|app: 0|req: 87/169] 10.222.0.124 () {60 vars in 1385 bytes} [Thu Feb 17 17:52:05 2022] GET /placement/allocations/8ecf0ace-6822-4029-ab28-c9d9283ca0a0 => generated 259 bytes in 72 msecs (HTTP/1.1 200) 8 headers in 296 bytes (2 switches on core 0)
Feb 17 17:52:05.989847 n-d-828369-16 devstack@placement-api.service[111053]: DEBUG placement.requestlog [req-f83a0458-2c32-42dd-8906-17e62acf6248 req-7b07b61c-e09e-4ca7-a87f-fe66d5c1383a None None] Starting request: 10.222.0.124 "GET /placement/allocations/8ecf0ace-6822-4029-ab28-c9d9283ca0a0" {{(pid=111053) __call__ /opt/stack/placement/placement/requestlog.py:55}}
Feb 17 17:52:05.997198 n-d-828369-16 devstack@placement-api.service[111054]: DEBUG placement.handlers.allocation [req-b241d2b4-e6d4-4228-af1b-6a9c2d265f82 req-28c5199f-7607-4852-bf54-3ece258a46a8 service placement] Successfully wrote allocations [, , ] {{(pid=111054) _update_consumers_and_create_allocations /opt/stack/placement/placement/handlers/allocation.py:462}}
Feb 17 17:52:06.005316 n-d-828369-16 devstack@placement-api.service[111053]: INFO placement.requestlog [req-f83a0458-2c32-42dd-8906-17e62acf6248 req-7b07b61c-e09e-4ca7-a87f-fe66d5c1383a service placement] 10.222.0.124 "GET /placement/allocations/8ecf0ace-6822-4029-ab28-c9d9283ca0a0" status: 200 len: 259 microversion: 1.28
Feb 17 17:52:06.006126 n-d-828369-16 devstack@placement-api.service[111053]: [pid: 111053|app: 0|req: 88/170] 10.222.0.124 () {60 vars in 1385 bytes} [Thu Feb 17 17:52:05 2022] GET /placement/allocations/8ecf0ace-6822-4029-ab28-c9d9283ca0a0 => generated 259 bytes in 16 msecs (HTTP/1.1 200) 8 headers in 296 bytes (1 switches on core 0)
Feb 17 17:52:06.011457 n-d-828369-16 devstack@placement-api.service[111053]: DEBUG placement.requestlog [req-f83a0458-2c32-42dd-8906-17e62acf6248 req-da7b0a5b-29cc-4b71-b3c8-621eb6ea65da None None] Starting request: 10.222.0.124 "GET /placement/allocations/b8f31adb-38bf-475b-8bcb-c7bf7eb3b414" {{(pid=111053) __call__ /opt/stack/placement/placement/requestlog.py:55}}
Feb 17 17:52:06.022783 n-d-828369-16 devstack@placement-api.service[111053]: INFO placement.requestlog [req-f83a0458-2c32-42dd-8906-17e62acf6248 req-da7b0a5b-29cc-4b71-b3c8-621eb6ea65da service placement] 10.222.0.124 "GET /placement/allocations/b8f31adb-38bf-475b-8bcb-c7bf7eb3b414" status: 200 len: 19 microversion: 1.28
Feb 17 17:52:06.023546 n-d-828369-16 devstack@placement-api.service[111053]: [pid: 111053|app: 0|req: 89/171] 10.222.0.124 () {60 vars in 1385 bytes} [Thu Feb 17 17:52:06 2022] GET /placement/allocations/b8f31adb-38bf-475b-8bcb-c7bf7eb3b414 => generated 19 bytes in 12 msecs (HTTP/1.1 200) 8 headers in 295 bytes (2 switches on core 0)
Feb 17 17:52:06.031348 n-d-828369-16 devstack@placement-api.service[111053]: DEBUG placement.requestlog [req-f83a0458-2c32-42dd-8906-17e62acf6248 req-19958f52-a104-4d0a-be32-1099c0054156 None None] Starting request: 10.222.0.124 "POST /placement/allocations" {{(pid=111053) __call__ /opt/stack/placement/placement/requestlog.py:55}}
Feb 17 17:52:06.098387 n-d-828369-16 devstack@placement-api.service[111054]: INFO placement.requestlog [req-b241d2b4-e6d4-4228-af1b-6a9c2d265f82 req-28c5199f-7607-4852-bf54-3ece258a46a8 service placement] 10.222.0.124 "PUT /placement/allocations/05f2f636-1adc-433c-8990-cb82e3332ec9" status: 204 len: 0 microversion: 1.36
Feb 17 17:52:06.098788 n-d-828369-16 devstack@placement-api.service[111054]: [pid: 111054|app: 0|req: 83/172] 10.222.0.124 () {64 vars in 1438 bytes} [Thu Feb 17 17:52:05 2022] PUT /placement/allocations/05f2f636-1adc-433c-8990-cb82e3332ec9 => generated 0 bytes in 460 msecs (HTTP/1.1 204) 5 headers in 199 bytes (1 switches on core 0)
Feb 17 17:52:06.244592 n-d-828369-16 devstack@placement-api.service[111053]: DEBUG placement.handlers.allocation [req-f83a0458-2c32-42dd-8906-17e62acf6248 req-19958f52-a104-4d0a-be32-1099c0054156 service placement] Successfully wrote allocations [, , , , , ] {{(pid=111053) _update_consumers_and_create_allocations /opt/stack/placement/placement/handlers/allocation.py:572}}
Feb 17 17:52:06.318360 n-d-828369-16 devstack@placement-api.service[111053]: INFO placement.requestlog [req-f83a0458-2c32-42dd-8906-17e62acf6248 req-19958f52-a104-4d0a-be32-1099c0054156 service placement] 10.222.0.124 "POST /placement/allocations" status: 204 len: 0 microversion: 1.28
Feb 17 17:52:06.329295 n-d-828369-16 devstack@placement-api.service[111053]: [pid: 111053|app: 0|req: 90/173] 10.222.0.124 () {64 vars in 1328 bytes} [Thu Feb 17 17:52:06 2022] POST /placement/allocations => generated 0 bytes in 289 msecs (HTTP/1.1 204) 5 headers in 199 bytes (1 switches on core 0)
Feb 17 17:52:06.386384 n-d-828369-16 devstack@placement-api.service[111054]: DEBUG placement.requestlog [req-f83a0458-2c32-42dd-8906-17e62acf6248 req-f92a3276-d190-43f1-ac42-2c7e02d4cfc1 None None] Starting request: 10.222.0.124 "GET /placement/allocations/8ecf0ace-6822-4029-ab28-c9d9283ca0a0" {{(pid=111054) __call__ /opt/stack/placement/placement/requestlog.py:55}}
Feb 17 17:52:06.399523 n-d-828369-16 devstack@placement-api.service[111054]: INFO placement.requestlog [req-f83a0458-2c32-42dd-8906-17e62acf6248 req-f92a3276-d190-43f1-ac42-2c7e02d4cfc1 service placement] 10.222.0.124 "GET /placement/allocations/8ecf0ace-6822-4029-ab28-c9d9283ca0a0" status: 200 len: 19 microversion: 1.28
Feb 17 17:52:06.400352 n-d-828369-16 devstack@placement-api.service[111054]: [pid: 111054|app: 0|req: 84/174] 10.222.0.124 () {60 vars in 1385 bytes} [Thu Feb 17 17:52:06 2022] GET /placement/allocations/8ecf0ace-6822-4029-ab28-c9d9283ca0a0 => generated 19 bytes in 14 msecs (HTTP/1.1 200) 8 headers in 295 bytes (1 switches on core 0)
Feb 17 17:52:06.406169 n-d-828369-16 devstack@placement-api.service[111053]: DEBUG placement.requestlog [req-f83a0458-2c32-42dd-8906-17e62acf6248 req-534b790e-ac30-4c78-82ac-dadfef9c7e88 None None] Starting request: 10.222.0.124 "PUT /placement/allocations/8ecf0ace-6822-4029-ab28-c9d9283ca0a0" {{(pid=111053) __call__ /opt/stack/placement/placement/requestlog.py:55}}
Feb 17 17:52:06.516942 n-d-828369-16 devstack@placement-api.service[111053]: DEBUG placement.handlers.allocation [req-f83a0458-2c32-42dd-8906-17e62acf6248 req-534b790e-ac30-4c78-82ac-dadfef9c7e88 service placement] Successfully wrote allocations [, , ] {{(pid=111053) _update_consumers_and_create_allocations /opt/stack/placement/placement/handlers/allocation.py:462}}
Feb 17 17:52:06.572423 n-d-828369-16 devstack@placement-api.service[111053]: INFO placement.requestlog [req-f83a0458-2c32-42dd-8906-17e62acf6248 req-534b790e-ac30-4c78-82ac-dadfef9c7e88 service placement] 10.222.0.124 "PUT /placement/allocations/8ecf0ace-6822-4029-ab28-c9d9283ca0a0" status: 204 len: 0 microversion: 1.28
Feb 17 17:52:06.572770 n-d-828369-16 devstack@placement-api.service[111053]: [pid: 111053|app: 0|req: 91/175] 10.222.0.124 () {64 vars in 1438 bytes} [Thu Feb 17 17:52:06 2022] PUT /placement/allocations/8ecf0ace-6822-4029-ab28-c9d9283ca0a0 => generated 0 bytes in 167 msecs (HTTP/1.1 204) 5 headers in 199 bytes (1 switches on core 0)
Feb 17 17:52:07.264872 n-d-828369-16 devstack@placement-api.service[111054]: DEBUG placement.requestlog [req-f83a0458-2c32-42dd-8906-17e62acf6248 req-3c0005f3-b0f3-4368-b6db-56ceeb9bb186 None None] Starting request: 10.222.0.123 "GET /placement/allocations/8ecf0ace-6822-4029-ab28-c9d9283ca0a0" {{(pid=111054) __call__ /opt/stack/placement/placement/requestlog.py:55}}
Feb 17 17:52:07.282577 n-d-828369-16 devstack@placement-api.service[111054]: INFO placement.requestlog [req-f83a0458-2c32-42dd-8906-17e62acf6248 req-3c0005f3-b0f3-4368-b6db-56ceeb9bb186 service placement] 10.222.0.123 "GET /placement/allocations/8ecf0ace-6822-4029-ab28-c9d9283ca0a0" status: 200 len: 259 microversion: 1.28
Feb 17 17:52:07.283147 n-d-828369-16 devstack@placement-api.service[111054]: [pid: 111054|app: 0|req: 85/176] 10.222.0.123 () {60 vars in 1382 bytes} [Thu Feb 17 17:52:07 2022] GET /placement/allocations/8ecf0ace-6822-4029-ab28-c9d9283ca0a0 => generated 259 bytes in 19 msecs (HTTP/1.1 200) 8 headers in 296 bytes (1 switches on core 0)
Feb 17 17:52:07.386128 n-d-828369-16 devstack@placement-api.service[111053]: DEBUG placement.requestlog [req-b241d2b4-e6d4-4228-af1b-6a9c2d265f82 req-29e65c15-968c-449c-a1ec-1b301ee30efc None None] Starting request: 10.222.0.123 "GET /placement/allocations/05f2f636-1adc-433c-8990-cb82e3332ec9" {{(pid=111053) __call__ /opt/stack/placement/placement/requestlog.py:55}}
Feb 17 17:52:07.408220 n-d-828369-16 devstack@placement-api.service[111053]: INFO placement.requestlog [req-b241d2b4-e6d4-4228-af1b-6a9c2d265f82 req-29e65c15-968c-449c-a1ec-1b301ee30efc service placement] 10.222.0.123 "GET /placement/allocations/05f2f636-1adc-433c-8990-cb82e3332ec9" status: 200 len: 259 microversion: 1.28
Feb 17 17:52:07.408972 n-d-828369-16 devstack@placement-api.service[111053]: [pid: 111053|app: 0|req: 92/177] 10.222.0.123 () {60 vars in 1382 bytes} [Thu Feb 17 17:52:07 2022] GET /placement/allocations/05f2f636-1adc-433c-8990-cb82e3332ec9 => generated 259 bytes in 24 msecs (HTTP/1.1 200) 8 headers in 296 bytes (1 switches on core 0)
Feb 17 17:52:11.066545 n-d-828369-16 devstack@placement-api.service[111054]: DEBUG placement.requestlog [req-cdde35e5-c4eb-4aa2-a1eb-70dae69746d5 req-53632738-f66b-435d-a2fc-0cd49a8cb2c3 None None] Starting request: 10.222.0.123 "GET /placement/resource_providers/23a6cce6-6a59-44d0-a5c9-258e99cdede6/allocations" {{(pid=111054) __call__ /opt/stack/placement/placement/requestlog.py:55}}
Feb 17 17:52:11.119828 n-d-828369-16 devstack@placement-api.service[111054]: INFO placement.requestlog [req-cdde35e5-c4eb-4aa2-a1eb-70dae69746d5 req-53632738-f66b-435d-a2fc-0cd49a8cb2c3 service placement] 10.222.0.123 "GET /placement/resource_providers/23a6cce6-6a59-44d0-a5c9-258e99cdede6/allocations" status: 200 len: 659 microversion: 1.0
Feb 17 17:52:11.120489 n-d-828369-16 devstack@placement-api.service[111054]: [pid: 111054|app: 0|req: 86/178] 10.222.0.123 () {58 vars in 1395 bytes} [Thu Feb 17 17:52:11 2022] GET /placement/resource_providers/23a6cce6-6a59-44d0-a5c9-258e99cdede6/allocations => generated 659 bytes in 54 msecs (HTTP/1.1 200) 6 headers in 224 bytes (1 switches on core 0)
Feb 17 17:52:11.781290 n-d-828369-16 devstack@placement-api.service[111053]: DEBUG placement.requestlog [req-cdde35e5-c4eb-4aa2-a1eb-70dae69746d5 req-55be9dee-ddeb-45c9-8d06-4b88c9d9f3bb None None] Starting request: 10.222.0.123 "GET /placement/allocations/677655c3-fd16-4d47-b29b-730cb3a3c188" {{(pid=111053) __call__ /opt/stack/placement/placement/requestlog.py:55}}
Feb 17 17:52:11.804622 n-d-828369-16 devstack@placement-api.service[111053]: INFO placement.requestlog [req-cdde35e5-c4eb-4aa2-a1eb-70dae69746d5 req-55be9dee-ddeb-45c9-8d06-4b88c9d9f3bb service placement] 10.222.0.123 "GET /placement/allocations/677655c3-fd16-4d47-b29b-730cb3a3c188" status: 200 len: 259 microversion: 1.28
Feb 17 17:52:11.805136 n-d-828369-16 devstack@placement-api.service[111053]: [pid: 111053|app: 0|req: 93/179] 10.222.0.123 () {60 vars in 1382 bytes} [Thu Feb 17 17:52:11 2022] GET /placement/allocations/677655c3-fd16-4d47-b29b-730cb3a3c188 => generated 259 bytes in 24 msecs (HTTP/1.1 200) 8 headers in 296 bytes (2 switches on core 0)
Feb 17 17:52:11.837157 n-d-828369-16 devstack@placement-api.service[111054]: DEBUG placement.requestlog [req-cdde35e5-c4eb-4aa2-a1eb-70dae69746d5 req-2c5d51f0-583b-4a85-96a6-acaa625cf97d None None] Starting request: 10.222.0.123 "PUT /placement/allocations/677655c3-fd16-4d47-b29b-730cb3a3c188" {{(pid=111054) __call__ /opt/stack/placement/placement/requestlog.py:55}}
Feb 17 17:52:11.879733 n-d-828369-16 devstack@placement-api.service[111054]: DEBUG placement.handlers.allocation [req-cdde35e5-c4eb-4aa2-a1eb-70dae69746d5 req-2c5d51f0-583b-4a85-96a6-acaa625cf97d service placement] Successfully wrote allocations [, , ] {{(pid=111054) _update_consumers_and_create_allocations /opt/stack/placement/placement/handlers/allocation.py:462}}
Feb 17 17:52:11.960884 n-d-828369-16 devstack@placement-api.service[111054]: INFO placement.requestlog [req-cdde35e5-c4eb-4aa2-a1eb-70dae69746d5 req-2c5d51f0-583b-4a85-96a6-acaa625cf97d service placement] 10.222.0.123 "PUT /placement/allocations/677655c3-fd16-4d47-b29b-730cb3a3c188" status: 204 len: 0 microversion: 1.28
Feb 17 17:52:11.961736 n-d-828369-16 devstack@placement-api.service[111054]: [pid: 111054|app: 0|req: 87/180] 10.222.0.123 () {64 vars in 1435 bytes} [Thu Feb 17 17:52:11 2022] PUT /placement/allocations/677655c3-fd16-4d47-b29b-730cb3a3c188 => generated 0 bytes in 127 msecs (HTTP/1.1 204) 5 headers in 199 bytes (1 switches on core 0)
Feb 17 17:52:12.714231 n-d-828369-16 devstack@placement-api.service[111053]: DEBUG placement.requestlog [req-c05c554d-4f12-4974-bb84-64ed3aaa530a req-099be80d-66f6-4455-9c22-4d72a2659004 None None] Starting request: 10.222.0.124 "GET /placement/allocation_candidates?limit=1000&resources=DISK_GB%3A1%2CMEMORY_MB%3A1024%2CVCPU%3A1&root_required=%21COMPUTE_STATUS_DISABLED" {{(pid=111053) __call__ /opt/stack/placement/placement/requestlog.py:55}}
Feb 17 17:52:12.782293 n-d-828369-16 devstack@placement-api.service[111053]: DEBUG placement.objects.research_context [req-c05c554d-4f12-4974-bb84-64ed3aaa530a req-099be80d-66f6-4455-9c22-4d72a2659004 service placement] getting providers with 1 DISK_GB {{(pid=111053) __init__ /opt/stack/placement/placement/objects/research_context.py:126}}
Feb 17 17:52:12.791964 n-d-828369-16 devstack@placement-api.service[111053]: DEBUG placement.objects.research_context [req-c05c554d-4f12-4974-bb84-64ed3aaa530a req-099be80d-66f6-4455-9c22-4d72a2659004 service placement] getting providers with 1024 MEMORY_MB {{(pid=111053) __init__ /opt/stack/placement/placement/objects/research_context.py:126}}
Feb 17 17:52:12.797907 n-d-828369-16 devstack@placement-api.service[111053]: DEBUG placement.objects.research_context [req-c05c554d-4f12-4974-bb84-64ed3aaa530a req-099be80d-66f6-4455-9c22-4d72a2659004 service placement] getting providers with 1 VCPU {{(pid=111053) __init__ /opt/stack/placement/placement/objects/research_context.py:126}}
Feb 17 17:52:12.804635 n-d-828369-16 devstack@placement-api.service[111053]: DEBUG placement.objects.research_context [req-c05c554d-4f12-4974-bb84-64ed3aaa530a req-099be80d-66f6-4455-9c22-4d72a2659004 service placement] found 2 providers with available 1 DISK_GB {{(pid=111053) get_provider_ids_matching /opt/stack/placement/placement/objects/research_context.py:549}}
Feb 17 17:52:12.805150 n-d-828369-16 devstack@placement-api.service[111053]: DEBUG placement.objects.research_context [req-c05c554d-4f12-4974-bb84-64ed3aaa530a req-099be80d-66f6-4455-9c22-4d72a2659004 service placement] found 2 providers with available 1024 MEMORY_MB {{(pid=111053) get_provider_ids_matching /opt/stack/placement/placement/objects/research_context.py:549}}
Feb 17 17:52:12.805567 n-d-828369-16 devstack@placement-api.service[111053]: DEBUG placement.objects.research_context [req-c05c554d-4f12-4974-bb84-64ed3aaa530a req-099be80d-66f6-4455-9c22-4d72a2659004 service placement] found 2 providers after filtering by previous result {{(pid=111053) get_provider_ids_matching /opt/stack/placement/placement/objects/research_context.py:580}}
Feb 17 17:52:12.806165 n-d-828369-16 devstack@placement-api.service[111053]: DEBUG placement.objects.research_context [req-c05c554d-4f12-4974-bb84-64ed3aaa530a req-099be80d-66f6-4455-9c22-4d72a2659004 service placement] found 2 providers with available 1 VCPU {{(pid=111053) get_provider_ids_matching /opt/stack/placement/placement/objects/research_context.py:549}}
Feb 17 17:52:12.806588 n-d-828369-16 devstack@placement-api.service[111053]: DEBUG placement.objects.research_context [req-c05c554d-4f12-4974-bb84-64ed3aaa530a req-099be80d-66f6-4455-9c22-4d72a2659004 service placement] found 2 providers after filtering by previous result {{(pid=111053) get_provider_ids_matching /opt/stack/placement/placement/objects/research_context.py:580}}
Feb 17 17:52:12.833694 n-d-828369-16 devstack@placement-api.service[111053]: DEBUG placement.objects.allocation_candidate [req-c05c554d-4f12-4974-bb84-64ed3aaa530a req-099be80d-66f6-4455-9c22-4d72a2659004 service placement] RequestGroup(use_same_provider=False, resources={DISK_GB:1, MEMORY_MB:1024, VCPU:1}, traits=[], aggregates=[]) (suffix '') returned 2 matches {{(pid=111053) _get_by_requests /opt/stack/placement/placement/objects/allocation_candidate.py:145}}
Feb 17 17:52:12.834481 n-d-828369-16 devstack@placement-api.service[111053]: DEBUG placement.objects.allocation_candidate [req-c05c554d-4f12-4974-bb84-64ed3aaa530a req-099be80d-66f6-4455-9c22-4d72a2659004 service placement] Merging candidates yields 2 allocation requests and 2 provider summaries {{(pid=111053) _merge_candidates /opt/stack/placement/placement/objects/allocation_candidate.py:783}}
Feb 17 17:52:12.836443 n-d-828369-16 devstack@placement-api.service[111053]: INFO placement.requestlog [req-c05c554d-4f12-4974-bb84-64ed3aaa530a req-099be80d-66f6-4455-9c22-4d72a2659004 service placement] 10.222.0.124 "GET /placement/allocation_candidates?limit=1000&resources=DISK_GB%3A1%2CMEMORY_MB%3A1024%2CVCPU%3A1&root_required=%21COMPUTE_STATUS_DISABLED" status: 200 len: 1309 microversion: 1.36
Feb 17 17:52:12.837651 n-d-828369-16 devstack@placement-api.service[111053]: [pid: 111053|app: 0|req: 94/181] 10.222.0.124 () {60 vars in 1511 bytes} [Thu Feb 17 17:52:12 2022] GET /placement/allocation_candidates?limit=1000&resources=DISK_GB%3A1%2CMEMORY_MB%3A1024%2CVCPU%3A1&root_required=%21COMPUTE_STATUS_DISABLED => generated 1309 bytes in 123 msecs (HTTP/1.1 200) 8 headers in 297 bytes (1 switches on core 0)
Feb 17 17:52:12.900467 n-d-828369-16 devstack@placement-api.service[111054]: DEBUG placement.requestlog [req-c05c554d-4f12-4974-bb84-64ed3aaa530a req-94620d2f-5475-4436-be45-c3d4ba92645e None None] Starting request: 10.222.0.124 "GET /placement/allocations/56b4ef85-4878-4f3b-8a16-aa54d0617745" {{(pid=111054) __call__ /opt/stack/placement/placement/requestlog.py:55}}
Feb 17 17:52:12.911537 n-d-828369-16 devstack@placement-api.service[111054]: INFO placement.requestlog [req-c05c554d-4f12-4974-bb84-64ed3aaa530a req-94620d2f-5475-4436-be45-c3d4ba92645e service placement] 10.222.0.124 "GET /placement/allocations/56b4ef85-4878-4f3b-8a16-aa54d0617745" status: 200 len: 19 microversion: 1.28
Feb 17 17:52:12.915119 n-d-828369-16 devstack@placement-api.service[111054]: [pid: 111054|app: 0|req: 88/182] 10.222.0.124 () {60 vars in 1385 bytes} [Thu Feb 17 17:52:12 2022] GET /placement/allocations/56b4ef85-4878-4f3b-8a16-aa54d0617745 => generated 19 bytes in 15 msecs (HTTP/1.1 200) 8 headers in 295 bytes (1 switches on core 0)
Feb 17 17:52:12.918676 n-d-828369-16 devstack@placement-api.service[111053]: DEBUG placement.requestlog [req-c05c554d-4f12-4974-bb84-64ed3aaa530a req-b182d9b2-6fb8-412b-8deb-ad7adef6b2db None None] Starting request: 10.222.0.124 "PUT /placement/allocations/56b4ef85-4878-4f3b-8a16-aa54d0617745" {{(pid=111053) __call__ /opt/stack/placement/placement/requestlog.py:55}}
Feb 17 17:52:13.068455 n-d-828369-16 devstack@placement-api.service[111053]: DEBUG placement.handlers.allocation [req-c05c554d-4f12-4974-bb84-64ed3aaa530a req-b182d9b2-6fb8-412b-8deb-ad7adef6b2db service placement] Successfully wrote allocations [, , ] {{(pid=111053) _update_consumers_and_create_allocations /opt/stack/placement/placement/handlers/allocation.py:462}}
Feb 17 17:52:13.138249 n-d-828369-16 devstack@placement-api.service[111053]: INFO placement.requestlog [req-c05c554d-4f12-4974-bb84-64ed3aaa530a req-b182d9b2-6fb8-412b-8deb-ad7adef6b2db service placement] 10.222.0.124 "PUT /placement/allocations/56b4ef85-4878-4f3b-8a16-aa54d0617745" status: 204 len: 0 microversion: 1.36
Feb 17 17:52:13.139151 n-d-828369-16 devstack@placement-api.service[111053]: [pid: 111053|app: 0|req: 95/183] 10.222.0.124 () {64 vars in 1438 bytes} [Thu Feb 17 17:52:12 2022] PUT /placement/allocations/56b4ef85-4878-4f3b-8a16-aa54d0617745 => generated 0 bytes in 221 msecs (HTTP/1.1 204) 5 headers in 199 bytes (2 switches on core 0)
Feb 17 17:52:13.880955 n-d-828369-16 devstack@placement-api.service[111054]: DEBUG placement.requestlog [req-2fd09b1f-8f72-477a-ada1-3d804a78966d req-0c21de17-882a-4bb0-9d6c-6246e1f77a14 None None] Starting request: 10.222.0.123 "DELETE /placement/allocations/301a2747-d4cf-47b3-b701-fc2e0dc9bb8f" {{(pid=111054) __call__ /opt/stack/placement/placement/requestlog.py:55}}
Feb 17 17:52:14.067677 n-d-828369-16 devstack@placement-api.service[111054]: DEBUG placement.handlers.allocation [req-2fd09b1f-8f72-477a-ada1-3d804a78966d req-0c21de17-882a-4bb0-9d6c-6246e1f77a14 service placement] Successfully deleted allocations [, , ] {{(pid=111054) delete_allocations /opt/stack/placement/placement/handlers/allocation.py:627}}
Feb 17 17:52:14.068218 n-d-828369-16 devstack@placement-api.service[111054]: INFO placement.requestlog [req-2fd09b1f-8f72-477a-ada1-3d804a78966d req-0c21de17-882a-4bb0-9d6c-6246e1f77a14 service placement] 10.222.0.123 "DELETE /placement/allocations/301a2747-d4cf-47b3-b701-fc2e0dc9bb8f" status: 204 len: 0 microversion: 1.0
Feb 17 17:52:14.068657 n-d-828369-16 devstack@placement-api.service[111054]: [pid: 111054|app: 0|req: 89/184] 10.222.0.123 () {60 vars in 1360 bytes} [Thu Feb 17 17:52:13 2022] DELETE /placement/allocations/301a2747-d4cf-47b3-b701-fc2e0dc9bb8f => generated 0 bytes in 188 msecs (HTTP/1.1 204) 5 headers in 198 bytes (1 switches on core 0)
Feb 17 17:52:14.118341 n-d-828369-16 devstack@placement-api.service[111053]: DEBUG placement.requestlog [req-b0b61c6a-7716-4b4c-8ba6-0000f2a20e65 req-edc78251-54e8-4844-99a5-9218f37ef16e None None] Starting request: 10.222.0.124 "GET /placement/allocation_candidates?limit=1000&resources=DISK_GB%3A1%2CMEMORY_MB%3A1024%2CVCPU%3A1&root_required=%21COMPUTE_STATUS_DISABLED" {{(pid=111053) __call__ /opt/stack/placement/placement/requestlog.py:55}}
Feb 17 17:52:14.203066 n-d-828369-16 devstack@placement-api.service[111053]: DEBUG placement.objects.research_context [req-b0b61c6a-7716-4b4c-8ba6-0000f2a20e65 req-edc78251-54e8-4844-99a5-9218f37ef16e service placement] getting providers with 1 DISK_GB {{(pid=111053) __init__ /opt/stack/placement/placement/objects/research_context.py:126}}
Feb 17 17:52:14.210939 n-d-828369-16 devstack@placement-api.service[111053]: DEBUG placement.objects.research_context [req-b0b61c6a-7716-4b4c-8ba6-0000f2a20e65 req-edc78251-54e8-4844-99a5-9218f37ef16e service placement] getting providers with 1024 MEMORY_MB {{(pid=111053) __init__ /opt/stack/placement/placement/objects/research_context.py:126}}
