Feb 17 17:53:25.708324 n-d-828369-16 devstack@placement-api.service[111054]: DEBUG placement.requestlog [None req-82705fff-9cbc-4409-be7e-25f6e8640599 None None] Starting request: 10.222.0.124 "GET /placement/" {{(pid=111054) __call__ /opt/stack/placement/placement/requestlog.py:55}}
Feb 17 17:53:25.708324 n-d-828369-16 devstack@placement-api.service[111054]: INFO placement.requestlog [None req-82705fff-9cbc-4409-be7e-25f6e8640599 None None] 10.222.0.124 "GET /placement/" status: 200 len: 136 microversion: 1.0
Feb 17 17:53:25.709766 n-d-828369-16 devstack@placement-api.service[111054]: [pid: 111054|app: 0|req: 123/249] 10.222.0.124 () {54 vars in 921 bytes} [Thu Feb 17 17:53:25 2022] GET /placement => generated 136 bytes in 3 msecs (HTTP/1.1 200) 6 headers in 224 bytes (1 switches on core 0)
Feb 17 17:53:25.721827 n-d-828369-16 devstack@placement-api.service[111053]: DEBUG placement.requestlog [req-8deeb6ac-e6eb-480f-9134-99332c0f8e36 req-f38af8ee-2e12-433d-90a9-6db164dd71f7 None None] Starting request: 10.222.0.124 "GET /placement/allocations/dbe8de76-5887-4144-b45b-be48424289ee" {{(pid=111053) __call__ /opt/stack/placement/placement/requestlog.py:55}}
Feb 17 17:53:25.893489 n-d-828369-16 devstack@placement-api.service[111053]: INFO placement.requestlog [req-8deeb6ac-e6eb-480f-9134-99332c0f8e36 req-f38af8ee-2e12-433d-90a9-6db164dd71f7 service placement] 10.222.0.124 "GET /placement/allocations/dbe8de76-5887-4144-b45b-be48424289ee" status: 200 len: 259 microversion: 1.28
Feb 17 17:53:25.900920 n-d-828369-16 devstack@placement-api.service[111054]: DEBUG placement.requestlog [req-8deeb6ac-e6eb-480f-9134-99332c0f8e36 req-0846afe2-4618-40b6-a77a-218492d9cb9a None None] Starting request: 10.222.0.124 "GET /placement/allocations/dbe8de76-5887-4144-b45b-be48424289ee" {{(pid=111054) __call__ /opt/stack/placement/placement/requestlog.py:55}}
Feb 17 17:53:25.912769 n-d-828369-16 devstack@placement-api.service[111053]: [pid: 111053|app: 0|req: 127/250] 10.222.0.124 () {60 vars in 1385 bytes} [Thu Feb 17 17:53:25 2022] GET /placement/allocations/dbe8de76-5887-4144-b45b-be48424289ee => generated 259 bytes in 191 msecs (HTTP/1.1 200) 8 headers in 296 bytes (1 switches on core 0)
Feb 17 17:53:25.930732 n-d-828369-16 devstack@placement-api.service[111054]: INFO placement.requestlog [req-8deeb6ac-e6eb-480f-9134-99332c0f8e36 req-0846afe2-4618-40b6-a77a-218492d9cb9a service placement] 10.222.0.124 "GET /placement/allocations/dbe8de76-5887-4144-b45b-be48424289ee" status: 200 len: 259 microversion: 1.28
Feb 17 17:53:25.938738 n-d-828369-16 devstack@placement-api.service[111053]: DEBUG placement.requestlog [req-8deeb6ac-e6eb-480f-9134-99332c0f8e36 req-9f591c68-b9fd-4cc6-852c-9012ad464186 None None] Starting request: 10.222.0.124 "GET /placement/allocations/d0bf0810-c768-4e88-a634-965b12091b61" {{(pid=111053) __call__ /opt/stack/placement/placement/requestlog.py:55}}
Feb 17 17:53:25.949893 n-d-828369-16 devstack@placement-api.service[111054]: [pid: 111054|app: 0|req: 124/251] 10.222.0.124 () {60 vars in 1385 bytes} [Thu Feb 17 17:53:25 2022] GET /placement/allocations/dbe8de76-5887-4144-b45b-be48424289ee => generated 259 bytes in 48 msecs (HTTP/1.1 200) 8 headers in 296 bytes (1 switches on core 0)
Feb 17 17:53:25.960566 n-d-828369-16 devstack@placement-api.service[111053]: INFO placement.requestlog [req-8deeb6ac-e6eb-480f-9134-99332c0f8e36 req-9f591c68-b9fd-4cc6-852c-9012ad464186 service placement] 10.222.0.124 "GET /placement/allocations/d0bf0810-c768-4e88-a634-965b12091b61" status: 200 len: 19 microversion: 1.28
Feb 17 17:53:25.970914 n-d-828369-16 devstack@placement-api.service[111054]: DEBUG placement.requestlog [req-8deeb6ac-e6eb-480f-9134-99332c0f8e36 req-9768a377-d70e-4e8f-ae6f-48f2ec5a1eba None None] Starting request: 10.222.0.124 "POST /placement/allocations" {{(pid=111054) __call__ /opt/stack/placement/placement/requestlog.py:55}}
Feb 17 17:53:25.979486 n-d-828369-16 devstack@placement-api.service[111053]: [pid: 111053|app: 0|req: 128/252] 10.222.0.124 () {60 vars in 1385 bytes} [Thu Feb 17 17:53:25 2022] GET /placement/allocations/d0bf0810-c768-4e88-a634-965b12091b61 => generated 19 bytes in 41 msecs (HTTP/1.1 200) 8 headers in 295 bytes (1 switches on core 0)
Feb 17 17:53:26.190392 n-d-828369-16 devstack@placement-api.service[111054]: DEBUG placement.handlers.allocation [req-8deeb6ac-e6eb-480f-9134-99332c0f8e36 req-9768a377-d70e-4e8f-ae6f-48f2ec5a1eba service placement] Successfully wrote allocations [, , , , , ] {{(pid=111054) _update_consumers_and_create_allocations /opt/stack/placement/placement/handlers/allocation.py:572}}
Feb 17 17:53:26.300963 n-d-828369-16 devstack@placement-api.service[111054]: INFO placement.requestlog [req-8deeb6ac-e6eb-480f-9134-99332c0f8e36 req-9768a377-d70e-4e8f-ae6f-48f2ec5a1eba service placement] 10.222.0.124 "POST /placement/allocations" status: 204 len: 0 microversion: 1.28
Feb 17 17:53:26.301602 n-d-828369-16 devstack@placement-api.service[111054]: [pid: 111054|app: 0|req: 125/253] 10.222.0.124 () {64 vars in 1328 bytes} [Thu Feb 17 17:53:25 2022] POST /placement/allocations => generated 0 bytes in 331 msecs (HTTP/1.1 204) 5 headers in 199 bytes (2 switches on core 0)
Feb 17 17:53:26.394585 n-d-828369-16 devstack@placement-api.service[111053]: DEBUG placement.requestlog [req-8deeb6ac-e6eb-480f-9134-99332c0f8e36 req-abbbd028-1a69-4212-94b7-244fdada0657 None None] Starting request: 10.222.0.124 "GET /placement/allocations/dbe8de76-5887-4144-b45b-be48424289ee" {{(pid=111053) __call__ /opt/stack/placement/placement/requestlog.py:55}}
Feb 17 17:53:26.411781 n-d-828369-16 devstack@placement-api.service[111053]: INFO placement.requestlog [req-8deeb6ac-e6eb-480f-9134-99332c0f8e36 req-abbbd028-1a69-4212-94b7-244fdada0657 service placement] 10.222.0.124 "GET /placement/allocations/dbe8de76-5887-4144-b45b-be48424289ee" status: 200 len: 19 microversion: 1.28
Feb 17 17:53:26.419811 n-d-828369-16 devstack@placement-api.service[111053]: [pid: 111053|app: 0|req: 129/254] 10.222.0.124 () {60 vars in 1385 bytes} [Thu Feb 17 17:53:26 2022] GET /placement/allocations/dbe8de76-5887-4144-b45b-be48424289ee => generated 19 bytes in 26 msecs (HTTP/1.1 200) 8 headers in 295 bytes (1 switches on core 0)
Feb 17 17:53:26.430029 n-d-828369-16 devstack@placement-api.service[111054]: DEBUG placement.requestlog [req-8deeb6ac-e6eb-480f-9134-99332c0f8e36 req-3da39a8b-44fa-41f7-8107-d2d240d1a3f0 None None] Starting request: 10.222.0.124 "PUT /placement/allocations/dbe8de76-5887-4144-b45b-be48424289ee" {{(pid=111054) __call__ /opt/stack/placement/placement/requestlog.py:55}}
Feb 17 17:53:26.662935 n-d-828369-16 devstack@placement-api.service[111054]: DEBUG placement.handlers.allocation [req-8deeb6ac-e6eb-480f-9134-99332c0f8e36 req-3da39a8b-44fa-41f7-8107-d2d240d1a3f0 service placement] Successfully wrote allocations [, , ] {{(pid=111054) _update_consumers_and_create_allocations /opt/stack/placement/placement/handlers/allocation.py:462}}
Feb 17 17:53:26.753901 n-d-828369-16 devstack@placement-api.service[111054]: INFO placement.requestlog [req-8deeb6ac-e6eb-480f-9134-99332c0f8e36 req-3da39a8b-44fa-41f7-8107-d2d240d1a3f0 service placement] 10.222.0.124 "PUT /placement/allocations/dbe8de76-5887-4144-b45b-be48424289ee" status: 204 len: 0 microversion: 1.28
Feb 17 17:53:26.754566 n-d-828369-16 devstack@placement-api.service[111054]: [pid: 111054|app: 0|req: 126/255] 10.222.0.124 () {64 vars in 1438 bytes} [Thu Feb 17 17:53:26 2022] PUT /placement/allocations/dbe8de76-5887-4144-b45b-be48424289ee => generated 0 bytes in 325 msecs (HTTP/1.1 204) 5 headers in 199 bytes (1 switches on core 0)
Feb 17 17:53:27.025556 n-d-828369-16 devstack@placement-api.service[111053]: DEBUG placement.requestlog [req-8deeb6ac-e6eb-480f-9134-99332c0f8e36 req-c456e291-9322-47d6-b0c9-5a7c8b9a155b None None] Starting request: 10.222.0.123 "GET /placement/allocations/dbe8de76-5887-4144-b45b-be48424289ee" {{(pid=111053) __call__ /opt/stack/placement/placement/requestlog.py:55}}
Feb 17 17:53:27.065800 n-d-828369-16 devstack@placement-api.service[111053]: INFO placement.requestlog [req-8deeb6ac-e6eb-480f-9134-99332c0f8e36 req-c456e291-9322-47d6-b0c9-5a7c8b9a155b service placement] 10.222.0.123 "GET /placement/allocations/dbe8de76-5887-4144-b45b-be48424289ee" status: 200 len: 259 microversion: 1.28
Feb 17 17:53:27.067208 n-d-828369-16 devstack@placement-api.service[111053]: [pid: 111053|app: 0|req: 130/256] 10.222.0.123 () {60 vars in 1382 bytes} [Thu Feb 17 17:53:27 2022] GET /placement/allocations/dbe8de76-5887-4144-b45b-be48424289ee => generated 259 bytes in 42 msecs (HTTP/1.1 200) 8 headers in 296 bytes (1 switches on core 0)
Feb 17 17:53:40.860611 n-d-828369-16 devstack@placement-api.service[111054]: DEBUG placement.requestlog [req-df10158d-7a73-4184-ae22-6f8ad4152b39 req-10566d14-0e3f-4f09-83b8-d68ced296c8b None None] Starting request: 10.222.0.122 "GET /placement/resource_providers/1abcbb48-3de2-4061-863b-a81d26cd46fc/allocations" {{(pid=111054) __call__ /opt/stack/placement/placement/requestlog.py:55}}
Feb 17 17:53:40.915391 n-d-828369-16 devstack@placement-api.service[111054]: INFO placement.requestlog [req-df10158d-7a73-4184-ae22-6f8ad4152b39 req-10566d14-0e3f-4f09-83b8-d68ced296c8b service placement] 10.222.0.122 "GET /placement/resource_providers/1abcbb48-3de2-4061-863b-a81d26cd46fc/allocations" status: 200 len: 861 microversion: 1.0
Feb 17 17:53:40.915765 n-d-828369-16 devstack@placement-api.service[111054]: [pid: 111054|app: 0|req: 127/257] 10.222.0.122 () {58 vars in 1395 bytes} [Thu Feb 17 17:53:40 2022] GET /placement/resource_providers/1abcbb48-3de2-4061-863b-a81d26cd46fc/allocations => generated 861 bytes in 55 msecs (HTTP/1.1 200) 6 headers in 224 bytes (1 switches on core 0)
Feb 17 17:53:43.203607 n-d-828369-16 devstack@placement-api.service[111053]: DEBUG placement.requestlog [req-6036d865-9fee-41dc-b185-52587fe1f584 req-92f9944f-28d8-472b-9574-c6c6386aa359 None None] Starting request: 10.222.0.124 "GET /placement/allocation_candidates?limit=1000&resources=DISK_GB%3A1%2CMEMORY_MB%3A1024%2CVCPU%3A1&root_required=%21COMPUTE_STATUS_DISABLED" {{(pid=111053) __call__ /opt/stack/placement/placement/requestlog.py:55}}
Feb 17 17:53:43.267759 n-d-828369-16 devstack@placement-api.service[111053]: DEBUG placement.objects.research_context [req-6036d865-9fee-41dc-b185-52587fe1f584 req-92f9944f-28d8-472b-9574-c6c6386aa359 service placement] getting providers with 1 DISK_GB {{(pid=111053) __init__ /opt/stack/placement/placement/objects/research_context.py:126}}
Feb 17 17:53:43.286357 n-d-828369-16 devstack@placement-api.service[111053]: DEBUG placement.objects.research_context [req-6036d865-9fee-41dc-b185-52587fe1f584 req-92f9944f-28d8-472b-9574-c6c6386aa359 service placement] getting providers with 1024 MEMORY_MB {{(pid=111053) __init__ /opt/stack/placement/placement/objects/research_context.py:126}}
Feb 17 17:53:43.304629 n-d-828369-16 devstack@placement-api.service[111053]: DEBUG placement.objects.research_context [req-6036d865-9fee-41dc-b185-52587fe1f584 req-92f9944f-28d8-472b-9574-c6c6386aa359 service placement] getting providers with 1 VCPU {{(pid=111053) __init__ /opt/stack/placement/placement/objects/research_context.py:126}}
Feb 17 17:53:43.313677 n-d-828369-16 devstack@placement-api.service[111053]: DEBUG placement.objects.research_context [req-6036d865-9fee-41dc-b185-52587fe1f584 req-92f9944f-28d8-472b-9574-c6c6386aa359 service placement] found 2 providers with available 1 DISK_GB {{(pid=111053) get_provider_ids_matching /opt/stack/placement/placement/objects/research_context.py:549}}
Feb 17 17:53:43.314215 n-d-828369-16 devstack@placement-api.service[111053]: DEBUG placement.objects.research_context [req-6036d865-9fee-41dc-b185-52587fe1f584 req-92f9944f-28d8-472b-9574-c6c6386aa359 service placement] found 2 providers with available 1024 MEMORY_MB {{(pid=111053) get_provider_ids_matching /opt/stack/placement/placement/objects/research_context.py:549}}
Feb 17 17:53:43.314826 n-d-828369-16 devstack@placement-api.service[111053]: DEBUG placement.objects.research_context [req-6036d865-9fee-41dc-b185-52587fe1f584 req-92f9944f-28d8-472b-9574-c6c6386aa359 service placement] found 2 providers after filtering by previous result {{(pid=111053) get_provider_ids_matching /opt/stack/placement/placement/objects/research_context.py:580}}
Feb 17 17:53:43.315317 n-d-828369-16 devstack@placement-api.service[111053]: DEBUG placement.objects.research_context [req-6036d865-9fee-41dc-b185-52587fe1f584 req-92f9944f-28d8-472b-9574-c6c6386aa359 service placement] found 2 providers with available 1 VCPU {{(pid=111053) get_provider_ids_matching /opt/stack/placement/placement/objects/research_context.py:549}}
Feb 17 17:53:43.315794 n-d-828369-16 devstack@placement-api.service[111053]: DEBUG placement.objects.research_context [req-6036d865-9fee-41dc-b185-52587fe1f584 req-92f9944f-28d8-472b-9574-c6c6386aa359 service placement] found 2 providers after filtering by previous result {{(pid=111053) get_provider_ids_matching /opt/stack/placement/placement/objects/research_context.py:580}}
Feb 17 17:53:43.340163 n-d-828369-16 devstack@placement-api.service[111053]: DEBUG placement.objects.allocation_candidate [req-6036d865-9fee-41dc-b185-52587fe1f584 req-92f9944f-28d8-472b-9574-c6c6386aa359 service placement] RequestGroup(use_same_provider=False, resources={DISK_GB:1, MEMORY_MB:1024, VCPU:1}, traits=[], aggregates=[]) (suffix '') returned 2 matches {{(pid=111053) _get_by_requests /opt/stack/placement/placement/objects/allocation_candidate.py:145}}
Feb 17 17:53:43.341339 n-d-828369-16 devstack@placement-api.service[111053]: DEBUG placement.objects.allocation_candidate [req-6036d865-9fee-41dc-b185-52587fe1f584 req-92f9944f-28d8-472b-9574-c6c6386aa359 service placement] Merging candidates yields 2 allocation requests and 2 provider summaries {{(pid=111053) _merge_candidates /opt/stack/placement/placement/objects/allocation_candidate.py:783}}
Feb 17 17:53:43.343409 n-d-828369-16 devstack@placement-api.service[111053]: INFO placement.requestlog [req-6036d865-9fee-41dc-b185-52587fe1f584 req-92f9944f-28d8-472b-9574-c6c6386aa359 service placement] 10.222.0.124 "GET /placement/allocation_candidates?limit=1000&resources=DISK_GB%3A1%2CMEMORY_MB%3A1024%2CVCPU%3A1&root_required=%21COMPUTE_STATUS_DISABLED" status: 200 len: 1309 microversion: 1.36
Feb 17 17:53:43.344260 n-d-828369-16 devstack@placement-api.service[111053]: [pid: 111053|app: 0|req: 131/258] 10.222.0.124 () {60 vars in 1511 bytes} [Thu Feb 17 17:53:43 2022] GET /placement/allocation_candidates?limit=1000&resources=DISK_GB%3A1%2CMEMORY_MB%3A1024%2CVCPU%3A1&root_required=%21COMPUTE_STATUS_DISABLED => generated 1309 bytes in 141 msecs (HTTP/1.1 200) 8 headers in 297 bytes (1 switches on core 0)
Feb 17 17:53:43.457061 n-d-828369-16 devstack@placement-api.service[111054]: DEBUG placement.requestlog [req-6036d865-9fee-41dc-b185-52587fe1f584 req-ce6a8ea8-8190-4791-99ff-8325dc822ff0 None None] Starting request: 10.222.0.124 "GET /placement/allocations/c3541917-ae0c-4df6-bba8-e632a6bc5ddf" {{(pid=111054) __call__ /opt/stack/placement/placement/requestlog.py:55}}
Feb 17 17:53:43.478542 n-d-828369-16 devstack@placement-api.service[111054]: INFO placement.requestlog [req-6036d865-9fee-41dc-b185-52587fe1f584 req-ce6a8ea8-8190-4791-99ff-8325dc822ff0 service placement] 10.222.0.124 "GET /placement/allocations/c3541917-ae0c-4df6-bba8-e632a6bc5ddf" status: 200 len: 19 microversion: 1.28
Feb 17 17:53:43.481303 n-d-828369-16 devstack@placement-api.service[111054]: [pid: 111054|app: 0|req: 128/259] 10.222.0.124 () {60 vars in 1385 bytes} [Thu Feb 17 17:53:43 2022] GET /placement/allocations/c3541917-ae0c-4df6-bba8-e632a6bc5ddf => generated 19 bytes in 25 msecs (HTTP/1.1 200) 8 headers in 295 bytes (1 switches on core 0)
Feb 17 17:53:43.488274 n-d-828369-16 devstack@placement-api.service[111053]: DEBUG placement.requestlog [req-6036d865-9fee-41dc-b185-52587fe1f584 req-21887f0b-81c8-4cc3-b36a-746c14e8d0e5 None None] Starting request: 10.222.0.124 "PUT /placement/allocations/c3541917-ae0c-4df6-bba8-e632a6bc5ddf" {{(pid=111053) __call__ /opt/stack/placement/placement/requestlog.py:55}}
Feb 17 17:53:43.893796 n-d-828369-16 devstack@placement-api.service[111053]: DEBUG placement.handlers.allocation [req-6036d865-9fee-41dc-b185-52587fe1f584 req-21887f0b-81c8-4cc3-b36a-746c14e8d0e5 service placement] Successfully wrote allocations [, , ] {{(pid=111053) _update_consumers_and_create_allocations /opt/stack/placement/placement/handlers/allocation.py:462}}
Feb 17 17:53:43.999497 n-d-828369-16 devstack@placement-api.service[111053]: INFO placement.requestlog [req-6036d865-9fee-41dc-b185-52587fe1f584 req-21887f0b-81c8-4cc3-b36a-746c14e8d0e5 service placement] 10.222.0.124 "PUT /placement/allocations/c3541917-ae0c-4df6-bba8-e632a6bc5ddf" status: 204 len: 0 microversion: 1.36
Feb 17 17:53:44.003779 n-d-828369-16 devstack@placement-api.service[111053]: [pid: 111053|app: 0|req: 132/260] 10.222.0.124 () {64 vars in 1438 bytes} [Thu Feb 17 17:53:43 2022] PUT /placement/allocations/c3541917-ae0c-4df6-bba8-e632a6bc5ddf => generated 0 bytes in 512 msecs (HTTP/1.1 204) 5 headers in 199 bytes (1 switches on core 0)
Feb 17 17:53:45.191323 n-d-828369-16 devstack@placement-api.service[111054]: DEBUG placement.requestlog [req-6036d865-9fee-41dc-b185-52587fe1f584 req-dc5deec0-0d42-44c8-b779-d86cee6aab77 None None] Starting request: 10.222.0.122 "GET /placement/allocations/c3541917-ae0c-4df6-bba8-e632a6bc5ddf" {{(pid=111054) __call__ /opt/stack/placement/placement/requestlog.py:55}}
Feb 17 17:53:45.215564 n-d-828369-16 devstack@placement-api.service[111054]: INFO placement.requestlog [req-6036d865-9fee-41dc-b185-52587fe1f584 req-dc5deec0-0d42-44c8-b779-d86cee6aab77 service placement] 10.222.0.122 "GET /placement/allocations/c3541917-ae0c-4df6-bba8-e632a6bc5ddf" status: 200 len: 259 microversion: 1.28
Feb 17 17:53:45.215936 n-d-828369-16 devstack@placement-api.service[111054]: [pid: 111054|app: 0|req: 129/261] 10.222.0.122 () {60 vars in 1382 bytes} [Thu Feb 17 17:53:45 2022] GET /placement/allocations/c3541917-ae0c-4df6-bba8-e632a6bc5ddf => generated 259 bytes in 25 msecs (HTTP/1.1 200) 8 headers in 296 bytes (1 switches on core 0)
Feb 17 17:53:48.735500 n-d-828369-16 devstack@placement-api.service[111053]: DEBUG placement.requestlog [req-2fb314ae-aefb-4cc0-bae8-746ee691a485 req-a2222a6a-1b05-4084-a592-f5d4e86c1f42 None None] Starting request: 10.222.0.123 "GET /placement/resource_providers/23a6cce6-6a59-44d0-a5c9-258e99cdede6/allocations" {{(pid=111053) __call__ /opt/stack/placement/placement/requestlog.py:55}}
Feb 17 17:53:48.778657 n-d-828369-16 devstack@placement-api.service[111053]: INFO placement.requestlog [req-2fb314ae-aefb-4cc0-bae8-746ee691a485 req-a2222a6a-1b05-4084-a592-f5d4e86c1f42 service placement] 10.222.0.123 "GET /placement/resource_providers/23a6cce6-6a59-44d0-a5c9-258e99cdede6/allocations" status: 200 len: 861 microversion: 1.0
Feb 17 17:53:48.779823 n-d-828369-16 devstack@placement-api.service[111053]: [pid: 111053|app: 0|req: 133/262] 10.222.0.123 () {58 vars in 1395 bytes} [Thu Feb 17 17:53:48 2022] GET /placement/resource_providers/23a6cce6-6a59-44d0-a5c9-258e99cdede6/allocations => generated 861 bytes in 45 msecs (HTTP/1.1 200) 6 headers in 224 bytes (1 switches on core 0)
Feb 17 17:53:50.054676 n-d-828369-16 devstack@placement-api.service[111054]: DEBUG placement.requestlog [req-a242d880-17cb-4217-8469-c7c111b9d9ed req-fe891416-4fcf-48b8-9a22-52ed6650196b None None] Starting request: 10.222.0.124 "GET /placement/allocation_candidates?limit=1000&resources=DISK_GB%3A1%2CMEMORY_MB%3A1024%2CVCPU%3A1&root_required=%21COMPUTE_STATUS_DISABLED" {{(pid=111054) __call__ /opt/stack/placement/placement/requestlog.py:55}}
Feb 17 17:53:50.132815 n-d-828369-16 devstack@placement-api.service[111054]: DEBUG placement.objects.research_context [req-a242d880-17cb-4217-8469-c7c111b9d9ed req-fe891416-4fcf-48b8-9a22-52ed6650196b service placement] getting providers with 1 DISK_GB {{(pid=111054) __init__ /opt/stack/placement/placement/objects/research_context.py:126}}
Feb 17 17:53:50.150660 n-d-828369-16 devstack@placement-api.service[111054]: DEBUG placement.objects.research_context [req-a242d880-17cb-4217-8469-c7c111b9d9ed req-fe891416-4fcf-48b8-9a22-52ed6650196b service placement] getting providers with 1024 MEMORY_MB {{(pid=111054) __init__ /opt/stack/placement/placement/objects/research_context.py:126}}
Feb 17 17:53:50.177692 n-d-828369-16 devstack@placement-api.service[111054]: DEBUG placement.objects.research_context [req-a242d880-17cb-4217-8469-c7c111b9d9ed req-fe891416-4fcf-48b8-9a22-52ed6650196b service placement] getting providers with 1 VCPU {{(pid=111054) __init__ /opt/stack/placement/placement/objects/research_context.py:126}}
Feb 17 17:53:50.189508 n-d-828369-16 devstack@placement-api.service[111054]: DEBUG placement.objects.research_context [req-a242d880-17cb-4217-8469-c7c111b9d9ed req-fe891416-4fcf-48b8-9a22-52ed6650196b service placement] found 2 providers with available 1 DISK_GB {{(pid=111054) get_provider_ids_matching /opt/stack/placement/placement/objects/research_context.py:549}}
Feb 17 17:53:50.189699 n-d-828369-16 devstack@placement-api.service[111054]: DEBUG placement.objects.research_context [req-a242d880-17cb-4217-8469-c7c111b9d9ed req-fe891416-4fcf-48b8-9a22-52ed6650196b service placement] found 2 providers with available 1024 MEMORY_MB {{(pid=111054) get_provider_ids_matching /opt/stack/placement/placement/objects/research_context.py:549}}
Feb 17 17:53:50.190016 n-d-828369-16 devstack@placement-api.service[111054]: DEBUG placement.objects.research_context [req-a242d880-17cb-4217-8469-c7c111b9d9ed req-fe891416-4fcf-48b8-9a22-52ed6650196b service placement] found 2 providers after filtering by previous result {{(pid=111054) get_provider_ids_matching /opt/stack/placement/placement/objects/research_context.py:580}}
Feb 17 17:53:50.190281 n-d-828369-16 devstack@placement-api.service[111054]: DEBUG placement.objects.research_context [req-a242d880-17cb-4217-8469-c7c111b9d9ed req-fe891416-4fcf-48b8-9a22-52ed6650196b service placement] found 2 providers with available 1 VCPU {{(pid=111054) get_provider_ids_matching /opt/stack/placement/placement/objects/research_context.py:549}}
Feb 17 17:53:50.190544 n-d-828369-16 devstack@placement-api.service[111054]: DEBUG placement.objects.research_context [req-a242d880-17cb-4217-8469-c7c111b9d9ed req-fe891416-4fcf-48b8-9a22-52ed6650196b service placement] found 2 providers after filtering by previous result {{(pid=111054) get_provider_ids_matching /opt/stack/placement/placement/objects/research_context.py:580}}
Feb 17 17:53:50.202933 n-d-828369-16 devstack@placement-api.service[111054]: DEBUG placement.objects.allocation_candidate [req-a242d880-17cb-4217-8469-c7c111b9d9ed req-fe891416-4fcf-48b8-9a22-52ed6650196b service placement] RequestGroup(use_same_provider=False, resources={DISK_GB:1, MEMORY_MB:1024, VCPU:1}, traits=[], aggregates=[]) (suffix '') returned 2 matches {{(pid=111054) _get_by_requests /opt/stack/placement/placement/objects/allocation_candidate.py:145}}
Feb 17 17:53:50.203308 n-d-828369-16 devstack@placement-api.service[111054]: DEBUG placement.objects.allocation_candidate [req-a242d880-17cb-4217-8469-c7c111b9d9ed req-fe891416-4fcf-48b8-9a22-52ed6650196b service placement] Merging candidates yields 2 allocation requests and 2 provider summaries {{(pid=111054) _merge_candidates /opt/stack/placement/placement/objects/allocation_candidate.py:783}}
Feb 17 17:53:50.204948 n-d-828369-16 devstack@placement-api.service[111054]: INFO placement.requestlog [req-a242d880-17cb-4217-8469-c7c111b9d9ed req-fe891416-4fcf-48b8-9a22-52ed6650196b service placement] 10.222.0.124 "GET /placement/allocation_candidates?limit=1000&resources=DISK_GB%3A1%2CMEMORY_MB%3A1024%2CVCPU%3A1&root_required=%21COMPUTE_STATUS_DISABLED" status: 200 len: 1309 microversion: 1.36
Feb 17 17:53:50.205651 n-d-828369-16 devstack@placement-api.service[111054]: [pid: 111054|app: 0|req: 130/263] 10.222.0.124 () {60 vars in 1511 bytes} [Thu Feb 17 17:53:50 2022] GET /placement/allocation_candidates?limit=1000&resources=DISK_GB%3A1%2CMEMORY_MB%3A1024%2CVCPU%3A1&root_required=%21COMPUTE_STATUS_DISABLED => generated 1309 bytes in 151 msecs (HTTP/1.1 200) 8 headers in 297 bytes (1 switches on core 0)
Feb 17 17:53:50.277460 n-d-828369-16 devstack@placement-api.service[111053]: DEBUG placement.requestlog [req-a242d880-17cb-4217-8469-c7c111b9d9ed req-630a6579-d593-4da4-9e7f-7123ce43df19 None None] Starting request: 10.222.0.124 "GET /placement/allocations/966aefec-a77e-40be-8e90-db4c833ab083" {{(pid=111053) __call__ /opt/stack/placement/placement/requestlog.py:55}}
Feb 17 17:53:50.292141 n-d-828369-16 devstack@placement-api.service[111053]: INFO placement.requestlog [req-a242d880-17cb-4217-8469-c7c111b9d9ed req-630a6579-d593-4da4-9e7f-7123ce43df19 service placement] 10.222.0.124 "GET /placement/allocations/966aefec-a77e-40be-8e90-db4c833ab083" status: 200 len: 19 microversion: 1.28
Feb 17 17:53:50.294378 n-d-828369-16 devstack@placement-api.service[111053]: [pid: 111053|app: 0|req: 134/264] 10.222.0.124 () {60 vars in 1385 bytes} [Thu Feb 17 17:53:50 2022] GET /placement/allocations/966aefec-a77e-40be-8e90-db4c833ab083 => generated 19 bytes in 17 msecs (HTTP/1.1 200) 8 headers in 295 bytes (1 switches on core 0)
Feb 17 17:53:50.300759 n-d-828369-16 devstack@placement-api.service[111054]: DEBUG placement.requestlog [req-a242d880-17cb-4217-8469-c7c111b9d9ed req-d723baab-f4ef-4ab9-a5e5-c772740fc9f2 None None] Starting request: 10.222.0.124 "PUT /placement/allocations/966aefec-a77e-40be-8e90-db4c833ab083" {{(pid=111054) __call__ /opt/stack/placement/placement/requestlog.py:55}}
Feb 17 17:53:50.429892 n-d-828369-16 devstack@placement-api.service[111054]: DEBUG placement.handlers.allocation [req-a242d880-17cb-4217-8469-c7c111b9d9ed req-d723baab-f4ef-4ab9-a5e5-c772740fc9f2 service placement] Successfully wrote allocations [, , ] {{(pid=111054) _update_consumers_and_create_allocations /opt/stack/placement/placement/handlers/allocation.py:462}}
Feb 17 17:53:50.530395 n-d-828369-16 devstack@placement-api.service[111054]: INFO placement.requestlog [req-a242d880-17cb-4217-8469-c7c111b9d9ed req-d723baab-f4ef-4ab9-a5e5-c772740fc9f2 service placement] 10.222.0.124 "PUT /placement/allocations/966aefec-a77e-40be-8e90-db4c833ab083" status: 204 len: 0 microversion: 1.36
Feb 17 17:53:50.530798 n-d-828369-16 devstack@placement-api.service[111054]: [pid: 111054|app: 0|req: 131/265] 10.222.0.124 () {64 vars in 1438 bytes} [Thu Feb 17 17:53:50 2022] PUT /placement/allocations/966aefec-a77e-40be-8e90-db4c833ab083 => generated 0 bytes in 230 msecs (HTTP/1.1 204) 5 headers in 199 bytes (1 switches on core 0)
Feb 17 17:53:51.630966 n-d-828369-16 devstack@placement-api.service[111053]: DEBUG placement.requestlog [req-a242d880-17cb-4217-8469-c7c111b9d9ed req-a61b564f-929c-42c8-afd1-63e460a6ddb0 None None] Starting request: 10.222.0.123 "GET /placement/allocations/966aefec-a77e-40be-8e90-db4c833ab083" {{(pid=111053) __call__ /opt/stack/placement/placement/requestlog.py:55}}
Feb 17 17:53:51.662542 n-d-828369-16 devstack@placement-api.service[111053]: INFO placement.requestlog [req-a242d880-17cb-4217-8469-c7c111b9d9ed req-a61b564f-929c-42c8-afd1-63e460a6ddb0 service placement] 10.222.0.123 "GET /placement/allocations/966aefec-a77e-40be-8e90-db4c833ab083" status: 200 len: 259 microversion: 1.28
Feb 17 17:53:51.663967 n-d-828369-16 devstack@placement-api.service[111053]: [pid: 111053|app: 0|req: 135/266] 10.222.0.123 () {60 vars in 1382 bytes} [Thu Feb 17 17:53:51 2022] GET /placement/allocations/966aefec-a77e-40be-8e90-db4c833ab083 => generated 259 bytes in 33 msecs (HTTP/1.1 200) 8 headers in 296 bytes (2 switches on core 0)
Feb 17 17:53:51.829233 n-d-828369-16 devstack@placement-api.service[111054]: DEBUG placement.requestlog [req-bd6bf40b-bdd0-4e51-a259-1f7492477372 req-0e8a3f88-006b-4f7c-a953-adb6b5628806 None None] Starting request: 10.222.0.124 "GET /placement/allocation_candidates?resources=DISK_GB%3A1%2CMEMORY_MB%3A1024%2CVCPU%3A1&root_required=%21COMPUTE_STATUS_DISABLED" {{(pid=111054) __call__ /opt/stack/placement/placement/requestlog.py:55}}
Feb 17 17:53:51.888554 n-d-828369-16 devstack@placement-api.service[111054]: DEBUG placement.objects.research_context [req-bd6bf40b-bdd0-4e51-a259-1f7492477372 req-0e8a3f88-006b-4f7c-a953-adb6b5628806 service placement] getting providers with 1 DISK_GB {{(pid=111054) __init__ /opt/stack/placement/placement/objects/research_context.py:126}}
Feb 17 17:53:51.894631 n-d-828369-16 devstack@placement-api.service[111054]: DEBUG placement.objects.research_context [req-bd6bf40b-bdd0-4e51-a259-1f7492477372 req-0e8a3f88-006b-4f7c-a953-adb6b5628806 service placement] getting providers with 1024 MEMORY_MB {{(pid=111054) __init__ /opt/stack/placement/placement/objects/research_context.py:126}}
Feb 17 17:53:51.922319 n-d-828369-16 devstack@placement-api.service[111054]: DEBUG placement.objects.research_context [req-bd6bf40b-bdd0-4e51-a259-1f7492477372 req-0e8a3f88-006b-4f7c-a953-adb6b5628806 service placement] getting providers with 1 VCPU {{(pid=111054) __init__ /opt/stack/placement/placement/objects/research_context.py:126}}
Feb 17 17:53:51.933315 n-d-828369-16 devstack@placement-api.service[111054]: DEBUG placement.objects.research_context [req-bd6bf40b-bdd0-4e51-a259-1f7492477372 req-0e8a3f88-006b-4f7c-a953-adb6b5628806 service placement] found 2 providers with available 1 DISK_GB {{(pid=111054) get_provider_ids_matching /opt/stack/placement/placement/objects/research_context.py:549}}
Feb 17 17:53:51.934485 n-d-828369-16 devstack@placement-api.service[111054]: DEBUG placement.objects.research_context [req-bd6bf40b-bdd0-4e51-a259-1f7492477372 req-0e8a3f88-006b-4f7c-a953-adb6b5628806 service placement] found 2 providers with available 1024 MEMORY_MB {{(pid=111054) get_provider_ids_matching /opt/stack/placement/placement/objects/research_context.py:549}}
Feb 17 17:53:51.938735 n-d-828369-16 devstack@placement-api.service[111054]: DEBUG placement.objects.research_context [req-bd6bf40b-bdd0-4e51-a259-1f7492477372 req-0e8a3f88-006b-4f7c-a953-adb6b5628806 service placement] found 2 providers after filtering by previous result {{(pid=111054) get_provider_ids_matching /opt/stack/placement/placement/objects/research_context.py:580}}
Feb 17 17:53:51.939273 n-d-828369-16 devstack@placement-api.service[111054]: DEBUG placement.objects.research_context [req-bd6bf40b-bdd0-4e51-a259-1f7492477372 req-0e8a3f88-006b-4f7c-a953-adb6b5628806 service placement] found 2 providers with available 1 VCPU {{(pid=111054) get_provider_ids_matching /opt/stack/placement/placement/objects/research_context.py:549}}
Feb 17 17:53:51.939737 n-d-828369-16 devstack@placement-api.service[111054]: DEBUG placement.objects.research_context [req-bd6bf40b-bdd0-4e51-a259-1f7492477372 req-0e8a3f88-006b-4f7c-a953-adb6b5628806 service placement] found 2 providers after filtering by previous result {{(pid=111054) get_provider_ids_matching /opt/stack/placement/placement/objects/research_context.py:580}}
Feb 17 17:53:51.971344 n-d-828369-16 devstack@placement-api.service[111054]: DEBUG placement.objects.allocation_candidate [req-bd6bf40b-bdd0-4e51-a259-1f7492477372 req-0e8a3f88-006b-4f7c-a953-adb6b5628806 service placement] RequestGroup(use_same_provider=False, resources={DISK_GB:1, MEMORY_MB:1024, VCPU:1}, traits=[], aggregates=[]) (suffix '') returned 2 matches {{(pid=111054) _get_by_requests /opt/stack/placement/placement/objects/allocation_candidate.py:145}}
Feb 17 17:53:51.972507 n-d-828369-16 devstack@placement-api.service[111054]: DEBUG placement.objects.allocation_candidate [req-bd6bf40b-bdd0-4e51-a259-1f7492477372 req-0e8a3f88-006b-4f7c-a953-adb6b5628806 service placement] Merging candidates yields 2 allocation requests and 2 provider summaries {{(pid=111054) _merge_candidates /opt/stack/placement/placement/objects/allocation_candidate.py:783}}
Feb 17 17:53:51.992205 n-d-828369-16 devstack@placement-api.service[111054]: INFO placement.requestlog [req-bd6bf40b-bdd0-4e51-a259-1f7492477372 req-0e8a3f88-006b-4f7c-a953-adb6b5628806 service placement] 10.222.0.124 "GET /placement/allocation_candidates?resources=DISK_GB%3A1%2CMEMORY_MB%3A1024%2CVCPU%3A1&root_required=%21COMPUTE_STATUS_DISABLED" status: 200 len: 1310 microversion: 1.36
Feb 17 17:53:51.993199 n-d-828369-16 devstack@placement-api.service[111054]: [pid: 111054|app: 0|req: 132/267] 10.222.0.124 () {60 vars in 1489 bytes} [Thu Feb 17 17:53:51 2022] GET /placement/allocation_candidates?resources=DISK_GB%3A1%2CMEMORY_MB%3A1024%2CVCPU%3A1&root_required=%21COMPUTE_STATUS_DISABLED => generated 1310 bytes in 164 msecs (HTTP/1.1 200) 8 headers in 297 bytes (1 switches on core 0)
Feb 17 17:53:52.083156 n-d-828369-16 devstack@placement-api.service[111053]: DEBUG placement.requestlog [req-bd6bf40b-bdd0-4e51-a259-1f7492477372 req-6fa65cd9-510f-4520-8d1b-1ca6977491b7 None None] Starting request: 10.222.0.124 "GET /placement/allocations/709cb4ae-d5bb-4e17-b2f4-575b6144ea92" {{(pid=111053) __call__ /opt/stack/placement/placement/requestlog.py:55}}
Feb 17 17:53:52.107287 n-d-828369-16 devstack@placement-api.service[111053]: INFO placement.requestlog [req-bd6bf40b-bdd0-4e51-a259-1f7492477372 req-6fa65cd9-510f-4520-8d1b-1ca6977491b7 service placement] 10.222.0.124 "GET /placement/allocations/709cb4ae-d5bb-4e17-b2f4-575b6144ea92" status: 200 len: 19 microversion: 1.28
Feb 17 17:53:52.108050 n-d-828369-16 devstack@placement-api.service[111053]: [pid: 111053|app: 0|req: 136/268] 10.222.0.124 () {60 vars in 1385 bytes} [Thu Feb 17 17:53:52 2022] GET /placement/allocations/709cb4ae-d5bb-4e17-b2f4-575b6144ea92 => generated 19 bytes in 26 msecs (HTTP/1.1 200) 8 headers in 295 bytes (1 switches on core 0)
Feb 17 17:53:52.119269 n-d-828369-16 devstack@placement-api.service[111054]: DEBUG placement.requestlog [req-bd6bf40b-bdd0-4e51-a259-1f7492477372 req-528eafc2-306c-4b7c-8aa2-74d77edf2308 None None] Starting request: 10.222.0.124 "PUT /placement/allocations/709cb4ae-d5bb-4e17-b2f4-575b6144ea92" {{(pid=111054) __call__ /opt/stack/placement/placement/requestlog.py:55}}
Feb 17 17:53:52.340527 n-d-828369-16 devstack@placement-api.service[111054]: DEBUG placement.handlers.allocation [req-bd6bf40b-bdd0-4e51-a259-1f7492477372 req-528eafc2-306c-4b7c-8aa2-74d77edf2308 service placement] Successfully wrote allocations [, , ] {{(pid=111054) _update_consumers_and_create_allocations /opt/stack/placement/placement/handlers/allocation.py:462}}
Feb 17 17:53:52.425704 n-d-828369-16 devstack@placement-api.service[111054]: INFO placement.requestlog [req-bd6bf40b-bdd0-4e51-a259-1f7492477372 req-528eafc2-306c-4b7c-8aa2-74d77edf2308 service placement] 10.222.0.124 "PUT /placement/allocations/709cb4ae-d5bb-4e17-b2f4-575b6144ea92" status: 204 len: 0 microversion: 1.36
Feb 17 17:53:52.426505 n-d-828369-16 devstack@placement-api.service[111054]: [pid: 111054|app: 0|req: 133/269] 10.222.0.124 () {64 vars in 1438 bytes} [Thu Feb 17 17:53:52 2022] PUT /placement/allocations/709cb4ae-d5bb-4e17-b2f4-575b6144ea92 => generated 0 bytes in 307 msecs (HTTP/1.1 204) 5 headers in 199 bytes (2 switches on core 0)
Feb 17 17:53:53.480367 n-d-828369-16 devstack@placement-api.service[111053]: DEBUG placement.requestlog [req-bd6bf40b-bdd0-4e51-a259-1f7492477372 req-3fcfff1a-06f7-4b08-a689-3d629022edea None None] Starting request: 10.222.0.123 "GET /placement/allocations/709cb4ae-d5bb-4e17-b2f4-575b6144ea92" {{(pid=111053) __call__ /opt/stack/placement/placement/requestlog.py:55}}
Feb 17 17:53:53.518431 n-d-828369-16 devstack@placement-api.service[111053]: INFO placement.requestlog [req-bd6bf40b-bdd0-4e51-a259-1f7492477372 req-3fcfff1a-06f7-4b08-a689-3d629022edea service placement] 10.222.0.123 "GET /placement/allocations/709cb4ae-d5bb-4e17-b2f4-575b6144ea92" status: 200 len: 259 microversion: 1.28
Feb 17 17:53:53.520814 n-d-828369-16 devstack@placement-api.service[111053]: [pid: 111053|app: 0|req: 137/270] 10.222.0.123 () {60 vars in 1382 bytes} [Thu Feb 17 17:53:53 2022] GET /placement/allocations/709cb4ae-d5bb-4e17-b2f4-575b6144ea92 => generated 259 bytes in 41 msecs (HTTP/1.1 200) 8 headers in 296 bytes (1 switches on core 0)
Feb 17 17:53:58.062309 n-d-828369-16 devstack@placement-api.service[111054]: DEBUG placement.requestlog [req-147a2938-3c12-4ed9-b2c0-714cd6d0b01a req-01a7e57b-bdba-40fe-a35d-ff3dcba71cd6 None None] Starting request: 10.222.0.124 "GET /placement/allocation_candidates?limit=1000&resources=DISK_GB%3A1%2CMEMORY_MB%3A1024%2CVCPU%3A1&root_required=%21COMPUTE_STATUS_DISABLED" {{(pid=111054) __call__ /opt/stack/placement/placement/requestlog.py:55}}
Feb 17 17:53:58.095270 n-d-828369-16 devstack@placement-api.service[111054]: DEBUG placement.objects.research_context [req-147a2938-3c12-4ed9-b2c0-714cd6d0b01a req-01a7e57b-bdba-40fe-a35d-ff3dcba71cd6 service placement] getting providers with 1 DISK_GB {{(pid=111054) __init__ /opt/stack/placement/placement/objects/research_context.py:126}}
Feb 17 17:53:58.106271 n-d-828369-16 devstack@placement-api.service[111054]: DEBUG placement.objects.research_context [req-147a2938-3c12-4ed9-b2c0-714cd6d0b01a req-01a7e57b-bdba-40fe-a35d-ff3dcba71cd6 service placement] getting providers with 1024 MEMORY_MB {{(pid=111054) __init__ /opt/stack/placement/placement/objects/research_context.py:126}}
Feb 17 17:53:58.113867 n-d-828369-16 devstack@placement-api.service[111054]: DEBUG placement.objects.research_context [req-147a2938-3c12-4ed9-b2c0-714cd6d0b01a req-01a7e57b-bdba-40fe-a35d-ff3dcba71cd6 service placement] getting providers with 1 VCPU {{(pid=111054) __init__ /opt/stack/placement/placement/objects/research_context.py:126}}
Feb 17 17:53:58.121347 n-d-828369-16 devstack@placement-api.service[111054]: DEBUG placement.objects.research_context [req-147a2938-3c12-4ed9-b2c0-714cd6d0b01a req-01a7e57b-bdba-40fe-a35d-ff3dcba71cd6 service placement] found 2 providers with available 1 DISK_GB {{(pid=111054) get_provider_ids_matching /opt/stack/placement/placement/objects/research_context.py:549}}
Feb 17 17:53:58.121775 n-d-828369-16 devstack@placement-api.service[111054]: DEBUG placement.objects.research_context [req-147a2938-3c12-4ed9-b2c0-714cd6d0b01a req-01a7e57b-bdba-40fe-a35d-ff3dcba71cd6 service placement] found 2 providers with available 1024 MEMORY_MB {{(pid=111054) get_provider_ids_matching /opt/stack/placement/placement/objects/research_context.py:549}}
Feb 17 17:53:58.122132 n-d-828369-16 devstack@placement-api.service[111054]: DEBUG placement.objects.research_context [req-147a2938-3c12-4ed9-b2c0-714cd6d0b01a req-01a7e57b-bdba-40fe-a35d-ff3dcba71cd6 service placement] found 2 providers after filtering by previous result {{(pid=111054) get_provider_ids_matching /opt/stack/placement/placement/objects/research_context.py:580}}
Feb 17 17:53:58.122458 n-d-828369-16 devstack@placement-api.service[111054]: DEBUG placement.objects.research_context [req-147a2938-3c12-4ed9-b2c0-714cd6d0b01a req-01a7e57b-bdba-40fe-a35d-ff3dcba71cd6 service placement] found 2 providers with available 1 VCPU {{(pid=111054) get_provider_ids_matching /opt/stack/placement/placement/objects/research_context.py:549}}
Feb 17 17:53:58.122790 n-d-828369-16 devstack@placement-api.service[111054]: DEBUG placement.objects.research_context [req-147a2938-3c12-4ed9-b2c0-714cd6d0b01a req-01a7e57b-bdba-40fe-a35d-ff3dcba71cd6 service placement] found 2 providers after filtering by previous result {{(pid=111054) get_provider_ids_matching /opt/stack/placement/placement/objects/research_context.py:580}}
Feb 17 17:53:58.133770 n-d-828369-16 devstack@placement-api.service[111054]: DEBUG placement.objects.allocation_candidate [req-147a2938-3c12-4ed9-b2c0-714cd6d0b01a req-01a7e57b-bdba-40fe-a35d-ff3dcba71cd6 service placement] RequestGroup(use_same_provider=False, resources={DISK_GB:1, MEMORY_MB:1024, VCPU:1}, traits=[], aggregates=[]) (suffix '') returned 2 matches {{(pid=111054) _get_by_requests /opt/stack/placement/placement/objects/allocation_candidate.py:145}}
Feb 17 17:53:58.134256 n-d-828369-16 devstack@placement-api.service[111054]: DEBUG placement.objects.allocation_candidate [req-147a2938-3c12-4ed9-b2c0-714cd6d0b01a req-01a7e57b-bdba-40fe-a35d-ff3dcba71cd6 service placement] Merging candidates yields 2 allocation requests and 2 provider summaries {{(pid=111054) _merge_candidates /opt/stack/placement/placement/objects/allocation_candidate.py:783}}
Feb 17 17:53:58.136494 n-d-828369-16 devstack@placement-api.service[111054]: INFO placement.requestlog [req-147a2938-3c12-4ed9-b2c0-714cd6d0b01a req-01a7e57b-bdba-40fe-a35d-ff3dcba71cd6 service placement] 10.222.0.124 "GET /placement/allocation_candidates?limit=1000&resources=DISK_GB%3A1%2CMEMORY_MB%3A1024%2CVCPU%3A1&root_required=%21COMPUTE_STATUS_DISABLED" status: 200 len: 1312 microversion: 1.36
Feb 17 17:53:58.136975 n-d-828369-16 devstack@placement-api.service[111054]: [pid: 111054|app: 0|req: 134/271] 10.222.0.124 () {60 vars in 1511 bytes} [Thu Feb 17 17:53:58 2022] GET /placement/allocation_candidates?limit=1000&resources=DISK_GB%3A1%2CMEMORY_MB%3A1024%2CVCPU%3A1&root_required=%21COMPUTE_STATUS_DISABLED => generated 1312 bytes in 75 msecs (HTTP/1.1 200) 8 headers in 297 bytes (2 switches on core 0)
Feb 17 17:53:58.187388 n-d-828369-16 devstack@placement-api.service[111053]: DEBUG placement.requestlog [req-147a2938-3c12-4ed9-b2c0-714cd6d0b01a req-3ce1c162-4200-4087-adaf-32167bd04915 None None] Starting request: 10.222.0.124 "GET /placement/allocations/593a5340-95a2-430b-b732-a6bdc30ffdc0" {{(pid=111053) __call__ /opt/stack/placement/placement/requestlog.py:55}}
Feb 17 17:53:58.198022 n-d-828369-16 devstack@placement-api.service[111053]: INFO placement.requestlog [req-147a2938-3c12-4ed9-b2c0-714cd6d0b01a req-3ce1c162-4200-4087-adaf-32167bd04915 service placement] 10.222.0.124 "GET /placement/allocations/593a5340-95a2-430b-b732-a6bdc30ffdc0" status: 200 len: 19 microversion: 1.28
Feb 17 17:53:58.198724 n-d-828369-16 devstack@placement-api.service[111053]: [pid: 111053|app: 0|req: 138/272] 10.222.0.124 () {60 vars in 1385 bytes} [Thu Feb 17 17:53:58 2022] GET /placement/allocations/593a5340-95a2-430b-b732-a6bdc30ffdc0 => generated 19 bytes in 12 msecs (HTTP/1.1 200) 8 headers in 295 bytes (1 switches on core 0)
Feb 17 17:53:58.204622 n-d-828369-16 devstack@placement-api.service[111054]: DEBUG placement.requestlog [req-147a2938-3c12-4ed9-b2c0-714cd6d0b01a req-cd99ac2e-dfc3-418c-a592-69f291a27ddd None None] Starting request: 10.222.0.124 "PUT /placement/allocations/593a5340-95a2-430b-b732-a6bdc30ffdc0" {{(pid=111054) __call__ /opt/stack/placement/placement/requestlog.py:55}}
Feb 17 17:53:58.515792 n-d-828369-16 devstack@placement-api.service[111054]: DEBUG placement.handlers.allocation [req-147a2938-3c12-4ed9-b2c0-714cd6d0b01a req-cd99ac2e-dfc3-418c-a592-69f291a27ddd service placement] Successfully wrote allocations [, , ] {{(pid=111054) _update_consumers_and_create_allocations /opt/stack/placement/placement/handlers/allocation.py:462}}
Feb 17 17:53:58.580776 n-d-828369-16 devstack@placement-api.service[111054]: INFO placement.requestlog [req-147a2938-3c12-4ed9-b2c0-714cd6d0b01a req-cd99ac2e-dfc3-418c-a592-69f291a27ddd service placement] 10.222.0.124 "PUT /placement/allocations/593a5340-95a2-430b-b732-a6bdc30ffdc0" status: 204 len: 0 microversion: 1.36
Feb 17 17:53:58.581413 n-d-828369-16 devstack@placement-api.service[111054]: [pid: 111054|app: 0|req: 135/273] 10.222.0.124 () {64 vars in 1438 bytes} [Thu Feb 17 17:53:58 2022] PUT /placement/allocations/593a5340-95a2-430b-b732-a6bdc30ffdc0 => generated 0 bytes in 377 msecs (HTTP/1.1 204) 5 headers in 199 bytes (2 switches on core 0)
Feb 17 17:53:59.516076 n-d-828369-16 devstack@placement-api.service[111053]: DEBUG placement.requestlog [req-147a2938-3c12-4ed9-b2c0-714cd6d0b01a req-ca0c032b-6fdd-4398-bf4d-390da6903fd9 None None] Starting request: 10.222.0.122 "GET /placement/allocations/593a5340-95a2-430b-b732-a6bdc30ffdc0" {{(pid=111053) __call__ /opt/stack/placement/placement/requestlog.py:55}}
Feb 17 17:53:59.534483 n-d-828369-16 devstack@placement-api.service[111053]: INFO placement.requestlog [req-147a2938-3c12-4ed9-b2c0-714cd6d0b01a req-ca0c032b-6fdd-4398-bf4d-390da6903fd9 service placement] 10.222.0.122 "GET /placement/allocations/593a5340-95a2-430b-b732-a6bdc30ffdc0" status: 200 len: 259 microversion: 1.28
Feb 17 17:53:59.535077 n-d-828369-16 devstack@placement-api.service[111053]: [pid: 111053|app: 0|req: 139/274] 10.222.0.122 () {60 vars in 1382 bytes} [Thu Feb 17 17:53:59 2022] GET /placement/allocations/593a5340-95a2-430b-b732-a6bdc30ffdc0 => generated 259 bytes in 19 msecs (HTTP/1.1 200) 8 headers in 296 bytes (1 switches on core 0)
Feb 17 17:54:23.837903 n-d-828369-16 devstack@placement-api.service[111054]: DEBUG placement.requestlog [req-5b163e65-0ac7-496b-8676-aa9bd6946916 req-77093bf9-e981-4f00-af78-05508310f526 None None] Starting request: 10.222.0.123 "DELETE /placement/allocations/0e65a607-a39f-4237-824a-e84bc27a11aa" {{(pid=111054) __call__ /opt/stack/placement/placement/requestlog.py:55}}
Feb 17 17:54:24.078214 n-d-828369-16 devstack@placement-api.service[111053]: DEBUG placement.requestlog [req-a98e68f6-af12-42ae-b592-4415bb4b5a7e req-c8ff6cbc-8f95-49c6-9730-361e16c76daa None None] Starting request: 10.222.0.123 "GET /placement/resource_providers/23a6cce6-6a59-44d0-a5c9-258e99cdede6/allocations" {{(pid=111053) __call__ /opt/stack/placement/placement/requestlog.py:55}}
Feb 17 17:54:24.101083 n-d-828369-16 devstack@placement-api.service[111054]: DEBUG placement.handlers.allocation [req-5b163e65-0ac7-496b-8676-aa9bd6946916 req-77093bf9-e981-4f00-af78-05508310f526 service placement] Successfully deleted allocations [, , ] {{(pid=111054) delete_allocations /opt/stack/placement/placement/handlers/allocation.py:627}}
Feb 17 17:54:24.102009 n-d-828369-16 devstack@placement-api.service[111054]: INFO placement.requestlog [req-5b163e65-0ac7-496b-8676-aa9bd6946916 req-77093bf9-e981-4f00-af78-05508310f526 service placement] 10.222.0.123 "DELETE /placement/allocations/0e65a607-a39f-4237-824a-e84bc27a11aa" status: 204 len: 0 microversion: 1.0
Feb 17 17:54:24.102549 n-d-828369-16 devstack@placement-api.service[111054]: [pid: 111054|app: 0|req: 136/275] 10.222.0.123 () {60 vars in 1360 bytes} [Thu Feb 17 17:54:23 2022] DELETE /placement/allocations/0e65a607-a39f-4237-824a-e84bc27a11aa => generated 0 bytes in 266 msecs (HTTP/1.1 204) 5 headers in 198 bytes (1 switches on core 0)
Feb 17 17:54:24.111453 n-d-828369-16 devstack@placement-api.service[111053]: INFO placement.requestlog [req-a98e68f6-af12-42ae-b592-4415bb4b5a7e req-c8ff6cbc-8f95-49c6-9730-361e16c76daa service placement] 10.222.0.123 "GET /placement/resource_providers/23a6cce6-6a59-44d0-a5c9-258e99cdede6/allocations" status: 200 len: 962 microversion: 1.0
Feb 17 17:54:24.114003 n-d-828369-16 devstack@placement-api.service[111053]: [pid: 111053|app: 0|req: 140/276] 10.222.0.123 () {58 vars in 1395 bytes} [Thu Feb 17 17:54:24 2022] GET /placement/resource_providers/23a6cce6-6a59-44d0-a5c9-258e99cdede6/allocations => generated 962 bytes in 36 msecs (HTTP/1.1 200) 6 headers in 224 bytes (1 switches on core 0)
Feb 17 17:54:24.282206 n-d-828369-16 devstack@placement-api.service[111054]: DEBUG placement.requestlog [req-95841363-a9de-4377-9ec8-0356ef9cd245 req-aad59499-3076-4c90-a941-2d67e84dbfe5 None None] Starting request: 10.222.0.122 "DELETE /placement/allocations/c3541917-ae0c-4df6-bba8-e632a6bc5ddf" {{(pid=111054) __call__ /opt/stack/placement/placement/requestlog.py:55}}
Feb 17 17:54:24.506689 n-d-828369-16 devstack@placement-api.service[111054]: DEBUG placement.handlers.allocation [req-95841363-a9de-4377-9ec8-0356ef9cd245 req-aad59499-3076-4c90-a941-2d67e84dbfe5 service placement] Successfully deleted allocations [, , ] {{(pid=111054) delete_allocations /opt/stack/placement/placement/handlers/allocation.py:627}}
Feb 17 17:54:24.507241 n-d-828369-16 devstack@placement-api.service[111054]: INFO placement.requestlog [req-95841363-a9de-4377-9ec8-0356ef9cd245 req-aad59499-3076-4c90-a941-2d67e84dbfe5 service placement] 10.222.0.122 "DELETE /placement/allocations/c3541917-ae0c-4df6-bba8-e632a6bc5ddf" status: 204 len: 0 microversion: 1.0
Feb 17 17:54:24.507969 n-d-828369-16 devstack@placement-api.service[111054]: [pid: 111054|app: 0|req: 137/277] 10.222.0.122 () {60 vars in 1360 bytes} [Thu Feb 17 17:54:24 2022] DELETE /placement/allocations/c3541917-ae0c-4df6-bba8-e632a6bc5ddf => generated 0 bytes in 226 msecs (HTTP/1.1 204) 5 headers in 198 bytes (1 switches on core 0)
Feb 17 17:54:24.819024 n-d-828369-16 devstack@placement-api.service[111053]: DEBUG placement.requestlog [req-a98e68f6-af12-42ae-b592-4415bb4b5a7e req-94bd4c6a-f0d2-4faa-a193-1c1a620ccc3e None None] Starting request: 10.222.0.123 "GET /placement/allocations/09530c58-96dc-42a5-bedc-480ce0c18ef6" {{(pid=111053) __call__ /opt/stack/placement/placement/requestlog.py:55}}
Feb 17 17:54:24.838333 n-d-828369-16 devstack@placement-api.service[111053]: INFO placement.requestlog [req-a98e68f6-af12-42ae-b592-4415bb4b5a7e req-94bd4c6a-f0d2-4faa-a193-1c1a620ccc3e service placement] 10.222.0.123 "GET /placement/allocations/09530c58-96dc-42a5-bedc-480ce0c18ef6" status: 200 len: 259 microversion: 1.28
Feb 17 17:54:24.838333 n-d-828369-16 devstack@placement-api.service[111053]: [pid: 111053|app: 0|req: 141/278] 10.222.0.123 () {60 vars in 1382 bytes} [Thu Feb 17 17:54:24 2022] GET /placement/allocations/09530c58-96dc-42a5-bedc-480ce0c18ef6 => generated 259 bytes in 17 msecs (HTTP/1.1 200) 8 headers in 296 bytes (2 switches on core 0)
Feb 17 17:54:24.851686 n-d-828369-16 devstack@placement-api.service[111054]: DEBUG placement.requestlog [req-a98e68f6-af12-42ae-b592-4415bb4b5a7e req-ef233521-ff84-432d-96aa-36c3cdff98dd None None] Starting request: 10.222.0.123 "PUT /placement/allocations/09530c58-96dc-42a5-bedc-480ce0c18ef6" {{(pid=111054) __call__ /opt/stack/placement/placement/requestlog.py:55}}
