Feb 17 17:40:01.311859 n-d-828369-16 devstack@n-api.service[109814]: /usr/local/lib/python3.8/dist-packages/oslo_policy/policy.py:1119: UserWarning: Policy "os_compute_api:os-flavor-extra-specs:create": "rule:system_admin_api" failed scope check. The token used to make the request was project scoped but the policy requires ['system'] scope. This behavior may change in the future where using the intended scope is required
Feb 17 17:40:01.311859 n-d-828369-16 devstack@n-api.service[109814]: warnings.warn(msg)
Feb 17 17:40:01.452211 n-d-828369-16 devstack@n-api.service[109814]: INFO nova.api.openstack.requestlog [None req-6e283b9b-1713-400c-a092-d695997b4bf3 admin admin] 10.222.0.124 "POST /compute/v2.1/flavors/c1/os-extra_specs" status: 200 len: 43 microversion: 2.61 time: 0.359133
Feb 17 17:40:01.453142 n-d-828369-16 devstack@n-api.service[109814]: [pid: 109814|app: 0|req: 4/6] 10.222.0.124 () {64 vars in 1340 bytes} [Thu Feb 17 17:40:01 2022] POST /compute/v2.1/flavors/c1/os-extra_specs => generated 43 bytes in 360 msecs (HTTP/1.1 200) 9 headers in 358 bytes (1 switches on core 0)
Feb 17 17:40:03.906224 n-d-828369-16 devstack@n-api.service[109813]: DEBUG nova.api.openstack.wsgi [None req-28560b12-e5dc-426f-a390-ebfcab352f79 admin admin] Calling method '>' {{(pid=109813) _process_stack /opt/stack/nova/nova/api/openstack/wsgi.py:513}}
Feb 17 17:40:03.907246 n-d-828369-16 devstack@n-api.service[109813]: INFO nova.api.openstack.requestlog [None req-28560b12-e5dc-426f-a390-ebfcab352f79 admin admin] 10.222.0.124 "GET /compute/v2.1" status: 200 len: 389 microversion: 2.1 time: 0.001570
Feb 17 17:40:03.907662 n-d-828369-16 devstack@n-api.service[109813]: [pid: 109813|app: 0|req: 3/7] 10.222.0.124 () {54 vars in 935 bytes} [Thu Feb 17 17:40:03 2022] GET /compute/v2.1 => generated 389 bytes in 2 msecs (HTTP/1.1 200) 9 headers in 357 bytes (1 switches on core 0)
Feb 17 17:40:04.032107 n-d-828369-16 devstack@n-api.service[109814]: DEBUG nova.api.openstack.wsgi [None req-e38ec5e1-c3f9-42f6-bde9-7cf7e0426f02 admin admin] Action: 'create', calling method: >, body: {"flavor": {"swap": 0, "vcpus": 1, "id": "d1", "rxtx_factor": 1.0, "os-flavor-access:is_public": true, "OS-FLV-EXT-DATA:ephemeral": 0, "name": "ds512M", "ram": 512, "disk": 5}} {{(pid=109814) _process_stack /opt/stack/nova/nova/api/openstack/wsgi.py:511}}
Feb 17 17:40:04.053450 n-d-828369-16 devstack@n-api.service[109814]: /usr/local/lib/python3.8/dist-packages/oslo_policy/policy.py:1119: UserWarning: Policy "os_compute_api:os-flavor-manage:create": "rule:system_admin_api" failed scope check. The token used to make the request was project scoped but the policy requires ['system'] scope. This behavior may change in the future where using the intended scope is required
Feb 17 17:40:04.053450 n-d-828369-16 devstack@n-api.service[109814]: warnings.warn(msg)
Feb 17 17:40:04.189313 n-d-828369-16 devstack@n-api.service[109814]: INFO nova.api.openstack.requestlog [None req-e38ec5e1-c3f9-42f6-bde9-7cf7e0426f02 admin admin] 10.222.0.124 "POST /compute/v2.1/flavors" status: 200 len: 406 microversion: 2.61 time: 0.275378
Feb 17 17:40:04.189878 n-d-828369-16 devstack@n-api.service[109814]: [pid: 109814|app: 0|req: 5/8] 10.222.0.124 () {64 vars in 1287 bytes} [Thu Feb 17 17:40:03 2022] POST /compute/v2.1/flavors => generated 406 bytes in 277 msecs (HTTP/1.1 200) 9 headers in 359 bytes (2 switches on core 0)
Feb 17 17:40:04.202973 n-d-828369-16 devstack@n-api.service[109813]: DEBUG nova.api.openstack.wsgi [None req-c5f7fa28-35eb-4142-b681-0dfd983cf4ab admin admin] Action: 'create', calling method: >, body: {"extra_specs": {"hw_rng:allowed": "True"}} {{(pid=109813) _process_stack /opt/stack/nova/nova/api/openstack/wsgi.py:511}}
Feb 17 17:40:04.204769 n-d-828369-16 devstack@n-api.service[109813]: /usr/local/lib/python3.8/dist-packages/oslo_policy/policy.py:1119: UserWarning: Policy "os_compute_api:os-flavor-extra-specs:create": "rule:system_admin_api" failed scope check. The token used to make the request was project scoped but the policy requires ['system'] scope. This behavior may change in the future where using the intended scope is required
Feb 17 17:40:04.204769 n-d-828369-16 devstack@n-api.service[109813]: warnings.warn(msg)
Feb 17 17:40:04.370424 n-d-828369-16 devstack@n-api.service[109813]: INFO nova.api.openstack.requestlog [None req-c5f7fa28-35eb-4142-b681-0dfd983cf4ab admin admin] 10.222.0.124 "POST /compute/v2.1/flavors/d1/os-extra_specs" status: 200 len: 43 microversion: 2.61 time: 0.169123
Feb 17 17:40:04.370424 n-d-828369-16 devstack@n-api.service[109813]: [pid: 109813|app: 0|req: 4/9] 10.222.0.124 () {64 vars in 1340 bytes} [Thu Feb 17 17:40:04 2022] POST /compute/v2.1/flavors/d1/os-extra_specs => generated 43 bytes in 170 msecs (HTTP/1.1 200) 9 headers in 358 bytes (1 switches on core 0)
Feb 17 17:40:06.817471 n-d-828369-16 devstack@n-api.service[109814]: DEBUG nova.api.openstack.wsgi [None req-e38ec5e1-c3f9-42f6-bde9-7cf7e0426f02 admin admin] Calling method '>' {{(pid=109814) _process_stack /opt/stack/nova/nova/api/openstack/wsgi.py:513}}
Feb 17 17:40:06.819561 n-d-828369-16 devstack@n-api.service[109814]: INFO nova.api.openstack.requestlog [None req-e38ec5e1-c3f9-42f6-bde9-7cf7e0426f02 admin admin] 10.222.0.124 "GET /compute/v2.1" status: 200 len: 389 microversion: 2.1 time: 0.002538
Feb 17 17:40:06.821191 n-d-828369-16 devstack@n-api.service[109814]: [pid: 109814|app: 0|req: 6/10] 10.222.0.124 () {54 vars in 935 bytes} [Thu Feb 17 17:40:06 2022] GET /compute/v2.1 => generated 389 bytes in 5 msecs (HTTP/1.1 200) 9 headers in 357 bytes (1 switches on core 0)
Feb 17 17:40:06.907353 n-d-828369-16 devstack@n-api.service[109813]: DEBUG nova.api.openstack.wsgi [None req-0c287d6c-2a2a-4024-96b7-97f85c3a4076 admin admin] Action: 'create', calling method: >, body: {"flavor": {"rxtx_factor": 1.0, "vcpus": 1, "swap": 0, "OS-FLV-EXT-DATA:ephemeral": 0, "os-flavor-access:is_public": true, "ram": 1024, "disk": 10, "name": "ds1G", "id": "d2"}} {{(pid=109813) _process_stack /opt/stack/nova/nova/api/openstack/wsgi.py:511}}
Feb 17 17:40:07.072685 n-d-828369-16 devstack@n-api.service[109813]: INFO nova.api.openstack.requestlog [None req-0c287d6c-2a2a-4024-96b7-97f85c3a4076 admin admin] 10.222.0.124 "POST /compute/v2.1/flavors" status: 200 len: 406 microversion: 2.61 time: 0.244793
Feb 17 17:40:07.073883 n-d-828369-16 devstack@n-api.service[109813]: [pid: 109813|app: 0|req: 5/11] 10.222.0.124 () {64 vars in 1287 bytes} [Thu Feb 17 17:40:06 2022] POST /compute/v2.1/flavors => generated 406 bytes in 246 msecs (HTTP/1.1 200) 9 headers in 359 bytes (2 switches on core 0)
Feb 17 17:40:07.086792 n-d-828369-16 devstack@n-api.service[109814]: DEBUG nova.api.openstack.wsgi [None req-c6fd7561-1af6-4ab6-959b-cb220c0e3aa5 admin admin] Action: 'create', calling method: >, body: {"extra_specs": {"hw_rng:allowed": "True"}} {{(pid=109814) _process_stack /opt/stack/nova/nova/api/openstack/wsgi.py:511}}
Feb 17 17:40:07.251376 n-d-828369-16 devstack@n-api.service[109814]: INFO nova.api.openstack.requestlog [None req-c6fd7561-1af6-4ab6-959b-cb220c0e3aa5 admin admin] 10.222.0.124 "POST /compute/v2.1/flavors/d2/os-extra_specs" status: 200 len: 43 microversion: 2.61 time: 0.169170
Feb 17 17:40:07.287994 n-d-828369-16 devstack@n-api.service[109814]: [pid: 109814|app: 0|req: 7/12] 10.222.0.124 () {64 vars in 1340 bytes} [Thu Feb 17 17:40:07 2022] POST /compute/v2.1/flavors/d2/os-extra_specs => generated 43 bytes in 206 msecs (HTTP/1.1 200) 9 headers in 358 bytes (2 switches on core 0)
Feb 17 17:40:09.892835 n-d-828369-16 devstack@n-api.service[109813]: DEBUG nova.api.openstack.wsgi [None req-0c287d6c-2a2a-4024-96b7-97f85c3a4076 admin admin] Calling method '>' {{(pid=109813) _process_stack /opt/stack/nova/nova/api/openstack/wsgi.py:513}}
Feb 17 17:40:09.894539 n-d-828369-16 devstack@n-api.service[109813]: INFO nova.api.openstack.requestlog [None req-0c287d6c-2a2a-4024-96b7-97f85c3a4076 admin admin] 10.222.0.124 "GET /compute/v2.1" status: 200 len: 389 microversion: 2.1 time: 0.002080
Feb 17 17:40:09.894947 n-d-828369-16 devstack@n-api.service[109813]: [pid: 109813|app: 0|req: 6/13] 10.222.0.124 () {54 vars in 935 bytes} [Thu Feb 17 17:40:09 2022] GET /compute/v2.1 => generated 389 bytes in 3 msecs (HTTP/1.1 200) 9 headers in 357 bytes (1 switches on core 0)
Feb 17 17:40:10.093548 n-d-828369-16 devstack@n-api.service[109814]: DEBUG nova.api.openstack.wsgi [None req-d16edea9-837d-46ba-8b1f-991dbc25a4ae admin admin] Action: 'create', calling method: >, body: {"flavor": {"id": "d3", "swap": 0, "vcpus": 2, "OS-FLV-EXT-DATA:ephemeral": 0, "rxtx_factor": 1.0, "name": "ds2G", "ram": 2048, "os-flavor-access:is_public": true, "disk": 10}} {{(pid=109814) _process_stack /opt/stack/nova/nova/api/openstack/wsgi.py:511}}
Feb 17 17:40:10.214289 n-d-828369-16 devstack@n-api.service[109814]: INFO nova.api.openstack.requestlog [None req-d16edea9-837d-46ba-8b1f-991dbc25a4ae admin admin] 10.222.0.124 "POST /compute/v2.1/flavors" status: 200 len: 406 microversion: 2.61 time: 0.313035
Feb 17 17:40:10.215298 n-d-828369-16 devstack@n-api.service[109814]: [pid: 109814|app: 0|req: 8/14] 10.222.0.124 () {64 vars in 1287 bytes} [Thu Feb 17 17:40:09 2022] POST /compute/v2.1/flavors => generated 406 bytes in 315 msecs (HTTP/1.1 200) 9 headers in 359 bytes (1 switches on core 0)
Feb 17 17:40:10.227354 n-d-828369-16 devstack@n-api.service[109813]: DEBUG nova.api.openstack.wsgi [None req-2bfb798a-268e-41d7-9630-2fbeeb46b2bd admin admin] Action: 'create', calling method: >, body: {"extra_specs": {"hw_rng:allowed": "True"}} {{(pid=109813) _process_stack /opt/stack/nova/nova/api/openstack/wsgi.py:511}}
Feb 17 17:40:10.337648 n-d-828369-16 devstack@n-api.service[109813]: INFO nova.api.openstack.requestlog [None req-2bfb798a-268e-41d7-9630-2fbeeb46b2bd admin admin] 10.222.0.124 "POST /compute/v2.1/flavors/d3/os-extra_specs" status: 200 len: 43 microversion: 2.61 time: 0.113781
Feb 17 17:40:10.338500 n-d-828369-16 devstack@n-api.service[109813]: [pid: 109813|app: 0|req: 7/15] 10.222.0.124 () {64 vars in 1340 bytes} [Thu Feb 17 17:40:10 2022] POST /compute/v2.1/flavors/d3/os-extra_specs => generated 43 bytes in 115 msecs (HTTP/1.1 200) 9 headers in 358 bytes (1 switches on core 0)
Feb 17 17:40:12.876483 n-d-828369-16 devstack@n-api.service[109814]: DEBUG nova.api.openstack.wsgi [None req-d16edea9-837d-46ba-8b1f-991dbc25a4ae admin admin] Calling method '>' {{(pid=109814) _process_stack /opt/stack/nova/nova/api/openstack/wsgi.py:513}}
Feb 17 17:40:12.878211 n-d-828369-16 devstack@n-api.service[109814]: INFO nova.api.openstack.requestlog [None req-d16edea9-837d-46ba-8b1f-991dbc25a4ae admin admin] 10.222.0.124 "GET /compute/v2.1" status: 200 len: 389 microversion: 2.1 time: 0.001462
Feb 17 17:40:12.878899 n-d-828369-16 devstack@n-api.service[109814]: [pid: 109814|app: 0|req: 9/16] 10.222.0.124 () {54 vars in 935 bytes} [Thu Feb 17 17:40:12 2022] GET /compute/v2.1 => generated 389 bytes in 3 msecs (HTTP/1.1 200) 9 headers in 357 bytes (1 switches on core 0)
Feb 17 17:40:12.949746 n-d-828369-16 devstack@n-api.service[109813]: DEBUG nova.api.openstack.wsgi [None req-4533756b-dee5-42ed-bafe-d2782cabe973 admin admin] Action: 'create', calling method: >, body: {"flavor": {"disk": 20, "swap": 0, "ram": 4096, "os-flavor-access:is_public": true, "rxtx_factor": 1.0, "name": "ds4G", "id": "d4", "vcpus": 4, "OS-FLV-EXT-DATA:ephemeral": 0}} {{(pid=109813) _process_stack /opt/stack/nova/nova/api/openstack/wsgi.py:511}}
Feb 17 17:40:13.145939 n-d-828369-16 devstack@n-api.service[109813]: INFO nova.api.openstack.requestlog [None req-4533756b-dee5-42ed-bafe-d2782cabe973 admin admin] 10.222.0.124 "POST /compute/v2.1/flavors" status: 200 len: 406 microversion: 2.61 time: 0.260987
Feb 17 17:40:13.149962 n-d-828369-16 devstack@n-api.service[109813]: [pid: 109813|app: 0|req: 8/17] 10.222.0.124 () {64 vars in 1287 bytes} [Thu Feb 17 17:40:12 2022] POST /compute/v2.1/flavors => generated 406 bytes in 263 msecs (HTTP/1.1 200) 9 headers in 359 bytes (2 switches on core 0)
Feb 17 17:40:13.161040 n-d-828369-16 devstack@n-api.service[109814]: DEBUG nova.api.openstack.wsgi [None req-171a7eae-ad8a-4b0e-8f61-1726ca0b7a23 admin admin] Action: 'create', calling method: >, body: {"extra_specs": {"hw_rng:allowed": "True"}} {{(pid=109814) _process_stack /opt/stack/nova/nova/api/openstack/wsgi.py:511}}
Feb 17 17:40:13.330316 n-d-828369-16 devstack@n-api.service[109814]: INFO nova.api.openstack.requestlog [None req-171a7eae-ad8a-4b0e-8f61-1726ca0b7a23 admin admin] 10.222.0.124 "POST /compute/v2.1/flavors/d4/os-extra_specs" status: 200 len: 43 microversion: 2.61 time: 0.173996
Feb 17 17:40:13.331235 n-d-828369-16 devstack@n-api.service[109814]: [pid: 109814|app: 0|req: 10/18] 10.222.0.124 () {64 vars in 1340 bytes} [Thu Feb 17 17:40:13 2022] POST /compute/v2.1/flavors/d4/os-extra_specs => generated 43 bytes in 175 msecs (HTTP/1.1 200) 9 headers in 358 bytes (1 switches on core 0)
Feb 17 17:40:15.784617 n-d-828369-16 devstack@n-api.service[109813]: DEBUG nova.api.openstack.wsgi [None req-4533756b-dee5-42ed-bafe-d2782cabe973 admin admin] Calling method '>' {{(pid=109813) _process_stack /opt/stack/nova/nova/api/openstack/wsgi.py:513}}
Feb 17 17:40:15.786682 n-d-828369-16 devstack@n-api.service[109813]: INFO nova.api.openstack.requestlog [None req-4533756b-dee5-42ed-bafe-d2782cabe973 admin admin] 10.222.0.124 "GET /compute/v2.1" status: 200 len: 389 microversion: 2.1 time: 0.003079
Feb 17 17:40:15.790272 n-d-828369-16 devstack@n-api.service[109813]: [pid: 109813|app: 0|req: 9/19] 10.222.0.124 () {54 vars in 935 bytes} [Thu Feb 17 17:40:15 2022] GET /compute/v2.1 => generated 389 bytes in 7 msecs (HTTP/1.1 200) 9 headers in 357 bytes (1 switches on core 0)
Feb 17 17:40:15.856587 n-d-828369-16 devstack@n-api.service[109814]: DEBUG nova.api.openstack.wsgi [None req-29845bad-410c-4b0b-95e6-4a3b197b6ebd admin admin] Calling method '>' {{(pid=109814) _process_stack /opt/stack/nova/nova/api/openstack/wsgi.py:513}}
Feb 17 17:40:15.883347 n-d-828369-16 devstack@n-api.service[109814]: INFO nova.api.openstack.requestlog [None req-29845bad-410c-4b0b-95e6-4a3b197b6ebd admin admin] 10.222.0.124 "GET /compute/v2.1/flavors/detail?is_public=True" status: 200 len: 2116 microversion: 2.61 time: 0.089773
Feb 17 17:40:15.898924 n-d-828369-16 devstack@n-api.service[109814]: [pid: 109814|app: 0|req: 11/20] 10.222.0.124 () {60 vars in 1296 bytes} [Thu Feb 17 17:40:15 2022] GET /compute/v2.1/flavors/detail?is_public=True => generated 2116 bytes in 106 msecs (HTTP/1.1 200) 9 headers in 360 bytes (2 switches on core 0)
Feb 17 17:40:18.373673 n-d-828369-16 devstack@n-api.service[109813]: DEBUG nova.api.openstack.wsgi [None req-4533756b-dee5-42ed-bafe-d2782cabe973 admin admin] Calling method '>' {{(pid=109813) _process_stack /opt/stack/nova/nova/api/openstack/wsgi.py:513}}
Feb 17 17:40:18.375591 n-d-828369-16 devstack@n-api.service[109813]: INFO nova.api.openstack.requestlog [None req-4533756b-dee5-42ed-bafe-d2782cabe973 admin admin] 10.222.0.124 "GET /compute/v2.1" status: 200 len: 389 microversion: 2.1 time: 0.002292
Feb 17 17:40:18.382930 n-d-828369-16 devstack@n-api.service[109813]: [pid: 109813|app: 0|req: 10/21] 10.222.0.124 () {54 vars in 935 bytes} [Thu Feb 17 17:40:18 2022] GET /compute/v2.1 => generated 389 bytes in 10 msecs (HTTP/1.1 200) 9 headers in 357 bytes (1 switches on core 0)
Feb 17 17:40:18.446363 n-d-828369-16 devstack@n-api.service[109814]: DEBUG nova.api.openstack.wsgi [None req-fcf74d32-ca65-4838-a68c-07471e0483c7 admin admin] Action: 'create', calling method: >, body: {"flavor": {"ram": 512, "rxtx_factor": 1.0, "vcpus": 1, "os-flavor-access:is_public": true, "id": "1", "OS-FLV-EXT-DATA:ephemeral": 0, "name": "m1.tiny", "swap": 0, "disk": 1}} {{(pid=109814) _process_stack /opt/stack/nova/nova/api/openstack/wsgi.py:511}}
Feb 17 17:40:18.588296 n-d-828369-16 devstack@n-api.service[109814]: INFO nova.api.openstack.requestlog [None req-fcf74d32-ca65-4838-a68c-07471e0483c7 admin admin] 10.222.0.124 "POST /compute/v2.1/flavors" status: 200 len: 404 microversion: 2.61 time: 0.203939
Feb 17 17:40:18.589729 n-d-828369-16 devstack@n-api.service[109814]: [pid: 109814|app: 0|req: 12/22] 10.222.0.124 () {64 vars in 1287 bytes} [Thu Feb 17 17:40:18 2022] POST /compute/v2.1/flavors => generated 404 bytes in 206 msecs (HTTP/1.1 200) 9 headers in 359 bytes (2 switches on core 0)
Feb 17 17:40:18.601571 n-d-828369-16 devstack@n-api.service[109813]: DEBUG nova.api.openstack.wsgi [None req-07167759-08a7-4754-b5a8-8472df8999ad admin admin] Action: 'create', calling method: >, body: {"extra_specs": {"hw_rng:allowed": "True"}} {{(pid=109813) _process_stack /opt/stack/nova/nova/api/openstack/wsgi.py:511}}
Feb 17 17:40:18.712903 n-d-828369-16 devstack@n-api.service[109813]: INFO nova.api.openstack.requestlog [None req-07167759-08a7-4754-b5a8-8472df8999ad admin admin] 10.222.0.124 "POST /compute/v2.1/flavors/1/os-extra_specs" status: 200 len: 43 microversion: 2.61 time: 0.114893
Feb 17 17:40:18.713870 n-d-828369-16 devstack@n-api.service[109813]: [pid: 109813|app: 0|req: 11/23] 10.222.0.124 () {64 vars in 1337 bytes} [Thu Feb 17 17:40:18 2022] POST /compute/v2.1/flavors/1/os-extra_specs => generated 43 bytes in 117 msecs (HTTP/1.1 200) 9 headers in 358 bytes (1 switches on core 0)
Feb 17 17:40:21.093486 n-d-828369-16 devstack@n-api.service[109814]: DEBUG nova.api.openstack.wsgi [None req-fcf74d32-ca65-4838-a68c-07471e0483c7 admin admin] Calling method '>' {{(pid=109814) _process_stack /opt/stack/nova/nova/api/openstack/wsgi.py:513}}
Feb 17 17:40:21.094911 n-d-828369-16 devstack@n-api.service[109814]: INFO nova.api.openstack.requestlog [None req-fcf74d32-ca65-4838-a68c-07471e0483c7 admin admin] 10.222.0.124 "GET /compute/v2.1" status: 200 len: 389 microversion: 2.1 time: 0.001845
Feb 17 17:40:21.096057 n-d-828369-16 devstack@n-api.service[109814]: [pid: 109814|app: 0|req: 13/24] 10.222.0.124 () {54 vars in 935 bytes} [Thu Feb 17 17:40:21 2022] GET /compute/v2.1 => generated 389 bytes in 4 msecs (HTTP/1.1 200) 9 headers in 357 bytes (1 switches on core 0)
Feb 17 17:40:21.161169 n-d-828369-16 devstack@n-api.service[109813]: DEBUG nova.api.openstack.wsgi [None req-d021842c-128e-4268-99f4-a3d8479f2a14 admin admin] Action: 'create', calling method: >, body: {"flavor": {"name": "m1.small", "rxtx_factor": 1.0, "swap": 0, "vcpus": 1, "id": "2", "OS-FLV-EXT-DATA:ephemeral": 0, "ram": 2048, "os-flavor-access:is_public": true, "disk": 20}} {{(pid=109813) _process_stack /opt/stack/nova/nova/api/openstack/wsgi.py:511}}
Feb 17 17:40:21.281056 n-d-828369-16 devstack@n-api.service[109813]: INFO nova.api.openstack.requestlog [None req-d021842c-128e-4268-99f4-a3d8479f2a14 admin admin] 10.222.0.124 "POST /compute/v2.1/flavors" status: 200 len: 407 microversion: 2.61 time: 0.178615
Feb 17 17:40:21.281899 n-d-828369-16 devstack@n-api.service[109813]: [pid: 109813|app: 0|req: 12/25] 10.222.0.124 () {64 vars in 1287 bytes} [Thu Feb 17 17:40:21 2022] POST /compute/v2.1/flavors => generated 407 bytes in 180 msecs (HTTP/1.1 200) 9 headers in 359 bytes (1 switches on core 0)
Feb 17 17:40:21.294524 n-d-828369-16 devstack@n-api.service[109814]: DEBUG nova.api.openstack.wsgi [None req-5cd50aa0-8bfb-4274-b62d-679e82407235 admin admin] Action: 'create', calling method: >, body: {"extra_specs": {"hw_rng:allowed": "True"}} {{(pid=109814) _process_stack /opt/stack/nova/nova/api/openstack/wsgi.py:511}}
Feb 17 17:40:21.404537 n-d-828369-16 devstack@n-api.service[109814]: INFO nova.api.openstack.requestlog [None req-5cd50aa0-8bfb-4274-b62d-679e82407235 admin admin] 10.222.0.124 "POST /compute/v2.1/flavors/2/os-extra_specs" status: 200 len: 43 microversion: 2.61 time: 0.114148
Feb 17 17:40:21.405182 n-d-828369-16 devstack@n-api.service[109814]: [pid: 109814|app: 0|req: 14/26] 10.222.0.124 () {64 vars in 1337 bytes} [Thu Feb 17 17:40:21 2022] POST /compute/v2.1/flavors/2/os-extra_specs => generated 43 bytes in 115 msecs (HTTP/1.1 200) 9 headers in 358 bytes (1 switches on core 0)
Feb 17 17:40:23.744727 n-d-828369-16 devstack@n-api.service[109813]: DEBUG nova.api.openstack.wsgi [None req-d021842c-128e-4268-99f4-a3d8479f2a14 admin admin] Calling method '>' {{(pid=109813) _process_stack /opt/stack/nova/nova/api/openstack/wsgi.py:513}}
Feb 17 17:40:23.745903 n-d-828369-16 devstack@n-api.service[109813]: INFO nova.api.openstack.requestlog [None req-d021842c-128e-4268-99f4-a3d8479f2a14 admin admin] 10.222.0.124 "GET /compute/v2.1" status: 200 len: 389 microversion: 2.1 time: 0.001567
Feb 17 17:40:23.746527 n-d-828369-16 devstack@n-api.service[109813]: [pid: 109813|app: 0|req: 13/27] 10.222.0.124 () {54 vars in 935 bytes} [Thu Feb 17 17:40:23 2022] GET /compute/v2.1 => generated 389 bytes in 3 msecs (HTTP/1.1 200) 9 headers in 357 bytes (1 switches on core 0)
Feb 17 17:40:23.808860 n-d-828369-16 devstack@n-api.service[109814]: DEBUG nova.api.openstack.wsgi [None req-421efdcc-cc38-41ae-8a7e-f03994a2c4d7 admin admin] Action: 'create', calling method: >, body: {"flavor": {"ram": 4096, "id": "3", "swap": 0, "rxtx_factor": 1.0, "OS-FLV-EXT-DATA:ephemeral": 0, "disk": 40, "os-flavor-access:is_public": true, "vcpus": 2, "name": "m1.medium"}} {{(pid=109814) _process_stack /opt/stack/nova/nova/api/openstack/wsgi.py:511}}
Feb 17 17:40:23.901976 n-d-828369-16 devstack@n-api.service[109814]: INFO nova.api.openstack.requestlog [None req-421efdcc-cc38-41ae-8a7e-f03994a2c4d7 admin admin] 10.222.0.124 "POST /compute/v2.1/flavors" status: 200 len: 408 microversion: 2.61 time: 0.148289
Feb 17 17:40:23.902634 n-d-828369-16 devstack@n-api.service[109814]: [pid: 109814|app: 0|req: 15/28] 10.222.0.124 () {64 vars in 1287 bytes} [Thu Feb 17 17:40:23 2022] POST /compute/v2.1/flavors => generated 408 bytes in 150 msecs (HTTP/1.1 200) 9 headers in 359 bytes (1 switches on core 0)
Feb 17 17:40:23.914390 n-d-828369-16 devstack@n-api.service[109813]: DEBUG nova.api.openstack.wsgi [None req-0dfa3636-11e4-4e9d-bf5b-4a4eee769d83 admin admin] Action: 'create', calling method: >, body: {"extra_specs": {"hw_rng:allowed": "True"}} {{(pid=109813) _process_stack /opt/stack/nova/nova/api/openstack/wsgi.py:511}}
Feb 17 17:40:24.021830 n-d-828369-16 devstack@n-api.service[109813]: INFO nova.api.openstack.requestlog [None req-0dfa3636-11e4-4e9d-bf5b-4a4eee769d83 admin admin] 10.222.0.124 "POST /compute/v2.1/flavors/3/os-extra_specs" status: 200 len: 43 microversion: 2.61 time: 0.111061
Feb 17 17:40:24.022450 n-d-828369-16 devstack@n-api.service[109813]: [pid: 109813|app: 0|req: 14/29] 10.222.0.124 () {64 vars in 1337 bytes} [Thu Feb 17 17:40:23 2022] POST /compute/v2.1/flavors/3/os-extra_specs => generated 43 bytes in 112 msecs (HTTP/1.1 200) 9 headers in 358 bytes (1 switches on core 0)
Feb 17 17:40:26.700336 n-d-828369-16 devstack@n-api.service[109814]: DEBUG nova.api.openstack.wsgi [None req-421efdcc-cc38-41ae-8a7e-f03994a2c4d7 admin admin] Calling method '>' {{(pid=109814) _process_stack /opt/stack/nova/nova/api/openstack/wsgi.py:513}}
Feb 17 17:40:26.701349 n-d-828369-16 devstack@n-api.service[109814]: INFO nova.api.openstack.requestlog [None req-421efdcc-cc38-41ae-8a7e-f03994a2c4d7 admin admin] 10.222.0.124 "GET /compute/v2.1" status: 200 len: 389 microversion: 2.1 time: 0.001461
Feb 17 17:40:26.701940 n-d-828369-16 devstack@n-api.service[109814]: [pid: 109814|app: 0|req: 16/30] 10.222.0.124 () {54 vars in 935 bytes} [Thu Feb 17 17:40:26 2022] GET /compute/v2.1 => generated 389 bytes in 2 msecs (HTTP/1.1 200) 9 headers in 357 bytes (2 switches on core 0)
Feb 17 17:40:26.761820 n-d-828369-16 devstack@n-api.service[109813]: DEBUG nova.api.openstack.wsgi [None req-857d212b-20b6-4968-ae64-b071cdb33b82 admin admin] Action: 'create', calling method: >, body: {"flavor": {"name": "m1.large", "swap": 0, "id": "4", "OS-FLV-EXT-DATA:ephemeral": 0, "os-flavor-access:is_public": true, "disk": 80, "ram": 8192, "vcpus": 4, "rxtx_factor": 1.0}} {{(pid=109813) _process_stack /opt/stack/nova/nova/api/openstack/wsgi.py:511}}
Feb 17 17:40:26.840689 n-d-828369-16 devstack@n-api.service[109813]: INFO nova.api.openstack.requestlog [None req-857d212b-20b6-4968-ae64-b071cdb33b82 admin admin] 10.222.0.124 "POST /compute/v2.1/flavors" status: 200 len: 407 microversion: 2.61 time: 0.132200
Feb 17 17:40:26.841244 n-d-828369-16 devstack@n-api.service[109813]: [pid: 109813|app: 0|req: 15/31] 10.222.0.124 () {64 vars in 1287 bytes} [Thu Feb 17 17:40:26 2022] POST /compute/v2.1/flavors => generated 407 bytes in 133 msecs (HTTP/1.1 200) 9 headers in 359 bytes (1 switches on core 0)
Feb 17 17:40:26.853552 n-d-828369-16 devstack@n-api.service[109814]: DEBUG nova.api.openstack.wsgi [None req-3d1a4ca5-dcb6-4b20-b9ed-d22fea3bdd9c admin admin] Action: 'create', calling method: >, body: {"extra_specs": {"hw_rng:allowed": "True"}} {{(pid=109814) _process_stack /opt/stack/nova/nova/api/openstack/wsgi.py:511}}
Feb 17 17:40:26.946876 n-d-828369-16 devstack@n-api.service[109814]: INFO nova.api.openstack.requestlog [None req-3d1a4ca5-dcb6-4b20-b9ed-d22fea3bdd9c admin admin] 10.222.0.124 "POST /compute/v2.1/flavors/4/os-extra_specs" status: 200 len: 43 microversion: 2.61 time: 0.096908
Feb 17 17:40:26.947442 n-d-828369-16 devstack@n-api.service[109814]: [pid: 109814|app: 0|req: 17/32] 10.222.0.124 () {64 vars in 1337 bytes} [Thu Feb 17 17:40:26 2022] POST /compute/v2.1/flavors/4/os-extra_specs => generated 43 bytes in 98 msecs (HTTP/1.1 200) 9 headers in 358 bytes (1 switches on core 0)
Feb 17 17:40:29.334590 n-d-828369-16 devstack@n-api.service[109813]: DEBUG nova.api.openstack.wsgi [None req-857d212b-20b6-4968-ae64-b071cdb33b82 admin admin] Calling method '>' {{(pid=109813) _process_stack /opt/stack/nova/nova/api/openstack/wsgi.py:513}}
Feb 17 17:40:29.335615 n-d-828369-16 devstack@n-api.service[109813]: INFO nova.api.openstack.requestlog [None req-857d212b-20b6-4968-ae64-b071cdb33b82 admin admin] 10.222.0.124 "GET /compute/v2.1" status: 200 len: 389 microversion: 2.1 time: 0.001505
Feb 17 17:40:29.336021 n-d-828369-16 devstack@n-api.service[109813]: [pid: 109813|app: 0|req: 16/33] 10.222.0.124 () {54 vars in 935 bytes} [Thu Feb 17 17:40:29 2022] GET /compute/v2.1 => generated 389 bytes in 2 msecs (HTTP/1.1 200) 9 headers in 357 bytes (1 switches on core 0)
Feb 17 17:40:29.389729 n-d-828369-16 devstack@n-api.service[109814]: DEBUG nova.api.openstack.wsgi [None req-8742aa4a-74d3-41f4-bacb-d30215485875 admin admin] Action: 'create', calling method: >, body: {"flavor": {"ram": 16384, "swap": 0, "os-flavor-access:is_public": true, "name": "m1.xlarge", "id": "5", "vcpus": 8, "OS-FLV-EXT-DATA:ephemeral": 0, "rxtx_factor": 1.0, "disk": 160}} {{(pid=109814) _process_stack /opt/stack/nova/nova/api/openstack/wsgi.py:511}}
Feb 17 17:40:29.526979 n-d-828369-16 devstack@n-api.service[109814]: INFO nova.api.openstack.requestlog [None req-8742aa4a-74d3-41f4-bacb-d30215485875 admin admin] 10.222.0.124 "POST /compute/v2.1/flavors" status: 200 len: 410 microversion: 2.61 time: 0.185225
Feb 17 17:40:29.540940 n-d-828369-16 devstack@n-api.service[109814]: [pid: 109814|app: 0|req: 18/34] 10.222.0.124 () {64 vars in 1287 bytes} [Thu Feb 17 17:40:29 2022] POST /compute/v2.1/flavors => generated 410 bytes in 186 msecs (HTTP/1.1 200) 9 headers in 359 bytes (1 switches on core 0)
Feb 17 17:40:29.541892 n-d-828369-16 devstack@n-api.service[109813]: DEBUG nova.api.openstack.wsgi [None req-84966f86-db5f-408a-bfd1-cc5d8dff1f20 admin admin] Action: 'create', calling method: >, body: {"extra_specs": {"hw_rng:allowed": "True"}} {{(pid=109813) _process_stack /opt/stack/nova/nova/api/openstack/wsgi.py:511}}
Feb 17 17:40:29.656973 n-d-828369-16 devstack@n-api.service[109813]: INFO nova.api.openstack.requestlog [None req-84966f86-db5f-408a-bfd1-cc5d8dff1f20 admin admin] 10.222.0.124 "POST /compute/v2.1/flavors/5/os-extra_specs" status: 200 len: 43 microversion: 2.61 time: 0.119740
Feb 17 17:40:29.661302 n-d-828369-16 devstack@n-api.service[109813]: [pid: 109813|app: 0|req: 17/35] 10.222.0.124 () {64 vars in 1337 bytes} [Thu Feb 17 17:40:29 2022] POST /compute/v2.1/flavors/5/os-extra_specs => generated 43 bytes in 122 msecs (HTTP/1.1 200) 9 headers in 358 bytes (1 switches on core 0)
Feb 17 17:40:57.333817 n-d-828369-16 devstack@n-api.service[109814]: DEBUG nova.api.openstack.wsgi [None req-8742aa4a-74d3-41f4-bacb-d30215485875 admin admin] Calling method '>' {{(pid=109814) _process_stack /opt/stack/nova/nova/api/openstack/wsgi.py:513}}
Feb 17 17:40:57.334916 n-d-828369-16 devstack@n-api.service[109814]: INFO nova.api.openstack.requestlog [None req-8742aa4a-74d3-41f4-bacb-d30215485875 admin admin] 10.222.0.124 "GET /compute/v2.1" status: 200 len: 389 microversion: 2.1 time: 0.001555
Feb 17 17:40:57.335332 n-d-828369-16 devstack@n-api.service[109814]: [pid: 109814|app: 0|req: 19/36] 10.222.0.124 () {54 vars in 935 bytes} [Thu Feb 17 17:40:57 2022] GET /compute/v2.1 => generated 389 bytes in 2 msecs (HTTP/1.1 200) 9 headers in 357 bytes (1 switches on core 0)
Feb 17 17:40:57.394264 n-d-828369-16 devstack@n-api.service[109813]: DEBUG nova.api.openstack.wsgi [None req-fb8e99b1-0855-4eef-901f-b5862449f107 admin admin] Calling method '>' {{(pid=109813) _process_stack /opt/stack/nova/nova/api/openstack/wsgi.py:513}}
Feb 17 17:40:57.411295 n-d-828369-16 devstack@n-api.service[109813]: INFO nova.api.openstack.requestlog [None req-fb8e99b1-0855-4eef-901f-b5862449f107 admin admin] 10.222.0.124 "GET /compute/v2.1/flavors/detail?is_public=True" status: 200 len: 4222 microversion: 2.61 time: 0.069901
Feb 17 17:40:57.411830 n-d-828369-16 devstack@n-api.service[109813]: [pid: 109813|app: 0|req: 18/37] 10.222.0.124 () {60 vars in 1296 bytes} [Thu Feb 17 17:40:57 2022] GET /compute/v2.1/flavors/detail?is_public=True => generated 4222 bytes in 71 msecs (HTTP/1.1 200) 9 headers in 360 bytes (1 switches on core 0)
Feb 17 17:40:58.798616 n-d-828369-16 devstack@n-api.service[109814]: DEBUG nova.api.openstack.wsgi [None req-8742aa4a-74d3-41f4-bacb-d30215485875 admin admin] Calling method '>' {{(pid=109814) _process_stack /opt/stack/nova/nova/api/openstack/wsgi.py:513}}
Feb 17 17:40:58.800564 n-d-828369-16 devstack@n-api.service[109814]: INFO nova.api.openstack.requestlog [None req-8742aa4a-74d3-41f4-bacb-d30215485875 admin admin] 10.222.0.124 "GET /compute/v2.1" status: 200 len: 389 microversion: 2.1 time: 0.002226
Feb 17 17:40:58.800972 n-d-828369-16 devstack@n-api.service[109814]: [pid: 109814|app: 0|req: 20/38] 10.222.0.124 () {56 vars in 1079 bytes} [Thu Feb 17 17:40:58 2022] GET /compute/v2.1 => generated 389 bytes in 3 msecs (HTTP/1.1 200) 9 headers in 357 bytes (1 switches on core 0)
Feb 17 17:40:58.995895 n-d-828369-16 devstack@n-api.service[109813]: DEBUG nova.api.openstack.wsgi [None req-2a10c302-c2e1-4882-a50d-1f92a5d141f2 admin admin] Calling method '>' {{(pid=109813) _process_stack /opt/stack/nova/nova/api/openstack/wsgi.py:513}}
Feb 17 17:40:59.001340 n-d-828369-16 devstack@n-api.service[109813]: INFO nova.api.openstack.wsgi [None req-2a10c302-c2e1-4882-a50d-1f92a5d141f2 admin admin] HTTP exception thrown: Flavor 42 could not be found.
Feb 17 17:40:59.001903 n-d-828369-16 devstack@n-api.service[109813]: DEBUG nova.api.openstack.wsgi [None req-2a10c302-c2e1-4882-a50d-1f92a5d141f2 admin admin] Returning 404 to user: Flavor 42 could not be found. {{(pid=109813) __call__ /opt/stack/nova/nova/api/openstack/wsgi.py:936}}
Feb 17 17:40:59.002902 n-d-828369-16 devstack@n-api.service[109813]: INFO nova.api.openstack.requestlog [None req-2a10c302-c2e1-4882-a50d-1f92a5d141f2 admin admin] 10.222.0.124 "GET /compute/v2.1/flavors/42" status: 404 len: 75 microversion: 2.90 time: 0.057020
Feb 17 17:40:59.003407 n-d-828369-16 devstack@n-api.service[109813]: [pid: 109813|app: 0|req: 19/39] 10.222.0.124 () {60 vars in 1195 bytes} [Thu Feb 17 17:40:58 2022] GET /compute/v2.1/flavors/42 => generated 75 bytes in 58 msecs (HTTP/1.1 404) 9 headers in 380 bytes (1 switches on core 0)
Feb 17 17:40:59.012508 n-d-828369-16 devstack@n-api.service[109814]: DEBUG nova.api.openstack.wsgi [None req-7684b720-2948-4553-8549-d9bd863cf455 admin admin] Calling method '>' {{(pid=109814) _process_stack /opt/stack/nova/nova/api/openstack/wsgi.py:513}}
Feb 17 17:40:59.032491 n-d-828369-16 devstack@n-api.service[109814]: INFO nova.api.openstack.requestlog [None req-7684b720-2948-4553-8549-d9bd863cf455 admin admin] 10.222.0.124 "GET /compute/v2.1/flavors?is_public=None" status: 200 len: 2076 microversion: 2.90 time: 0.023473
Feb 17 17:40:59.033018 n-d-828369-16 devstack@n-api.service[109814]: [pid: 109814|app: 0|req: 21/40] 10.222.0.124 () {60 vars in 1215 bytes} [Thu Feb 17 17:40:59 2022] GET /compute/v2.1/flavors?is_public=None => generated 2076 bytes in 25 msecs (HTTP/1.1 200) 9 headers in 360 bytes (1 switches on core 0)
Feb 17 17:40:59.050132 n-d-828369-16 devstack@n-api.service[109813]: DEBUG nova.api.openstack.wsgi [None req-1b42f1c1-b0ba-4293-ab4b-106554c65ddd admin admin] Calling method '>' {{(pid=109813) _process_stack /opt/stack/nova/nova/api/openstack/wsgi.py:513}}
Feb 17 17:40:59.070760 n-d-828369-16 devstack@n-api.service[109813]: INFO nova.api.openstack.requestlog [None req-1b42f1c1-b0ba-4293-ab4b-106554c65ddd admin admin] 10.222.0.124 "GET /compute/v2.1/flavors?is_public=None" status: 200 len: 2076 microversion: 2.90 time: 0.024798
Feb 17 17:40:59.071304 n-d-828369-16 devstack@n-api.service[109813]: [pid: 109813|app: 0|req: 20/41] 10.222.0.124 () {60 vars in 1215 bytes} [Thu Feb 17 17:40:59 2022] GET /compute/v2.1/flavors?is_public=None => generated 2076 bytes in 26 msecs (HTTP/1.1 200) 9 headers in 360 bytes (2 switches on core 0)
Feb 17 17:40:59.081929 n-d-828369-16 devstack@n-api.service[109814]: DEBUG nova.api.openstack.wsgi [None req-681b191f-e80f-47bd-ac9e-07cbe23fa963 admin admin] Calling method '>' {{(pid=109814) _process_stack /opt/stack/nova/nova/api/openstack/wsgi.py:513}}
Feb 17 17:40:59.087284 n-d-828369-16 devstack@n-api.service[109814]: INFO nova.api.openstack.wsgi [None req-681b191f-e80f-47bd-ac9e-07cbe23fa963 admin admin] HTTP exception thrown: Flavor 42 could not be found.
Feb 17 17:40:59.087851 n-d-828369-16 devstack@n-api.service[109814]: DEBUG nova.api.openstack.wsgi [None req-681b191f-e80f-47bd-ac9e-07cbe23fa963 admin admin] Returning 404 to user: Flavor 42 could not be found. {{(pid=109814) __call__ /opt/stack/nova/nova/api/openstack/wsgi.py:936}}
Feb 17 17:40:59.088624 n-d-828369-16 devstack@n-api.service[109814]: INFO nova.api.openstack.requestlog [None req-681b191f-e80f-47bd-ac9e-07cbe23fa963 admin admin] 10.222.0.124 "GET /compute/v2.1/flavors/42" status: 404 len: 75 microversion: 2.90 time: 0.010235
Feb 17 17:40:59.089119 n-d-828369-16 devstack@n-api.service[109814]: [pid: 109814|app: 0|req: 22/42] 10.222.0.124 () {60 vars in 1195 bytes} [Thu Feb 17 17:40:59 2022] GET /compute/v2.1/flavors/42 => generated 75 bytes in 11 msecs (HTTP/1.1 404) 9 headers in 380 bytes (2 switches on core 0)
Feb 17 17:41:00.387478 n-d-828369-16 devstack@n-api.service[109813]: DEBUG nova.api.openstack.wsgi [None req-1b42f1c1-b0ba-4293-ab4b-106554c65ddd admin admin] Calling method '>' {{(pid=109813) _process_stack /opt/stack/nova/nova/api/openstack/wsgi.py:513}}
Feb 17 17:41:00.388552 n-d-828369-16 devstack@n-api.service[109813]: INFO nova.api.openstack.requestlog [None req-1b42f1c1-b0ba-4293-ab4b-106554c65ddd admin admin] 10.222.0.124 "GET /compute/v2.1" status: 200 len: 389 microversion: 2.1 time: 0.001470
Feb 17 17:41:00.388950 n-d-828369-16 devstack@n-api.service[109813]: [pid: 109813|app: 0|req: 21/43] 10.222.0.124 () {56 vars in 1079 bytes} [Thu Feb 17 17:41:00 2022] GET /compute/v2.1 => generated 389 bytes in 2 msecs (HTTP/1.1 200) 9 headers in 357 bytes (1 switches on core 0)
Feb 17 17:41:00.583438 n-d-828369-16 devstack@n-api.service[109814]: DEBUG nova.api.openstack.wsgi [None req-07594ab4-e8de-46fa-b75b-cd7cd0a8c451 admin admin] Calling method '>' {{(pid=109814) _process_stack /opt/stack/nova/nova/api/openstack/wsgi.py:513}}
Feb 17 17:41:00.588642 n-d-828369-16 devstack@n-api.service[109814]: INFO nova.api.openstack.wsgi [None req-07594ab4-e8de-46fa-b75b-cd7cd0a8c451 admin admin] HTTP exception thrown: Flavor 84 could not be found.
Feb 17 17:41:00.589213 n-d-828369-16 devstack@n-api.service[109814]: DEBUG nova.api.openstack.wsgi [None req-07594ab4-e8de-46fa-b75b-cd7cd0a8c451 admin admin] Returning 404 to user: Flavor 84 could not be found. {{(pid=109814) __call__ /opt/stack/nova/nova/api/openstack/wsgi.py:936}}
Feb 17 17:41:00.590034 n-d-828369-16 devstack@n-api.service[109814]: INFO nova.api.openstack.requestlog [None req-07594ab4-e8de-46fa-b75b-cd7cd0a8c451 admin admin] 10.222.0.124 "GET /compute/v2.1/flavors/84" status: 404 len: 75 microversion: 2.90 time: 0.059534
Feb 17 17:41:00.590548 n-d-828369-16 devstack@n-api.service[109814]: [pid: 109814|app: 0|req: 23/44] 10.222.0.124 () {60 vars in 1195 bytes} [Thu Feb 17 17:41:00 2022] GET /compute/v2.1/flavors/84 => generated 75 bytes in 61 msecs (HTTP/1.1 404) 9 headers in 380 bytes (1 switches on core 0)
Feb 17 17:41:00.600051 n-d-828369-16 devstack@n-api.service[109813]: DEBUG nova.api.openstack.wsgi [None req-db881c02-259b-448a-86f1-703b5bfcc739 admin admin] Calling method '>' {{(pid=109813) _process_stack /opt/stack/nova/nova/api/openstack/wsgi.py:513}}
Feb 17 17:41:00.613537 n-d-828369-16 devstack@n-api.service[109813]: INFO nova.api.openstack.requestlog [None req-db881c02-259b-448a-86f1-703b5bfcc739 admin admin] 10.222.0.124 "GET /compute/v2.1/flavors?is_public=None" status: 200 len: 2076 microversion: 2.90 time: 0.017177
Feb 17 17:41:00.614086 n-d-828369-16 devstack@n-api.service[109813]: [pid: 109813|app: 0|req: 22/45] 10.222.0.124 () {60 vars in 1215 bytes} [Thu Feb 17 17:41:00 2022] GET /compute/v2.1/flavors?is_public=None => generated 2076 bytes in 18 msecs (HTTP/1.1 200) 9 headers in 360 bytes (1 switches on core 0)
Feb 17 17:41:00.623077 n-d-828369-16 devstack@n-api.service[109814]: DEBUG nova.api.openstack.wsgi [None req-c571170b-9e56-4a50-9291-b046f57eda03 admin admin] Calling method '>' {{(pid=109814) _process_stack /opt/stack/nova/nova/api/openstack/wsgi.py:513}}
Feb 17 17:41:00.637297 n-d-828369-16 devstack@n-api.service[109814]: INFO nova.api.openstack.requestlog [None req-c571170b-9e56-4a50-9291-b046f57eda03 admin admin] 10.222.0.124 "GET /compute/v2.1/flavors?is_public=None" status: 200 len: 2076 microversion: 2.90 time: 0.017608
Feb 17 17:41:00.637828 n-d-828369-16 devstack@n-api.service[109814]: [pid: 109814|app: 0|req: 24/46] 10.222.0.124 () {60 vars in 1215 bytes} [Thu Feb 17 17:41:00 2022] GET /compute/v2.1/flavors?is_public=None => generated 2076 bytes in 19 msecs (HTTP/1.1 200) 9 headers in 360 bytes (1 switches on core 0)
Feb 17 17:41:00.647510 n-d-828369-16 devstack@n-api.service[109813]: DEBUG nova.api.openstack.wsgi [None req-71b0e842-fd9e-41e6-9c6d-c516a2d6b0e5 admin admin] Calling method '>' {{(pid=109813) _process_stack /opt/stack/nova/nova/api/openstack/wsgi.py:513}}
Feb 17 17:41:00.652567 n-d-828369-16 devstack@n-api.service[109813]: INFO nova.api.openstack.wsgi [None req-71b0e842-fd9e-41e6-9c6d-c516a2d6b0e5 admin admin] HTTP exception thrown: Flavor 84 could not be found.
Feb 17 17:41:00.653176 n-d-828369-16 devstack@n-api.service[109813]: DEBUG nova.api.openstack.wsgi [None req-71b0e842-fd9e-41e6-9c6d-c516a2d6b0e5 admin admin] Returning 404 to user: Flavor 84 could not be found. {{(pid=109813) __call__ /opt/stack/nova/nova/api/openstack/wsgi.py:936}}
Feb 17 17:41:00.653997 n-d-828369-16 devstack@n-api.service[109813]: INFO nova.api.openstack.requestlog [None req-71b0e842-fd9e-41e6-9c6d-c516a2d6b0e5 admin admin] 10.222.0.124 "GET /compute/v2.1/flavors/84" status: 404 len: 75 microversion: 2.90 time: 0.010041
Feb 17 17:41:00.654514 n-d-828369-16 devstack@n-api.service[109813]: [pid: 109813|app: 0|req: 23/47] 10.222.0.124 () {60 vars in 1195 bytes} [Thu Feb 17 17:41:00 2022] GET /compute/v2.1/flavors/84 => generated 75 bytes in 12 msecs (HTTP/1.1 404) 9 headers in 380 bytes (1 switches on core 0)
Feb 17 17:41:01.940795 n-d-828369-16 devstack@n-api.service[109814]: DEBUG nova.api.openstack.wsgi [None req-c571170b-9e56-4a50-9291-b046f57eda03 admin admin] Calling method '>' {{(pid=109814) _process_stack /opt/stack/nova/nova/api/openstack/wsgi.py:513}}
Feb 17 17:41:01.941804 n-d-828369-16 devstack@n-api.service[109814]: INFO nova.api.openstack.requestlog [None req-c571170b-9e56-4a50-9291-b046f57eda03 admin admin] 10.222.0.124 "GET /compute/v2.1" status: 200 len: 389 microversion: 2.1 time: 0.002113
Feb 17 17:41:01.942253 n-d-828369-16 devstack@n-api.service[109814]: [pid: 109814|app: 0|req: 25/48] 10.222.0.124 () {56 vars in 1079 bytes} [Thu Feb 17 17:41:01 2022] GET /compute/v2.1 => generated 389 bytes in 3 msecs (HTTP/1.1 200) 9 headers in 357 bytes (1 switches on core 0)
Feb 17 17:41:02.135161 n-d-828369-16 devstack@n-api.service[109813]: DEBUG nova.api.openstack.wsgi [None req-40f7947e-9f0d-4058-ad43-973627bdc28e admin admin] Calling method '>' {{(pid=109813) _process_stack /opt/stack/nova/nova/api/openstack/wsgi.py:513}}
Feb 17 17:41:02.140313 n-d-828369-16 devstack@n-api.service[109813]: INFO nova.api.openstack.wsgi [None req-40f7947e-9f0d-4058-ad43-973627bdc28e admin admin] HTTP exception thrown: Flavor 451 could not be found.
Feb 17 17:41:02.140876 n-d-828369-16 devstack@n-api.service[109813]: DEBUG nova.api.openstack.wsgi [None req-40f7947e-9f0d-4058-ad43-973627bdc28e admin admin] Returning 404 to user: Flavor 451 could not be found. {{(pid=109813) __call__ /opt/stack/nova/nova/api/openstack/wsgi.py:936}}
Feb 17 17:41:02.141663 n-d-828369-16 devstack@n-api.service[109813]: INFO nova.api.openstack.requestlog [None req-40f7947e-9f0d-4058-ad43-973627bdc28e admin admin] 10.222.0.124 "GET /compute/v2.1/flavors/451" status: 404 len: 76 microversion: 2.90 time: 0.058887
Feb 17 17:41:02.142199 n-d-828369-16 devstack@n-api.service[109813]: [pid: 109813|app: 0|req: 24/49] 10.222.0.124 () {60 vars in 1198 bytes} [Thu Feb 17 17:41:02 2022] GET /compute/v2.1/flavors/451 => generated 76 bytes in 60 msecs (HTTP/1.1 404) 9 headers in 380 bytes (1 switches on core 0)
Feb 17 17:41:02.152126 n-d-828369-16 devstack@n-api.service[109814]: DEBUG nova.api.openstack.wsgi [None req-de64b7cd-baaa-4e82-9836-5d8b652ed786 admin admin] Calling method '>' {{(pid=109814) _process_stack /opt/stack/nova/nova/api/openstack/wsgi.py:513}}
Feb 17 17:41:02.165197 n-d-828369-16 devstack@n-api.service[109814]: INFO nova.api.openstack.requestlog [None req-de64b7cd-baaa-4e82-9836-5d8b652ed786 admin admin] 10.222.0.124 "GET /compute/v2.1/flavors?is_public=None" status: 200 len: 2076 microversion: 2.90 time: 0.016617
Feb 17 17:41:02.165728 n-d-828369-16 devstack@n-api.service[109814]: [pid: 109814|app: 0|req: 26/50] 10.222.0.124 () {60 vars in 1215 bytes} [Thu Feb 17 17:41:02 2022] GET /compute/v2.1/flavors?is_public=None => generated 2076 bytes in 18 msecs (HTTP/1.1 200) 9 headers in 360 bytes (1 switches on core 0)
Feb 17 17:41:02.175773 n-d-828369-16 devstack@n-api.service[109813]: DEBUG nova.api.openstack.wsgi [None req-fd32a623-28ae-4215-ae94-1452a27cb289 admin admin] Calling method '>' {{(pid=109813) _process_stack /opt/stack/nova/nova/api/openstack/wsgi.py:513}}
Feb 17 17:41:02.188983 n-d-828369-16 devstack@n-api.service[109813]: INFO nova.api.openstack.requestlog [None req-fd32a623-28ae-4215-ae94-1452a27cb289 admin admin] 10.222.0.124 "GET /compute/v2.1/flavors?is_public=None" status: 200 len: 2076 microversion: 2.90 time: 0.017489
Feb 17 17:41:02.190077 n-d-828369-16 devstack@n-api.service[109813]: [pid: 109813|app: 0|req: 25/51] 10.222.0.124 () {60 vars in 1215 bytes} [Thu Feb 17 17:41:02 2022] GET /compute/v2.1/flavors?is_public=None => generated 2076 bytes in 19 msecs (HTTP/1.1 200) 9 headers in 360 bytes (1 switches on core 0)
Feb 17 17:41:02.199130 n-d-828369-16 devstack@n-api.service[109814]: DEBUG nova.api.openstack.wsgi [None req-e88d7f93-ab67-4cd0-87e5-5d5fc7e1cdc0 admin admin] Calling method '>' {{(pid=109814) _process_stack /opt/stack/nova/nova/api/openstack/wsgi.py:513}}
Feb 17 17:41:02.204331 n-d-828369-16 devstack@n-api.service[109814]: INFO nova.api.openstack.wsgi [None req-e88d7f93-ab67-4cd0-87e5-5d5fc7e1cdc0 admin admin] HTTP exception thrown: Flavor 451 could not be found.
Feb 17 17:41:02.204896 n-d-828369-16 devstack@n-api.service[109814]: DEBUG nova.api.openstack.wsgi [None req-e88d7f93-ab67-4cd0-87e5-5d5fc7e1cdc0 admin admin] Returning 404 to user: Flavor 451 could not be found. {{(pid=109814) __call__ /opt/stack/nova/nova/api/openstack/wsgi.py:936}}
Feb 17 17:41:02.206558 n-d-828369-16 devstack@n-api.service[109814]: INFO nova.api.openstack.requestlog [None req-e88d7f93-ab67-4cd0-87e5-5d5fc7e1cdc0 admin admin] 10.222.0.124 "GET /compute/v2.1/flavors/451" status: 404 len: 76 microversion: 2.90 time: 0.010827
Feb 17 17:41:02.207081 n-d-828369-16 devstack@n-api.service[109814]: [pid: 109814|app: 0|req: 27/52] 10.222.0.124 () {60 vars in 1198 bytes} [Thu Feb 17 17:41:02 2022] GET /compute/v2.1/flavors/451 => generated 76 bytes in 12 msecs (HTTP/1.1 404) 9 headers in 380 bytes (1 switches on core 0)
Feb 17 17:41:03.521641 n-d-828369-16 devstack@n-api.service[109813]: DEBUG nova.api.openstack.wsgi [None req-fd32a623-28ae-4215-ae94-1452a27cb289 admin admin] Calling method '>' {{(pid=109813) _process_stack /opt/stack/nova/nova/api/openstack/wsgi.py:513}}
Feb 17 17:41:03.522710 n-d-828369-16 devstack@n-api.service[109813]: INFO nova.api.openstack.requestlog [None req-fd32a623-28ae-4215-ae94-1452a27cb289 admin admin] 10.222.0.124 "GET /compute/v2.1" status: 200 len: 389 microversion: 2.1 time: 0.001480
Feb 17 17:41:03.523113 n-d-828369-16 devstack@n-api.service[109813]: [pid: 109813|app: 0|req: 26/53] 10.222.0.124 () {56 vars in 1079 bytes} [Thu Feb 17 17:41:03 2022] GET /compute/v2.1 => generated 389 bytes in 2 msecs (HTTP/1.1 200) 9 headers in 357 bytes (1 switches on core 0)
Feb 17 17:41:03.728779 n-d-828369-16 devstack@n-api.service[109814]: DEBUG nova.api.openstack.wsgi [None req-c3a018cd-d1a0-41ee-abbe-af8f032c451f admin admin] Action: 'create', calling method: >, body: {"flavor": {"name": "m1.nano", "ram": 256, "vcpus": 1, "disk": 1, "id": "42", "swap": 0, "OS-FLV-EXT-DATA:ephemeral": 0, "rxtx_factor": 1.0, "os-flavor-access:is_public": true}} {{(pid=109814) _process_stack /opt/stack/nova/nova/api/openstack/wsgi.py:511}}
Feb 17 17:41:03.840061 n-d-828369-16 devstack@n-api.service[109814]: INFO nova.api.openstack.requestlog [None req-c3a018cd-d1a0-41ee-abbe-af8f032c451f admin admin] 10.222.0.124 "POST /compute/v2.1/flavors" status: 200 len: 406 microversion: 2.90 time: 0.164961
Feb 17 17:41:03.840648 n-d-828369-16 devstack@n-api.service[109814]: [pid: 109814|app: 0|req: 28/54] 10.222.0.124 () {64 vars in 1240 bytes} [Thu Feb 17 17:41:03 2022] POST /compute/v2.1/flavors => generated 406 bytes in 166 msecs (HTTP/1.1 200) 9 headers in 359 bytes (1 switches on core 0)
Feb 17 17:41:05.117960 n-d-828369-16 devstack@n-api.service[109813]: DEBUG nova.api.openstack.wsgi [None req-fd32a623-28ae-4215-ae94-1452a27cb289 admin admin] Calling method '>' {{(pid=109813) _process_stack /opt/stack/nova/nova/api/openstack/wsgi.py:513}}
Feb 17 17:41:05.119008 n-d-828369-16 devstack@n-api.service[109813]: INFO nova.api.openstack.requestlog [None req-fd32a623-28ae-4215-ae94-1452a27cb289 admin admin] 10.222.0.124 "GET /compute/v2.1" status: 200 len: 389 microversion: 2.1 time: 0.001650
Feb 17 17:41:05.119447 n-d-828369-16 devstack@n-api.service[109813]: [pid: 109813|app: 0|req: 27/55] 10.222.0.124 () {56 vars in 1079 bytes} [Thu Feb 17 17:41:05 2022] GET /compute/v2.1 => generated 389 bytes in 3 msecs (HTTP/1.1 200) 9 headers in 357 bytes (1 switches on core 0)
Feb 17 17:41:05.312360 n-d-828369-16 devstack@n-api.service[109814]: DEBUG nova.api.openstack.wsgi [None req-0491f155-f1cf-44e2-962f-fba5d9c492b7 admin admin] Action: 'create', calling method: >, body: {"flavor": {"name": "m1.micro", "ram": 256, "vcpus": 1, "disk": 2, "id": "84", "swap": 0, "OS-FLV-EXT-DATA:ephemeral": 0, "rxtx_factor": 1.0, "os-flavor-access:is_public": true}} {{(pid=109814) _process_stack /opt/stack/nova/nova/api/openstack/wsgi.py:511}}
Feb 17 17:41:05.388128 n-d-828369-16 devstack@n-api.service[109814]: INFO nova.api.openstack.requestlog [None req-0491f155-f1cf-44e2-962f-fba5d9c492b7 admin admin] 10.222.0.124 "POST /compute/v2.1/flavors" status: 200 len: 407 microversion: 2.90 time: 0.126711
Feb 17 17:41:05.388614 n-d-828369-16 devstack@n-api.service[109814]: [pid: 109814|app: 0|req: 29/56] 10.222.0.124 () {64 vars in 1240 bytes} [Thu Feb 17 17:41:05 2022] POST /compute/v2.1/flavors => generated 407 bytes in 128 msecs (HTTP/1.1 200) 9 headers in 359 bytes (1 switches on core 0)
Feb 17 17:41:06.668300 n-d-828369-16 devstack@n-api.service[109813]: DEBUG nova.api.openstack.wsgi [None req-fd32a623-28ae-4215-ae94-1452a27cb289 admin admin] Calling method '>' {{(pid=109813) _process_stack /opt/stack/nova/nova/api/openstack/wsgi.py:513}}
Feb 17 17:41:06.669353 n-d-828369-16 devstack@n-api.service[109813]: INFO nova.api.openstack.requestlog [None req-fd32a623-28ae-4215-ae94-1452a27cb289 admin admin] 10.222.0.124 "GET /compute/v2.1" status: 200 len: 389 microversion: 2.1 time: 0.001448
Feb 17 17:41:06.669754 n-d-828369-16 devstack@n-api.service[109813]: [pid: 109813|app: 0|req: 28/57] 10.222.0.124 () {56 vars in 1079 bytes} [Thu Feb 17 17:41:06 2022] GET /compute/v2.1 => generated 389 bytes in 2 msecs (HTTP/1.1 200) 9 headers in 357 bytes (2 switches on core 0)
Feb 17 17:41:06.859733 n-d-828369-16 devstack@n-api.service[109814]: DEBUG nova.api.openstack.wsgi [None req-7f0c4820-6033-4c25-92d9-c98b27c68430 admin admin] Action: 'create', calling method: >, body: {"flavor": {"name": "m1.heat", "ram": 512, "vcpus": 1, "disk": 1, "id": "451", "swap": 0, "OS-FLV-EXT-DATA:ephemeral": 0, "rxtx_factor": 1.0, "os-flavor-access:is_public": true}} {{(pid=109814) _process_stack /opt/stack/nova/nova/api/openstack/wsgi.py:511}}
