Feb 04 20:41:57.705466 n-d-827917-1 neutron-server[109879]: DEBUG neutron_lib.callbacks.manager [req-7b06b43e-f47e-4786-a434-7692a72117d0 req-73c539fb-f011-4fd0-b739-76a7b765d258 service neutron] Publish callbacks ['neutron.plugins.ml2.ovo_rpc._ObjectChangeHandler.handle_event-727792'] for security_group (cceb2467-ecc8-4ab0-ac23-386321652b7e), after_create {{(pid=109879) _notify_loop /usr/local/lib/python3.8/dist-packages/neutron_lib/callbacks/manager.py:176}}
Feb 04 20:41:57.705737 n-d-827917-1 neutron-server[109878]: INFO neutron.wsgi [req-a825853f-4619-439c-afa0-18dcf051da70 req-a7952e07-327f-4df4-959f-2ca4013ab335 service neutron] 10.222.0.13 "GET /v2.0/ports?tenant_id=2c21a8218a144da1b732e6c8dfb50c04&device_id=3b09a729-3f11-4efe-9e1e-92504ddf83f9 HTTP/1.1" status: 200 len: 1126 time: 0.0880382
Feb 04 20:41:57.768741 n-d-827917-1 neutron-server[109879]: INFO neutron.wsgi [req-7b06b43e-f47e-4786-a434-7692a72117d0 req-73c539fb-f011-4fd0-b739-76a7b765d258 service neutron] 10.222.0.31 "GET /v2.0/security-groups?id=515a30f8-30d8-460a-a92a-8fb955eaa3e4&fields=id&fields=name HTTP/1.1" status: 200 len: 286 time: 0.1748774
Feb 04 20:41:57.770717 n-d-827917-1 neutron-server[109879]: DEBUG neutron.api.rpc.handlers.resources_rpc [None req-73c539fb-f011-4fd0-b739-76a7b765d258 service neutron] Pushing event updated for resources: {'SecurityGroup': ['ID=cceb2467-ecc8-4ab0-ac23-386321652b7e,revision_number=1']} {{(pid=109879) push /opt/stack/neutron/neutron/api/rpc/handlers/resources_rpc.py:237}}
Feb 04 20:41:57.809575 n-d-827917-1 neutron-server[109878]: DEBUG neutron.api.v2.base [None req-461ffc99-216e-4a8a-99a4-6f805115079f admin admin] Request body: {'network': {'name': 'tempest-LiveAutoBlockMigrationV225Test-1271913676-network', 'tenant_id': 'aa983f48163f4193921795419e3c6479'}} {{(pid=109878) prepare_request_body /opt/stack/neutron/neutron/api/v2/base.py:729}}
Feb 04 20:41:57.911249 n-d-827917-1 neutron-server[109878]: DEBUG neutron.pecan_wsgi.hooks.quota_enforcement [None req-461ffc99-216e-4a8a-99a4-6f805115079f admin admin] Made reservation on behalf of aa983f48163f4193921795419e3c6479 for: {'network': 1} {{(pid=109878) before /opt/stack/neutron/neutron/pecan_wsgi/hooks/quota_enforcement.py:53}}
Feb 04 20:41:57.913897 n-d-827917-1 neutron-server[109878]: DEBUG neutron_lib.callbacks.manager [None req-461ffc99-216e-4a8a-99a4-6f805115079f admin admin] Publish callbacks ['neutron.plugins.ml2.plugin.SecurityGroupDbMixin._ensure_default_security_group_handler-3923546'] for network (None), before_create {{(pid=109878) _notify_loop /usr/local/lib/python3.8/dist-packages/neutron_lib/callbacks/manager.py:176}}
Feb 04 20:41:57.933985 n-d-827917-1 neutron-server[109878]: DEBUG neutron_lib.callbacks.manager [None req-461ffc99-216e-4a8a-99a4-6f805115079f admin admin] Publish callbacks [] for security_group (None), before_create {{(pid=109878) _notify_loop /usr/local/lib/python3.8/dist-packages/neutron_lib/callbacks/manager.py:176}}
Feb 04 20:41:57.978913 n-d-827917-1 neutron-server[109878]: DEBUG neutron_lib.callbacks.manager [None req-55782355-a0e8-45b5-9156-ba9605fd4aba admin admin] Publish callbacks [] for security_group (e8afb535-83dd-425b-9d41-21edd8494137), precommit_create {{(pid=109878) _notify_loop /usr/local/lib/python3.8/dist-packages/neutron_lib/callbacks/manager.py:176}}
Feb 04 20:41:57.981454 n-d-827917-1 neutron-server[109878]: DEBUG neutron.pecan_wsgi.hooks.policy_enforcement [req-a825853f-4619-439c-afa0-18dcf051da70 req-dd2ececb-4c80-4752-8cf9-cbf3ad5c1cef service neutron] Attributes excluded by policy engine: ['standard_attr_id', 'vlan_transparent'] {{(pid=109878) _exclude_attributes_by_policy /opt/stack/neutron/neutron/pecan_wsgi/hooks/policy_enforcement.py:255}}
Feb 04 20:41:57.983068 n-d-827917-1 neutron-server[109878]: INFO neutron.wsgi [req-a825853f-4619-439c-afa0-18dcf051da70 req-dd2ececb-4c80-4752-8cf9-cbf3ad5c1cef service neutron] 10.222.0.13 "GET /v2.0/networks?id=90435b64-cf26-4525-b4b1-47a3b5c3a84b HTTP/1.1" status: 200 len: 924 time: 0.2671928
Feb 04 20:41:57.988819 n-d-827917-1 neutron-server[109878]: DEBUG neutron_lib.callbacks.manager [None req-55782355-a0e8-45b5-9156-ba9605fd4aba admin admin] Publish callbacks ['neutron.plugins.ml2.ovo_rpc._ObjectChangeHandler.handle_event-727792'] for security_group (e8afb535-83dd-425b-9d41-21edd8494137), after_create {{(pid=109878) _notify_loop /usr/local/lib/python3.8/dist-packages/neutron_lib/callbacks/manager.py:176}}
Feb 04 20:41:58.081622 n-d-827917-1 neutron-server[109878]: INFO neutron.wsgi [req-a825853f-4619-439c-afa0-18dcf051da70 req-ff091eb1-cb96-4795-8d8c-93e0a8a896bd service neutron] 10.222.0.13 "GET /v2.0/floatingips?fixed_ip_address=172.20.0.10&port_id=d8fe176e-0a6b-4c45-8129-3136c8d2fa8e HTTP/1.1" status: 200 len: 217 time: 0.0874689
Feb 04 20:41:58.105882 n-d-827917-1 neutron-server[109878]: DEBUG neutron.api.rpc.handlers.resources_rpc [None req-55782355-a0e8-45b5-9156-ba9605fd4aba admin admin] Pushing event updated for resources: {'SecurityGroup': ['ID=e8afb535-83dd-425b-9d41-21edd8494137,revision_number=1']} {{(pid=109878) push /opt/stack/neutron/neutron/api/rpc/handlers/resources_rpc.py:237}}
Feb 04 20:41:58.111954 n-d-827917-1 neutron-server[109878]: INFO neutron.wsgi [None req-55782355-a0e8-45b5-9156-ba9605fd4aba admin admin] 10.222.0.36 "GET /v2.0/security-groups?tenant_id=dbf2edf774a546929537d5f0d67da3f3&name=default HTTP/1.1" status: 200 len: 2996 time: 0.8832624
Feb 04 20:41:58.114833 n-d-827917-1 neutron-server[109879]: DEBUG neutron.wsgi [-] (109879) accepted ('10.222.0.36', 36262) {{(pid=109879) server /usr/local/lib/python3.8/dist-packages/eventlet/wsgi.py:1004}}
Feb 04 20:41:58.177584 n-d-827917-1 neutron-server[109878]: DEBUG neutron.pecan_wsgi.hooks.policy_enforcement [req-a825853f-4619-439c-afa0-18dcf051da70 req-58ca2ef7-a4c5-48fa-a78c-a4b0cfe0d2fe service neutron] Attributes excluded by policy engine: ['standard_attr_id', 'shared', 'segment_id'] {{(pid=109878) _exclude_attributes_by_policy /opt/stack/neutron/neutron/pecan_wsgi/hooks/policy_enforcement.py:255}}
Feb 04 20:41:58.178598 n-d-827917-1 neutron-server[109878]: INFO neutron.wsgi [req-a825853f-4619-439c-afa0-18dcf051da70 req-58ca2ef7-a4c5-48fa-a78c-a4b0cfe0d2fe service neutron] 10.222.0.13 "GET /v2.0/subnets?id=3b41c03c-64ce-4c15-aa71-0b738295968f HTTP/1.1" status: 200 len: 862 time: 0.0878346
Feb 04 20:41:58.197614 n-d-827917-1 neutron-server[109879]: DEBUG neutron_lib.callbacks.manager [None req-7c9434d3-1ef1-49aa-bc1e-54712b45a9aa admin admin] Publish callbacks [] for security_group (e8afb535-83dd-425b-9d41-21edd8494137), before_delete {{(pid=109879) _notify_loop /usr/local/lib/python3.8/dist-packages/neutron_lib/callbacks/manager.py:176}}
Feb 04 20:41:58.224618 n-d-827917-1 neutron-server[109879]: DEBUG neutron_lib.callbacks.manager [None req-7c9434d3-1ef1-49aa-bc1e-54712b45a9aa admin admin] Publish callbacks [] for security_group (e8afb535-83dd-425b-9d41-21edd8494137), precommit_delete {{(pid=109879) _notify_loop /usr/local/lib/python3.8/dist-packages/neutron_lib/callbacks/manager.py:176}}
Feb 04 20:41:58.283340 n-d-827917-1 neutron-server[109879]: DEBUG neutron_lib.callbacks.manager [None req-7c9434d3-1ef1-49aa-bc1e-54712b45a9aa admin admin] Publish callbacks ['neutron.plugins.ml2.ovo_rpc._ObjectChangeHandler.handle_event-727792'] for security_group (e8afb535-83dd-425b-9d41-21edd8494137), after_delete {{(pid=109879) _notify_loop /usr/local/lib/python3.8/dist-packages/neutron_lib/callbacks/manager.py:176}}
Feb 04 20:41:58.286490 n-d-827917-1 neutron-server[109879]: DEBUG neutron_lib.callbacks.manager [None req-7c9434d3-1ef1-49aa-bc1e-54712b45a9aa admin admin] Publish callbacks [] for security_group (None), before_response {{(pid=109879) _notify_loop /usr/local/lib/python3.8/dist-packages/neutron_lib/callbacks/manager.py:176}}
Feb 04 20:41:58.289750 n-d-827917-1 neutron-server[109879]: INFO neutron.wsgi [None req-7c9434d3-1ef1-49aa-bc1e-54712b45a9aa admin admin] 10.222.0.36 "DELETE /v2.0/security-groups/e8afb535-83dd-425b-9d41-21edd8494137 HTTP/1.1" status: 204 len: 168 time: 0.1719298
Feb 04 20:41:58.297998 n-d-827917-1 neutron-server[109879]: DEBUG neutron.api.rpc.handlers.resources_rpc [None req-7c9434d3-1ef1-49aa-bc1e-54712b45a9aa admin admin] Pushing event deleted for resources: {'SecurityGroup': ['ID=e8afb535-83dd-425b-9d41-21edd8494137,revision_number=None']} {{(pid=109879) push /opt/stack/neutron/neutron/api/rpc/handlers/resources_rpc.py:237}}
Feb 04 20:41:58.321746 n-d-827917-1 neutron-server[109878]: DEBUG neutron_lib.callbacks.manager [None req-461ffc99-216e-4a8a-99a4-6f805115079f admin admin] Publish callbacks [] for security_group (7dc6a6d7-6906-4538-9ec8-43d3556d5ff0), precommit_create {{(pid=109878) _notify_loop /usr/local/lib/python3.8/dist-packages/neutron_lib/callbacks/manager.py:176}}
Feb 04 20:41:58.332638 n-d-827917-1 neutron-server[109878]: DEBUG neutron_lib.callbacks.manager [None req-461ffc99-216e-4a8a-99a4-6f805115079f admin admin] Publish callbacks ['neutron.plugins.ml2.ovo_rpc._ObjectChangeHandler.handle_event-727792'] for security_group (7dc6a6d7-6906-4538-9ec8-43d3556d5ff0), after_create {{(pid=109878) _notify_loop /usr/local/lib/python3.8/dist-packages/neutron_lib/callbacks/manager.py:176}}
Feb 04 20:41:58.378135 n-d-827917-1 neutron-server[109878]: DEBUG neutron.plugins.ml2.drivers.helpers [None req-461ffc99-216e-4a8a-99a4-6f805115079f admin admin] vlan segment allocate from pool success with {'vlan_id': 211, 'physical_network': 'physnet1'} {{(pid=109878) allocate_partially_specified_segment /opt/stack/neutron/neutron/plugins/ml2/drivers/helpers.py:153}}
Feb 04 20:41:58.389570 n-d-827917-1 neutron-server[109878]: DEBUG neutron.pecan_wsgi.hooks.policy_enforcement [req-a825853f-4619-439c-afa0-18dcf051da70 req-c091f79e-2e44-469d-8cbd-e2e6e7d2e11c service neutron] Attributes excluded by policy engine: ['standard_attr_id'] {{(pid=109878) _exclude_attributes_by_policy /opt/stack/neutron/neutron/pecan_wsgi/hooks/policy_enforcement.py:255}}
Feb 04 20:41:58.392166 n-d-827917-1 neutron-server[109878]: INFO neutron.wsgi [req-a825853f-4619-439c-afa0-18dcf051da70 req-c091f79e-2e44-469d-8cbd-e2e6e7d2e11c service neutron] 10.222.0.13 "GET /v2.0/ports?network_id=90435b64-cf26-4525-b4b1-47a3b5c3a84b&device_owner=network%3Adhcp HTTP/1.1" status: 200 len: 1200 time: 0.2050765
Feb 04 20:41:58.401793 n-d-827917-1 neutron-server[109878]: DEBUG neutron.pecan_wsgi.hooks.policy_enforcement [req-e1eff0b0-e5ad-4926-8cd5-f0f4e69ecd60 req-a551875d-42b2-47cc-a9f4-bdd66b2d3f8b tempest-AggregatesAdminTestJSON-1821736332 tempest-AggregatesAdminTestJSON-1821736332-project] Attributes excluded by policy engine: ['standard_attr_id', 'binding:profile', 'binding:host_id', 'binding:vif_type', 'binding:vif_details'] {{(pid=109878) _exclude_attributes_by_policy /opt/stack/neutron/neutron/pecan_wsgi/hooks/policy_enforcement.py:255}}
Feb 04 20:41:58.403511 n-d-827917-1 neutron-server[109878]: INFO neutron.wsgi [req-e1eff0b0-e5ad-4926-8cd5-f0f4e69ecd60 req-a551875d-42b2-47cc-a9f4-bdd66b2d3f8b tempest-AggregatesAdminTestJSON-1821736332 tempest-AggregatesAdminTestJSON-1821736332-project] 10.222.0.36 "GET /v2.0/ports?device_id=5843d1b4-4bb2-45a5-9dd5-770fe90b98fa HTTP/1.1" status: 200 len: 972 time: 0.1585064
Feb 04 20:41:58.414068 n-d-827917-1 neutron-server[109878]: DEBUG neutron.pecan_wsgi.hooks.policy_enforcement [req-e6415537-d3c5-4aa8-9fb0-025d7eb57424 req-d4eccf08-e4cb-4ec6-87d7-70bfb02c361e tempest-ServersWithSpecificFlavorTestJSON-1073141376 tempest-ServersWithSpecificFlavorTestJSON-1073141376-project] Attributes excluded by policy engine: ['standard_attr_id', 'binding:profile', 'binding:host_id', 'binding:vif_type', 'binding:vif_details'] {{(pid=109878) _exclude_attributes_by_policy /opt/stack/neutron/neutron/pecan_wsgi/hooks/policy_enforcement.py:255}}
Feb 04 20:41:58.416093 n-d-827917-1 neutron-server[109878]: INFO neutron.wsgi [req-e6415537-d3c5-4aa8-9fb0-025d7eb57424 req-d4eccf08-e4cb-4ec6-87d7-70bfb02c361e tempest-ServersWithSpecificFlavorTestJSON-1073141376 tempest-ServersWithSpecificFlavorTestJSON-1073141376-project] 10.222.0.36 "GET /v2.0/ports?device_id=3b09a729-3f11-4efe-9e1e-92504ddf83f9 HTTP/1.1" status: 200 len: 944 time: 0.1859918
Feb 04 20:41:58.428481 n-d-827917-1 neutron-server[109878]: DEBUG neutron.api.rpc.handlers.resources_rpc [None req-461ffc99-216e-4a8a-99a4-6f805115079f admin admin] Pushing event updated for resources: {'SecurityGroup': ['ID=7dc6a6d7-6906-4538-9ec8-43d3556d5ff0,revision_number=1']} {{(pid=109878) push /opt/stack/neutron/neutron/api/rpc/handlers/resources_rpc.py:237}}
Feb 04 20:41:58.433400 n-d-827917-1 neutron-server[109878]: DEBUG neutron_lib.callbacks.manager [None req-461ffc99-216e-4a8a-99a4-6f805115079f admin admin] Publish callbacks ['neutron.plugins.ml2.plugin.Ml2Plugin._handle_segment_change-3444309'] for segment (736b9180-d55a-4a6a-9bee-068605e84bc3), precommit_create {{(pid=109878) _notify_loop /usr/local/lib/python3.8/dist-packages/neutron_lib/callbacks/manager.py:176}}
Feb 04 20:41:58.434133 n-d-827917-1 neutron-server[109878]: INFO neutron.db.segments_db [None req-461ffc99-216e-4a8a-99a4-6f805115079f admin admin] Added segment 736b9180-d55a-4a6a-9bee-068605e84bc3 of type vlan for network 74981275-a59a-49e7-8f95-30c5e262ee75
Feb 04 20:41:58.603008 n-d-827917-1 neutron-server[109878]: DEBUG neutron_lib.callbacks.manager [None req-461ffc99-216e-4a8a-99a4-6f805115079f admin admin] Publish callbacks ['neutron.services.auto_allocate.db._ensure_external_network_default_value_callback-8793787349450'] for network (74981275-a59a-49e7-8f95-30c5e262ee75), precommit_create {{(pid=109878) _notify_loop /usr/local/lib/python3.8/dist-packages/neutron_lib/callbacks/manager.py:176}}
Feb 04 20:41:58.627322 n-d-827917-1 neutron-server[109878]: INFO neutron.wsgi [req-e1eff0b0-e5ad-4926-8cd5-f0f4e69ecd60 req-ccaa7a96-2f4f-4fe9-a616-d003af64588e tempest-AggregatesAdminTestJSON-1821736332 tempest-AggregatesAdminTestJSON-1821736332-project] 10.222.0.36 "GET /v2.0/security-groups?id=515a30f8-30d8-460a-a92a-8fb955eaa3e4&fields=id&fields=name HTTP/1.1" status: 200 len: 286 time: 0.1998551
Feb 04 20:41:58.644539 n-d-827917-1 neutron-server[109878]: INFO neutron.wsgi [req-e6415537-d3c5-4aa8-9fb0-025d7eb57424 req-28113b66-053b-418d-9a0d-40aa1bf229e6 tempest-ServersWithSpecificFlavorTestJSON-1073141376 tempest-ServersWithSpecificFlavorTestJSON-1073141376-project] 10.222.0.36 "GET /v2.0/security-groups?id=45ca4a5f-5323-4a71-a57c-6fc003e8fa7a&fields=id&fields=name HTTP/1.1" status: 200 len: 313 time: 0.2082396
Feb 04 20:41:58.662744 n-d-827917-1 neutron-server[109878]: INFO neutron.wsgi [req-a825853f-4619-439c-afa0-18dcf051da70 req-2b277681-77a2-4dc8-9f5b-a35ac8d42264 service neutron] 10.222.0.13 "GET /v2.0/networks/90435b64-cf26-4525-b4b1-47a3b5c3a84b?fields=segments HTTP/1.1" status: 200 len: 212 time: 0.2570052
Feb 04 20:41:58.676933 n-d-827917-1 neutron-server[109878]: DEBUG neutron_lib.callbacks.manager [None req-461ffc99-216e-4a8a-99a4-6f805115079f admin admin] Publish callbacks ['neutron.plugins.ml2.ovo_rpc._ObjectChangeHandler.handle_event-727687', 'neutron.api.rpc.agentnotifiers.dhcp_rpc_agent_api.DhcpAgentNotifyAPI._native_event_send_dhcp_notification-698380'] for network (74981275-a59a-49e7-8f95-30c5e262ee75), after_create {{(pid=109878) _notify_loop /usr/local/lib/python3.8/dist-packages/neutron_lib/callbacks/manager.py:176}}
Feb 04 20:41:58.678095 n-d-827917-1 neutron-server[109878]: DEBUG neutron.pecan_wsgi.hooks.policy_enforcement [None req-461ffc99-216e-4a8a-99a4-6f805115079f admin admin] Attributes excluded by policy engine: ['standard_attr_id', 'vlan_transparent'] {{(pid=109878) _exclude_attributes_by_policy /opt/stack/neutron/neutron/pecan_wsgi/hooks/policy_enforcement.py:255}}
Feb 04 20:41:58.678729 n-d-827917-1 neutron-server[109878]: DEBUG neutron_lib.callbacks.manager [None req-461ffc99-216e-4a8a-99a4-6f805115079f admin admin] Publish callbacks ['neutron.api.rpc.agentnotifiers.dhcp_rpc_agent_api.DhcpAgentNotifyAPI._send_dhcp_notification-698622'] for network (None), before_response {{(pid=109878) _notify_loop /usr/local/lib/python3.8/dist-packages/neutron_lib/callbacks/manager.py:176}}
Feb 04 20:41:58.789803 n-d-827917-1 neutron-server[109878]: INFO neutron.wsgi [None req-461ffc99-216e-4a8a-99a4-6f805115079f admin admin] 10.222.0.36 "POST /v2.0/networks HTTP/1.1" status: 201 len: 894 time: 1.2001882
Feb 04 20:41:58.790533 n-d-827917-1 neutron-server[109878]: DEBUG neutron.api.rpc.handlers.resources_rpc [None req-461ffc99-216e-4a8a-99a4-6f805115079f admin admin] Pushing event updated for resources: {'Network': ['ID=74981275-a59a-49e7-8f95-30c5e262ee75,revision_number=1']} {{(pid=109878) push /opt/stack/neutron/neutron/api/rpc/handlers/resources_rpc.py:237}}
Feb 04 20:41:58.792726 n-d-827917-1 neutron-server[109879]: DEBUG neutron.wsgi [-] (109879) accepted ('10.222.0.36', 36286) {{(pid=109879) server /usr/local/lib/python3.8/dist-packages/eventlet/wsgi.py:1004}}
Feb 04 20:41:58.800499 n-d-827917-1 neutron-server[109879]: DEBUG neutron.api.v2.base [None req-3263644a-795e-43d1-b53f-d7f3301761ec admin admin] Request body: {'subnet': {'network_id': '74981275-a59a-49e7-8f95-30c5e262ee75', 'cidr': '172.20.0.0/28', 'name': 'tempest-LiveAutoBlockMigrationV225Test-1271913676-subnet', 'tenant_id': 'aa983f48163f4193921795419e3c6479', 'enable_dhcp': False, 'ip_version': 4}} {{(pid=109879) prepare_request_body /opt/stack/neutron/neutron/api/v2/base.py:729}}
Feb 04 20:41:58.801922 n-d-827917-1 neutron-server[109880]: DEBUG neutron.plugins.ml2.rpc [None req-7b004f08-6ed1-449c-9c06-8331059243d1 None None] Network 74981275-a59a-49e7-8f95-30c5e262ee75 details requested by agent ovs-agent-n-d-827917-1 with host n-d-827917-1 {{(pid=109880) get_network_details /opt/stack/neutron/neutron/plugins/ml2/rpc.py:248}}
Feb 04 20:41:58.834230 n-d-827917-1 neutron-server[109879]: DEBUG neutron.wsgi [-] (109879) accepted ('10.222.0.36', 36288) {{(pid=109879) server /usr/local/lib/python3.8/dist-packages/eventlet/wsgi.py:1004}}
Feb 04 20:41:58.860718 n-d-827917-1 neutron-server[109879]: DEBUG neutron_lib.callbacks.manager [None req-68349e60-8ab3-4599-93e6-ae60e4556514 admin admin] Publish callbacks [] for security_group (None), before_create {{(pid=109879) _notify_loop /usr/local/lib/python3.8/dist-packages/neutron_lib/callbacks/manager.py:176}}
Feb 04 20:41:58.888909 n-d-827917-1 neutron-server[109878]: INFO neutron.wsgi [req-a825853f-4619-439c-afa0-18dcf051da70 req-8f42c759-efe9-4e7e-aac4-f48c78901a7e service neutron] 10.222.0.13 "GET /v2.0/networks/90435b64-cf26-4525-b4b1-47a3b5c3a84b?fields=provider%3Aphysical_network&fields=provider%3Anetwork_type HTTP/1.1" status: 200 len: 281 time: 0.2197104
Feb 04 20:41:58.892424 n-d-827917-1 neutron-server[109879]: DEBUG neutron.pecan_wsgi.hooks.quota_enforcement [None req-3263644a-795e-43d1-b53f-d7f3301761ec admin admin] Made reservation on behalf of aa983f48163f4193921795419e3c6479 for: {'subnet': 1} {{(pid=109879) before /opt/stack/neutron/neutron/pecan_wsgi/hooks/quota_enforcement.py:53}}
Feb 04 20:41:58.895350 n-d-827917-1 neutron-server[109879]: DEBUG neutron_lib.callbacks.manager [None req-3263644a-795e-43d1-b53f-d7f3301761ec admin admin] Publish callbacks ['neutron.services.segments.plugin.SegmentHostRoutes.host_routes_before_create-9187303'] for subnet (None), before_create {{(pid=109879) _notify_loop /usr/local/lib/python3.8/dist-packages/neutron_lib/callbacks/manager.py:176}}
Feb 04 20:41:59.079608 n-d-827917-1 neutron-server[109879]: DEBUG neutron_lib.callbacks.manager [None req-68349e60-8ab3-4599-93e6-ae60e4556514 admin admin] Publish callbacks [] for security_group (b5615b3c-dd94-43d9-9128-0b0ccbb9a196), precommit_create {{(pid=109879) _notify_loop /usr/local/lib/python3.8/dist-packages/neutron_lib/callbacks/manager.py:176}}
Feb 04 20:41:59.086974 n-d-827917-1 neutron-server[109879]: DEBUG neutron_lib.callbacks.manager [None req-68349e60-8ab3-4599-93e6-ae60e4556514 admin admin] Publish callbacks ['neutron.plugins.ml2.ovo_rpc._ObjectChangeHandler.handle_event-727792'] for security_group (b5615b3c-dd94-43d9-9128-0b0ccbb9a196), after_create {{(pid=109879) _notify_loop /usr/local/lib/python3.8/dist-packages/neutron_lib/callbacks/manager.py:176}}
Feb 04 20:41:59.172209 n-d-827917-1 neutron-server[109879]: DEBUG neutron_lib.callbacks.manager [None req-3263644a-795e-43d1-b53f-d7f3301761ec admin admin] Publish callbacks ['neutron.plugins.ml2.ovo_rpc._ObjectChangeHandler.handle_event-588707', 'neutron.api.rpc.agentnotifiers.dhcp_rpc_agent_api.DhcpAgentNotifyAPI._native_event_send_dhcp_notification-698380', 'neutron.services.segments.plugin.NovaSegmentNotifier._notify_subnet_created-10604316', 'neutron.services.segments.plugin.SegmentHostRoutes.host_routes_after_create-9187281'] for subnet (34be30bf-870b-4baf-9453-4788369a2e19), after_create {{(pid=109879) _notify_loop /usr/local/lib/python3.8/dist-packages/neutron_lib/callbacks/manager.py:176}}
Feb 04 20:41:59.190691 n-d-827917-1 neutron-server[109878]: DEBUG neutron.wsgi [-] (109878) accepted ('10.222.0.36', 36310) {{(pid=109878) server /usr/local/lib/python3.8/dist-packages/eventlet/wsgi.py:1004}}
Feb 04 20:41:59.190823 n-d-827917-1 neutron-server[109879]: INFO neutron.wsgi [None req-68349e60-8ab3-4599-93e6-ae60e4556514 admin admin] 10.222.0.36 "GET /v2.0/security-groups?tenant_id=b84833acd5d34c4e980697d1ce04300a&name=default HTTP/1.1" status: 200 len: 2996 time: 0.3551750
Feb 04 20:41:59.200599 n-d-827917-1 neutron-server[109879]: DEBUG neutron.api.rpc.handlers.resources_rpc [None req-68349e60-8ab3-4599-93e6-ae60e4556514 admin admin] Pushing event updated for resources: {'SecurityGroup': ['ID=b5615b3c-dd94-43d9-9128-0b0ccbb9a196,revision_number=1']} {{(pid=109879) push /opt/stack/neutron/neutron/api/rpc/handlers/resources_rpc.py:237}}
Feb 04 20:41:59.275638 n-d-827917-1 neutron-server[109879]: DEBUG neutron.api.rpc.handlers.resources_rpc [None req-3263644a-795e-43d1-b53f-d7f3301761ec admin admin] Pushing event updated for resources: {'Subnet': ['ID=34be30bf-870b-4baf-9453-4788369a2e19,revision_number=0']} {{(pid=109879) push /opt/stack/neutron/neutron/api/rpc/handlers/resources_rpc.py:237}}
Feb 04 20:41:59.279005 n-d-827917-1 neutron-server[109879]: DEBUG neutron.plugins.ml2.drivers.mech_agent [None req-3263644a-795e-43d1-b53f-d7f3301761ec admin admin] Checking segment: {'id': '736b9180-d55a-4a6a-9bee-068605e84bc3', 'network_type': 'vlan', 'physical_network': 'physnet1', 'segmentation_id': 211, 'network_id': '74981275-a59a-49e7-8f95-30c5e262ee75'} for mappings: {'physnet1': 'br-data'} with network types: ['local', 'flat', 'vlan'] {{(pid=109879) check_segment_for_agent /opt/stack/neutron/neutron/plugins/ml2/drivers/mech_agent.py:373}}
Feb 04 20:41:59.279363 n-d-827917-1 neutron-server[109879]: DEBUG neutron.scheduler.dhcp_agent_scheduler [None req-3263644a-795e-43d1-b53f-d7f3301761ec admin admin] Network hostable DHCP agents. Network: 74981275-a59a-49e7-8f95-30c5e262ee75, hostable agents: ['c1ea22cd-f746-4b03-9e75-db0895a46b4b'], hosted agents: [] {{(pid=109879) _get_network_hostable_dhcp_agents /opt/stack/neutron/neutron/scheduler/dhcp_agent_scheduler.py:329}}
Feb 04 20:41:59.295509 n-d-827917-1 neutron-server[109878]: INFO neutron.wsgi [req-9ba155fe-ba69-4921-8579-209fd92bd54f req-4c0b0124-5fc1-4a79-a1a1-04931b2bfea0 tempest-TenantUsagesTestJSON-181639213 tempest-TenantUsagesTestJSON-181639213-project] 10.222.0.36 "GET /v2.0/networks?tenant_id=0b95e93390724e519b2e01babfc3178d&shared=False HTTP/1.1" status: 200 len: 213 time: 0.0537632
Feb 04 20:41:59.302051 n-d-827917-1 neutron-server[109879]: DEBUG neutron.scheduler.dhcp_agent_scheduler [None req-3263644a-795e-43d1-b53f-d7f3301761ec admin admin] Network 74981275-a59a-49e7-8f95-30c5e262ee75 is scheduled to be hosted by DHCP agent c1ea22cd-f746-4b03-9e75-db0895a46b4b with binding_index 1 {{(pid=109879) bind /opt/stack/neutron/neutron/scheduler/dhcp_agent_scheduler.py:227}}
Feb 04 20:41:59.315482 n-d-827917-1 neutron-server[109879]: DEBUG neutron.scheduler.base_scheduler [None req-3263644a-795e-43d1-b53f-d7f3301761ec admin admin] Resources bound (agent type, host, resource id): (DHCP agent, n-d-827917-1, 74981275-a59a-49e7-8f95-30c5e262ee75) {{(pid=109879) schedule /opt/stack/neutron/neutron/scheduler/base_scheduler.py:57}}
Feb 04 20:41:59.320692 n-d-827917-1 neutron-server[109879]: DEBUG neutron.pecan_wsgi.hooks.policy_enforcement [None req-3263644a-795e-43d1-b53f-d7f3301761ec admin admin] Attributes excluded by policy engine: ['standard_attr_id', 'shared', 'segment_id', 'network'] {{(pid=109879) _exclude_attributes_by_policy /opt/stack/neutron/neutron/pecan_wsgi/hooks/policy_enforcement.py:255}}
Feb 04 20:41:59.321821 n-d-827917-1 neutron-server[109879]: DEBUG neutron_lib.callbacks.manager [None req-3263644a-795e-43d1-b53f-d7f3301761ec admin admin] Publish callbacks ['neutron.api.rpc.agentnotifiers.dhcp_rpc_agent_api.DhcpAgentNotifyAPI._send_dhcp_notification-698622'] for subnet (None), before_response {{(pid=109879) _notify_loop /usr/local/lib/python3.8/dist-packages/neutron_lib/callbacks/manager.py:176}}
Feb 04 20:41:59.327700 n-d-827917-1 neutron-server[109880]: DEBUG neutron.api.rpc.handlers.dhcp_rpc [None req-50d4d6ba-cab5-4ef6-8d89-44833f9bf4e2 None None] Network 74981275-a59a-49e7-8f95-30c5e262ee75 requested from n-d-827917-1 {{(pid=109880) get_network_info /opt/stack/neutron/neutron/api/rpc/handlers/dhcp_rpc.py:191}}
Feb 04 20:41:59.355479 n-d-827917-1 neutron-server[109879]: INFO neutron.wsgi [None req-3263644a-795e-43d1-b53f-d7f3301761ec admin admin] 10.222.0.36 "POST /v2.0/subnets HTTP/1.1" status: 201 len: 858 time: 0.5591545
Feb 04 20:41:59.379286 n-d-827917-1 neutron-server[109878]: DEBUG neutron_lib.callbacks.manager [None req-5820d5af-1171-4111-ab9f-0c6af55dd2f8 admin admin] Publish callbacks [] for security_group (b5615b3c-dd94-43d9-9128-0b0ccbb9a196), before_delete {{(pid=109878) _notify_loop /usr/local/lib/python3.8/dist-packages/neutron_lib/callbacks/manager.py:176}}
Feb 04 20:41:59.423154 n-d-827917-1 neutron-server[109878]: DEBUG neutron_lib.callbacks.manager [None req-5820d5af-1171-4111-ab9f-0c6af55dd2f8 admin admin] Publish callbacks [] for security_group (b5615b3c-dd94-43d9-9128-0b0ccbb9a196), precommit_delete {{(pid=109878) _notify_loop /usr/local/lib/python3.8/dist-packages/neutron_lib/callbacks/manager.py:176}}
Feb 04 20:41:59.482796 n-d-827917-1 neutron-server[109880]: DEBUG neutron.api.rpc.handlers.dhcp_rpc [None req-b85773ab-2fe7-4665-9f55-186ba1fb1131 None None] Network 74981275-a59a-49e7-8f95-30c5e262ee75 requested from n-d-827917-1 {{(pid=109880) get_network_info /opt/stack/neutron/neutron/api/rpc/handlers/dhcp_rpc.py:191}}
Feb 04 20:41:59.494483 n-d-827917-1 neutron-server[109878]: DEBUG neutron.pecan_wsgi.hooks.policy_enforcement [req-9ba155fe-ba69-4921-8579-209fd92bd54f req-35434f30-5480-407c-b23b-f78455d85b4c tempest-TenantUsagesTestJSON-181639213 tempest-TenantUsagesTestJSON-181639213-project] Attributes excluded by policy engine: ['standard_attr_id', 'vlan_transparent', 'provider:network_type', 'provider:physical_network', 'provider:segmentation_id'] {{(pid=109878) _exclude_attributes_by_policy /opt/stack/neutron/neutron/pecan_wsgi/hooks/policy_enforcement.py:255}}
Feb 04 20:41:59.496099 n-d-827917-1 neutron-server[109878]: INFO neutron.wsgi [req-9ba155fe-ba69-4921-8579-209fd92bd54f req-35434f30-5480-407c-b23b-f78455d85b4c tempest-TenantUsagesTestJSON-181639213 tempest-TenantUsagesTestJSON-181639213-project] 10.222.0.36 "GET /v2.0/networks?shared=True HTTP/1.1" status: 200 len: 769 time: 0.1984870
Feb 04 20:41:59.533091 n-d-827917-1 neutron-server[109878]: INFO neutron.wsgi [req-9ba155fe-ba69-4921-8579-209fd92bd54f req-7abb87b8-85b3-4d21-98d7-a2322bee3a90 tempest-TenantUsagesTestJSON-181639213 tempest-TenantUsagesTestJSON-181639213-project] 10.222.0.36 "GET /v2.0/quotas/0b95e93390724e519b2e01babfc3178d HTTP/1.1" status: 200 len: 375 time: 0.0274572
Feb 04 20:41:59.570506 n-d-827917-1 neutron-server[109878]: INFO neutron.wsgi [req-9ba155fe-ba69-4921-8579-209fd92bd54f req-93d07523-e58b-4a15-a0b8-fa5b3bcd5003 tempest-TenantUsagesTestJSON-181639213 tempest-TenantUsagesTestJSON-181639213-project] 10.222.0.36 "GET /v2.0/ports?tenant_id=0b95e93390724e519b2e01babfc3178d&fields=id HTTP/1.1" status: 200 len: 210 time: 0.0366287
Feb 04 20:41:59.600204 n-d-827917-1 neutron-server[109878]: DEBUG neutron_lib.callbacks.manager [None req-5820d5af-1171-4111-ab9f-0c6af55dd2f8 admin admin] Publish callbacks ['neutron.plugins.ml2.ovo_rpc._ObjectChangeHandler.handle_event-727792'] for security_group (b5615b3c-dd94-43d9-9128-0b0ccbb9a196), after_delete {{(pid=109878) _notify_loop /usr/local/lib/python3.8/dist-packages/neutron_lib/callbacks/manager.py:176}}
Feb 04 20:41:59.604021 n-d-827917-1 neutron-server[109878]: DEBUG neutron_lib.callbacks.manager [None req-5820d5af-1171-4111-ab9f-0c6af55dd2f8 admin admin] Publish callbacks [] for security_group (None), before_response {{(pid=109878) _notify_loop /usr/local/lib/python3.8/dist-packages/neutron_lib/callbacks/manager.py:176}}
Feb 04 20:41:59.605665 n-d-827917-1 neutron-server[109878]: INFO neutron.wsgi [None req-5820d5af-1171-4111-ab9f-0c6af55dd2f8 admin admin] 10.222.0.36 "DELETE /v2.0/security-groups/b5615b3c-dd94-43d9-9128-0b0ccbb9a196 HTTP/1.1" status: 204 len: 168 time: 0.4135914
Feb 04 20:41:59.616445 n-d-827917-1 neutron-server[109878]: DEBUG neutron.api.rpc.handlers.resources_rpc [None req-5820d5af-1171-4111-ab9f-0c6af55dd2f8 admin admin] Pushing event deleted for resources: {'SecurityGroup': ['ID=b5615b3c-dd94-43d9-9128-0b0ccbb9a196,revision_number=None']} {{(pid=109878) push /opt/stack/neutron/neutron/api/rpc/handlers/resources_rpc.py:237}}
Feb 04 20:41:59.926282 n-d-827917-1 neutron-server[109878]: DEBUG neutron.pecan_wsgi.hooks.policy_enforcement [req-4ced55da-4452-4bbb-b8b5-a869c2b90787 req-3a3427c3-d270-4d34-9ce0-72e6711b7b42 tempest-AggregatesAdminTestJSON-1821736332 tempest-AggregatesAdminTestJSON-1821736332-project] Attributes excluded by policy engine: ['standard_attr_id', 'binding:profile', 'binding:host_id', 'binding:vif_type', 'binding:vif_details'] {{(pid=109878) _exclude_attributes_by_policy /opt/stack/neutron/neutron/pecan_wsgi/hooks/policy_enforcement.py:255}}
Feb 04 20:41:59.933607 n-d-827917-1 neutron-server[109878]: INFO neutron.wsgi [req-4ced55da-4452-4bbb-b8b5-a869c2b90787 req-3a3427c3-d270-4d34-9ce0-72e6711b7b42 tempest-AggregatesAdminTestJSON-1821736332 tempest-AggregatesAdminTestJSON-1821736332-project] 10.222.0.36 "GET /v2.0/ports?device_id=5843d1b4-4bb2-45a5-9dd5-770fe90b98fa HTTP/1.1" status: 200 len: 972 time: 0.0740759
Feb 04 20:41:59.940563 n-d-827917-1 neutron-server[109880]: DEBUG neutron.plugins.ml2.rpc [None req-1b09c629-df52-41a5-9de6-7b9ed087ef8a None None] Device d8fe176e-0a6b-4c45-8129-3136c8d2fa8e details requested by agent hyperv_n-h1-827917-1 with host n-h1-827917-1 {{(pid=109880) get_device_details /opt/stack/neutron/neutron/plugins/ml2/rpc.py:102}}
Feb 04 20:42:00.020992 n-d-827917-1 neutron-server[109878]: INFO neutron.wsgi [req-4ced55da-4452-4bbb-b8b5-a869c2b90787 req-f160459d-f65c-4c5f-852d-9813ba3bc048 tempest-AggregatesAdminTestJSON-1821736332 tempest-AggregatesAdminTestJSON-1821736332-project] 10.222.0.36 "GET /v2.0/security-groups?id=515a30f8-30d8-460a-a92a-8fb955eaa3e4&fields=id&fields=name HTTP/1.1" status: 200 len: 286 time: 0.0687757
Feb 04 20:42:00.091363 n-d-827917-1 neutron-server[109880]: DEBUG neutron.plugins.ml2.db [None req-1b09c629-df52-41a5-9de6-7b9ed087ef8a None None] For port d8fe176e-0a6b-4c45-8129-3136c8d2fa8e, host n-h1-827917-1, got binding levels [PortBindingLevel(driver='hyperv',host='n-h1-827917-1',level=0,port_id=d8fe176e-0a6b-4c45-8129-3136c8d2fa8e,segment=NetworkSegment(e9fa7c42-4159-48ae-993e-b332f53ae80c),segment_id=e9fa7c42-4159-48ae-993e-b332f53ae80c)] {{(pid=109880) get_binding_level_objs /opt/stack/neutron/neutron/plugins/ml2/db.py:74}}
Feb 04 20:42:00.123994 n-d-827917-1 neutron-server[109880]: DEBUG neutron.plugins.ml2.rpc [None req-1b09c629-df52-41a5-9de6-7b9ed087ef8a None None] Returning: {'device': 'd8fe176e-0a6b-4c45-8129-3136c8d2fa8e', 'network_id': '90435b64-cf26-4525-b4b1-47a3b5c3a84b', 'port_id': 'd8fe176e-0a6b-4c45-8129-3136c8d2fa8e', 'mac_address': 'fa:16:3e:ee:9e:72', 'admin_state_up': True, 'network_type': 'vlan', 'segmentation_id': 226, 'physical_network': 'physnet1', 'mtu': 1500, 'fixed_ips': [{'subnet_id': '3b41c03c-64ce-4c15-aa71-0b738295968f', 'ip_address': '172.20.0.10'}], 'device_owner': 'compute:nova', 'allowed_address_pairs': [], 'port_security_enabled': True, 'qos_policy_id': None, 'network_qos_policy_id': None, 'profile': {}, 'propagate_uplink_status': False} {{(pid=109880) _get_device_details /opt/stack/neutron/neutron/plugins/ml2/rpc.py:184}}
Feb 04 20:42:00.180033 n-d-827917-1 neutron-server[109880]: DEBUG neutron.plugins.ml2.plugin [None req-1b09c629-df52-41a5-9de6-7b9ed087ef8a None None] Current status of the port d8fe176e-0a6b-4c45-8129-3136c8d2fa8e is: DOWN; New status is: BUILD {{(pid=109880) _update_individual_port_db_status /opt/stack/neutron/neutron/plugins/ml2/plugin.py:2238}}
Feb 04 20:42:00.180859 n-d-827917-1 neutron-server[109880]: DEBUG neutron_lib.callbacks.manager [None req-1b09c629-df52-41a5-9de6-7b9ed087ef8a None None] Publish callbacks ['neutron.plugins.ml2.plugin.SecurityGroupDbMixin._ensure_default_security_group_handler-3923546'] for port (d8fe176e-0a6b-4c45-8129-3136c8d2fa8e), before_update {{(pid=109880) _notify_loop /usr/local/lib/python3.8/dist-packages/neutron_lib/callbacks/manager.py:176}}
Feb 04 20:42:00.199247 n-d-827917-1 neutron-server[109880]: DEBUG neutron.notifiers.nova [None req-1b09c629-df52-41a5-9de6-7b9ed087ef8a None None] Ignoring state change previous_port_status: DOWN current_port_status: BUILD port_id d8fe176e-0a6b-4c45-8129-3136c8d2fa8e {{(pid=109880) record_port_status_changed /opt/stack/neutron/neutron/notifiers/nova.py:228}}
Feb 04 20:42:00.199798 n-d-827917-1 neutron-server[109878]: DEBUG neutron.pecan_wsgi.hooks.policy_enforcement [req-dbb85b3a-807b-4ff9-8760-20589114fadc req-0bd72eb8-0ea3-49b3-a768-81d988987254 tempest-ServersWithSpecificFlavorTestJSON-1073141376 tempest-ServersWithSpecificFlavorTestJSON-1073141376-project] Attributes excluded by policy engine: ['standard_attr_id', 'binding:profile', 'binding:host_id', 'binding:vif_type', 'binding:vif_details'] {{(pid=109878) _exclude_attributes_by_policy /opt/stack/neutron/neutron/pecan_wsgi/hooks/policy_enforcement.py:255}}
Feb 04 20:42:00.208841 n-d-827917-1 neutron-server[109878]: INFO neutron.wsgi [req-dbb85b3a-807b-4ff9-8760-20589114fadc req-0bd72eb8-0ea3-49b3-a768-81d988987254 tempest-ServersWithSpecificFlavorTestJSON-1073141376 tempest-ServersWithSpecificFlavorTestJSON-1073141376-project] 10.222.0.36 "GET /v2.0/ports?device_id=3b09a729-3f11-4efe-9e1e-92504ddf83f9 HTTP/1.1" status: 200 len: 944 time: 0.0898879
Feb 04 20:42:00.227269 n-d-827917-1 neutron-server[109880]: DEBUG neutron.plugins.ml2.db [None req-1b09c629-df52-41a5-9de6-7b9ed087ef8a None None] For port d8fe176e-0a6b-4c45-8129-3136c8d2fa8e, host n-h1-827917-1, got binding levels [PortBindingLevel(driver='hyperv',host='n-h1-827917-1',level=0,port_id=d8fe176e-0a6b-4c45-8129-3136c8d2fa8e,segment=NetworkSegment(e9fa7c42-4159-48ae-993e-b332f53ae80c),segment_id=e9fa7c42-4159-48ae-993e-b332f53ae80c)] {{(pid=109880) get_binding_level_objs /opt/stack/neutron/neutron/plugins/ml2/db.py:74}}
Feb 04 20:42:00.231956 n-d-827917-1 neutron-server[109880]: DEBUG neutron_lib.callbacks.manager [None req-1b09c629-df52-41a5-9de6-7b9ed087ef8a None None] Publish callbacks ['neutron.plugins.ml2.plugin.SecurityGroupServerNotifierRpcMixin._notify_sg_on_port_change-3923613', 'neutron.plugins.ml2.ovo_rpc._ObjectChangeHandler.handle_event-14499', 'neutron.api.rpc.agentnotifiers.dhcp_rpc_agent_api.DhcpAgentNotifyAPI._native_event_send_dhcp_notification-698380', 'neutron.db.l3_db.L3RpcNotifierMixin._notify_gateway_port_ip_changed-8793787821815', 'neutron.db.l3_dvrscheduler_db._notify_l3_agent_port_update-8793787326073', 'neutron.db.l3_hascheduler_db._notify_l3_agent_ha_port_update-8793787326091'] for port (d8fe176e-0a6b-4c45-8129-3136c8d2fa8e), after_update {{(pid=109880) _notify_loop /usr/local/lib/python3.8/dist-packages/neutron_lib/callbacks/manager.py:176}}
Feb 04 20:42:00.295517 n-d-827917-1 neutron-server[109880]: DEBUG neutron.api.rpc.handlers.resources_rpc [None req-1b09c629-df52-41a5-9de6-7b9ed087ef8a None None] Pushing event updated for resources: {'Port': ['ID=d8fe176e-0a6b-4c45-8129-3136c8d2fa8e,revision_number=4']} {{(pid=109880) push /opt/stack/neutron/neutron/api/rpc/handlers/resources_rpc.py:237}}
Feb 04 20:42:00.299943 n-d-827917-1 neutron-server[109878]: INFO neutron.wsgi [req-dbb85b3a-807b-4ff9-8760-20589114fadc req-59c9c696-306b-485e-8c5e-d5f93e0b6a21 tempest-ServersWithSpecificFlavorTestJSON-1073141376 tempest-ServersWithSpecificFlavorTestJSON-1073141376-project] 10.222.0.36 "GET /v2.0/security-groups?id=45ca4a5f-5323-4a71-a57c-6fc003e8fa7a&fields=id&fields=name HTTP/1.1" status: 200 len: 313 time: 0.0897872
Feb 04 20:42:00.415162 n-d-827917-1 neutron-server[109878]: INFO neutron.wsgi [req-2a9dfd9d-94d3-4571-86cc-fa2ec103c044 req-c2eac47e-2fe9-4c73-8d76-06d1868c92c5 tempest-TenantUsagesTestJSON-181639213 tempest-TenantUsagesTestJSON-181639213-project] 10.222.0.36 "GET /v2.0/ports?device_id=11dff707-c2bc-4afd-a930-1b9b873de1e3 HTTP/1.1" status: 200 len: 210 time: 0.0575850
Feb 04 20:42:00.434372 n-d-827917-1 neutron-server[109879]: DEBUG neutron.wsgi [-] (109879) accepted ('10.222.0.36', 36388) {{(pid=109879) server /usr/local/lib/python3.8/dist-packages/eventlet/wsgi.py:1004}}
Feb 04 20:42:00.548868 n-d-827917-1 neutron-server[109880]: DEBUG neutron.plugins.ml2.db [None req-1b09c629-df52-41a5-9de6-7b9ed087ef8a None None] get_ports_and_sgs() called for port_ids ['d8fe176e-0a6b-4c45-8129-3136c8d2fa8e'] {{(pid=109880) get_ports_and_sgs /opt/stack/neutron/neutron/plugins/ml2/db.py:156}}
Feb 04 20:42:00.564843 n-d-827917-1 neutron-server[109878]: DEBUG neutron.pecan_wsgi.hooks.policy_enforcement [req-c5ce5f11-3d62-4696-9dc0-0a06148f99d5 req-5627a653-36be-49af-8010-6f5428bba139 tempest-AggregatesAdminTestJSON-1978967002 tempest-AggregatesAdminTestJSON-1978967002-project-admin] Attributes excluded by policy engine: ['standard_attr_id'] {{(pid=109878) _exclude_attributes_by_policy /opt/stack/neutron/neutron/pecan_wsgi/hooks/policy_enforcement.py:255}}
Feb 04 20:42:00.573434 n-d-827917-1 neutron-server[109878]: INFO neutron.wsgi [req-c5ce5f11-3d62-4696-9dc0-0a06148f99d5 req-5627a653-36be-49af-8010-6f5428bba139 tempest-AggregatesAdminTestJSON-1978967002 tempest-AggregatesAdminTestJSON-1978967002-project-admin] 10.222.0.36 "GET /v2.0/ports?device_id=5843d1b4-4bb2-45a5-9dd5-770fe90b98fa HTTP/1.1" status: 200 len: 1154 time: 0.0951958
Feb 04 20:42:00.589718 n-d-827917-1 neutron-server[109878]: DEBUG neutron_lib.callbacks.manager [req-c5ce5f11-3d62-4696-9dc0-0a06148f99d5 req-d99dfe2a-9985-4362-8d59-8abcd063992c tempest-AggregatesAdminTestJSON-1978967002 tempest-AggregatesAdminTestJSON-1978967002-project-admin] Publish callbacks [] for security_group (None), before_create {{(pid=109878) _notify_loop /usr/local/lib/python3.8/dist-packages/neutron_lib/callbacks/manager.py:176}}
Feb 04 20:42:00.690588 n-d-827917-1 neutron-server[109878]: DEBUG neutron_lib.callbacks.manager [req-c5ce5f11-3d62-4696-9dc0-0a06148f99d5 req-d99dfe2a-9985-4362-8d59-8abcd063992c tempest-AggregatesAdminTestJSON-1978967002 tempest-AggregatesAdminTestJSON-1978967002-project-admin] Publish callbacks [] for security_group (aed0b259-1e14-43be-8fcc-70032b8ab7d0), precommit_create {{(pid=109878) _notify_loop /usr/local/lib/python3.8/dist-packages/neutron_lib/callbacks/manager.py:176}}
Feb 04 20:42:00.696305 n-d-827917-1 neutron-server[109878]: DEBUG neutron_lib.callbacks.manager [req-c5ce5f11-3d62-4696-9dc0-0a06148f99d5 req-d99dfe2a-9985-4362-8d59-8abcd063992c tempest-AggregatesAdminTestJSON-1978967002 tempest-AggregatesAdminTestJSON-1978967002-project-admin] Publish callbacks ['neutron.plugins.ml2.ovo_rpc._ObjectChangeHandler.handle_event-727792'] for security_group (aed0b259-1e14-43be-8fcc-70032b8ab7d0), after_create {{(pid=109878) _notify_loop /usr/local/lib/python3.8/dist-packages/neutron_lib/callbacks/manager.py:176}}
Feb 04 20:42:00.731248 n-d-827917-1 neutron-server[109879]: DEBUG neutron_lib.callbacks.manager [None req-09b101a8-24ea-4d14-ab01-d91dab86df44 admin admin] Publish callbacks [] for security_group (None), before_create {{(pid=109879) _notify_loop /usr/local/lib/python3.8/dist-packages/neutron_lib/callbacks/manager.py:176}}
Feb 04 20:42:00.763118 n-d-827917-1 neutron-server[109878]: INFO neutron.wsgi [req-c5ce5f11-3d62-4696-9dc0-0a06148f99d5 req-d99dfe2a-9985-4362-8d59-8abcd063992c tempest-AggregatesAdminTestJSON-1978967002 tempest-AggregatesAdminTestJSON-1978967002-project-admin] 10.222.0.36 "GET /v2.0/security-groups?id=515a30f8-30d8-460a-a92a-8fb955eaa3e4&fields=id&fields=name HTTP/1.1" status: 200 len: 286 time: 0.1879578
Feb 04 20:42:00.775496 n-d-827917-1 neutron-server[109878]: DEBUG neutron.api.rpc.handlers.resources_rpc [None req-d99dfe2a-9985-4362-8d59-8abcd063992c tempest-AggregatesAdminTestJSON-1978967002 tempest-AggregatesAdminTestJSON-1978967002-project-admin] Pushing event updated for resources: {'SecurityGroup': ['ID=aed0b259-1e14-43be-8fcc-70032b8ab7d0,revision_number=1']} {{(pid=109878) push /opt/stack/neutron/neutron/api/rpc/handlers/resources_rpc.py:237}}
Feb 04 20:42:00.839879 n-d-827917-1 neutron-server[109879]: DEBUG neutron_lib.callbacks.manager [None req-09b101a8-24ea-4d14-ab01-d91dab86df44 admin admin] Publish callbacks [] for security_group (5f1d6737-43d6-4e8c-a6fd-aca7357003cb), precommit_create {{(pid=109879) _notify_loop /usr/local/lib/python3.8/dist-packages/neutron_lib/callbacks/manager.py:176}}
Feb 04 20:42:00.846746 n-d-827917-1 neutron-server[109879]: DEBUG neutron_lib.callbacks.manager [None req-09b101a8-24ea-4d14-ab01-d91dab86df44 admin admin] Publish callbacks ['neutron.plugins.ml2.ovo_rpc._ObjectChangeHandler.handle_event-727792'] for security_group (5f1d6737-43d6-4e8c-a6fd-aca7357003cb), after_create {{(pid=109879) _notify_loop /usr/local/lib/python3.8/dist-packages/neutron_lib/callbacks/manager.py:176}}
Feb 04 20:42:00.928177 n-d-827917-1 neutron-server[109878]: DEBUG neutron.wsgi [-] (109878) accepted ('10.222.0.36', 36406) {{(pid=109878) server /usr/local/lib/python3.8/dist-packages/eventlet/wsgi.py:1004}}
Feb 04 20:42:00.934634 n-d-827917-1 neutron-server[109879]: INFO neutron.wsgi [None req-09b101a8-24ea-4d14-ab01-d91dab86df44 admin admin] 10.222.0.36 "GET /v2.0/security-groups?tenant_id=3d1f4ce12bd94092bf0e9d9783f8ed5e&name=default HTTP/1.1" status: 200 len: 2996 time: 0.4987843
Feb 04 20:42:01.034522 n-d-827917-1 neutron-server[109878]: DEBUG neutron_lib.callbacks.manager [None req-49777e27-9402-40b5-8100-821ea2e2a170 admin admin] Publish callbacks [] for security_group (5f1d6737-43d6-4e8c-a6fd-aca7357003cb), before_delete {{(pid=109878) _notify_loop /usr/local/lib/python3.8/dist-packages/neutron_lib/callbacks/manager.py:176}}
Feb 04 20:42:01.072737 n-d-827917-1 neutron-server[109878]: DEBUG neutron_lib.callbacks.manager [None req-49777e27-9402-40b5-8100-821ea2e2a170 admin admin] Publish callbacks [] for security_group (5f1d6737-43d6-4e8c-a6fd-aca7357003cb), precommit_delete {{(pid=109878) _notify_loop /usr/local/lib/python3.8/dist-packages/neutron_lib/callbacks/manager.py:176}}
Feb 04 20:42:01.087387 n-d-827917-1 neutron-server[109879]: DEBUG neutron.api.rpc.handlers.resources_rpc [None req-09b101a8-24ea-4d14-ab01-d91dab86df44 admin admin] Pushing event updated for resources: {'SecurityGroup': ['ID=5f1d6737-43d6-4e8c-a6fd-aca7357003cb,revision_number=1']} {{(pid=109879) push /opt/stack/neutron/neutron/api/rpc/handlers/resources_rpc.py:237}}
Feb 04 20:42:01.093573 n-d-827917-1 neutron-server[109879]: INFO neutron.wsgi [req-9ba155fe-ba69-4921-8579-209fd92bd54f req-71de428d-4995-47b6-a159-1bf6b2314d84 tempest-TenantUsagesTestJSON-181639213 tempest-TenantUsagesTestJSON-181639213-project] 10.222.0.31 "GET /v2.0/networks?tenant_id=0b95e93390724e519b2e01babfc3178d&shared=False HTTP/1.1" status: 200 len: 213 time: 0.1360857
Feb 04 20:42:01.122923 n-d-827917-1 neutron-server[109878]: DEBUG neutron.wsgi [-] (109878) accepted ('10.222.0.36', 36418) {{(pid=109878) server /usr/local/lib/python3.8/dist-packages/eventlet/wsgi.py:1004}}
Feb 04 20:42:01.134447 n-d-827917-1 neutron-server[109878]: DEBUG neutron.api.v2.base [None req-1dd26719-faed-4be3-bd52-50b0fc025a8f admin admin] Request body: {'network': {'name': 'tempest-LiveAutoBlockMigrationV225Test-941289084-network', 'tenant_id': 'f3d59c26d0bc42e3959d37982322b457'}} {{(pid=109878) prepare_request_body /opt/stack/neutron/neutron/api/v2/base.py:729}}
Feb 04 20:42:01.198214 n-d-827917-1 neutron-server[109878]: DEBUG neutron.pecan_wsgi.hooks.quota_enforcement [None req-1dd26719-faed-4be3-bd52-50b0fc025a8f admin admin] Made reservation on behalf of f3d59c26d0bc42e3959d37982322b457 for: {'network': 1} {{(pid=109878) before /opt/stack/neutron/neutron/pecan_wsgi/hooks/quota_enforcement.py:53}}
Feb 04 20:42:01.201442 n-d-827917-1 neutron-server[109878]: DEBUG neutron_lib.callbacks.manager [None req-1dd26719-faed-4be3-bd52-50b0fc025a8f admin admin] Publish callbacks ['neutron.plugins.ml2.plugin.SecurityGroupDbMixin._ensure_default_security_group_handler-3923546'] for network (None), before_create {{(pid=109878) _notify_loop /usr/local/lib/python3.8/dist-packages/neutron_lib/callbacks/manager.py:176}}
Feb 04 20:42:01.213730 n-d-827917-1 neutron-server[109878]: DEBUG neutron_lib.callbacks.manager [None req-1dd26719-faed-4be3-bd52-50b0fc025a8f admin admin] Publish callbacks [] for security_group (None), before_create {{(pid=109878) _notify_loop /usr/local/lib/python3.8/dist-packages/neutron_lib/callbacks/manager.py:176}}
Feb 04 20:42:01.271817 n-d-827917-1 neutron-server[109879]: DEBUG neutron.pecan_wsgi.hooks.policy_enforcement [req-9ba155fe-ba69-4921-8579-209fd92bd54f req-10c862ec-c05e-471a-ab77-57c686d2b0b1 tempest-TenantUsagesTestJSON-181639213 tempest-TenantUsagesTestJSON-181639213-project] Attributes excluded by policy engine: ['standard_attr_id', 'vlan_transparent', 'provider:network_type', 'provider:physical_network', 'provider:segmentation_id'] {{(pid=109879) _exclude_attributes_by_policy /opt/stack/neutron/neutron/pecan_wsgi/hooks/policy_enforcement.py:255}}
Feb 04 20:42:01.273573 n-d-827917-1 neutron-server[109878]: DEBUG neutron_lib.callbacks.manager [None req-49777e27-9402-40b5-8100-821ea2e2a170 admin admin] Publish callbacks ['neutron.plugins.ml2.ovo_rpc._ObjectChangeHandler.handle_event-727792'] for security_group (5f1d6737-43d6-4e8c-a6fd-aca7357003cb), after_delete {{(pid=109878) _notify_loop /usr/local/lib/python3.8/dist-packages/neutron_lib/callbacks/manager.py:176}}
Feb 04 20:42:01.274917 n-d-827917-1 neutron-server[109879]: INFO neutron.wsgi [req-9ba155fe-ba69-4921-8579-209fd92bd54f req-10c862ec-c05e-471a-ab77-57c686d2b0b1 tempest-TenantUsagesTestJSON-181639213 tempest-TenantUsagesTestJSON-181639213-project] 10.222.0.31 "GET /v2.0/networks?shared=True HTTP/1.1" status: 200 len: 769 time: 0.1711297
Feb 04 20:42:01.276242 n-d-827917-1 neutron-server[109878]: DEBUG neutron_lib.callbacks.manager [None req-49777e27-9402-40b5-8100-821ea2e2a170 admin admin] Publish callbacks [] for security_group (None), before_response {{(pid=109878) _notify_loop /usr/local/lib/python3.8/dist-packages/neutron_lib/callbacks/manager.py:176}}
Feb 04 20:42:01.277392 n-d-827917-1 neutron-server[109878]: INFO neutron.wsgi [None req-49777e27-9402-40b5-8100-821ea2e2a170 admin admin] 10.222.0.36 "DELETE /v2.0/security-groups/5f1d6737-43d6-4e8c-a6fd-aca7357003cb HTTP/1.1" status: 204 len: 168 time: 0.3485351
Feb 04 20:42:01.290082 n-d-827917-1 neutron-server[109879]: DEBUG neutron.api.v2.base [req-9ba155fe-ba69-4921-8579-209fd92bd54f req-26cd94b5-cf3c-4e79-8c77-6c7f8173f3b6 tempest-TenantUsagesTestJSON-181639213 tempest-TenantUsagesTestJSON-181639213-project] Request body: {'port': {'device_id': '11dff707-c2bc-4afd-a930-1b9b873de1e3', 'network_id': '19d4dc39-896d-4e8c-b23d-91d291aae027', 'admin_state_up': True, 'tenant_id': '0b95e93390724e519b2e01babfc3178d'}} {{(pid=109879) prepare_request_body /opt/stack/neutron/neutron/api/v2/base.py:729}}
Feb 04 20:42:01.302001 n-d-827917-1 neutron-server[109878]: DEBUG neutron.api.rpc.handlers.resources_rpc [None req-49777e27-9402-40b5-8100-821ea2e2a170 admin admin] Pushing event deleted for resources: {'SecurityGroup': ['ID=5f1d6737-43d6-4e8c-a6fd-aca7357003cb,revision_number=None']} {{(pid=109878) push /opt/stack/neutron/neutron/api/rpc/handlers/resources_rpc.py:237}}
Feb 04 20:42:01.326391 n-d-827917-1 neutron-server[109878]: DEBUG neutron.pecan_wsgi.hooks.policy_enforcement [req-53db819b-9d40-467e-bba3-15b1a551c7f3 req-fbf6c2f4-fc8d-453e-b80a-f5f4050ae07a tempest-AggregatesAdminTestJSON-1821736332 tempest-AggregatesAdminTestJSON-1821736332-project] Attributes excluded by policy engine: ['standard_attr_id', 'binding:profile', 'binding:host_id', 'binding:vif_type', 'binding:vif_details'] {{(pid=109878) _exclude_attributes_by_policy /opt/stack/neutron/neutron/pecan_wsgi/hooks/policy_enforcement.py:255}}
Feb 04 20:42:01.329163 n-d-827917-1 neutron-server[109878]: INFO neutron.wsgi [req-53db819b-9d40-467e-bba3-15b1a551c7f3 req-fbf6c2f4-fc8d-453e-b80a-f5f4050ae07a tempest-AggregatesAdminTestJSON-1821736332 tempest-AggregatesAdminTestJSON-1821736332-project] 10.222.0.36 "GET /v2.0/ports?device_id=5843d1b4-4bb2-45a5-9dd5-770fe90b98fa HTTP/1.1" status: 200 len: 972 time: 0.1166897
