Mar 01 20:54:27.628103 n-d-827896-4 devstack@placement-api.service[89000]: DEBUG placement.objects.allocation_candidate [req-60c51394-b567-4256-9889-ade1ce2466dd req-f395dc28-9e57-4ee1-9662-ce9e02510713 service placement] RequestGroup(use_same_provider=False, resources={DISK_GB:1, MEMORY_MB:1024, VCPU:1}, traits=[], aggregates=[]) (suffix '') returned 2 matches {{(pid=89000) _get_by_requests /opt/stack/placement/placement/objects/allocation_candidate.py:145}}
Mar 01 20:54:27.628474 n-d-827896-4 devstack@placement-api.service[89000]: DEBUG placement.objects.allocation_candidate [req-60c51394-b567-4256-9889-ade1ce2466dd req-f395dc28-9e57-4ee1-9662-ce9e02510713 service placement] Merging candidates yields 2 allocation requests and 2 provider summaries {{(pid=89000) _merge_candidates /opt/stack/placement/placement/objects/allocation_candidate.py:783}}
Mar 01 20:54:27.630226 n-d-827896-4 devstack@placement-api.service[89000]: INFO placement.requestlog [req-60c51394-b567-4256-9889-ade1ce2466dd req-f395dc28-9e57-4ee1-9662-ce9e02510713 service placement] 10.222.0.42 "GET /placement/allocation_candidates?limit=1000&resources=DISK_GB%3A1%2CMEMORY_MB%3A1024%2CVCPU%3A1&root_required=%21COMPUTE_STATUS_DISABLED" status: 200 len: 1309 microversion: 1.35
Mar 01 20:54:27.630460 n-d-827896-4 devstack@placement-api.service[89000]: [pid: 89000|app: 0|req: 256/510] 10.222.0.42 () {60 vars in 1506 bytes} [Tue Mar 1 20:54:27 2022] GET /placement/allocation_candidates?limit=1000&resources=DISK_GB%3A1%2CMEMORY_MB%3A1024%2CVCPU%3A1&root_required=%21COMPUTE_STATUS_DISABLED => generated 1309 bytes in 124 msecs (HTTP/1.1 200) 8 headers in 297 bytes (1 switches on core 0)
Mar 01 20:54:27.754743 n-d-827896-4 devstack@placement-api.service[89001]: DEBUG placement.requestlog [req-60c51394-b567-4256-9889-ade1ce2466dd req-84998e6e-1507-4e75-b578-79964a53e8b6 None None] Starting request: 10.222.0.42 "GET /placement/allocations/6d4995a3-7b4e-4ea7-a14c-b4141a7ddab9" {{(pid=89001) __call__ /opt/stack/placement/placement/requestlog.py:55}}
Mar 01 20:54:27.768568 n-d-827896-4 devstack@placement-api.service[89001]: INFO placement.requestlog [req-60c51394-b567-4256-9889-ade1ce2466dd req-84998e6e-1507-4e75-b578-79964a53e8b6 service placement] 10.222.0.42 "GET /placement/allocations/6d4995a3-7b4e-4ea7-a14c-b4141a7ddab9" status: 200 len: 19 microversion: 1.28
Mar 01 20:54:27.768828 n-d-827896-4 devstack@placement-api.service[89001]: [pid: 89001|app: 0|req: 255/511] 10.222.0.42 () {60 vars in 1380 bytes} [Tue Mar 1 20:54:27 2022] GET /placement/allocations/6d4995a3-7b4e-4ea7-a14c-b4141a7ddab9 => generated 19 bytes in 14 msecs (HTTP/1.1 200) 8 headers in 295 bytes (1 switches on core 0)
Mar 01 20:54:27.776546 n-d-827896-4 devstack@placement-api.service[89000]: DEBUG placement.requestlog [req-60c51394-b567-4256-9889-ade1ce2466dd req-8509ee96-95ea-4d29-97c2-cc1eb19834fc None None] Starting request: 10.222.0.42 "PUT /placement/allocations/6d4995a3-7b4e-4ea7-a14c-b4141a7ddab9" {{(pid=89000) __call__ /opt/stack/placement/placement/requestlog.py:55}}
Mar 01 20:54:28.012835 n-d-827896-4 devstack@placement-api.service[89000]: DEBUG placement.handlers.allocation [req-60c51394-b567-4256-9889-ade1ce2466dd req-8509ee96-95ea-4d29-97c2-cc1eb19834fc service placement] Successfully wrote allocations [, , ] {{(pid=89000) _create_allocations /opt/stack/placement/placement/handlers/allocation.py:435}}
Mar 01 20:54:28.013440 n-d-827896-4 devstack@placement-api.service[89000]: INFO placement.requestlog [req-60c51394-b567-4256-9889-ade1ce2466dd req-8509ee96-95ea-4d29-97c2-cc1eb19834fc service placement] 10.222.0.42 "PUT /placement/allocations/6d4995a3-7b4e-4ea7-a14c-b4141a7ddab9" status: 204 len: 0 microversion: 1.35
Mar 01 20:54:28.013790 n-d-827896-4 devstack@placement-api.service[89000]: [pid: 89000|app: 0|req: 257/512] 10.222.0.42 () {64 vars in 1433 bytes} [Tue Mar 1 20:54:27 2022] PUT /placement/allocations/6d4995a3-7b4e-4ea7-a14c-b4141a7ddab9 => generated 0 bytes in 237 msecs (HTTP/1.1 204) 5 headers in 199 bytes (2 switches on core 0)
Mar 01 20:54:29.358714 n-d-827896-4 devstack@placement-api.service[89001]: DEBUG placement.requestlog [req-60c51394-b567-4256-9889-ade1ce2466dd req-f3374a5f-2e5a-4f8f-9b51-a720f331cf9e None None] Starting request: 10.222.0.57 "GET /placement/allocations/6d4995a3-7b4e-4ea7-a14c-b4141a7ddab9" {{(pid=89001) __call__ /opt/stack/placement/placement/requestlog.py:55}}
Mar 01 20:54:29.379731 n-d-827896-4 devstack@placement-api.service[89001]: INFO placement.requestlog [req-60c51394-b567-4256-9889-ade1ce2466dd req-f3374a5f-2e5a-4f8f-9b51-a720f331cf9e service placement] 10.222.0.57 "GET /placement/allocations/6d4995a3-7b4e-4ea7-a14c-b4141a7ddab9" status: 200 len: 259 microversion: 1.28
Mar 01 20:54:29.380610 n-d-827896-4 devstack@placement-api.service[89001]: [pid: 89001|app: 0|req: 256/513] 10.222.0.57 () {60 vars in 1377 bytes} [Tue Mar 1 20:54:29 2022] GET /placement/allocations/6d4995a3-7b4e-4ea7-a14c-b4141a7ddab9 => generated 259 bytes in 22 msecs (HTTP/1.1 200) 8 headers in 296 bytes (1 switches on core 0)
Mar 01 20:54:30.666054 n-d-827896-4 devstack@placement-api.service[89000]: DEBUG placement.requestlog [req-cf8defbb-f8d4-43cb-ada8-18ab8a8160d9 req-bc0dbc6e-f691-448d-9503-e3155ddc1ac9 None None] Starting request: 10.222.0.42 "GET /placement/allocation_candidates?limit=1000&resources=DISK_GB%3A1%2CMEMORY_MB%3A512%2CVCPU%3A1&root_required=%21COMPUTE_STATUS_DISABLED" {{(pid=89000) __call__ /opt/stack/placement/placement/requestlog.py:55}}
Mar 01 20:54:30.985364 n-d-827896-4 devstack@placement-api.service[89000]: DEBUG placement.objects.research_context [req-cf8defbb-f8d4-43cb-ada8-18ab8a8160d9 req-bc0dbc6e-f691-448d-9503-e3155ddc1ac9 service placement] getting providers with 1 DISK_GB {{(pid=89000) __init__ /opt/stack/placement/placement/objects/research_context.py:126}}
Mar 01 20:54:30.998117 n-d-827896-4 devstack@placement-api.service[89000]: DEBUG placement.objects.research_context [req-cf8defbb-f8d4-43cb-ada8-18ab8a8160d9 req-bc0dbc6e-f691-448d-9503-e3155ddc1ac9 service placement] getting providers with 512 MEMORY_MB {{(pid=89000) __init__ /opt/stack/placement/placement/objects/research_context.py:126}}
Mar 01 20:54:31.006248 n-d-827896-4 devstack@placement-api.service[89000]: DEBUG placement.objects.research_context [req-cf8defbb-f8d4-43cb-ada8-18ab8a8160d9 req-bc0dbc6e-f691-448d-9503-e3155ddc1ac9 service placement] getting providers with 1 VCPU {{(pid=89000) __init__ /opt/stack/placement/placement/objects/research_context.py:126}}
Mar 01 20:54:31.029294 n-d-827896-4 devstack@placement-api.service[89000]: DEBUG placement.objects.research_context [req-cf8defbb-f8d4-43cb-ada8-18ab8a8160d9 req-bc0dbc6e-f691-448d-9503-e3155ddc1ac9 service placement] found 2 providers with available 1 DISK_GB {{(pid=89000) get_provider_ids_matching /opt/stack/placement/placement/objects/research_context.py:549}}
Mar 01 20:54:31.031150 n-d-827896-4 devstack@placement-api.service[89000]: DEBUG placement.objects.research_context [req-cf8defbb-f8d4-43cb-ada8-18ab8a8160d9 req-bc0dbc6e-f691-448d-9503-e3155ddc1ac9 service placement] found 2 providers with available 512 MEMORY_MB {{(pid=89000) get_provider_ids_matching /opt/stack/placement/placement/objects/research_context.py:549}}
Mar 01 20:54:31.031695 n-d-827896-4 devstack@placement-api.service[89000]: DEBUG placement.objects.research_context [req-cf8defbb-f8d4-43cb-ada8-18ab8a8160d9 req-bc0dbc6e-f691-448d-9503-e3155ddc1ac9 service placement] found 2 providers after filtering by previous result {{(pid=89000) get_provider_ids_matching /opt/stack/placement/placement/objects/research_context.py:580}}
Mar 01 20:54:31.032244 n-d-827896-4 devstack@placement-api.service[89000]: DEBUG placement.objects.research_context [req-cf8defbb-f8d4-43cb-ada8-18ab8a8160d9 req-bc0dbc6e-f691-448d-9503-e3155ddc1ac9 service placement] found 2 providers with available 1 VCPU {{(pid=89000) get_provider_ids_matching /opt/stack/placement/placement/objects/research_context.py:549}}
Mar 01 20:54:31.033335 n-d-827896-4 devstack@placement-api.service[89000]: DEBUG placement.objects.research_context [req-cf8defbb-f8d4-43cb-ada8-18ab8a8160d9 req-bc0dbc6e-f691-448d-9503-e3155ddc1ac9 service placement] found 2 providers after filtering by previous result {{(pid=89000) get_provider_ids_matching /opt/stack/placement/placement/objects/research_context.py:580}}
Mar 01 20:54:31.085236 n-d-827896-4 devstack@placement-api.service[89000]: DEBUG placement.objects.allocation_candidate [req-cf8defbb-f8d4-43cb-ada8-18ab8a8160d9 req-bc0dbc6e-f691-448d-9503-e3155ddc1ac9 service placement] RequestGroup(use_same_provider=False, resources={DISK_GB:1, MEMORY_MB:512, VCPU:1}, traits=[], aggregates=[]) (suffix '') returned 2 matches {{(pid=89000) _get_by_requests /opt/stack/placement/placement/objects/allocation_candidate.py:145}}
Mar 01 20:54:31.086103 n-d-827896-4 devstack@placement-api.service[89000]: DEBUG placement.objects.allocation_candidate [req-cf8defbb-f8d4-43cb-ada8-18ab8a8160d9 req-bc0dbc6e-f691-448d-9503-e3155ddc1ac9 service placement] Merging candidates yields 2 allocation requests and 2 provider summaries {{(pid=89000) _merge_candidates /opt/stack/placement/placement/objects/allocation_candidate.py:783}}
Mar 01 20:54:31.089999 n-d-827896-4 devstack@placement-api.service[89000]: INFO placement.requestlog [req-cf8defbb-f8d4-43cb-ada8-18ab8a8160d9 req-bc0dbc6e-f691-448d-9503-e3155ddc1ac9 service placement] 10.222.0.42 "GET /placement/allocation_candidates?limit=1000&resources=DISK_GB%3A1%2CMEMORY_MB%3A512%2CVCPU%3A1&root_required=%21COMPUTE_STATUS_DISABLED" status: 200 len: 1307 microversion: 1.35
Mar 01 20:54:31.095710 n-d-827896-4 devstack@placement-api.service[89000]: [pid: 89000|app: 0|req: 258/514] 10.222.0.42 () {60 vars in 1504 bytes} [Tue Mar 1 20:54:30 2022] GET /placement/allocation_candidates?limit=1000&resources=DISK_GB%3A1%2CMEMORY_MB%3A512%2CVCPU%3A1&root_required=%21COMPUTE_STATUS_DISABLED => generated 1307 bytes in 430 msecs (HTTP/1.1 200) 8 headers in 297 bytes (1 switches on core 0)
Mar 01 20:54:31.208258 n-d-827896-4 devstack@placement-api.service[89001]: DEBUG placement.requestlog [req-cf8defbb-f8d4-43cb-ada8-18ab8a8160d9 req-66b26ca8-4794-402a-9736-dd2f9f934a48 None None] Starting request: 10.222.0.42 "GET /placement/allocations/94fc1b57-6e1f-444a-9f2e-222ec5ff2698" {{(pid=89001) __call__ /opt/stack/placement/placement/requestlog.py:55}}
Mar 01 20:54:31.351172 n-d-827896-4 devstack@placement-api.service[89001]: INFO placement.requestlog [req-cf8defbb-f8d4-43cb-ada8-18ab8a8160d9 req-66b26ca8-4794-402a-9736-dd2f9f934a48 service placement] 10.222.0.42 "GET /placement/allocations/94fc1b57-6e1f-444a-9f2e-222ec5ff2698" status: 200 len: 19 microversion: 1.28
Mar 01 20:54:31.359302 n-d-827896-4 devstack@placement-api.service[89001]: [pid: 89001|app: 0|req: 257/515] 10.222.0.42 () {60 vars in 1380 bytes} [Tue Mar 1 20:54:31 2022] GET /placement/allocations/94fc1b57-6e1f-444a-9f2e-222ec5ff2698 => generated 19 bytes in 151 msecs (HTTP/1.1 200) 8 headers in 295 bytes (2 switches on core 0)
Mar 01 20:54:31.359979 n-d-827896-4 devstack@placement-api.service[89000]: DEBUG placement.requestlog [req-cf8defbb-f8d4-43cb-ada8-18ab8a8160d9 req-0770a7aa-98a7-4ddd-a12e-665d924211f5 None None] Starting request: 10.222.0.42 "PUT /placement/allocations/94fc1b57-6e1f-444a-9f2e-222ec5ff2698" {{(pid=89000) __call__ /opt/stack/placement/placement/requestlog.py:55}}
Mar 01 20:54:31.625524 n-d-827896-4 devstack@placement-api.service[89000]: DEBUG placement.handlers.allocation [req-cf8defbb-f8d4-43cb-ada8-18ab8a8160d9 req-0770a7aa-98a7-4ddd-a12e-665d924211f5 service placement] Successfully wrote allocations [, , ] {{(pid=89000) _create_allocations /opt/stack/placement/placement/handlers/allocation.py:435}}
Mar 01 20:54:31.626385 n-d-827896-4 devstack@placement-api.service[89000]: INFO placement.requestlog [req-cf8defbb-f8d4-43cb-ada8-18ab8a8160d9 req-0770a7aa-98a7-4ddd-a12e-665d924211f5 service placement] 10.222.0.42 "PUT /placement/allocations/94fc1b57-6e1f-444a-9f2e-222ec5ff2698" status: 204 len: 0 microversion: 1.35
Mar 01 20:54:31.630066 n-d-827896-4 devstack@placement-api.service[89000]: [pid: 89000|app: 0|req: 259/516] 10.222.0.42 () {64 vars in 1433 bytes} [Tue Mar 1 20:54:31 2022] PUT /placement/allocations/94fc1b57-6e1f-444a-9f2e-222ec5ff2698 => generated 0 bytes in 268 msecs (HTTP/1.1 204) 5 headers in 199 bytes (2 switches on core 0)
Mar 01 20:54:33.519165 n-d-827896-4 devstack@placement-api.service[89001]: DEBUG placement.requestlog [req-cf8defbb-f8d4-43cb-ada8-18ab8a8160d9 req-60bf1294-7d03-4fe7-ac1e-4d6163bab70c None None] Starting request: 10.222.0.55 "GET /placement/allocations/94fc1b57-6e1f-444a-9f2e-222ec5ff2698" {{(pid=89001) __call__ /opt/stack/placement/placement/requestlog.py:55}}
Mar 01 20:54:33.543496 n-d-827896-4 devstack@placement-api.service[89001]: INFO placement.requestlog [req-cf8defbb-f8d4-43cb-ada8-18ab8a8160d9 req-60bf1294-7d03-4fe7-ac1e-4d6163bab70c service placement] 10.222.0.55 "GET /placement/allocations/94fc1b57-6e1f-444a-9f2e-222ec5ff2698" status: 200 len: 258 microversion: 1.28
Mar 01 20:54:33.544730 n-d-827896-4 devstack@placement-api.service[89001]: [pid: 89001|app: 0|req: 258/517] 10.222.0.55 () {60 vars in 1377 bytes} [Tue Mar 1 20:54:33 2022] GET /placement/allocations/94fc1b57-6e1f-444a-9f2e-222ec5ff2698 => generated 258 bytes in 26 msecs (HTTP/1.1 200) 8 headers in 296 bytes (1 switches on core 0)
Mar 01 20:54:37.522542 n-d-827896-4 devstack@placement-api.service[89000]: DEBUG placement.requestlog [req-6534f390-8cf1-43a3-b08d-c6608ed1d054 req-2ff4c69b-fcaf-4184-92d4-2b1613893861 None None] Starting request: 10.222.0.42 "GET /placement/allocation_candidates?limit=1000&resources=DISK_GB%3A1%2CMEMORY_MB%3A1024%2CVCPU%3A1&root_required=%21COMPUTE_STATUS_DISABLED" {{(pid=89000) __call__ /opt/stack/placement/placement/requestlog.py:55}}
Mar 01 20:54:37.593205 n-d-827896-4 devstack@placement-api.service[89000]: DEBUG placement.objects.research_context [req-6534f390-8cf1-43a3-b08d-c6608ed1d054 req-2ff4c69b-fcaf-4184-92d4-2b1613893861 service placement] getting providers with 1 DISK_GB {{(pid=89000) __init__ /opt/stack/placement/placement/objects/research_context.py:126}}
Mar 01 20:54:37.612768 n-d-827896-4 devstack@placement-api.service[89000]: DEBUG placement.objects.research_context [req-6534f390-8cf1-43a3-b08d-c6608ed1d054 req-2ff4c69b-fcaf-4184-92d4-2b1613893861 service placement] getting providers with 1024 MEMORY_MB {{(pid=89000) __init__ /opt/stack/placement/placement/objects/research_context.py:126}}
Mar 01 20:54:37.628232 n-d-827896-4 devstack@placement-api.service[89000]: DEBUG placement.objects.research_context [req-6534f390-8cf1-43a3-b08d-c6608ed1d054 req-2ff4c69b-fcaf-4184-92d4-2b1613893861 service placement] getting providers with 1 VCPU {{(pid=89000) __init__ /opt/stack/placement/placement/objects/research_context.py:126}}
Mar 01 20:54:37.657071 n-d-827896-4 devstack@placement-api.service[89000]: DEBUG placement.objects.research_context [req-6534f390-8cf1-43a3-b08d-c6608ed1d054 req-2ff4c69b-fcaf-4184-92d4-2b1613893861 service placement] found 2 providers with available 1 DISK_GB {{(pid=89000) get_provider_ids_matching /opt/stack/placement/placement/objects/research_context.py:549}}
Mar 01 20:54:37.657071 n-d-827896-4 devstack@placement-api.service[89000]: DEBUG placement.objects.research_context [req-6534f390-8cf1-43a3-b08d-c6608ed1d054 req-2ff4c69b-fcaf-4184-92d4-2b1613893861 service placement] found 2 providers with available 1024 MEMORY_MB {{(pid=89000) get_provider_ids_matching /opt/stack/placement/placement/objects/research_context.py:549}}
Mar 01 20:54:37.657071 n-d-827896-4 devstack@placement-api.service[89000]: DEBUG placement.objects.research_context [req-6534f390-8cf1-43a3-b08d-c6608ed1d054 req-2ff4c69b-fcaf-4184-92d4-2b1613893861 service placement] found 2 providers after filtering by previous result {{(pid=89000) get_provider_ids_matching /opt/stack/placement/placement/objects/research_context.py:580}}
Mar 01 20:54:37.657071 n-d-827896-4 devstack@placement-api.service[89000]: DEBUG placement.objects.research_context [req-6534f390-8cf1-43a3-b08d-c6608ed1d054 req-2ff4c69b-fcaf-4184-92d4-2b1613893861 service placement] found 2 providers with available 1 VCPU {{(pid=89000) get_provider_ids_matching /opt/stack/placement/placement/objects/research_context.py:549}}
Mar 01 20:54:37.657071 n-d-827896-4 devstack@placement-api.service[89000]: DEBUG placement.objects.research_context [req-6534f390-8cf1-43a3-b08d-c6608ed1d054 req-2ff4c69b-fcaf-4184-92d4-2b1613893861 service placement] found 2 providers after filtering by previous result {{(pid=89000) get_provider_ids_matching /opt/stack/placement/placement/objects/research_context.py:580}}
Mar 01 20:54:37.677028 n-d-827896-4 devstack@placement-api.service[89000]: DEBUG placement.objects.allocation_candidate [req-6534f390-8cf1-43a3-b08d-c6608ed1d054 req-2ff4c69b-fcaf-4184-92d4-2b1613893861 service placement] RequestGroup(use_same_provider=False, resources={DISK_GB:1, MEMORY_MB:1024, VCPU:1}, traits=[], aggregates=[]) (suffix '') returned 2 matches {{(pid=89000) _get_by_requests /opt/stack/placement/placement/objects/allocation_candidate.py:145}}
Mar 01 20:54:37.677528 n-d-827896-4 devstack@placement-api.service[89000]: DEBUG placement.objects.allocation_candidate [req-6534f390-8cf1-43a3-b08d-c6608ed1d054 req-2ff4c69b-fcaf-4184-92d4-2b1613893861 service placement] Merging candidates yields 2 allocation requests and 2 provider summaries {{(pid=89000) _merge_candidates /opt/stack/placement/placement/objects/allocation_candidate.py:783}}
Mar 01 20:54:37.679019 n-d-827896-4 devstack@placement-api.service[89000]: INFO placement.requestlog [req-6534f390-8cf1-43a3-b08d-c6608ed1d054 req-2ff4c69b-fcaf-4184-92d4-2b1613893861 service placement] 10.222.0.42 "GET /placement/allocation_candidates?limit=1000&resources=DISK_GB%3A1%2CMEMORY_MB%3A1024%2CVCPU%3A1&root_required=%21COMPUTE_STATUS_DISABLED" status: 200 len: 1309 microversion: 1.35
Mar 01 20:54:37.679642 n-d-827896-4 devstack@placement-api.service[89000]: [pid: 89000|app: 0|req: 260/518] 10.222.0.42 () {60 vars in 1506 bytes} [Tue Mar 1 20:54:37 2022] GET /placement/allocation_candidates?limit=1000&resources=DISK_GB%3A1%2CMEMORY_MB%3A1024%2CVCPU%3A1&root_required=%21COMPUTE_STATUS_DISABLED => generated 1309 bytes in 157 msecs (HTTP/1.1 200) 8 headers in 297 bytes (1 switches on core 0)
Mar 01 20:54:37.784318 n-d-827896-4 devstack@placement-api.service[89001]: DEBUG placement.requestlog [req-6534f390-8cf1-43a3-b08d-c6608ed1d054 req-b3efa946-cbf3-4341-97e8-c71d7f6317ad None None] Starting request: 10.222.0.42 "GET /placement/allocations/b83f53f5-1b09-4195-9227-e0ae3e9fea41" {{(pid=89001) __call__ /opt/stack/placement/placement/requestlog.py:55}}
Mar 01 20:54:37.802859 n-d-827896-4 devstack@placement-api.service[89001]: INFO placement.requestlog [req-6534f390-8cf1-43a3-b08d-c6608ed1d054 req-b3efa946-cbf3-4341-97e8-c71d7f6317ad service placement] 10.222.0.42 "GET /placement/allocations/b83f53f5-1b09-4195-9227-e0ae3e9fea41" status: 200 len: 19 microversion: 1.28
Mar 01 20:54:37.803501 n-d-827896-4 devstack@placement-api.service[89001]: [pid: 89001|app: 0|req: 259/519] 10.222.0.42 () {60 vars in 1380 bytes} [Tue Mar 1 20:54:37 2022] GET /placement/allocations/b83f53f5-1b09-4195-9227-e0ae3e9fea41 => generated 19 bytes in 19 msecs (HTTP/1.1 200) 8 headers in 295 bytes (1 switches on core 0)
Mar 01 20:54:37.810311 n-d-827896-4 devstack@placement-api.service[89000]: DEBUG placement.requestlog [req-6534f390-8cf1-43a3-b08d-c6608ed1d054 req-dd68c284-1e6c-4274-bd51-06372564ca76 None None] Starting request: 10.222.0.42 "PUT /placement/allocations/b83f53f5-1b09-4195-9227-e0ae3e9fea41" {{(pid=89000) __call__ /opt/stack/placement/placement/requestlog.py:55}}
Mar 01 20:54:38.101293 n-d-827896-4 devstack@placement-api.service[89000]: DEBUG placement.handlers.allocation [req-6534f390-8cf1-43a3-b08d-c6608ed1d054 req-dd68c284-1e6c-4274-bd51-06372564ca76 service placement] Successfully wrote allocations [, , ] {{(pid=89000) _create_allocations /opt/stack/placement/placement/handlers/allocation.py:435}}
Mar 01 20:54:38.102724 n-d-827896-4 devstack@placement-api.service[89000]: INFO placement.requestlog [req-6534f390-8cf1-43a3-b08d-c6608ed1d054 req-dd68c284-1e6c-4274-bd51-06372564ca76 service placement] 10.222.0.42 "PUT /placement/allocations/b83f53f5-1b09-4195-9227-e0ae3e9fea41" status: 204 len: 0 microversion: 1.35
Mar 01 20:54:38.103456 n-d-827896-4 devstack@placement-api.service[89000]: [pid: 89000|app: 0|req: 261/520] 10.222.0.42 () {64 vars in 1433 bytes} [Tue Mar 1 20:54:37 2022] PUT /placement/allocations/b83f53f5-1b09-4195-9227-e0ae3e9fea41 => generated 0 bytes in 293 msecs (HTTP/1.1 204) 5 headers in 199 bytes (1 switches on core 0)
Mar 01 20:54:39.447988 n-d-827896-4 devstack@placement-api.service[89001]: DEBUG placement.requestlog [req-6534f390-8cf1-43a3-b08d-c6608ed1d054 req-5f1460f9-4cb9-4983-b64b-976085c7ea8d None None] Starting request: 10.222.0.57 "GET /placement/allocations/b83f53f5-1b09-4195-9227-e0ae3e9fea41" {{(pid=89001) __call__ /opt/stack/placement/placement/requestlog.py:55}}
Mar 01 20:54:39.469109 n-d-827896-4 devstack@placement-api.service[89001]: INFO placement.requestlog [req-6534f390-8cf1-43a3-b08d-c6608ed1d054 req-5f1460f9-4cb9-4983-b64b-976085c7ea8d service placement] 10.222.0.57 "GET /placement/allocations/b83f53f5-1b09-4195-9227-e0ae3e9fea41" status: 200 len: 259 microversion: 1.28
Mar 01 20:54:39.471702 n-d-827896-4 devstack@placement-api.service[89001]: [pid: 89001|app: 0|req: 260/521] 10.222.0.57 () {60 vars in 1377 bytes} [Tue Mar 1 20:54:39 2022] GET /placement/allocations/b83f53f5-1b09-4195-9227-e0ae3e9fea41 => generated 259 bytes in 24 msecs (HTTP/1.1 200) 8 headers in 296 bytes (1 switches on core 0)
Mar 01 20:54:42.604100 n-d-827896-4 devstack@placement-api.service[89000]: DEBUG placement.requestlog [req-ef8124ce-55fa-411b-a6d0-a3925dead22e req-5f87e972-2624-4d7a-b217-2854d8fbbfea None None] Starting request: 10.222.0.57 "GET /placement/allocations/08193a06-8024-41be-84df-048cda615aa3" {{(pid=89000) __call__ /opt/stack/placement/placement/requestlog.py:55}}
Mar 01 20:54:42.638281 n-d-827896-4 devstack@placement-api.service[89000]: INFO placement.requestlog [req-ef8124ce-55fa-411b-a6d0-a3925dead22e req-5f87e972-2624-4d7a-b217-2854d8fbbfea service placement] 10.222.0.57 "GET /placement/allocations/08193a06-8024-41be-84df-048cda615aa3" status: 200 len: 259 microversion: 1.28
Mar 01 20:54:42.641682 n-d-827896-4 devstack@placement-api.service[89000]: [pid: 89000|app: 0|req: 262/522] 10.222.0.57 () {60 vars in 1377 bytes} [Tue Mar 1 20:54:42 2022] GET /placement/allocations/08193a06-8024-41be-84df-048cda615aa3 => generated 259 bytes in 35 msecs (HTTP/1.1 200) 8 headers in 296 bytes (1 switches on core 0)
Mar 01 20:54:42.646285 n-d-827896-4 devstack@placement-api.service[89001]: DEBUG placement.requestlog [req-ef8124ce-55fa-411b-a6d0-a3925dead22e req-87e09d71-e6de-48ea-b237-993e6d36d15b None None] Starting request: 10.222.0.57 "PUT /placement/allocations/08193a06-8024-41be-84df-048cda615aa3" {{(pid=89001) __call__ /opt/stack/placement/placement/requestlog.py:55}}
Mar 01 20:54:42.861315 n-d-827896-4 devstack@placement-api.service[89001]: DEBUG placement.handlers.allocation [req-ef8124ce-55fa-411b-a6d0-a3925dead22e req-87e09d71-e6de-48ea-b237-993e6d36d15b service placement] Successfully wrote allocations [, , ] {{(pid=89001) _create_allocations /opt/stack/placement/placement/handlers/allocation.py:435}}
Mar 01 20:54:42.862653 n-d-827896-4 devstack@placement-api.service[89001]: INFO placement.requestlog [req-ef8124ce-55fa-411b-a6d0-a3925dead22e req-87e09d71-e6de-48ea-b237-993e6d36d15b service placement] 10.222.0.57 "PUT /placement/allocations/08193a06-8024-41be-84df-048cda615aa3" status: 204 len: 0 microversion: 1.28
Mar 01 20:54:42.863345 n-d-827896-4 devstack@placement-api.service[89001]: [pid: 89001|app: 0|req: 261/523] 10.222.0.57 () {64 vars in 1430 bytes} [Tue Mar 1 20:54:42 2022] PUT /placement/allocations/08193a06-8024-41be-84df-048cda615aa3 => generated 0 bytes in 217 msecs (HTTP/1.1 204) 5 headers in 199 bytes (1 switches on core 0)
Mar 01 20:54:47.595855 n-d-827896-4 devstack@placement-api.service[89000]: DEBUG placement.requestlog [req-9abcc37f-3457-4ca7-8863-c95dd56b2102 req-51f65c83-afdf-4413-b412-ffc2ddbf5c2f None None] Starting request: 10.222.0.57 "GET /placement/allocations/15dfb061-326e-428b-8cd5-88ba3011bdd0" {{(pid=89000) __call__ /opt/stack/placement/placement/requestlog.py:55}}
Mar 01 20:54:47.638268 n-d-827896-4 devstack@placement-api.service[89000]: INFO placement.requestlog [req-9abcc37f-3457-4ca7-8863-c95dd56b2102 req-51f65c83-afdf-4413-b412-ffc2ddbf5c2f service placement] 10.222.0.57 "GET /placement/allocations/15dfb061-326e-428b-8cd5-88ba3011bdd0" status: 200 len: 259 microversion: 1.28
Mar 01 20:54:47.644821 n-d-827896-4 devstack@placement-api.service[89000]: [pid: 89000|app: 0|req: 263/524] 10.222.0.57 () {60 vars in 1377 bytes} [Tue Mar 1 20:54:47 2022] GET /placement/allocations/15dfb061-326e-428b-8cd5-88ba3011bdd0 => generated 259 bytes in 49 msecs (HTTP/1.1 200) 8 headers in 296 bytes (1 switches on core 0)
Mar 01 20:54:47.652085 n-d-827896-4 devstack@placement-api.service[89001]: DEBUG placement.requestlog [req-9abcc37f-3457-4ca7-8863-c95dd56b2102 req-3b02dff9-38f1-40ce-b3b7-c77dd8631ae9 None None] Starting request: 10.222.0.57 "PUT /placement/allocations/15dfb061-326e-428b-8cd5-88ba3011bdd0" {{(pid=89001) __call__ /opt/stack/placement/placement/requestlog.py:55}}
Mar 01 20:54:47.779717 n-d-827896-4 devstack@placement-api.service[89000]: DEBUG placement.requestlog [req-f827a51a-d93a-49a5-b7ea-aab893d39c93 req-46e1fae0-a52d-428c-9302-badf363b75aa None None] Starting request: 10.222.0.55 "GET /placement/allocations/f1127f8b-438e-4460-a41a-70bae61f8ca6" {{(pid=89000) __call__ /opt/stack/placement/placement/requestlog.py:55}}
Mar 01 20:54:47.795554 n-d-827896-4 devstack@placement-api.service[89001]: DEBUG placement.handlers.allocation [req-9abcc37f-3457-4ca7-8863-c95dd56b2102 req-3b02dff9-38f1-40ce-b3b7-c77dd8631ae9 service placement] Successfully wrote allocations [, , ] {{(pid=89001) _create_allocations /opt/stack/placement/placement/handlers/allocation.py:435}}
Mar 01 20:54:47.796468 n-d-827896-4 devstack@placement-api.service[89001]: INFO placement.requestlog [req-9abcc37f-3457-4ca7-8863-c95dd56b2102 req-3b02dff9-38f1-40ce-b3b7-c77dd8631ae9 service placement] 10.222.0.57 "PUT /placement/allocations/15dfb061-326e-428b-8cd5-88ba3011bdd0" status: 204 len: 0 microversion: 1.28
Mar 01 20:54:47.796864 n-d-827896-4 devstack@placement-api.service[89001]: [pid: 89001|app: 0|req: 262/525] 10.222.0.57 () {64 vars in 1430 bytes} [Tue Mar 1 20:54:47 2022] PUT /placement/allocations/15dfb061-326e-428b-8cd5-88ba3011bdd0 => generated 0 bytes in 145 msecs (HTTP/1.1 204) 5 headers in 199 bytes (1 switches on core 0)
Mar 01 20:54:47.802838 n-d-827896-4 devstack@placement-api.service[89000]: INFO placement.requestlog [req-f827a51a-d93a-49a5-b7ea-aab893d39c93 req-46e1fae0-a52d-428c-9302-badf363b75aa service placement] 10.222.0.55 "GET /placement/allocations/f1127f8b-438e-4460-a41a-70bae61f8ca6" status: 200 len: 259 microversion: 1.28
Mar 01 20:54:47.803548 n-d-827896-4 devstack@placement-api.service[89000]: [pid: 89000|app: 0|req: 264/526] 10.222.0.55 () {60 vars in 1377 bytes} [Tue Mar 1 20:54:47 2022] GET /placement/allocations/f1127f8b-438e-4460-a41a-70bae61f8ca6 => generated 259 bytes in 25 msecs (HTTP/1.1 200) 8 headers in 296 bytes (1 switches on core 0)
Mar 01 20:54:47.810529 n-d-827896-4 devstack@placement-api.service[89001]: DEBUG placement.requestlog [req-f827a51a-d93a-49a5-b7ea-aab893d39c93 req-547e79db-c18c-4f9e-a0e3-6501a12946a0 None None] Starting request: 10.222.0.55 "PUT /placement/allocations/f1127f8b-438e-4460-a41a-70bae61f8ca6" {{(pid=89001) __call__ /opt/stack/placement/placement/requestlog.py:55}}
Mar 01 20:54:47.970518 n-d-827896-4 devstack@placement-api.service[89001]: DEBUG placement.handlers.allocation [req-f827a51a-d93a-49a5-b7ea-aab893d39c93 req-547e79db-c18c-4f9e-a0e3-6501a12946a0 service placement] Successfully wrote allocations [, , ] {{(pid=89001) _create_allocations /opt/stack/placement/placement/handlers/allocation.py:435}}
Mar 01 20:54:47.971970 n-d-827896-4 devstack@placement-api.service[89001]: INFO placement.requestlog [req-f827a51a-d93a-49a5-b7ea-aab893d39c93 req-547e79db-c18c-4f9e-a0e3-6501a12946a0 service placement] 10.222.0.55 "PUT /placement/allocations/f1127f8b-438e-4460-a41a-70bae61f8ca6" status: 204 len: 0 microversion: 1.28
Mar 01 20:54:47.972958 n-d-827896-4 devstack@placement-api.service[89001]: [pid: 89001|app: 0|req: 263/527] 10.222.0.55 () {64 vars in 1430 bytes} [Tue Mar 1 20:54:47 2022] PUT /placement/allocations/f1127f8b-438e-4460-a41a-70bae61f8ca6 => generated 0 bytes in 162 msecs (HTTP/1.1 204) 5 headers in 199 bytes (1 switches on core 0)
Mar 01 20:54:54.037093 n-d-827896-4 devstack@placement-api.service[89000]: DEBUG placement.requestlog [req-8acd93c0-4bb1-4bef-a696-5a2bead1d8e0 req-a52671d6-2f5f-4f49-9787-568d228d0a27 None None] Starting request: 10.222.0.57 "GET /placement/allocations/630dedb1-920a-4d07-b87e-7d04a229dac4" {{(pid=89000) __call__ /opt/stack/placement/placement/requestlog.py:55}}
Mar 01 20:54:54.081386 n-d-827896-4 devstack@placement-api.service[89000]: INFO placement.requestlog [req-8acd93c0-4bb1-4bef-a696-5a2bead1d8e0 req-a52671d6-2f5f-4f49-9787-568d228d0a27 service placement] 10.222.0.57 "GET /placement/allocations/630dedb1-920a-4d07-b87e-7d04a229dac4" status: 200 len: 259 microversion: 1.28
Mar 01 20:54:54.082270 n-d-827896-4 devstack@placement-api.service[89000]: [pid: 89000|app: 0|req: 265/528] 10.222.0.57 () {60 vars in 1377 bytes} [Tue Mar 1 20:54:54 2022] GET /placement/allocations/630dedb1-920a-4d07-b87e-7d04a229dac4 => generated 259 bytes in 47 msecs (HTTP/1.1 200) 8 headers in 296 bytes (1 switches on core 0)
Mar 01 20:54:59.671297 n-d-827896-4 devstack@placement-api.service[89001]: DEBUG placement.requestlog [None req-559cc7d5-05be-467a-952f-330194960133 None None] Starting request: 10.222.0.42 "GET /placement/" {{(pid=89001) __call__ /opt/stack/placement/placement/requestlog.py:55}}
Mar 01 20:54:59.671297 n-d-827896-4 devstack@placement-api.service[89001]: INFO placement.requestlog [None req-559cc7d5-05be-467a-952f-330194960133 None None] 10.222.0.42 "GET /placement/" status: 200 len: 136 microversion: 1.0
Mar 01 20:54:59.671297 n-d-827896-4 devstack@placement-api.service[89001]: [pid: 89001|app: 0|req: 264/529] 10.222.0.42 () {54 vars in 907 bytes} [Tue Mar 1 20:54:59 2022] GET /placement => generated 136 bytes in 3 msecs (HTTP/1.1 200) 6 headers in 224 bytes (1 switches on core 0)
Mar 01 20:54:59.673005 n-d-827896-4 devstack@placement-api.service[89000]: DEBUG placement.requestlog [req-010d6213-3d12-48a8-b051-6c550bb89409 req-5fd7a025-4832-48ad-8a8c-1b24ff6e25c4 None None] Starting request: 10.222.0.42 "GET /placement/allocations/f1127f8b-438e-4460-a41a-70bae61f8ca6" {{(pid=89000) __call__ /opt/stack/placement/placement/requestlog.py:55}}
Mar 01 20:54:59.673005 n-d-827896-4 devstack@placement-api.service[89000]: INFO placement.requestlog [req-010d6213-3d12-48a8-b051-6c550bb89409 req-5fd7a025-4832-48ad-8a8c-1b24ff6e25c4 service placement] 10.222.0.42 "GET /placement/allocations/f1127f8b-438e-4460-a41a-70bae61f8ca6" status: 200 len: 19 microversion: 1.28
Mar 01 20:54:59.690892 n-d-827896-4 devstack@placement-api.service[89000]: [pid: 89000|app: 0|req: 266/530] 10.222.0.42 () {60 vars in 1371 bytes} [Tue Mar 1 20:54:59 2022] GET /placement/allocations/f1127f8b-438e-4460-a41a-70bae61f8ca6 => generated 19 bytes in 124 msecs (HTTP/1.1 200) 8 headers in 295 bytes (1 switches on core 0)
Mar 01 20:55:04.412148 n-d-827896-4 devstack@placement-api.service[89001]: DEBUG placement.requestlog [req-a9526ced-a165-4393-bef6-2722e1704f2c req-8d77adce-915f-44b7-a236-b2b60d973e00 None None] Starting request: 10.222.0.42 "GET /placement/allocation_candidates?limit=1000&resources=DISK_GB%3A1%2CMEMORY_MB%3A1024%2CVCPU%3A1&root_required=%21COMPUTE_STATUS_DISABLED" {{(pid=89001) __call__ /opt/stack/placement/placement/requestlog.py:55}}
Mar 01 20:55:04.482960 n-d-827896-4 devstack@placement-api.service[89001]: DEBUG placement.objects.research_context [req-a9526ced-a165-4393-bef6-2722e1704f2c req-8d77adce-915f-44b7-a236-b2b60d973e00 service placement] getting providers with 1 DISK_GB {{(pid=89001) __init__ /opt/stack/placement/placement/objects/research_context.py:126}}
Mar 01 20:55:04.507166 n-d-827896-4 devstack@placement-api.service[89001]: DEBUG placement.objects.research_context [req-a9526ced-a165-4393-bef6-2722e1704f2c req-8d77adce-915f-44b7-a236-b2b60d973e00 service placement] getting providers with 1024 MEMORY_MB {{(pid=89001) __init__ /opt/stack/placement/placement/objects/research_context.py:126}}
Mar 01 20:55:04.522550 n-d-827896-4 devstack@placement-api.service[89001]: DEBUG placement.objects.research_context [req-a9526ced-a165-4393-bef6-2722e1704f2c req-8d77adce-915f-44b7-a236-b2b60d973e00 service placement] getting providers with 1 VCPU {{(pid=89001) __init__ /opt/stack/placement/placement/objects/research_context.py:126}}
Mar 01 20:55:04.530860 n-d-827896-4 devstack@placement-api.service[89001]: DEBUG placement.objects.research_context [req-a9526ced-a165-4393-bef6-2722e1704f2c req-8d77adce-915f-44b7-a236-b2b60d973e00 service placement] found 2 providers with available 1 DISK_GB {{(pid=89001) get_provider_ids_matching /opt/stack/placement/placement/objects/research_context.py:549}}
Mar 01 20:55:04.531976 n-d-827896-4 devstack@placement-api.service[89001]: DEBUG placement.objects.research_context [req-a9526ced-a165-4393-bef6-2722e1704f2c req-8d77adce-915f-44b7-a236-b2b60d973e00 service placement] found 2 providers with available 1024 MEMORY_MB {{(pid=89001) get_provider_ids_matching /opt/stack/placement/placement/objects/research_context.py:549}}
Mar 01 20:55:04.532458 n-d-827896-4 devstack@placement-api.service[89001]: DEBUG placement.objects.research_context [req-a9526ced-a165-4393-bef6-2722e1704f2c req-8d77adce-915f-44b7-a236-b2b60d973e00 service placement] found 2 providers after filtering by previous result {{(pid=89001) get_provider_ids_matching /opt/stack/placement/placement/objects/research_context.py:580}}
Mar 01 20:55:04.536098 n-d-827896-4 devstack@placement-api.service[89001]: DEBUG placement.objects.research_context [req-a9526ced-a165-4393-bef6-2722e1704f2c req-8d77adce-915f-44b7-a236-b2b60d973e00 service placement] found 2 providers with available 1 VCPU {{(pid=89001) get_provider_ids_matching /opt/stack/placement/placement/objects/research_context.py:549}}
Mar 01 20:55:04.536098 n-d-827896-4 devstack@placement-api.service[89001]: DEBUG placement.objects.research_context [req-a9526ced-a165-4393-bef6-2722e1704f2c req-8d77adce-915f-44b7-a236-b2b60d973e00 service placement] found 2 providers after filtering by previous result {{(pid=89001) get_provider_ids_matching /opt/stack/placement/placement/objects/research_context.py:580}}
Mar 01 20:55:04.552146 n-d-827896-4 devstack@placement-api.service[89001]: DEBUG placement.objects.allocation_candidate [req-a9526ced-a165-4393-bef6-2722e1704f2c req-8d77adce-915f-44b7-a236-b2b60d973e00 service placement] RequestGroup(use_same_provider=False, resources={DISK_GB:1, MEMORY_MB:1024, VCPU:1}, traits=[], aggregates=[]) (suffix '') returned 2 matches {{(pid=89001) _get_by_requests /opt/stack/placement/placement/objects/allocation_candidate.py:145}}
Mar 01 20:55:04.552899 n-d-827896-4 devstack@placement-api.service[89001]: DEBUG placement.objects.allocation_candidate [req-a9526ced-a165-4393-bef6-2722e1704f2c req-8d77adce-915f-44b7-a236-b2b60d973e00 service placement] Merging candidates yields 2 allocation requests and 2 provider summaries {{(pid=89001) _merge_candidates /opt/stack/placement/placement/objects/allocation_candidate.py:783}}
Mar 01 20:55:04.556785 n-d-827896-4 devstack@placement-api.service[89001]: INFO placement.requestlog [req-a9526ced-a165-4393-bef6-2722e1704f2c req-8d77adce-915f-44b7-a236-b2b60d973e00 service placement] 10.222.0.42 "GET /placement/allocation_candidates?limit=1000&resources=DISK_GB%3A1%2CMEMORY_MB%3A1024%2CVCPU%3A1&root_required=%21COMPUTE_STATUS_DISABLED" status: 200 len: 1309 microversion: 1.35
Mar 01 20:55:04.570835 n-d-827896-4 devstack@placement-api.service[89001]: [pid: 89001|app: 0|req: 265/531] 10.222.0.42 () {60 vars in 1506 bytes} [Tue Mar 1 20:55:04 2022] GET /placement/allocation_candidates?limit=1000&resources=DISK_GB%3A1%2CMEMORY_MB%3A1024%2CVCPU%3A1&root_required=%21COMPUTE_STATUS_DISABLED => generated 1309 bytes in 159 msecs (HTTP/1.1 200) 8 headers in 297 bytes (1 switches on core 0)
Mar 01 20:55:04.640923 n-d-827896-4 devstack@placement-api.service[89000]: DEBUG placement.requestlog [req-a9526ced-a165-4393-bef6-2722e1704f2c req-dec19855-b5c5-490a-8d0d-d3979a7a39a7 None None] Starting request: 10.222.0.42 "GET /placement/allocations/12cdf2dd-690f-4a86-83ce-94f35920d9ce" {{(pid=89000) __call__ /opt/stack/placement/placement/requestlog.py:55}}
Mar 01 20:55:04.664652 n-d-827896-4 devstack@placement-api.service[89000]: INFO placement.requestlog [req-a9526ced-a165-4393-bef6-2722e1704f2c req-dec19855-b5c5-490a-8d0d-d3979a7a39a7 service placement] 10.222.0.42 "GET /placement/allocations/12cdf2dd-690f-4a86-83ce-94f35920d9ce" status: 200 len: 19 microversion: 1.28
Mar 01 20:55:04.665423 n-d-827896-4 devstack@placement-api.service[89000]: [pid: 89000|app: 0|req: 267/532] 10.222.0.42 () {60 vars in 1380 bytes} [Tue Mar 1 20:55:04 2022] GET /placement/allocations/12cdf2dd-690f-4a86-83ce-94f35920d9ce => generated 19 bytes in 25 msecs (HTTP/1.1 200) 8 headers in 295 bytes (1 switches on core 0)
Mar 01 20:55:04.670726 n-d-827896-4 devstack@placement-api.service[89001]: DEBUG placement.requestlog [req-a9526ced-a165-4393-bef6-2722e1704f2c req-35d83846-21e6-49b2-a8e1-d7310ad46606 None None] Starting request: 10.222.0.42 "PUT /placement/allocations/12cdf2dd-690f-4a86-83ce-94f35920d9ce" {{(pid=89001) __call__ /opt/stack/placement/placement/requestlog.py:55}}
Mar 01 20:55:04.937211 n-d-827896-4 devstack@placement-api.service[89001]: DEBUG placement.handlers.allocation [req-a9526ced-a165-4393-bef6-2722e1704f2c req-35d83846-21e6-49b2-a8e1-d7310ad46606 service placement] Successfully wrote allocations [, , ] {{(pid=89001) _create_allocations /opt/stack/placement/placement/handlers/allocation.py:435}}
Mar 01 20:55:04.938025 n-d-827896-4 devstack@placement-api.service[89001]: INFO placement.requestlog [req-a9526ced-a165-4393-bef6-2722e1704f2c req-35d83846-21e6-49b2-a8e1-d7310ad46606 service placement] 10.222.0.42 "PUT /placement/allocations/12cdf2dd-690f-4a86-83ce-94f35920d9ce" status: 204 len: 0 microversion: 1.35
Mar 01 20:55:04.938522 n-d-827896-4 devstack@placement-api.service[89001]: [pid: 89001|app: 0|req: 266/533] 10.222.0.42 () {64 vars in 1433 bytes} [Tue Mar 1 20:55:04 2022] PUT /placement/allocations/12cdf2dd-690f-4a86-83ce-94f35920d9ce => generated 0 bytes in 268 msecs (HTTP/1.1 204) 5 headers in 199 bytes (1 switches on core 0)
Mar 01 20:55:06.000850 n-d-827896-4 devstack@placement-api.service[89000]: DEBUG placement.requestlog [req-a9526ced-a165-4393-bef6-2722e1704f2c req-02d6b747-4daf-4893-ac22-7232c43cb3cd None None] Starting request: 10.222.0.57 "GET /placement/allocations/12cdf2dd-690f-4a86-83ce-94f35920d9ce" {{(pid=89000) __call__ /opt/stack/placement/placement/requestlog.py:55}}
Mar 01 20:55:06.019242 n-d-827896-4 devstack@placement-api.service[89000]: INFO placement.requestlog [req-a9526ced-a165-4393-bef6-2722e1704f2c req-02d6b747-4daf-4893-ac22-7232c43cb3cd service placement] 10.222.0.57 "GET /placement/allocations/12cdf2dd-690f-4a86-83ce-94f35920d9ce" status: 200 len: 259 microversion: 1.28
Mar 01 20:55:06.020129 n-d-827896-4 devstack@placement-api.service[89000]: [pid: 89000|app: 0|req: 268/534] 10.222.0.57 () {60 vars in 1377 bytes} [Tue Mar 1 20:55:05 2022] GET /placement/allocations/12cdf2dd-690f-4a86-83ce-94f35920d9ce => generated 259 bytes in 19 msecs (HTTP/1.1 200) 8 headers in 296 bytes (1 switches on core 0)
Mar 01 20:55:06.642015 n-d-827896-4 devstack@placement-api.service[89001]: DEBUG placement.requestlog [req-245bd0c9-094b-4afe-9714-1136135c6b59 req-96fc5e58-ef49-4a25-aedf-bb5a840dc10d None None] Starting request: 10.222.0.55 "GET /placement/allocations/d04f6dfb-3b42-4fda-a13e-a6ac64d9796a" {{(pid=89001) __call__ /opt/stack/placement/placement/requestlog.py:55}}
Mar 01 20:55:06.660909 n-d-827896-4 devstack@placement-api.service[89001]: INFO placement.requestlog [req-245bd0c9-094b-4afe-9714-1136135c6b59 req-96fc5e58-ef49-4a25-aedf-bb5a840dc10d service placement] 10.222.0.55 "GET /placement/allocations/d04f6dfb-3b42-4fda-a13e-a6ac64d9796a" status: 200 len: 259 microversion: 1.28
Mar 01 20:55:06.663215 n-d-827896-4 devstack@placement-api.service[89001]: [pid: 89001|app: 0|req: 267/535] 10.222.0.55 () {60 vars in 1377 bytes} [Tue Mar 1 20:55:06 2022] GET /placement/allocations/d04f6dfb-3b42-4fda-a13e-a6ac64d9796a => generated 259 bytes in 20 msecs (HTTP/1.1 200) 8 headers in 296 bytes (1 switches on core 0)
Mar 01 20:55:06.686059 n-d-827896-4 devstack@placement-api.service[89000]: DEBUG placement.requestlog [req-245bd0c9-094b-4afe-9714-1136135c6b59 req-0c3379e5-ea23-4fc2-a968-b405adad6a4a None None] Starting request: 10.222.0.55 "PUT /placement/allocations/d04f6dfb-3b42-4fda-a13e-a6ac64d9796a" {{(pid=89000) __call__ /opt/stack/placement/placement/requestlog.py:55}}
Mar 01 20:55:06.874595 n-d-827896-4 devstack@placement-api.service[89000]: DEBUG placement.handlers.allocation [req-245bd0c9-094b-4afe-9714-1136135c6b59 req-0c3379e5-ea23-4fc2-a968-b405adad6a4a service placement] Successfully wrote allocations [, , ] {{(pid=89000) _create_allocations /opt/stack/placement/placement/handlers/allocation.py:435}}
Mar 01 20:55:06.875384 n-d-827896-4 devstack@placement-api.service[89000]: INFO placement.requestlog [req-245bd0c9-094b-4afe-9714-1136135c6b59 req-0c3379e5-ea23-4fc2-a968-b405adad6a4a service placement] 10.222.0.55 "PUT /placement/allocations/d04f6dfb-3b42-4fda-a13e-a6ac64d9796a" status: 204 len: 0 microversion: 1.28
Mar 01 20:55:06.875811 n-d-827896-4 devstack@placement-api.service[89000]: [pid: 89000|app: 0|req: 269/536] 10.222.0.55 () {64 vars in 1430 bytes} [Tue Mar 1 20:55:06 2022] PUT /placement/allocations/d04f6dfb-3b42-4fda-a13e-a6ac64d9796a => generated 0 bytes in 190 msecs (HTTP/1.1 204) 5 headers in 199 bytes (1 switches on core 0)
Mar 01 20:55:08.556323 n-d-827896-4 devstack@placement-api.service[89001]: DEBUG placement.requestlog [req-9ae17b14-41a4-420e-a663-55abc8afc7eb req-8f199e0e-a5f4-48c9-8df1-c4eca7010051 None None] Starting request: 10.222.0.57 "GET /placement/allocations/e1071a9b-b994-4da5-a819-17e3372d6623" {{(pid=89001) __call__ /opt/stack/placement/placement/requestlog.py:55}}
Mar 01 20:55:08.573975 n-d-827896-4 devstack@placement-api.service[89001]: INFO placement.requestlog [req-9ae17b14-41a4-420e-a663-55abc8afc7eb req-8f199e0e-a5f4-48c9-8df1-c4eca7010051 service placement] 10.222.0.57 "GET /placement/allocations/e1071a9b-b994-4da5-a819-17e3372d6623" status: 200 len: 259 microversion: 1.28
Mar 01 20:55:08.574765 n-d-827896-4 devstack@placement-api.service[89001]: [pid: 89001|app: 0|req: 268/537] 10.222.0.57 () {60 vars in 1377 bytes} [Tue Mar 1 20:55:08 2022] GET /placement/allocations/e1071a9b-b994-4da5-a819-17e3372d6623 => generated 259 bytes in 19 msecs (HTTP/1.1 200) 8 headers in 296 bytes (1 switches on core 0)
Mar 01 20:55:08.584560 n-d-827896-4 devstack@placement-api.service[89000]: DEBUG placement.requestlog [req-9ae17b14-41a4-420e-a663-55abc8afc7eb req-369dc63d-63b6-4df7-a643-9dcca150a458 None None] Starting request: 10.222.0.57 "PUT /placement/allocations/e1071a9b-b994-4da5-a819-17e3372d6623" {{(pid=89000) __call__ /opt/stack/placement/placement/requestlog.py:55}}
Mar 01 20:55:08.708952 n-d-827896-4 devstack@placement-api.service[89000]: DEBUG placement.handlers.allocation [req-9ae17b14-41a4-420e-a663-55abc8afc7eb req-369dc63d-63b6-4df7-a643-9dcca150a458 service placement] Successfully wrote allocations [, , ] {{(pid=89000) _create_allocations /opt/stack/placement/placement/handlers/allocation.py:435}}
Mar 01 20:55:08.709767 n-d-827896-4 devstack@placement-api.service[89000]: INFO placement.requestlog [req-9ae17b14-41a4-420e-a663-55abc8afc7eb req-369dc63d-63b6-4df7-a643-9dcca150a458 service placement] 10.222.0.57 "PUT /placement/allocations/e1071a9b-b994-4da5-a819-17e3372d6623" status: 204 len: 0 microversion: 1.28
Mar 01 20:55:08.710023 n-d-827896-4 devstack@placement-api.service[89000]: [pid: 89000|app: 0|req: 270/538] 10.222.0.57 () {64 vars in 1430 bytes} [Tue Mar 1 20:55:08 2022] PUT /placement/allocations/e1071a9b-b994-4da5-a819-17e3372d6623 => generated 0 bytes in 126 msecs (HTTP/1.1 204) 5 headers in 199 bytes (1 switches on core 0)
Mar 01 20:55:10.340941 n-d-827896-4 devstack@placement-api.service[89001]: DEBUG placement.requestlog [req-221d0230-4d9b-4681-b129-57a1b5f31849 req-fb2ce2e1-0c4b-4933-87ce-826831451ee1 None None] Starting request: 10.222.0.55 "GET /placement/resource_providers/7f91563c-f301-4baf-bb32-3e4d3d8e3b3c/allocations" {{(pid=89001) __call__ /opt/stack/placement/placement/requestlog.py:55}}
Mar 01 20:55:10.413926 n-d-827896-4 devstack@placement-api.service[89001]: INFO placement.requestlog [req-221d0230-4d9b-4681-b129-57a1b5f31849 req-fb2ce2e1-0c4b-4933-87ce-826831451ee1 service placement] 10.222.0.55 "GET /placement/resource_providers/7f91563c-f301-4baf-bb32-3e4d3d8e3b3c/allocations" status: 200 len: 557 microversion: 1.0
Mar 01 20:55:10.414899 n-d-827896-4 devstack@placement-api.service[89001]: [pid: 89001|app: 0|req: 269/539] 10.222.0.55 () {58 vars in 1390 bytes} [Tue Mar 1 20:55:10 2022] GET /placement/resource_providers/7f91563c-f301-4baf-bb32-3e4d3d8e3b3c/allocations => generated 557 bytes in 74 msecs (HTTP/1.1 200) 6 headers in 224 bytes (1 switches on core 0)
Mar 01 20:55:12.840175 n-d-827896-4 devstack@placement-api.service[89000]: DEBUG placement.requestlog [req-153a86e6-2483-4b95-9b77-4e94e1bcda02 req-a3267261-0d61-489f-8e4e-4f06c1fe3482 None None] Starting request: 10.222.0.42 "GET /placement/allocation_candidates?limit=1000&resources=DISK_GB%3A1%2CMEMORY_MB%3A1024%2CVCPU%3A1&root_required=%21COMPUTE_STATUS_DISABLED" {{(pid=89000) __call__ /opt/stack/placement/placement/requestlog.py:55}}
Mar 01 20:55:12.892913 n-d-827896-4 devstack@placement-api.service[89000]: DEBUG placement.objects.research_context [req-153a86e6-2483-4b95-9b77-4e94e1bcda02 req-a3267261-0d61-489f-8e4e-4f06c1fe3482 service placement] getting providers with 1 DISK_GB {{(pid=89000) __init__ /opt/stack/placement/placement/objects/research_context.py:126}}
Mar 01 20:55:12.908309 n-d-827896-4 devstack@placement-api.service[89000]: DEBUG placement.objects.research_context [req-153a86e6-2483-4b95-9b77-4e94e1bcda02 req-a3267261-0d61-489f-8e4e-4f06c1fe3482 service placement] getting providers with 1024 MEMORY_MB {{(pid=89000) __init__ /opt/stack/placement/placement/objects/research_context.py:126}}
Mar 01 20:55:12.915268 n-d-827896-4 devstack@placement-api.service[89000]: DEBUG placement.objects.research_context [req-153a86e6-2483-4b95-9b77-4e94e1bcda02 req-a3267261-0d61-489f-8e4e-4f06c1fe3482 service placement] getting providers with 1 VCPU {{(pid=89000) __init__ /opt/stack/placement/placement/objects/research_context.py:126}}
Mar 01 20:55:12.931615 n-d-827896-4 devstack@placement-api.service[89001]: DEBUG placement.requestlog [req-869b8c3c-8cc9-4684-bc30-74a712b220dd req-7e150e18-9990-4c62-927e-8c00475612c8 None None] Starting request: 10.222.0.57 "GET /placement/resource_providers/58c19cc0-768c-42ed-b85d-0d4978d7990f/allocations" {{(pid=89001) __call__ /opt/stack/placement/placement/requestlog.py:55}}
Mar 01 20:55:12.932267 n-d-827896-4 devstack@placement-api.service[89000]: DEBUG placement.objects.research_context [req-153a86e6-2483-4b95-9b77-4e94e1bcda02 req-a3267261-0d61-489f-8e4e-4f06c1fe3482 service placement] found 2 providers with available 1 DISK_GB {{(pid=89000) get_provider_ids_matching /opt/stack/placement/placement/objects/research_context.py:549}}
Mar 01 20:55:12.932566 n-d-827896-4 devstack@placement-api.service[89000]: DEBUG placement.objects.research_context [req-153a86e6-2483-4b95-9b77-4e94e1bcda02 req-a3267261-0d61-489f-8e4e-4f06c1fe3482 service placement] found 2 providers with available 1024 MEMORY_MB {{(pid=89000) get_provider_ids_matching /opt/stack/placement/placement/objects/research_context.py:549}}
Mar 01 20:55:12.932819 n-d-827896-4 devstack@placement-api.service[89000]: DEBUG placement.objects.research_context [req-153a86e6-2483-4b95-9b77-4e94e1bcda02 req-a3267261-0d61-489f-8e4e-4f06c1fe3482 service placement] found 2 providers after filtering by previous result {{(pid=89000) get_provider_ids_matching /opt/stack/placement/placement/objects/research_context.py:580}}
Mar 01 20:55:12.933080 n-d-827896-4 devstack@placement-api.service[89000]: DEBUG placement.objects.research_context [req-153a86e6-2483-4b95-9b77-4e94e1bcda02 req-a3267261-0d61-489f-8e4e-4f06c1fe3482 service placement] found 2 providers with available 1 VCPU {{(pid=89000) get_provider_ids_matching /opt/stack/placement/placement/objects/research_context.py:549}}
Mar 01 20:55:12.933346 n-d-827896-4 devstack@placement-api.service[89000]: DEBUG placement.objects.research_context [req-153a86e6-2483-4b95-9b77-4e94e1bcda02 req-a3267261-0d61-489f-8e4e-4f06c1fe3482 service placement] found 2 providers after filtering by previous result {{(pid=89000) get_provider_ids_matching /opt/stack/placement/placement/objects/research_context.py:580}}
