Mar 01 20:34:37.569970 n-d-827896-4 devstack@c-api.service[95487]: DEBUG cinder.api.openstack [None req-e9f6f872-3746-4945-a4af-bda104c58cf5 None None] Extension AdminActions extending resource: volumes {{(pid=95487) _setup_extensions /opt/stack/cinder/cinder/api/openstack/__init__.py:120}}
Mar 01 20:34:37.570145 n-d-827896-4 devstack@c-api.service[95488]: WARNING castellan.key_manager [None req-d305a505-0d1a-4bb1-96a7-681bf05b6d9a None None] Deprecation Warning : cinder.keymgr.conf_key_mgr.ConfKeyManager is not a stevedore based driver, trying to load it as a class: stevedore.exception.NoMatches: No 'castellan.drivers' driver found, looking for 'cinder.keymgr.conf_key_mgr.ConfKeyManager'
Mar 01 20:34:37.570282 n-d-827896-4 devstack@c-api.service[95487]: DEBUG cinder.api.openstack [None req-e9f6f872-3746-4945-a4af-bda104c58cf5 None None] Extension AdminActions extending resource: snapshots {{(pid=95487) _setup_extensions /opt/stack/cinder/cinder/api/openstack/__init__.py:120}}
Mar 01 20:34:37.570559 n-d-827896-4 devstack@c-api.service[95487]: DEBUG cinder.api.openstack [None req-e9f6f872-3746-4945-a4af-bda104c58cf5 None None] Extension AdminActions extending resource: backups {{(pid=95487) _setup_extensions /opt/stack/cinder/cinder/api/openstack/__init__.py:120}}
Mar 01 20:34:37.570871 n-d-827896-4 devstack@c-api.service[95487]: DEBUG cinder.api.openstack [None req-e9f6f872-3746-4945-a4af-bda104c58cf5 None None] Extension TypesManage extending resource: types {{(pid=95487) _setup_extensions /opt/stack/cinder/cinder/api/openstack/__init__.py:120}}
Mar 01 20:34:37.571554 n-d-827896-4 devstack@c-api.service[95487]: DEBUG cinder.api.openstack [None req-e9f6f872-3746-4945-a4af-bda104c58cf5 None None] Extension VolumeImageMetadata extending resource: volumes {{(pid=95487) _setup_extensions /opt/stack/cinder/cinder/api/openstack/__init__.py:120}}
Mar 01 20:34:37.571554 n-d-827896-4 devstack@c-api.service[95487]: DEBUG cinder.api.openstack [None req-e9f6f872-3746-4945-a4af-bda104c58cf5 None None] Extension SnapshotActions extending resource: snapshots {{(pid=95487) _setup_extensions /opt/stack/cinder/cinder/api/openstack/__init__.py:120}}
Mar 01 20:34:37.572310 n-d-827896-4 devstack@c-api.service[95488]: DEBUG cinder.api.openstack [None req-d305a505-0d1a-4bb1-96a7-681bf05b6d9a None None] Extension VolumeMigStatusAttribute extending resource: volumes {{(pid=95488) _setup_extensions /opt/stack/cinder/cinder/api/openstack/__init__.py:120}}
Mar 01 20:34:37.572400 n-d-827896-4 devstack@c-api.service[95487]: DEBUG cinder.api.openstack [None req-e9f6f872-3746-4945-a4af-bda104c58cf5 None None] Extension ExtendedSnapshotAttributes extending resource: snapshots {{(pid=95487) _setup_extensions /opt/stack/cinder/cinder/api/openstack/__init__.py:120}}
Mar 01 20:34:37.572473 n-d-827896-4 devstack@c-api.service[95488]: DEBUG cinder.api.openstack [None req-d305a505-0d1a-4bb1-96a7-681bf05b6d9a None None] Extension VolumeUnmanage extending resource: volumes {{(pid=95488) _setup_extensions /opt/stack/cinder/cinder/api/openstack/__init__.py:120}}
Mar 01 20:34:37.572541 n-d-827896-4 devstack@c-api.service[95487]: DEBUG cinder.api.openstack [None req-e9f6f872-3746-4945-a4af-bda104c58cf5 None None] Extension SnapshotUnmanage extending resource: snapshots {{(pid=95487) _setup_extensions /opt/stack/cinder/cinder/api/openstack/__init__.py:120}}
Mar 01 20:34:37.572609 n-d-827896-4 devstack@c-api.service[95488]: DEBUG cinder.api.openstack [None req-d305a505-0d1a-4bb1-96a7-681bf05b6d9a None None] Extension VolumeTypeEncryption extending resource: types {{(pid=95488) _setup_extensions /opt/stack/cinder/cinder/api/openstack/__init__.py:120}}
Mar 01 20:34:37.572686 n-d-827896-4 devstack@c-api.service[95487]: DEBUG cinder.api.openstack [None req-e9f6f872-3746-4945-a4af-bda104c58cf5 None None] Extension VolumeTypeAccess extending resource: types {{(pid=95487) _setup_extensions /opt/stack/cinder/cinder/api/openstack/__init__.py:120}}
Mar 01 20:34:37.572757 n-d-827896-4 devstack@c-api.service[95488]: DEBUG cinder.api.openstack [None req-d305a505-0d1a-4bb1-96a7-681bf05b6d9a None None] Extension VolumeTenantAttribute extending resource: volumes {{(pid=95488) _setup_extensions /opt/stack/cinder/cinder/api/openstack/__init__.py:120}}
Mar 01 20:34:37.572824 n-d-827896-4 devstack@c-api.service[95487]: DEBUG cinder.api.openstack [None req-e9f6f872-3746-4945-a4af-bda104c58cf5 None None] Extension UsedLimits extending resource: limits {{(pid=95487) _setup_extensions /opt/stack/cinder/cinder/api/openstack/__init__.py:120}}
Mar 01 20:34:37.572892 n-d-827896-4 devstack@c-api.service[95488]: DEBUG cinder.api.openstack [None req-d305a505-0d1a-4bb1-96a7-681bf05b6d9a None None] Extension VolumeActions extending resource: volumes {{(pid=95488) _setup_extensions /opt/stack/cinder/cinder/api/openstack/__init__.py:120}}
Mar 01 20:34:37.573134 n-d-827896-4 devstack@c-api.service[95487]: DEBUG cinder.api.openstack [None req-e9f6f872-3746-4945-a4af-bda104c58cf5 None None] Extension VolumeHostAttribute extending resource: volumes {{(pid=95487) _setup_extensions /opt/stack/cinder/cinder/api/openstack/__init__.py:120}}
Mar 01 20:34:37.573238 n-d-827896-4 devstack@c-api.service[95488]: DEBUG cinder.api.openstack [None req-d305a505-0d1a-4bb1-96a7-681bf05b6d9a None None] Extension AdminActions extending resource: volumes {{(pid=95488) _setup_extensions /opt/stack/cinder/cinder/api/openstack/__init__.py:120}}
Mar 01 20:34:37.573562 n-d-827896-4 devstack@c-api.service[95488]: DEBUG cinder.api.openstack [None req-d305a505-0d1a-4bb1-96a7-681bf05b6d9a None None] Extension AdminActions extending resource: snapshots {{(pid=95488) _setup_extensions /opt/stack/cinder/cinder/api/openstack/__init__.py:120}}
Mar 01 20:34:37.573876 n-d-827896-4 devstack@c-api.service[95488]: DEBUG cinder.api.openstack [None req-d305a505-0d1a-4bb1-96a7-681bf05b6d9a None None] Extension AdminActions extending resource: backups {{(pid=95488) _setup_extensions /opt/stack/cinder/cinder/api/openstack/__init__.py:120}}
Mar 01 20:34:37.574195 n-d-827896-4 devstack@c-api.service[95488]: DEBUG cinder.api.openstack [None req-d305a505-0d1a-4bb1-96a7-681bf05b6d9a None None] Extension TypesManage extending resource: types {{(pid=95488) _setup_extensions /opt/stack/cinder/cinder/api/openstack/__init__.py:120}}
Mar 01 20:34:37.574509 n-d-827896-4 devstack@c-api.service[95488]: DEBUG cinder.api.openstack [None req-d305a505-0d1a-4bb1-96a7-681bf05b6d9a None None] Extension VolumeImageMetadata extending resource: volumes {{(pid=95488) _setup_extensions /opt/stack/cinder/cinder/api/openstack/__init__.py:120}}
Mar 01 20:34:37.575340 n-d-827896-4 devstack@c-api.service[95488]: DEBUG cinder.api.openstack [None req-d305a505-0d1a-4bb1-96a7-681bf05b6d9a None None] Extension SnapshotActions extending resource: snapshots {{(pid=95488) _setup_extensions /opt/stack/cinder/cinder/api/openstack/__init__.py:120}}
Mar 01 20:34:37.575340 n-d-827896-4 devstack@c-api.service[95488]: DEBUG cinder.api.openstack [None req-d305a505-0d1a-4bb1-96a7-681bf05b6d9a None None] Extension ExtendedSnapshotAttributes extending resource: snapshots {{(pid=95488) _setup_extensions /opt/stack/cinder/cinder/api/openstack/__init__.py:120}}
Mar 01 20:34:37.576233 n-d-827896-4 devstack@c-api.service[95488]: DEBUG cinder.api.openstack [None req-d305a505-0d1a-4bb1-96a7-681bf05b6d9a None None] Extension SnapshotUnmanage extending resource: snapshots {{(pid=95488) _setup_extensions /opt/stack/cinder/cinder/api/openstack/__init__.py:120}}
Mar 01 20:34:37.576233 n-d-827896-4 devstack@c-api.service[95488]: DEBUG cinder.api.openstack [None req-d305a505-0d1a-4bb1-96a7-681bf05b6d9a None None] Extension VolumeTypeAccess extending resource: types {{(pid=95488) _setup_extensions /opt/stack/cinder/cinder/api/openstack/__init__.py:120}}
Mar 01 20:34:37.576233 n-d-827896-4 devstack@c-api.service[95488]: DEBUG cinder.api.openstack [None req-d305a505-0d1a-4bb1-96a7-681bf05b6d9a None None] Extension UsedLimits extending resource: limits {{(pid=95488) _setup_extensions /opt/stack/cinder/cinder/api/openstack/__init__.py:120}}
Mar 01 20:34:37.576587 n-d-827896-4 devstack@c-api.service[95488]: DEBUG cinder.api.openstack [None req-d305a505-0d1a-4bb1-96a7-681bf05b6d9a None None] Extension VolumeHostAttribute extending resource: volumes {{(pid=95488) _setup_extensions /opt/stack/cinder/cinder/api/openstack/__init__.py:120}}
Mar 01 20:34:37.578203 n-d-827896-4 devstack@c-api.service[95487]: WARNING keystonemiddleware.auth_token [None req-e9f6f872-3746-4945-a4af-bda104c58cf5 None None] AuthToken middleware is set with keystone_authtoken.service_token_roles_required set to False. This is backwards compatible but deprecated behaviour. Please set this to True.
Mar 01 20:34:37.581534 n-d-827896-4 devstack@c-api.service[95488]: WARNING keystonemiddleware.auth_token [None req-d305a505-0d1a-4bb1-96a7-681bf05b6d9a None None] AuthToken middleware is set with keystone_authtoken.service_token_roles_required set to False. This is backwards compatible but deprecated behaviour. Please set this to True.
Mar 01 20:34:37.583307 n-d-827896-4 devstack@c-api.service[95487]: WARNING keystonemiddleware.auth_token [None req-e9f6f872-3746-4945-a4af-bda104c58cf5 None None] Configuring www_authenticate_uri to point to the public identity endpoint is required; clients may not be able to authenticate against an admin endpoint
Mar 01 20:34:37.587304 n-d-827896-4 devstack@c-api.service[95488]: WARNING keystonemiddleware.auth_token [None req-d305a505-0d1a-4bb1-96a7-681bf05b6d9a None None] Configuring www_authenticate_uri to point to the public identity endpoint is required; clients may not be able to authenticate against an admin endpoint
Mar 01 20:34:37.588960 n-d-827896-4 devstack@c-api.service[95487]: WSGI app 0 (mountpoint='') ready in 5 seconds on interpreter 0x55f3056b19c0 pid: 95487 (default app)
Mar 01 20:34:37.591415 n-d-827896-4 devstack@c-api.service[95487]: [pid: 95487|app: 0|req: 1/1] 10.222.0.42 () {50 vars in 775 bytes} [Tue Mar 1 20:34:37 2022] GET /volume/v3 => generated 114 bytes in 2 msecs (HTTP/1.1 401) 5 headers in 229 bytes (1 switches on core 0)
Mar 01 20:34:37.592331 n-d-827896-4 devstack@c-api.service[95488]: WSGI app 0 (mountpoint='') ready in 5 seconds on interpreter 0x55f3056b19c0 pid: 95488 (default app)
Mar 01 20:34:44.841696 n-d-827896-4 devstack@c-api.service[95487]: INFO cinder.api.openstack.wsgi [None req-5f495413-d1d7-4482-94b4-d03e982a0733 admin admin] POST http://10.222.0.42/volume/v3/667df9450a5b41d685e3bd06858490ec/types
Mar 01 20:34:44.843350 n-d-827896-4 devstack@c-api.service[95487]: /usr/local/lib/python3.8/dist-packages/webob/acceptparse.py:1047: DeprecationWarning: The behavior of AcceptValidHeader.best_match is currently being maintained for backward compatibility, but it will be deprecated in the future, as it does not conform to the RFC.
Mar 01 20:34:44.843350 n-d-827896-4 devstack@c-api.service[95487]: warnings.warn(
Mar 01 20:34:44.843874 n-d-827896-4 devstack@c-api.service[95487]: DEBUG cinder.api.openstack.wsgi [None req-5f495413-d1d7-4482-94b4-d03e982a0733 admin admin] Action: 'create', calling method: _create, body: {"volume_type": {"name": "lvmdriver-1", "description": null, "os-volume-type-access:is_public": true}} {{(pid=95487) _process_stack /opt/stack/cinder/cinder/api/openstack/wsgi.py:864}}
Mar 01 20:34:44.845635 n-d-827896-4 devstack@c-api.service[95487]: /usr/local/lib/python3.8/dist-packages/oslo_context/context.py:105: DeprecationWarning: Policy enforcement is depending on the value of is_admin. This key is deprecated. Please update your policy file to use the standard policy values.
Mar 01 20:34:44.845635 n-d-827896-4 devstack@c-api.service[95487]: warnings.warn('Policy enforcement is depending on the value of '
Mar 01 20:34:44.858378 n-d-827896-4 devstack@c-api.service[95487]: DEBUG oslo_db.sqlalchemy.engines [None req-5f495413-d1d7-4482-94b4-d03e982a0733 admin admin] MySQL server mode set to STRICT_TRANS_TABLES,STRICT_ALL_TABLES,NO_ZERO_IN_DATE,NO_ZERO_DATE,ERROR_FOR_DIVISION_BY_ZERO,TRADITIONAL,NO_ENGINE_SUBSTITUTION {{(pid=95487) _check_effective_sql_mode /usr/local/lib/python3.8/dist-packages/oslo_db/sqlalchemy/engines.py:304}}
Mar 01 20:34:44.966272 n-d-827896-4 devstack@c-api.service[95487]: INFO cinder.api.openstack.wsgi [None req-5f495413-d1d7-4482-94b4-d03e982a0733 admin admin] http://10.222.0.42/volume/v3/667df9450a5b41d685e3bd06858490ec/types returned with HTTP 200
Mar 01 20:34:44.967025 n-d-827896-4 devstack@c-api.service[95487]: [pid: 95487|app: 0|req: 2/2] 10.222.0.42 () {60 vars in 1237 bytes} [Tue Mar 1 20:34:44 2022] POST /volume/v3/667df9450a5b41d685e3bd06858490ec/types => generated 186 bytes in 671 msecs (HTTP/1.1 200) 7 headers in 285 bytes (1 switches on core 0)
Mar 01 20:34:45.384121 n-d-827896-4 devstack@c-api.service[95488]: INFO cinder.api.openstack.wsgi [req-5f495413-d1d7-4482-94b4-d03e982a0733 req-d6890419-8839-465c-a182-8e1901360f71 admin admin] POST http://10.222.0.42/volume/v3/667df9450a5b41d685e3bd06858490ec/types/30cf1147-dfa0-4bc1-9fba-a01ef4a797fa/extra_specs
Mar 01 20:34:45.385723 n-d-827896-4 devstack@c-api.service[95488]: /usr/local/lib/python3.8/dist-packages/webob/acceptparse.py:1047: DeprecationWarning: The behavior of AcceptValidHeader.best_match is currently being maintained for backward compatibility, but it will be deprecated in the future, as it does not conform to the RFC.
Mar 01 20:34:45.385723 n-d-827896-4 devstack@c-api.service[95488]: warnings.warn(
Mar 01 20:34:45.386185 n-d-827896-4 devstack@c-api.service[95488]: DEBUG cinder.api.openstack.wsgi [req-5f495413-d1d7-4482-94b4-d03e982a0733 req-d6890419-8839-465c-a182-8e1901360f71 admin admin] Action: 'create', calling method: create, body: {"extra_specs": {"volume_backend_name": "lvmdriver-1"}} {{(pid=95488) _process_stack /opt/stack/cinder/cinder/api/openstack/wsgi.py:864}}
Mar 01 20:34:45.388166 n-d-827896-4 devstack@c-api.service[95488]: /usr/local/lib/python3.8/dist-packages/oslo_context/context.py:105: DeprecationWarning: Policy enforcement is depending on the value of is_admin. This key is deprecated. Please update your policy file to use the standard policy values.
Mar 01 20:34:45.388166 n-d-827896-4 devstack@c-api.service[95488]: warnings.warn('Policy enforcement is depending on the value of '
Mar 01 20:34:45.431475 n-d-827896-4 devstack@c-api.service[95488]: DEBUG oslo_db.sqlalchemy.engines [req-5f495413-d1d7-4482-94b4-d03e982a0733 req-d6890419-8839-465c-a182-8e1901360f71 admin admin] MySQL server mode set to STRICT_TRANS_TABLES,STRICT_ALL_TABLES,NO_ZERO_IN_DATE,NO_ZERO_DATE,ERROR_FOR_DIVISION_BY_ZERO,TRADITIONAL,NO_ENGINE_SUBSTITUTION {{(pid=95488) _check_effective_sql_mode /usr/local/lib/python3.8/dist-packages/oslo_db/sqlalchemy/engines.py:304}}
Mar 01 20:34:45.588993 n-d-827896-4 devstack@c-api.service[95488]: INFO cinder.api.openstack.wsgi [req-5f495413-d1d7-4482-94b4-d03e982a0733 req-d6890419-8839-465c-a182-8e1901360f71 admin admin] http://10.222.0.42/volume/v3/667df9450a5b41d685e3bd06858490ec/types/30cf1147-dfa0-4bc1-9fba-a01ef4a797fa/extra_specs returned with HTTP 200
Mar 01 20:34:45.589797 n-d-827896-4 devstack@c-api.service[95488]: [pid: 95488|app: 0|req: 1/3] 10.222.0.42 () {62 vars in 1454 bytes} [Tue Mar 1 20:34:44 2022] POST /volume/v3/667df9450a5b41d685e3bd06858490ec/types/30cf1147-dfa0-4bc1-9fba-a01ef4a797fa/extra_specs => generated 55 bytes in 617 msecs (HTTP/1.1 200) 7 headers in 284 bytes (1 switches on core 0)
Mar 01 20:35:40.475787 n-d-827896-4 devstack@c-api.service[95487]: INFO cinder.api.openstack.wsgi [None req-5f495413-d1d7-4482-94b4-d03e982a0733 admin admin] GET http://10.222.0.42/volume//
Mar 01 20:35:40.476302 n-d-827896-4 devstack@c-api.service[95487]: DEBUG cinder.api.openstack.wsgi [None req-5f495413-d1d7-4482-94b4-d03e982a0733 admin admin] Empty body provided in request {{(pid=95487) get_body /opt/stack/cinder/cinder/api/openstack/wsgi.py:713}}
Mar 01 20:35:40.476619 n-d-827896-4 devstack@c-api.service[95487]: DEBUG cinder.api.openstack.wsgi [None req-5f495413-d1d7-4482-94b4-d03e982a0733 admin admin] Calling method 'all' {{(pid=95487) _process_stack /opt/stack/cinder/cinder/api/openstack/wsgi.py:866}}
Mar 01 20:35:40.478001 n-d-827896-4 devstack@c-api.service[95487]: INFO cinder.api.openstack.wsgi [None req-5f495413-d1d7-4482-94b4-d03e982a0733 admin admin] http://10.222.0.42/volume// returned with HTTP 300
Mar 01 20:35:40.479377 n-d-827896-4 devstack@c-api.service[95487]: [pid: 95487|app: 0|req: 3/4] 10.222.0.42 () {56 vars in 1098 bytes} [Tue Mar 1 20:35:40 2022] GET /volume/ => generated 754 bytes in 5 msecs (HTTP/1.1 300) 5 headers in 169 bytes (1 switches on core 0)
Mar 01 20:38:44.638947 n-d-827896-4 devstack@c-api.service[95488]: INFO cinder.api.openstack.wsgi [None req-8f5c00e1-e5de-468c-b24e-e7e7915f2a0a tempest-verify_tempest_config-1936920244 tempest-verify_tempest_config-1936920244-project] GET http://10.222.0.42/volume/v3/bce706c260f5449593f68340d7d2b9ac/extensions
Mar 01 20:38:44.639542 n-d-827896-4 devstack@c-api.service[95488]: DEBUG cinder.api.openstack.wsgi [None req-8f5c00e1-e5de-468c-b24e-e7e7915f2a0a tempest-verify_tempest_config-1936920244 tempest-verify_tempest_config-1936920244-project] Empty body provided in request {{(pid=95488) get_body /opt/stack/cinder/cinder/api/openstack/wsgi.py:713}}
Mar 01 20:38:44.639922 n-d-827896-4 devstack@c-api.service[95488]: DEBUG cinder.api.openstack.wsgi [None req-8f5c00e1-e5de-468c-b24e-e7e7915f2a0a tempest-verify_tempest_config-1936920244 tempest-verify_tempest_config-1936920244-project] Calling method 'index' {{(pid=95488) _process_stack /opt/stack/cinder/cinder/api/openstack/wsgi.py:866}}
Mar 01 20:38:44.640630 n-d-827896-4 devstack@c-api.service[95488]: INFO cinder.api.openstack.wsgi [None req-8f5c00e1-e5de-468c-b24e-e7e7915f2a0a tempest-verify_tempest_config-1936920244 tempest-verify_tempest_config-1936920244-project] http://10.222.0.42/volume/v3/bce706c260f5449593f68340d7d2b9ac/extensions returned with HTTP 200
Mar 01 20:38:44.641306 n-d-827896-4 devstack@c-api.service[95488]: [pid: 95488|app: 0|req: 2/5] 10.222.0.42 () {58 vars in 1222 bytes} [Tue Mar 1 20:38:44 2022] GET /volume/v3/bce706c260f5449593f68340d7d2b9ac/extensions => generated 5245 bytes in 7 msecs (HTTP/1.1 200) 7 headers in 286 bytes (1 switches on core 0)
Mar 01 20:47:32.979615 n-d-827896-4 devstack@c-api.service[95487]: INFO cinder.api.openstack.wsgi [None req-62f6581d-d92f-4c3d-9de1-d2f1f94a0f36 tempest-AttachSCSIVolumeTestJSON-397260397 tempest-AttachSCSIVolumeTestJSON-397260397-project] POST http://10.222.0.42/volume/v3/8bafc1517a824411b78689dbd5905af2/volumes
Mar 01 20:47:32.982626 n-d-827896-4 devstack@c-api.service[95487]: DEBUG cinder.api.openstack.wsgi [None req-62f6581d-d92f-4c3d-9de1-d2f1f94a0f36 tempest-AttachSCSIVolumeTestJSON-397260397 tempest-AttachSCSIVolumeTestJSON-397260397-project] Action: 'create', calling method: create, body: {"volume": {"size": 1, "display_name": "tempest-AttachSCSIVolumeTestJSON-volume-1812728110"}} {{(pid=95487) _process_stack /opt/stack/cinder/cinder/api/openstack/wsgi.py:864}}
Mar 01 20:47:32.983857 n-d-827896-4 devstack@c-api.service[95487]: DEBUG cinder.api.v3.volumes [None req-62f6581d-d92f-4c3d-9de1-d2f1f94a0f36 tempest-AttachSCSIVolumeTestJSON-397260397 tempest-AttachSCSIVolumeTestJSON-397260397-project] Create volume request body: {'volume': {'size': 1, 'display_name': 'tempest-AttachSCSIVolumeTestJSON-volume-1812728110'}} {{(pid=95487) create /opt/stack/cinder/cinder/api/v3/volumes.py:289}}
Mar 01 20:47:32.985956 n-d-827896-4 devstack@c-api.service[95487]: INFO cinder.api.v3.volumes [None req-62f6581d-d92f-4c3d-9de1-d2f1f94a0f36 tempest-AttachSCSIVolumeTestJSON-397260397 tempest-AttachSCSIVolumeTestJSON-397260397-project] Create volume of 1 GB
Mar 01 20:47:33.037731 n-d-827896-4 devstack@c-api.service[95487]: DEBUG cinder.volume.api [None req-62f6581d-d92f-4c3d-9de1-d2f1f94a0f36 tempest-AttachSCSIVolumeTestJSON-397260397 tempest-AttachSCSIVolumeTestJSON-397260397-project] Availability zone cache updated, next update will occur around 2022-03-01 21:47:33.034661. {{(pid=95487) list_availability_zones /opt/stack/cinder/cinder/volume/api.py:147}}
Mar 01 20:47:33.038037 n-d-827896-4 devstack@c-api.service[95487]: INFO cinder.volume.api [None req-62f6581d-d92f-4c3d-9de1-d2f1f94a0f36 tempest-AttachSCSIVolumeTestJSON-397260397 tempest-AttachSCSIVolumeTestJSON-397260397-project] Availability Zones retrieved successfully.
Mar 01 20:47:33.196315 n-d-827896-4 devstack@c-api.service[95487]: DEBUG cinder.volume.api [None req-62f6581d-d92f-4c3d-9de1-d2f1f94a0f36 tempest-AttachSCSIVolumeTestJSON-397260397 tempest-AttachSCSIVolumeTestJSON-397260397-project] Flow 'volume_create_api' (3c087d28-429d-4aa3-9a1f-096a294ea3d9) transitioned into state 'RUNNING' from state 'PENDING' {{(pid=95487) _flow_receiver /usr/local/lib/python3.8/dist-packages/taskflow/listeners/logging.py:141}}
Mar 01 20:47:33.210910 n-d-827896-4 devstack@c-api.service[95487]: DEBUG cinder.volume.api [None req-62f6581d-d92f-4c3d-9de1-d2f1f94a0f36 tempest-AttachSCSIVolumeTestJSON-397260397 tempest-AttachSCSIVolumeTestJSON-397260397-project] Task 'cinder.volume.flows.api.create_volume.ExtractVolumeRequestTask;volume:create' (ffac21a7-72a2-4888-ba8d-27480d064077) transitioned into state 'RUNNING' from state 'PENDING' {{(pid=95487) _task_receiver /usr/local/lib/python3.8/dist-packages/taskflow/listeners/logging.py:190}}
Mar 01 20:47:33.213164 n-d-827896-4 devstack@c-api.service[95487]: DEBUG cinder.volume.flows.api.create_volume [None req-62f6581d-d92f-4c3d-9de1-d2f1f94a0f36 tempest-AttachSCSIVolumeTestJSON-397260397 tempest-AttachSCSIVolumeTestJSON-397260397-project] Validating volume size '1' using validate_int {{(pid=95487) _extract_size /opt/stack/cinder/cinder/volume/flows/api/create_volume.py:201}}
Mar 01 20:47:33.394046 n-d-827896-4 devstack@c-api.service[95487]: DEBUG cinder.volume.api [None req-62f6581d-d92f-4c3d-9de1-d2f1f94a0f36 tempest-AttachSCSIVolumeTestJSON-397260397 tempest-AttachSCSIVolumeTestJSON-397260397-project] Task 'cinder.volume.flows.api.create_volume.ExtractVolumeRequestTask;volume:create' (ffac21a7-72a2-4888-ba8d-27480d064077) transitioned into state 'SUCCESS' from state 'RUNNING' with result '{'size': 1, 'snapshot_id': None, 'source_volid': None, 'volume_type': VolumeType(created_at=2022-03-01T20:34:45Z,deleted=False,deleted_at=None,description=None,extra_specs={volume_backend_name='lvmdriver-1'},id=30cf1147-dfa0-4bc1-9fba-a01ef4a797fa,is_public=True,name='lvmdriver-1',projects=[],qos_specs=,qos_specs_id=None,updated_at=None), 'volume_type_id': '30cf1147-dfa0-4bc1-9fba-a01ef4a797fa', 'encryption_key_id': None, 'qos_specs': None, 'consistencygroup_id': None, 'cgsnapshot_id': None, 'group_id': None, 'replication_status': 'disabled', 'refresh_az': False, 'backup_id': None, 'multiattach': False, 'availability_zones': ['nova']}' {{(pid=95487) _task_receiver /usr/local/lib/python3.8/dist-packages/taskflow/listeners/logging.py:178}}
Mar 01 20:47:33.397526 n-d-827896-4 devstack@c-api.service[95487]: DEBUG cinder.volume.api [None req-62f6581d-d92f-4c3d-9de1-d2f1f94a0f36 tempest-AttachSCSIVolumeTestJSON-397260397 tempest-AttachSCSIVolumeTestJSON-397260397-project] Task 'cinder.volume.flows.api.create_volume.QuotaReserveTask;volume:create' (a6495f85-4ca1-4a43-b292-585f93ac1f64) transitioned into state 'RUNNING' from state 'PENDING' {{(pid=95487) _task_receiver /usr/local/lib/python3.8/dist-packages/taskflow/listeners/logging.py:190}}
Mar 01 20:47:33.465268 n-d-827896-4 devstack@c-api.service[95487]: WARNING cinder.quota [None req-62f6581d-d92f-4c3d-9de1-d2f1f94a0f36 tempest-AttachSCSIVolumeTestJSON-397260397 tempest-AttachSCSIVolumeTestJSON-397260397-project] Deprecated: Default quota for resource: volumes_lvmdriver-1 is set by the default quota flag: quota_volumes_lvmdriver-1, it is now deprecated. Please use the default quota class for default quota.
Mar 01 20:47:33.466200 n-d-827896-4 devstack@c-api.service[95487]: WARNING cinder.quota [None req-62f6581d-d92f-4c3d-9de1-d2f1f94a0f36 tempest-AttachSCSIVolumeTestJSON-397260397 tempest-AttachSCSIVolumeTestJSON-397260397-project] Deprecated: Default quota for resource: gigabytes_lvmdriver-1 is set by the default quota flag: quota_gigabytes_lvmdriver-1, it is now deprecated. Please use the default quota class for default quota.
Mar 01 20:47:33.932550 n-d-827896-4 devstack@c-api.service[95487]: DEBUG cinder.quota [None req-62f6581d-d92f-4c3d-9de1-d2f1f94a0f36 tempest-AttachSCSIVolumeTestJSON-397260397 tempest-AttachSCSIVolumeTestJSON-397260397-project] Created reservations ['f8f948fd-2d32-4981-b009-aa0d948cb1f0', 'f31e02e1-7829-41c1-82e3-e95b1288a276', 'e04b5f51-a32f-4b06-8da1-9203079fd2cb', '95890e3c-2eda-4ec3-b5fe-209e4387001c'] {{(pid=95487) reserve /opt/stack/cinder/cinder/quota.py:756}}
Mar 01 20:47:33.934310 n-d-827896-4 devstack@c-api.service[95487]: DEBUG cinder.volume.api [None req-62f6581d-d92f-4c3d-9de1-d2f1f94a0f36 tempest-AttachSCSIVolumeTestJSON-397260397 tempest-AttachSCSIVolumeTestJSON-397260397-project] Task 'cinder.volume.flows.api.create_volume.QuotaReserveTask;volume:create' (a6495f85-4ca1-4a43-b292-585f93ac1f64) transitioned into state 'SUCCESS' from state 'RUNNING' with result '{'reservations': ['f8f948fd-2d32-4981-b009-aa0d948cb1f0', 'f31e02e1-7829-41c1-82e3-e95b1288a276', 'e04b5f51-a32f-4b06-8da1-9203079fd2cb', '95890e3c-2eda-4ec3-b5fe-209e4387001c']}' {{(pid=95487) _task_receiver /usr/local/lib/python3.8/dist-packages/taskflow/listeners/logging.py:178}}
Mar 01 20:47:33.936962 n-d-827896-4 devstack@c-api.service[95487]: DEBUG cinder.volume.api [None req-62f6581d-d92f-4c3d-9de1-d2f1f94a0f36 tempest-AttachSCSIVolumeTestJSON-397260397 tempest-AttachSCSIVolumeTestJSON-397260397-project] Task 'cinder.volume.flows.api.create_volume.EntryCreateTask;volume:create' (98ff04c4-9a39-4c93-9aa3-5ed54efbf04a) transitioned into state 'RUNNING' from state 'PENDING' {{(pid=95487) _task_receiver /usr/local/lib/python3.8/dist-packages/taskflow/listeners/logging.py:190}}
Mar 01 20:47:34.200891 n-d-827896-4 devstack@c-api.service[95487]: DEBUG cinder.volume.api [None req-62f6581d-d92f-4c3d-9de1-d2f1f94a0f36 tempest-AttachSCSIVolumeTestJSON-397260397 tempest-AttachSCSIVolumeTestJSON-397260397-project] Task 'cinder.volume.flows.api.create_volume.EntryCreateTask;volume:create' (98ff04c4-9a39-4c93-9aa3-5ed54efbf04a) transitioned into state 'SUCCESS' from state 'RUNNING' with result '{'volume_id': 'b8448d40-1df7-49bc-9de2-dbeacd9ce93e', 'volume_properties': VolumeProperties(attach_status='detached',availability_zone='nova',cgsnapshot_id=None,consistencygroup_id=None,display_description=None,display_name='tempest-AttachSCSIVolumeTestJSON-volume-1812728110',encryption_key_id=None,group_id=None,group_type_id=,metadata={},multiattach=False,project_id='8bafc1517a824411b78689dbd5905af2',qos_specs=None,replication_status=,reservations=['f8f948fd-2d32-4981-b009-aa0d948cb1f0','f31e02e1-7829-41c1-82e3-e95b1288a276','e04b5f51-a32f-4b06-8da1-9203079fd2cb','95890e3c-2eda-4ec3-b5fe-209e4387001c'],size=1,snapshot_id=None,source_replicaid=,source_volid=None,status='creating',user_id='abc84706089a465bb611bbac09db7c60',volume_type_id=30cf1147-dfa0-4bc1-9fba-a01ef4a797fa), 'volume': Volume(_name_id=None,admin_metadata=,attach_status='detached',availability_zone='nova',bootable=False,cluster=,cluster_name=None,consistencygroup=,consistencygroup_id=None,created_at=2022-03-01T20:47:33Z,deleted=False,deleted_at=None,display_description=None,display_name='tempest-AttachSCSIVolumeTestJSON-volume-1812728110',ec2_id=None,encryption_key_id=None,glance_metadata=,group=,group_id=None,host=None,id=b8448d40-1df7-49bc-9de2-dbeacd9ce93e,launched_at=None,metadata={},migration_status=None,multiattach=False,previous_status=None,project_id='8bafc1517a824411b78689dbd5905af2',provider_auth=None,provider_geometry=None,provider_id=None,provider_location=None,replication_driver_data=None,replication_extended_status=None,replication_status=None,scheduled_at=None,service_uuid=None,shared_targets=True,size=1,snapshot_id=None,snapshots=,source_volid=None,status='creating',terminated_at=None,updated_at=None,user_id='abc84706089a465bb611bbac09db7c60',volume_attachment=VolumeAttachmentList,volume_type=VolumeType(30cf1147-dfa0-4bc1-9fba-a01ef4a797fa),volume_type_id=30cf1147-dfa0-4bc1-9fba-a01ef4a797fa)}' {{(pid=95487) _task_receiver /usr/local/lib/python3.8/dist-packages/taskflow/listeners/logging.py:178}}
Mar 01 20:47:34.206738 n-d-827896-4 devstack@c-api.service[95487]: DEBUG cinder.volume.api [None req-62f6581d-d92f-4c3d-9de1-d2f1f94a0f36 tempest-AttachSCSIVolumeTestJSON-397260397 tempest-AttachSCSIVolumeTestJSON-397260397-project] Task 'cinder.volume.flows.api.create_volume.QuotaCommitTask;volume:create' (2d8e4ad9-0cc6-453d-8626-25a57ad34816) transitioned into state 'RUNNING' from state 'PENDING' {{(pid=95487) _task_receiver /usr/local/lib/python3.8/dist-packages/taskflow/listeners/logging.py:190}}
Mar 01 20:47:34.358967 n-d-827896-4 devstack@c-api.service[95487]: DEBUG cinder.volume.api [None req-62f6581d-d92f-4c3d-9de1-d2f1f94a0f36 tempest-AttachSCSIVolumeTestJSON-397260397 tempest-AttachSCSIVolumeTestJSON-397260397-project] Task 'cinder.volume.flows.api.create_volume.QuotaCommitTask;volume:create' (2d8e4ad9-0cc6-453d-8626-25a57ad34816) transitioned into state 'SUCCESS' from state 'RUNNING' with result '{'volume_properties': VolumeProperties(attach_status='detached',availability_zone='nova',cgsnapshot_id=None,consistencygroup_id=None,display_description=None,display_name='tempest-AttachSCSIVolumeTestJSON-volume-1812728110',encryption_key_id=None,group_id=None,group_type_id=,metadata={},multiattach=False,project_id='8bafc1517a824411b78689dbd5905af2',qos_specs=None,replication_status=,reservations=['f8f948fd-2d32-4981-b009-aa0d948cb1f0','f31e02e1-7829-41c1-82e3-e95b1288a276','e04b5f51-a32f-4b06-8da1-9203079fd2cb','95890e3c-2eda-4ec3-b5fe-209e4387001c'],size=1,snapshot_id=None,source_replicaid=,source_volid=None,status='creating',user_id='abc84706089a465bb611bbac09db7c60',volume_type_id=30cf1147-dfa0-4bc1-9fba-a01ef4a797fa)}' {{(pid=95487) _task_receiver /usr/local/lib/python3.8/dist-packages/taskflow/listeners/logging.py:178}}
Mar 01 20:47:34.370876 n-d-827896-4 devstack@c-api.service[95487]: DEBUG cinder.volume.api [None req-62f6581d-d92f-4c3d-9de1-d2f1f94a0f36 tempest-AttachSCSIVolumeTestJSON-397260397 tempest-AttachSCSIVolumeTestJSON-397260397-project] Task 'cinder.volume.flows.api.create_volume.VolumeCastTask;volume:create' (3f9647ac-af9f-44d4-baf8-10d5f9bab9f5) transitioned into state 'RUNNING' from state 'PENDING' {{(pid=95487) _task_receiver /usr/local/lib/python3.8/dist-packages/taskflow/listeners/logging.py:190}}
Mar 01 20:47:34.520837 n-d-827896-4 devstack@c-api.service[95487]: DEBUG cinder.volume.api [None req-62f6581d-d92f-4c3d-9de1-d2f1f94a0f36 tempest-AttachSCSIVolumeTestJSON-397260397 tempest-AttachSCSIVolumeTestJSON-397260397-project] Task 'cinder.volume.flows.api.create_volume.VolumeCastTask;volume:create' (3f9647ac-af9f-44d4-baf8-10d5f9bab9f5) transitioned into state 'SUCCESS' from state 'RUNNING' with result 'None' {{(pid=95487) _task_receiver /usr/local/lib/python3.8/dist-packages/taskflow/listeners/logging.py:178}}
Mar 01 20:47:34.525062 n-d-827896-4 devstack@c-api.service[95487]: DEBUG cinder.volume.api [None req-62f6581d-d92f-4c3d-9de1-d2f1f94a0f36 tempest-AttachSCSIVolumeTestJSON-397260397 tempest-AttachSCSIVolumeTestJSON-397260397-project] Flow 'volume_create_api' (3c087d28-429d-4aa3-9a1f-096a294ea3d9) transitioned into state 'SUCCESS' from state 'RUNNING' {{(pid=95487) _flow_receiver /usr/local/lib/python3.8/dist-packages/taskflow/listeners/logging.py:141}}
Mar 01 20:47:34.526339 n-d-827896-4 devstack@c-api.service[95487]: INFO cinder.volume.api [None req-62f6581d-d92f-4c3d-9de1-d2f1f94a0f36 tempest-AttachSCSIVolumeTestJSON-397260397 tempest-AttachSCSIVolumeTestJSON-397260397-project] Create volume request issued successfully.
Mar 01 20:47:34.528673 n-d-827896-4 devstack@c-api.service[95487]: INFO cinder.api.openstack.wsgi [None req-62f6581d-d92f-4c3d-9de1-d2f1f94a0f36 tempest-AttachSCSIVolumeTestJSON-397260397 tempest-AttachSCSIVolumeTestJSON-397260397-project] http://10.222.0.42/volume/v3/8bafc1517a824411b78689dbd5905af2/volumes returned with HTTP 202
Mar 01 20:47:34.542732 n-d-827896-4 devstack@c-api.service[95487]: [pid: 95487|app: 0|req: 4/6] 10.222.0.42 () {60 vars in 1234 bytes} [Tue Mar 1 20:47:32 2022] POST /volume/v3/8bafc1517a824411b78689dbd5905af2/volumes => generated 824 bytes in 1558 msecs (HTTP/1.1 202) 7 headers in 291 bytes (1 switches on core 0)
Mar 01 20:47:34.547211 n-d-827896-4 devstack@c-api.service[95488]: INFO cinder.api.openstack.wsgi [None req-10ff63a0-b5fb-4929-a2e7-a50c83ac5953 tempest-AttachSCSIVolumeTestJSON-397260397 tempest-AttachSCSIVolumeTestJSON-397260397-project] GET http://10.222.0.42/volume/v3/8bafc1517a824411b78689dbd5905af2/volumes/b8448d40-1df7-49bc-9de2-dbeacd9ce93e
Mar 01 20:47:34.548948 n-d-827896-4 devstack@c-api.service[95488]: DEBUG cinder.api.openstack.wsgi [None req-10ff63a0-b5fb-4929-a2e7-a50c83ac5953 tempest-AttachSCSIVolumeTestJSON-397260397 tempest-AttachSCSIVolumeTestJSON-397260397-project] Empty body provided in request {{(pid=95488) get_body /opt/stack/cinder/cinder/api/openstack/wsgi.py:713}}
Mar 01 20:47:34.549610 n-d-827896-4 devstack@c-api.service[95488]: DEBUG cinder.api.openstack.wsgi [None req-10ff63a0-b5fb-4929-a2e7-a50c83ac5953 tempest-AttachSCSIVolumeTestJSON-397260397 tempest-AttachSCSIVolumeTestJSON-397260397-project] Calling method 'show' {{(pid=95488) _process_stack /opt/stack/cinder/cinder/api/openstack/wsgi.py:866}}
Mar 01 20:47:34.616741 n-d-827896-4 devstack@c-api.service[95488]: /usr/local/lib/python3.8/dist-packages/oslo_context/context.py:105: DeprecationWarning: Policy enforcement is depending on the value of is_admin. This key is deprecated. Please update your policy file to use the standard policy values.
Mar 01 20:47:34.616741 n-d-827896-4 devstack@c-api.service[95488]: warnings.warn('Policy enforcement is depending on the value of '
Mar 01 20:47:34.627793 n-d-827896-4 devstack@c-api.service[95488]: INFO cinder.volume.api [None req-10ff63a0-b5fb-4929-a2e7-a50c83ac5953 tempest-AttachSCSIVolumeTestJSON-397260397 tempest-AttachSCSIVolumeTestJSON-397260397-project] Volume info retrieved successfully.
Mar 01 20:47:34.643723 n-d-827896-4 devstack@c-api.service[95488]: INFO cinder.api.openstack.wsgi [None req-10ff63a0-b5fb-4929-a2e7-a50c83ac5953 tempest-AttachSCSIVolumeTestJSON-397260397 tempest-AttachSCSIVolumeTestJSON-397260397-project] http://10.222.0.42/volume/v3/8bafc1517a824411b78689dbd5905af2/volumes/b8448d40-1df7-49bc-9de2-dbeacd9ce93e returned with HTTP 200
Mar 01 20:47:34.646097 n-d-827896-4 devstack@c-api.service[95488]: [pid: 95488|app: 0|req: 3/7] 10.222.0.42 () {58 vars in 1324 bytes} [Tue Mar 1 20:47:34 2022] GET /volume/v3/8bafc1517a824411b78689dbd5905af2/volumes/b8448d40-1df7-49bc-9de2-dbeacd9ce93e => generated 892 bytes in 102 msecs (HTTP/1.1 200) 7 headers in 285 bytes (1 switches on core 0)
Mar 01 20:47:35.660585 n-d-827896-4 devstack@c-api.service[95487]: INFO cinder.api.openstack.wsgi [None req-2a2ff45c-b93f-4bcd-b3b8-877c154adbe3 tempest-AttachSCSIVolumeTestJSON-397260397 tempest-AttachSCSIVolumeTestJSON-397260397-project] GET http://10.222.0.42/volume/v3/8bafc1517a824411b78689dbd5905af2/volumes/b8448d40-1df7-49bc-9de2-dbeacd9ce93e
Mar 01 20:47:35.662134 n-d-827896-4 devstack@c-api.service[95487]: DEBUG cinder.api.openstack.wsgi [None req-2a2ff45c-b93f-4bcd-b3b8-877c154adbe3 tempest-AttachSCSIVolumeTestJSON-397260397 tempest-AttachSCSIVolumeTestJSON-397260397-project] Empty body provided in request {{(pid=95487) get_body /opt/stack/cinder/cinder/api/openstack/wsgi.py:713}}
Mar 01 20:47:35.662710 n-d-827896-4 devstack@c-api.service[95487]: /usr/local/lib/python3.8/dist-packages/webob/acceptparse.py:1047: DeprecationWarning: The behavior of AcceptValidHeader.best_match is currently being maintained for backward compatibility, but it will be deprecated in the future, as it does not conform to the RFC.
Mar 01 20:47:35.662710 n-d-827896-4 devstack@c-api.service[95487]: warnings.warn(
Mar 01 20:47:35.663274 n-d-827896-4 devstack@c-api.service[95487]: DEBUG cinder.api.openstack.wsgi [None req-2a2ff45c-b93f-4bcd-b3b8-877c154adbe3 tempest-AttachSCSIVolumeTestJSON-397260397 tempest-AttachSCSIVolumeTestJSON-397260397-project] Calling method 'show' {{(pid=95487) _process_stack /opt/stack/cinder/cinder/api/openstack/wsgi.py:866}}
Mar 01 20:47:35.793335 n-d-827896-4 devstack@c-api.service[95487]: /usr/local/lib/python3.8/dist-packages/oslo_context/context.py:105: DeprecationWarning: Policy enforcement is depending on the value of is_admin. This key is deprecated. Please update your policy file to use the standard policy values.
Mar 01 20:47:35.793335 n-d-827896-4 devstack@c-api.service[95487]: warnings.warn('Policy enforcement is depending on the value of '
Mar 01 20:47:35.817937 n-d-827896-4 devstack@c-api.service[95487]: INFO cinder.volume.api [None req-2a2ff45c-b93f-4bcd-b3b8-877c154adbe3 tempest-AttachSCSIVolumeTestJSON-397260397 tempest-AttachSCSIVolumeTestJSON-397260397-project] Volume info retrieved successfully.
Mar 01 20:47:35.839755 n-d-827896-4 devstack@c-api.service[95487]: INFO cinder.api.openstack.wsgi [None req-2a2ff45c-b93f-4bcd-b3b8-877c154adbe3 tempest-AttachSCSIVolumeTestJSON-397260397 tempest-AttachSCSIVolumeTestJSON-397260397-project] http://10.222.0.42/volume/v3/8bafc1517a824411b78689dbd5905af2/volumes/b8448d40-1df7-49bc-9de2-dbeacd9ce93e returned with HTTP 200
Mar 01 20:47:35.841483 n-d-827896-4 devstack@c-api.service[95487]: [pid: 95487|app: 0|req: 5/8] 10.222.0.42 () {58 vars in 1324 bytes} [Tue Mar 1 20:47:35 2022] GET /volume/v3/8bafc1517a824411b78689dbd5905af2/volumes/b8448d40-1df7-49bc-9de2-dbeacd9ce93e => generated 916 bytes in 185 msecs (HTTP/1.1 200) 7 headers in 285 bytes (1 switches on core 0)
Mar 01 20:47:36.870968 n-d-827896-4 devstack@c-api.service[95488]: INFO cinder.api.openstack.wsgi [None req-aa6b2457-12ab-4372-b6d3-530de330c3e6 tempest-AttachSCSIVolumeTestJSON-397260397 tempest-AttachSCSIVolumeTestJSON-397260397-project] GET http://10.222.0.42/volume/v3/8bafc1517a824411b78689dbd5905af2/volumes/b8448d40-1df7-49bc-9de2-dbeacd9ce93e
Mar 01 20:47:36.872133 n-d-827896-4 devstack@c-api.service[95488]: DEBUG cinder.api.openstack.wsgi [None req-aa6b2457-12ab-4372-b6d3-530de330c3e6 tempest-AttachSCSIVolumeTestJSON-397260397 tempest-AttachSCSIVolumeTestJSON-397260397-project] Empty body provided in request {{(pid=95488) get_body /opt/stack/cinder/cinder/api/openstack/wsgi.py:713}}
Mar 01 20:47:36.873625 n-d-827896-4 devstack@c-api.service[95488]: /usr/local/lib/python3.8/dist-packages/webob/acceptparse.py:1047: DeprecationWarning: The behavior of AcceptValidHeader.best_match is currently being maintained for backward compatibility, but it will be deprecated in the future, as it does not conform to the RFC.
Mar 01 20:47:36.873625 n-d-827896-4 devstack@c-api.service[95488]: warnings.warn(
Mar 01 20:47:36.874285 n-d-827896-4 devstack@c-api.service[95488]: DEBUG cinder.api.openstack.wsgi [None req-aa6b2457-12ab-4372-b6d3-530de330c3e6 tempest-AttachSCSIVolumeTestJSON-397260397 tempest-AttachSCSIVolumeTestJSON-397260397-project] Calling method 'show' {{(pid=95488) _process_stack /opt/stack/cinder/cinder/api/openstack/wsgi.py:866}}
Mar 01 20:47:36.970562 n-d-827896-4 devstack@c-api.service[95488]: /usr/local/lib/python3.8/dist-packages/oslo_context/context.py:105: DeprecationWarning: Policy enforcement is depending on the value of is_admin. This key is deprecated. Please update your policy file to use the standard policy values.
Mar 01 20:47:36.970562 n-d-827896-4 devstack@c-api.service[95488]: warnings.warn('Policy enforcement is depending on the value of '
Mar 01 20:47:36.986977 n-d-827896-4 devstack@c-api.service[95488]: INFO cinder.volume.api [None req-aa6b2457-12ab-4372-b6d3-530de330c3e6 tempest-AttachSCSIVolumeTestJSON-397260397 tempest-AttachSCSIVolumeTestJSON-397260397-project] Volume info retrieved successfully.
Mar 01 20:47:37.011027 n-d-827896-4 devstack@c-api.service[95488]: INFO cinder.api.openstack.wsgi [None req-aa6b2457-12ab-4372-b6d3-530de330c3e6 tempest-AttachSCSIVolumeTestJSON-397260397 tempest-AttachSCSIVolumeTestJSON-397260397-project] http://10.222.0.42/volume/v3/8bafc1517a824411b78689dbd5905af2/volumes/b8448d40-1df7-49bc-9de2-dbeacd9ce93e returned with HTTP 200
Mar 01 20:47:37.017905 n-d-827896-4 devstack@c-api.service[95488]: [pid: 95488|app: 0|req: 4/9] 10.222.0.42 () {58 vars in 1324 bytes} [Tue Mar 1 20:47:36 2022] GET /volume/v3/8bafc1517a824411b78689dbd5905af2/volumes/b8448d40-1df7-49bc-9de2-dbeacd9ce93e => generated 916 bytes in 160 msecs (HTTP/1.1 200) 7 headers in 285 bytes (1 switches on core 0)
Mar 01 20:47:38.031755 n-d-827896-4 devstack@c-api.service[95487]: INFO cinder.api.openstack.wsgi [None req-430d073f-d2d9-4e1e-8ccb-916ce9bb0fbc tempest-AttachSCSIVolumeTestJSON-397260397 tempest-AttachSCSIVolumeTestJSON-397260397-project] GET http://10.222.0.42/volume/v3/8bafc1517a824411b78689dbd5905af2/volumes/b8448d40-1df7-49bc-9de2-dbeacd9ce93e
Mar 01 20:47:38.032867 n-d-827896-4 devstack@c-api.service[95487]: DEBUG cinder.api.openstack.wsgi [None req-430d073f-d2d9-4e1e-8ccb-916ce9bb0fbc tempest-AttachSCSIVolumeTestJSON-397260397 tempest-AttachSCSIVolumeTestJSON-397260397-project] Empty body provided in request {{(pid=95487) get_body /opt/stack/cinder/cinder/api/openstack/wsgi.py:713}}
Mar 01 20:47:38.033043 n-d-827896-4 devstack@c-api.service[95487]: /usr/local/lib/python3.8/dist-packages/webob/acceptparse.py:1047: DeprecationWarning: The behavior of AcceptValidHeader.best_match is currently being maintained for backward compatibility, but it will be deprecated in the future, as it does not conform to the RFC.
Mar 01 20:47:38.033043 n-d-827896-4 devstack@c-api.service[95487]: warnings.warn(
Mar 01 20:47:38.033784 n-d-827896-4 devstack@c-api.service[95487]: DEBUG cinder.api.openstack.wsgi [None req-430d073f-d2d9-4e1e-8ccb-916ce9bb0fbc tempest-AttachSCSIVolumeTestJSON-397260397 tempest-AttachSCSIVolumeTestJSON-397260397-project] Calling method 'show' {{(pid=95487) _process_stack /opt/stack/cinder/cinder/api/openstack/wsgi.py:866}}
Mar 01 20:47:38.131421 n-d-827896-4 devstack@c-api.service[95487]: /usr/local/lib/python3.8/dist-packages/oslo_context/context.py:105: DeprecationWarning: Policy enforcement is depending on the value of is_admin. This key is deprecated. Please update your policy file to use the standard policy values.
Mar 01 20:47:38.131421 n-d-827896-4 devstack@c-api.service[95487]: warnings.warn('Policy enforcement is depending on the value of '
Mar 01 20:47:38.154412 n-d-827896-4 devstack@c-api.service[95487]: INFO cinder.volume.api [None req-430d073f-d2d9-4e1e-8ccb-916ce9bb0fbc tempest-AttachSCSIVolumeTestJSON-397260397 tempest-AttachSCSIVolumeTestJSON-397260397-project] Volume info retrieved successfully.
Mar 01 20:47:38.188270 n-d-827896-4 devstack@c-api.service[95487]: INFO cinder.api.openstack.wsgi [None req-430d073f-d2d9-4e1e-8ccb-916ce9bb0fbc tempest-AttachSCSIVolumeTestJSON-397260397 tempest-AttachSCSIVolumeTestJSON-397260397-project] http://10.222.0.42/volume/v3/8bafc1517a824411b78689dbd5905af2/volumes/b8448d40-1df7-49bc-9de2-dbeacd9ce93e returned with HTTP 200
Mar 01 20:47:38.199087 n-d-827896-4 devstack@c-api.service[95487]: [pid: 95487|app: 0|req: 6/10] 10.222.0.42 () {58 vars in 1324 bytes} [Tue Mar 1 20:47:38 2022] GET /volume/v3/8bafc1517a824411b78689dbd5905af2/volumes/b8448d40-1df7-49bc-9de2-dbeacd9ce93e => generated 917 bytes in 170 msecs (HTTP/1.1 200) 7 headers in 285 bytes (1 switches on core 0)
Mar 01 20:47:38.827493 n-d-827896-4 devstack@c-api.service[95488]: WARNING keystonemiddleware.auth_token [None req-aa6b2457-12ab-4372-b6d3-530de330c3e6 tempest-AttachSCSIVolumeTestJSON-397260397 tempest-AttachSCSIVolumeTestJSON-397260397-project] A valid token was submitted as a service token, but it was not a valid service token. This is incorrect but backwards compatible behaviour. This will be removed in future releases.
Mar 01 20:47:38.831094 n-d-827896-4 devstack@c-api.service[95488]: INFO cinder.api.openstack.wsgi [req-b5166533-ec51-4cc2-ab32-dac3bcae5de1 req-54a2d209-79bc-43e2-91ab-8ab62f301c4c tempest-AttachSCSIVolumeTestJSON-397260397 tempest-AttachSCSIVolumeTestJSON-397260397-project] GET http://10.222.0.42/volume/v3/8bafc1517a824411b78689dbd5905af2/volumes/b8448d40-1df7-49bc-9de2-dbeacd9ce93e
Mar 01 20:47:38.831588 n-d-827896-4 devstack@c-api.service[95488]: DEBUG cinder.api.openstack.wsgi [req-b5166533-ec51-4cc2-ab32-dac3bcae5de1 req-54a2d209-79bc-43e2-91ab-8ab62f301c4c tempest-AttachSCSIVolumeTestJSON-397260397 tempest-AttachSCSIVolumeTestJSON-397260397-project] Empty body provided in request {{(pid=95488) get_body /opt/stack/cinder/cinder/api/openstack/wsgi.py:713}}
Mar 01 20:47:38.831763 n-d-827896-4 devstack@c-api.service[95488]: /usr/local/lib/python3.8/dist-packages/webob/acceptparse.py:1047: DeprecationWarning: The behavior of AcceptValidHeader.best_match is currently being maintained for backward compatibility, but it will be deprecated in the future, as it does not conform to the RFC.
Mar 01 20:47:38.831763 n-d-827896-4 devstack@c-api.service[95488]: warnings.warn(
Mar 01 20:47:38.832103 n-d-827896-4 devstack@c-api.service[95488]: DEBUG cinder.api.openstack.wsgi [req-b5166533-ec51-4cc2-ab32-dac3bcae5de1 req-54a2d209-79bc-43e2-91ab-8ab62f301c4c tempest-AttachSCSIVolumeTestJSON-397260397 tempest-AttachSCSIVolumeTestJSON-397260397-project] Calling method 'show' {{(pid=95488) _process_stack /opt/stack/cinder/cinder/api/openstack/wsgi.py:866}}
Mar 01 20:47:38.877862 n-d-827896-4 devstack@c-api.service[95488]: /usr/local/lib/python3.8/dist-packages/oslo_context/context.py:105: DeprecationWarning: Policy enforcement is depending on the value of is_admin. This key is deprecated. Please update your policy file to use the standard policy values.
Mar 01 20:47:38.877862 n-d-827896-4 devstack@c-api.service[95488]: warnings.warn('Policy enforcement is depending on the value of '
Mar 01 20:47:38.886541 n-d-827896-4 devstack@c-api.service[95488]: INFO cinder.volume.api [req-b5166533-ec51-4cc2-ab32-dac3bcae5de1 req-54a2d209-79bc-43e2-91ab-8ab62f301c4c tempest-AttachSCSIVolumeTestJSON-397260397 tempest-AttachSCSIVolumeTestJSON-397260397-project] Volume info retrieved successfully.
Mar 01 20:47:38.897710 n-d-827896-4 devstack@c-api.service[95488]: INFO cinder.api.openstack.wsgi [req-b5166533-ec51-4cc2-ab32-dac3bcae5de1 req-54a2d209-79bc-43e2-91ab-8ab62f301c4c tempest-AttachSCSIVolumeTestJSON-397260397 tempest-AttachSCSIVolumeTestJSON-397260397-project] http://10.222.0.42/volume/v3/8bafc1517a824411b78689dbd5905af2/volumes/b8448d40-1df7-49bc-9de2-dbeacd9ce93e returned with HTTP 200
Mar 01 20:47:38.898483 n-d-827896-4 devstack@c-api.service[95488]: [pid: 95488|app: 0|req: 5/11] 10.222.0.42 () {60 vars in 1578 bytes} [Tue Mar 1 20:47:38 2022] GET /volume/v3/8bafc1517a824411b78689dbd5905af2/volumes/b8448d40-1df7-49bc-9de2-dbeacd9ce93e => generated 917 bytes in 72 msecs (HTTP/1.1 200) 7 headers in 285 bytes (1 switches on core 0)
Mar 01 20:47:39.398192 n-d-827896-4 devstack@c-api.service[95487]: INFO cinder.api.openstack.wsgi [None req-430d073f-d2d9-4e1e-8ccb-916ce9bb0fbc tempest-AttachSCSIVolumeTestJSON-397260397 tempest-AttachSCSIVolumeTestJSON-397260397-project] GET http://10.222.0.42/volume//
Mar 01 20:47:39.400189 n-d-827896-4 devstack@c-api.service[95487]: DEBUG cinder.api.openstack.wsgi [None req-430d073f-d2d9-4e1e-8ccb-916ce9bb0fbc tempest-AttachSCSIVolumeTestJSON-397260397 tempest-AttachSCSIVolumeTestJSON-397260397-project] Empty body provided in request {{(pid=95487) get_body /opt/stack/cinder/cinder/api/openstack/wsgi.py:713}}
Mar 01 20:47:39.400530 n-d-827896-4 devstack@c-api.service[95487]: /usr/local/lib/python3.8/dist-packages/webob/acceptparse.py:1047: DeprecationWarning: The behavior of AcceptValidHeader.best_match is currently being maintained for backward compatibility, but it will be deprecated in the future, as it does not conform to the RFC.
Mar 01 20:47:39.400530 n-d-827896-4 devstack@c-api.service[95487]: warnings.warn(
Mar 01 20:47:39.400790 n-d-827896-4 devstack@c-api.service[95487]: DEBUG cinder.api.openstack.wsgi [None req-430d073f-d2d9-4e1e-8ccb-916ce9bb0fbc tempest-AttachSCSIVolumeTestJSON-397260397 tempest-AttachSCSIVolumeTestJSON-397260397-project] Calling method 'all' {{(pid=95487) _process_stack /opt/stack/cinder/cinder/api/openstack/wsgi.py:866}}
Mar 01 20:47:39.401902 n-d-827896-4 devstack@c-api.service[95487]: INFO cinder.api.openstack.wsgi [None req-430d073f-d2d9-4e1e-8ccb-916ce9bb0fbc tempest-AttachSCSIVolumeTestJSON-397260397 tempest-AttachSCSIVolumeTestJSON-397260397-project] http://10.222.0.42/volume// returned with HTTP 300
Mar 01 20:47:39.402807 n-d-827896-4 devstack@c-api.service[95487]: [pid: 95487|app: 0|req: 7/12] 10.222.0.42 () {58 vars in 1299 bytes} [Tue Mar 1 20:47:39 2022] GET /volume/ => generated 754 bytes in 5 msecs (HTTP/1.1 300) 5 headers in 169 bytes (1 switches on core 0)
Mar 01 20:47:39.416210 n-d-827896-4 devstack@c-api.service[95488]: INFO cinder.api.openstack.wsgi [req-b5166533-ec51-4cc2-ab32-dac3bcae5de1 req-501dd63f-1adb-4131-9dae-2def485f5b50 tempest-AttachSCSIVolumeTestJSON-397260397 tempest-AttachSCSIVolumeTestJSON-397260397-project] POST http://10.222.0.42/volume/v3/8bafc1517a824411b78689dbd5905af2/attachments
Mar 01 20:47:39.416754 n-d-827896-4 devstack@c-api.service[95488]: /usr/local/lib/python3.8/dist-packages/webob/acceptparse.py:1047: DeprecationWarning: The behavior of AcceptValidHeader.best_match is currently being maintained for backward compatibility, but it will be deprecated in the future, as it does not conform to the RFC.
Mar 01 20:47:39.416754 n-d-827896-4 devstack@c-api.service[95488]: warnings.warn(
