Feb 04 20:52:25.735557 n-d-827896-1 neutron-server[87684]: DEBUG neutron_lib.callbacks.manager [None req-485f8b12-0c3a-4015-8ba6-4d9929c2ff31 None None] Notify callbacks ['neutron.plugins.ml2.plugin.SecurityGroupServerNotifierRpcMixin.notify_sg_on_port_change-518863', 'neutron.plugins.ml2.ovo_rpc._ObjectChangeHandler.handle_event-8333215', 'neutron.api.rpc.agentnotifiers.dhcp_rpc_agent_api.DhcpAgentNotifyAPI._native_event_send_dhcp_notification-7870321', 'neutron.db.l3_db.L3RpcNotifierMixin._notify_gateway_port_ip_changed-8761250875661', 'neutron.db.l3_dvrscheduler_db._notify_l3_agent_port_update-8761250434079', 'neutron.db.l3_hascheduler_db._notify_l3_agent_ha_port_update-8761250434124'] for port, after_update {{(pid=87684) _notify_loop /usr/local/lib/python3.8/dist-packages/neutron_lib/callbacks/manager.py:192}}
Feb 04 20:52:25.804612 n-d-827896-1 neutron-server[87684]: DEBUG neutron.api.rpc.handlers.resources_rpc [None req-485f8b12-0c3a-4015-8ba6-4d9929c2ff31 None None] Pushing event updated for resources: {'Port': ['ID=e1577e2f-f3ad-4c68-b3c4-c5208ab28b17,revision_number=4']} {{(pid=87684) push /opt/stack/neutron/neutron/api/rpc/handlers/resources_rpc.py:237}}
Feb 04 20:52:25.821238 n-d-827896-1 neutron-server[87683]: DEBUG neutron.plugins.ml2.plugin [req-f1b7380c-80fe-4330-971b-f232a83f4687 req-73b5292a-9aa9-422d-a60a-7107fbc93c3b tempest-DeleteServersAdminTestJSON-2143547189 tempest-DeleteServersAdminTestJSON-2143547189-project-admin] Calling delete_port for 74e55436-b9b7-467e-b019-400341cbe9cb owned by compute:tempest-test_az-1489072863 {{(pid=87683) delete_port /opt/stack/neutron/neutron/plugins/ml2/plugin.py:1987}}
Feb 04 20:52:25.857874 n-d-827896-1 neutron-server[87682]: DEBUG neutron.pecan_wsgi.hooks.policy_enforcement [req-9ecdaa70-8722-454b-83aa-4ecca119b890 req-d5215d8c-ecf2-4056-b934-7e37d8804f01 tempest-AggregatesAdminTestJSON-1814217350 tempest-AggregatesAdminTestJSON-1814217350-project] Attributes excluded by policy engine: ['standard_attr_id', 'binding:profile', 'binding:host_id', 'binding:vif_type', 'binding:vif_details'] {{(pid=87682) _exclude_attributes_by_policy /opt/stack/neutron/neutron/pecan_wsgi/hooks/policy_enforcement.py:255}}
Feb 04 20:52:25.859306 n-d-827896-1 neutron-server[87682]: INFO neutron.wsgi [req-9ecdaa70-8722-454b-83aa-4ecca119b890 req-d5215d8c-ecf2-4056-b934-7e37d8804f01 tempest-AggregatesAdminTestJSON-1814217350 tempest-AggregatesAdminTestJSON-1814217350-project] 10.222.0.18 "GET /v2.0/ports?device_id=9d2f417a-d285-41d7-965d-dad55bae03f4 HTTP/1.1" status: 200 len: 972 time: 0.0889046
Feb 04 20:52:25.924898 n-d-827896-1 neutron-server[87683]: INFO neutron.wsgi [req-d3dddfc1-70d5-4268-869c-3860db18a537 req-b1c77e9a-718f-43bb-93ca-1986da848cb4 tempest-LiveAutoBlockMigrationV225Test-1285366687 tempest-LiveAutoBlockMigrationV225Test-1285366687-project] 10.222.0.26 "GET /v2.0/ports?device_id=2834215a-8a33-4460-87eb-ea406ea85d58 HTTP/1.1" status: 200 len: 210 time: 0.0663517
Feb 04 20:52:25.927520 n-d-827896-1 neutron-server[87683]: DEBUG neutron_lib.callbacks.manager [None req-47cfe2d3-eedd-4ade-a453-14c5e5f70c17 admin admin] Notify callbacks ['neutron.plugins.ml2.plugin.SecurityGroupDbMixin._ensure_default_security_group_handler-519690'] for port, before_update {{(pid=87683) _notify_loop /usr/local/lib/python3.8/dist-packages/neutron_lib/callbacks/manager.py:192}}
Feb 04 20:52:25.933505 n-d-827896-1 neutron-server[87682]: DEBUG neutron.plugins.ml2.plugin [req-9ecdaa70-8722-454b-83aa-4ecca119b890 req-841f8ca2-9249-406c-a8ca-830b265aa0ea tempest-AggregatesAdminTestJSON-1814217350 tempest-AggregatesAdminTestJSON-1814217350-project] Deleting port bef8747f-2f34-4d30-8e5a-04f694fb6040 {{(pid=87682) _pre_delete_port /opt/stack/neutron/neutron/plugins/ml2/plugin.py:1915}}
Feb 04 20:52:25.933869 n-d-827896-1 neutron-server[87682]: DEBUG neutron_lib.callbacks.manager [req-9ecdaa70-8722-454b-83aa-4ecca119b890 req-841f8ca2-9249-406c-a8ca-830b265aa0ea tempest-AggregatesAdminTestJSON-1814217350 tempest-AggregatesAdminTestJSON-1814217350-project] Notify callbacks ['neutron.db.l3_db.L3_NAT_dbonly_mixin._prevent_l3_port_delete_callback-8761250872558'] for port, before_delete {{(pid=87682) _notify_loop /usr/local/lib/python3.8/dist-packages/neutron_lib/callbacks/manager.py:192}}
Feb 04 20:52:26.055728 n-d-827896-1 neutron-server[87683]: DEBUG neutron.api.v2.base [req-9bda656d-19ee-402c-b9b0-1d8ceaef98f8 req-5f89dc6e-c520-4c21-8e63-b0082f1cb90b tempest-ServersOnMultiNodesTest-270084864 tempest-ServersOnMultiNodesTest-270084864-project] Request body: {'port': {'device_id': 'f9cd9679-9aaf-4c95-beb9-4b9eed13656b', 'network_id': '54d6ae2e-de73-4435-bfdd-cd390a2143ad', 'admin_state_up': True, 'tenant_id': '1c95ab08729c4244bb5389f69a70876f'}} {{(pid=87683) prepare_request_body /opt/stack/neutron/neutron/api/v2/base.py:729}}
Feb 04 20:52:26.273189 n-d-827896-1 neutron-server[87682]: DEBUG neutron.plugins.ml2.db [req-9ecdaa70-8722-454b-83aa-4ecca119b890 req-841f8ca2-9249-406c-a8ca-830b265aa0ea tempest-AggregatesAdminTestJSON-1814217350 tempest-AggregatesAdminTestJSON-1814217350-project] For port bef8747f-2f34-4d30-8e5a-04f694fb6040, host n-h2-827896-1, got binding levels [PortBindingLevel(driver='hyperv',host='n-h2-827896-1',level=0,port_id=bef8747f-2f34-4d30-8e5a-04f694fb6040,segment=NetworkSegment(bff6acca-b6b1-44c0-b18a-10955f9f828c),segment_id=bff6acca-b6b1-44c0-b18a-10955f9f828c)] {{(pid=87682) get_binding_level_objs /opt/stack/neutron/neutron/plugins/ml2/db.py:75}}
Feb 04 20:52:26.273722 n-d-827896-1 neutron-server[87682]: DEBUG neutron_lib.callbacks.manager [req-9ecdaa70-8722-454b-83aa-4ecca119b890 req-841f8ca2-9249-406c-a8ca-830b265aa0ea tempest-AggregatesAdminTestJSON-1814217350 tempest-AggregatesAdminTestJSON-1814217350-project] Notify callbacks ['neutron.services.l3_router.l3_router_plugin.L3_NAT_dbonly_mixin._precommit_delete_port_callback-492732'] for port, precommit_delete {{(pid=87682) _notify_loop /usr/local/lib/python3.8/dist-packages/neutron_lib/callbacks/manager.py:192}}
Feb 04 20:52:26.413686 n-d-827896-1 neutron-server[87682]: DEBUG neutron.plugins.ml2.plugin [req-9ecdaa70-8722-454b-83aa-4ecca119b890 req-841f8ca2-9249-406c-a8ca-830b265aa0ea tempest-AggregatesAdminTestJSON-1814217350 tempest-AggregatesAdminTestJSON-1814217350-project] Calling delete_port for bef8747f-2f34-4d30-8e5a-04f694fb6040 owned by compute:tempest-test_az-1489072863 {{(pid=87682) delete_port /opt/stack/neutron/neutron/plugins/ml2/plugin.py:1987}}
Feb 04 20:52:26.519556 n-d-827896-1 neutron-server[87683]: DEBUG neutron.db.quota.driver [req-9bda656d-19ee-402c-b9b0-1d8ceaef98f8 req-5f89dc6e-c520-4c21-8e63-b0082f1cb90b tempest-ServersOnMultiNodesTest-270084864 tempest-ServersOnMultiNodesTest-270084864-project] Resources subnetpool have unlimited quota limit. It is not required to calculate headroom {{(pid=87683) make_reservation /opt/stack/neutron/neutron/db/quota/driver.py:219}}
Feb 04 20:52:26.527402 n-d-827896-1 neutron-server[87683]: DEBUG neutron_lib.callbacks.manager [req-f1b7380c-80fe-4330-971b-f232a83f4687 req-73b5292a-9aa9-422d-a60a-7107fbc93c3b tempest-DeleteServersAdminTestJSON-2143547189 tempest-DeleteServersAdminTestJSON-2143547189-project-admin] Notify callbacks ['neutron.plugins.ml2.plugin.SecurityGroupServerNotifierRpcMixin.notify_sg_on_port_change-518863', 'neutron.plugins.ml2.ovo_rpc._ObjectChangeHandler.handle_event-8333215', 'neutron.api.rpc.agentnotifiers.dhcp_rpc_agent_api.DhcpAgentNotifyAPI._native_event_send_dhcp_notification-7870321', 'neutron.db.l3_db.L3RpcNotifierMixin._notify_routers_callback-8761250875670', 'neutron.db.l3_dvrscheduler_db._notify_port_delete-8761250434070'] for port, after_delete {{(pid=87683) _notify_loop /usr/local/lib/python3.8/dist-packages/neutron_lib/callbacks/manager.py:192}}
Feb 04 20:52:26.530221 n-d-827896-1 neutron-server[87683]: DEBUG neutron.quota.resource [req-9bda656d-19ee-402c-b9b0-1d8ceaef98f8 req-5f89dc6e-c520-4c21-8e63-b0082f1cb90b tempest-ServersOnMultiNodesTest-270084864 tempest-ServersOnMultiNodesTest-270084864-project] Usage tracker for resource:port and tenant:1c95ab08729c4244bb5389f69a70876f is out of sync, need to count used quota {{(pid=87683) count_used /opt/stack/neutron/neutron/quota/resource.py:270}}
Feb 04 20:52:26.533972 n-d-827896-1 neutron-server[87683]: DEBUG neutron.quota.resource [req-9bda656d-19ee-402c-b9b0-1d8ceaef98f8 req-5f89dc6e-c520-4c21-8e63-b0082f1cb90b tempest-ServersOnMultiNodesTest-270084864 tempest-ServersOnMultiNodesTest-270084864-project] Quota usage for port was recalculated. Used quota:0. {{(pid=87683) count_used /opt/stack/neutron/neutron/quota/resource.py:290}}
Feb 04 20:52:26.586836 n-d-827896-1 neutron-server[87683]: DEBUG neutron.db.quota.driver [req-9bda656d-19ee-402c-b9b0-1d8ceaef98f8 req-5f89dc6e-c520-4c21-8e63-b0082f1cb90b tempest-ServersOnMultiNodesTest-270084864 tempest-ServersOnMultiNodesTest-270084864-project] Attempting to reserve 1 items for resource port. Total usage: 0; quota limit: 500; headroom:500 {{(pid=87683) make_reservation /opt/stack/neutron/neutron/db/quota/driver.py:246}}
Feb 04 20:52:26.603009 n-d-827896-1 neutron-server[87683]: DEBUG neutron.pecan_wsgi.hooks.policy_enforcement [req-4db9e2f8-7608-4aa6-9045-4192a3e0a861 req-c42b6fd5-4e14-406d-af88-3fc29cbfcaf5 tempest-AggregatesAdminTestJSON-1814217350 tempest-AggregatesAdminTestJSON-1814217350-project] Attributes excluded by policy engine: ['standard_attr_id', 'binding:profile', 'binding:host_id', 'binding:vif_type', 'binding:vif_details'] {{(pid=87683) _exclude_attributes_by_policy /opt/stack/neutron/neutron/pecan_wsgi/hooks/policy_enforcement.py:255}}
Feb 04 20:52:26.604581 n-d-827896-1 neutron-server[87683]: INFO neutron.wsgi [req-4db9e2f8-7608-4aa6-9045-4192a3e0a861 req-c42b6fd5-4e14-406d-af88-3fc29cbfcaf5 tempest-AggregatesAdminTestJSON-1814217350 tempest-AggregatesAdminTestJSON-1814217350-project] 10.222.0.26 "GET /v2.0/ports?device_id=9d2f417a-d285-41d7-965d-dad55bae03f4 HTTP/1.1" status: 200 len: 972 time: 0.3622291
Feb 04 20:52:26.609337 n-d-827896-1 neutron-server[87683]: DEBUG neutron_lib.callbacks.manager [None req-47cfe2d3-eedd-4ade-a453-14c5e5f70c17 admin admin] Notify callbacks [] for port, precommit_update {{(pid=87683) _notify_loop /usr/local/lib/python3.8/dist-packages/neutron_lib/callbacks/manager.py:192}}
Feb 04 20:52:26.647516 n-d-827896-1 neutron-server[87682]: DEBUG neutron_lib.callbacks.manager [req-9ecdaa70-8722-454b-83aa-4ecca119b890 req-841f8ca2-9249-406c-a8ca-830b265aa0ea tempest-AggregatesAdminTestJSON-1814217350 tempest-AggregatesAdminTestJSON-1814217350-project] Notify callbacks ['neutron.plugins.ml2.plugin.SecurityGroupServerNotifierRpcMixin.notify_sg_on_port_change-518863', 'neutron.plugins.ml2.ovo_rpc._ObjectChangeHandler.handle_event-8333215', 'neutron.api.rpc.agentnotifiers.dhcp_rpc_agent_api.DhcpAgentNotifyAPI._native_event_send_dhcp_notification-7870321', 'neutron.db.l3_db.L3RpcNotifierMixin._notify_routers_callback-8761250875670', 'neutron.db.l3_dvrscheduler_db._notify_port_delete-8761250434070'] for port, after_delete {{(pid=87682) _notify_loop /usr/local/lib/python3.8/dist-packages/neutron_lib/callbacks/manager.py:192}}
Feb 04 20:52:26.660187 n-d-827896-1 neutron-server[87684]: DEBUG neutron.plugins.ml2.db [None req-3871659a-e233-4c00-81ed-57f9f34f6891 None None] get_ports_and_sgs() called for port_ids ['bef8747f-2f34-4d30-8e5a-04f694fb6040'] {{(pid=87684) get_ports_and_sgs /opt/stack/neutron/neutron/plugins/ml2/db.py:164}}
Feb 04 20:52:26.666265 n-d-827896-1 neutron-server[87683]: DEBUG neutron_lib.callbacks.manager [None req-47cfe2d3-eedd-4ade-a453-14c5e5f70c17 admin admin] Notify callbacks ['neutron.plugins.ml2.plugin.SecurityGroupServerNotifierRpcMixin.notify_sg_on_port_change-518863', 'neutron.plugins.ml2.ovo_rpc._ObjectChangeHandler.handle_event-8333215', 'neutron.api.rpc.agentnotifiers.dhcp_rpc_agent_api.DhcpAgentNotifyAPI._native_event_send_dhcp_notification-7870321', 'neutron.db.l3_db.L3RpcNotifierMixin._notify_gateway_port_ip_changed-8761250875661', 'neutron.db.l3_dvrscheduler_db._notify_l3_agent_port_update-8761250434079', 'neutron.db.l3_hascheduler_db._notify_l3_agent_ha_port_update-8761250434124'] for port, after_update {{(pid=87683) _notify_loop /usr/local/lib/python3.8/dist-packages/neutron_lib/callbacks/manager.py:192}}
Feb 04 20:52:26.666958 n-d-827896-1 neutron-server[87683]: DEBUG neutron_lib.callbacks.manager [None req-47cfe2d3-eedd-4ade-a453-14c5e5f70c17 admin admin] Notify callbacks ['neutron.api.rpc.agentnotifiers.dhcp_rpc_agent_api.DhcpAgentNotifyAPI._after_router_interface_created-7870215', 'neutron.services.l3_router.l3_router_plugin.DVRResourceOperationHandler._update_snat_v6_addrs_after_intf_update-419828'] for router_interface, after_create {{(pid=87683) _notify_loop /usr/local/lib/python3.8/dist-packages/neutron_lib/callbacks/manager.py:192}}
Feb 04 20:52:26.705045 n-d-827896-1 neutron-server[87682]: DEBUG neutron.api.rpc.handlers.resources_rpc [None req-841f8ca2-9249-406c-a8ca-830b265aa0ea tempest-AggregatesAdminTestJSON-1814217350 tempest-AggregatesAdminTestJSON-1814217350-project] Pushing event deleted for resources: {'Port': ['ID=bef8747f-2f34-4d30-8e5a-04f694fb6040,revision_number=None']} {{(pid=87682) push /opt/stack/neutron/neutron/api/rpc/handlers/resources_rpc.py:237}}
Feb 04 20:52:26.795781 n-d-827896-1 neutron-server[87682]: DEBUG neutron.db.l3_dvrscheduler_db [req-9ecdaa70-8722-454b-83aa-4ecca119b890 req-841f8ca2-9249-406c-a8ca-830b265aa0ea tempest-AggregatesAdminTestJSON-1814217350 tempest-AggregatesAdminTestJSON-1814217350-project] No DVR routers for this DVR port bef8747f-2f34-4d30-8e5a-04f694fb6040 on host n-h2-827896-1 {{(pid=87682) get_dvr_routers_to_remove /opt/stack/neutron/neutron/db/l3_dvrscheduler_db.py:214}}
Feb 04 20:52:26.800810 n-d-827896-1 neutron-server[87682]: DEBUG neutron_lib.callbacks.manager [req-9ecdaa70-8722-454b-83aa-4ecca119b890 req-841f8ca2-9249-406c-a8ca-830b265aa0ea tempest-AggregatesAdminTestJSON-1814217350 tempest-AggregatesAdminTestJSON-1814217350-project] Notify callbacks ['neutron.notifiers.nova.Notifier._send_nova_notification-8269321'] for port, before_response {{(pid=87682) _notify_loop /usr/local/lib/python3.8/dist-packages/neutron_lib/callbacks/manager.py:192}}
Feb 04 20:52:26.815628 n-d-827896-1 neutron-server[87682]: DEBUG neutron.notifiers.nova [-] Sending events: [{'server_uuid': '9d2f417a-d285-41d7-965d-dad55bae03f4', 'name': 'network-vif-deleted', 'tag': 'bef8747f-2f34-4d30-8e5a-04f694fb6040'}] {{(pid=87682) send_events /opt/stack/neutron/neutron/notifiers/nova.py:262}}
Feb 04 20:52:26.821378 n-d-827896-1 neutron-server[87682]: DEBUG neutron.wsgi [-] (87682) accepted ('10.222.0.32', 62300) {{(pid=87682) server /usr/local/lib/python3.8/dist-packages/eventlet/wsgi.py:992}}
Feb 04 20:52:26.824029 n-d-827896-1 neutron-server[87683]: DEBUG neutron.api.rpc.handlers.resources_rpc [None req-73b5292a-9aa9-422d-a60a-7107fbc93c3b tempest-DeleteServersAdminTestJSON-2143547189 tempest-DeleteServersAdminTestJSON-2143547189-project-admin] Pushing event deleted for resources: {'Port': ['ID=74e55436-b9b7-467e-b019-400341cbe9cb,revision_number=None']} {{(pid=87683) push /opt/stack/neutron/neutron/api/rpc/handlers/resources_rpc.py:237}}
Feb 04 20:52:26.825947 n-d-827896-1 neutron-server[87683]: DEBUG neutron.pecan_wsgi.hooks.quota_enforcement [req-9bda656d-19ee-402c-b9b0-1d8ceaef98f8 req-5f89dc6e-c520-4c21-8e63-b0082f1cb90b tempest-ServersOnMultiNodesTest-270084864 tempest-ServersOnMultiNodesTest-270084864-project] Made reservation on behalf of 1c95ab08729c4244bb5389f69a70876f for: {'port': 1} {{(pid=87683) before /opt/stack/neutron/neutron/pecan_wsgi/hooks/quota_enforcement.py:53}}
Feb 04 20:52:26.829366 n-d-827896-1 neutron-server[87683]: DEBUG neutron_lib.callbacks.manager [req-9bda656d-19ee-402c-b9b0-1d8ceaef98f8 req-5f89dc6e-c520-4c21-8e63-b0082f1cb90b tempest-ServersOnMultiNodesTest-270084864 tempest-ServersOnMultiNodesTest-270084864-project] Notify callbacks ['neutron.plugins.ml2.plugin.SecurityGroupDbMixin._ensure_default_security_group_handler-519690'] for port, before_create {{(pid=87683) _notify_loop /usr/local/lib/python3.8/dist-packages/neutron_lib/callbacks/manager.py:192}}
Feb 04 20:52:26.847272 n-d-827896-1 neutron-server[87682]: INFO neutron.wsgi [req-9ecdaa70-8722-454b-83aa-4ecca119b890 req-841f8ca2-9249-406c-a8ca-830b265aa0ea tempest-AggregatesAdminTestJSON-1814217350 tempest-AggregatesAdminTestJSON-1814217350-project] 10.222.0.18 "DELETE /v2.0/ports/bef8747f-2f34-4d30-8e5a-04f694fb6040 HTTP/1.1" status: 204 len: 173 time: 0.9829621
Feb 04 20:52:26.972454 n-d-827896-1 neutron-server[87683]: DEBUG neutron_lib.callbacks.manager [req-9bda656d-19ee-402c-b9b0-1d8ceaef98f8 req-5f89dc6e-c520-4c21-8e63-b0082f1cb90b tempest-ServersOnMultiNodesTest-270084864 tempest-ServersOnMultiNodesTest-270084864-project] Notify callbacks [] for security_group, before_create {{(pid=87683) _notify_loop /usr/local/lib/python3.8/dist-packages/neutron_lib/callbacks/manager.py:192}}
Feb 04 20:52:26.998535 n-d-827896-1 neutron-server[87683]: DEBUG neutron.db.l3_dvrscheduler_db [req-f1b7380c-80fe-4330-971b-f232a83f4687 req-73b5292a-9aa9-422d-a60a-7107fbc93c3b tempest-DeleteServersAdminTestJSON-2143547189 tempest-DeleteServersAdminTestJSON-2143547189-project-admin] No DVR routers for this DVR port 74e55436-b9b7-467e-b019-400341cbe9cb on host n-h2-827896-1 {{(pid=87683) get_dvr_routers_to_remove /opt/stack/neutron/neutron/db/l3_dvrscheduler_db.py:214}}
Feb 04 20:52:27.063005 n-d-827896-1 neutron-server[87683]: INFO neutron.wsgi [req-4db9e2f8-7608-4aa6-9045-4192a3e0a861 req-9979857a-104a-4722-846a-ae3d1fae3888 tempest-AggregatesAdminTestJSON-1814217350 tempest-AggregatesAdminTestJSON-1814217350-project] 10.222.0.26 "GET /v2.0/security-groups?id=dfd45dc3-a1e1-48e8-8770-6e14d9471eaf&fields=id&fields=name HTTP/1.1" status: 200 len: 286 time: 0.4501030
Feb 04 20:52:27.064822 n-d-827896-1 neutron-server[87682]: DEBUG neutron.pecan_wsgi.hooks.policy_enforcement [req-327fd1ed-d00d-4cd1-939b-45fb368705b2 req-53f73c1f-7ded-4b1d-aa6f-e359fb23acc7 tempest-LiveAutoBlockMigrationV225Test-1285366687 tempest-LiveAutoBlockMigrationV225Test-1285366687-project] Attributes excluded by policy engine: ['standard_attr_id', 'vlan_transparent', 'provider:network_type', 'provider:physical_network', 'provider:segmentation_id'] {{(pid=87682) _exclude_attributes_by_policy /opt/stack/neutron/neutron/pecan_wsgi/hooks/policy_enforcement.py:255}}
Feb 04 20:52:27.065591 n-d-827896-1 neutron-server[87682]: DEBUG neutron.quota.resource [req-327fd1ed-d00d-4cd1-939b-45fb368705b2 req-53f73c1f-7ded-4b1d-aa6f-e359fb23acc7 tempest-LiveAutoBlockMigrationV225Test-1285366687 tempest-LiveAutoBlockMigrationV225Test-1285366687-project] Synchronizing usage tracker for tenant:c5a142124dd5482a87b175ed6e7e9ba5 on resource:network {{(pid=87682) resync /opt/stack/neutron/neutron/quota/resource.py:241}}
Feb 04 20:52:27.095022 n-d-827896-1 neutron-server[87683]: DEBUG neutron_lib.callbacks.manager [req-f1b7380c-80fe-4330-971b-f232a83f4687 req-73b5292a-9aa9-422d-a60a-7107fbc93c3b tempest-DeleteServersAdminTestJSON-2143547189 tempest-DeleteServersAdminTestJSON-2143547189-project-admin] Notify callbacks ['neutron.notifiers.nova.Notifier._send_nova_notification-8269321'] for port, before_response {{(pid=87683) _notify_loop /usr/local/lib/python3.8/dist-packages/neutron_lib/callbacks/manager.py:192}}
Feb 04 20:52:27.120264 n-d-827896-1 neutron-server[87683]: DEBUG neutron.notifiers.nova [-] Sending events: [{'server_uuid': '7a39b46f-12f2-45ea-91c4-b2ec7b8cf0e2', 'name': 'network-vif-deleted', 'tag': '74e55436-b9b7-467e-b019-400341cbe9cb'}] {{(pid=87683) send_events /opt/stack/neutron/neutron/notifiers/nova.py:262}}
Feb 04 20:52:27.126831 n-d-827896-1 neutron-server[87682]: DEBUG neutron.quota.resource [req-327fd1ed-d00d-4cd1-939b-45fb368705b2 req-53f73c1f-7ded-4b1d-aa6f-e359fb23acc7 tempest-LiveAutoBlockMigrationV225Test-1285366687 tempest-LiveAutoBlockMigrationV225Test-1285366687-project] Unset dirty status for tenant:c5a142124dd5482a87b175ed6e7e9ba5 on resource:network {{(pid=87682) _resync /opt/stack/neutron/neutron/quota/resource.py:233}}
Feb 04 20:52:27.128914 n-d-827896-1 neutron-server[87682]: INFO neutron.wsgi [req-327fd1ed-d00d-4cd1-939b-45fb368705b2 req-53f73c1f-7ded-4b1d-aa6f-e359fb23acc7 tempest-LiveAutoBlockMigrationV225Test-1285366687 tempest-LiveAutoBlockMigrationV225Test-1285366687-project] 10.222.0.32 "GET /v2.0/networks?id=a01c8fae-1c7e-4bfb-b5c6-a3efcbc32c08 HTTP/1.1" status: 200 len: 820 time: 0.3059983
Feb 04 20:52:27.146645 n-d-827896-1 neutron-server[87683]: INFO neutron.wsgi [req-76facba6-5c5e-43df-93a2-524a7567b7b5 req-ad9b63aa-b867-4144-95b6-b18591e91acd tempest-ServersOnMultiNodesTest-270084864 tempest-ServersOnMultiNodesTest-270084864-project] 10.222.0.26 "GET /v2.0/ports?device_id=f9cd9679-9aaf-4c95-beb9-4b9eed13656b HTTP/1.1" status: 200 len: 210 time: 0.4746695
Feb 04 20:52:27.148963 n-d-827896-1 neutron-server[87682]: DEBUG neutron.api.v2.base [req-327fd1ed-d00d-4cd1-939b-45fb368705b2 req-7f6e4418-765b-4648-b7d3-0e6e374080fe tempest-LiveAutoBlockMigrationV225Test-1285366687 tempest-LiveAutoBlockMigrationV225Test-1285366687-project] Request body: {'port': {'device_id': '2834215a-8a33-4460-87eb-ea406ea85d58', 'network_id': 'a01c8fae-1c7e-4bfb-b5c6-a3efcbc32c08', 'admin_state_up': True, 'tenant_id': 'c5a142124dd5482a87b175ed6e7e9ba5'}} {{(pid=87682) prepare_request_body /opt/stack/neutron/neutron/api/v2/base.py:729}}
Feb 04 20:52:27.179169 n-d-827896-1 neutron-server[87683]: DEBUG neutron.db.quota.driver [req-9bda656d-19ee-402c-b9b0-1d8ceaef98f8 req-5f89dc6e-c520-4c21-8e63-b0082f1cb90b tempest-ServersOnMultiNodesTest-270084864 tempest-ServersOnMultiNodesTest-270084864-project] Resources subnetpool have unlimited quota limit. It is not required to calculate headroom {{(pid=87683) make_reservation /opt/stack/neutron/neutron/db/quota/driver.py:219}}
Feb 04 20:52:27.206683 n-d-827896-1 neutron-server[87683]: DEBUG neutron.api.rpc.handlers.resources_rpc [None req-47cfe2d3-eedd-4ade-a453-14c5e5f70c17 admin admin] Pushing event updated for resources: {'Port': ['ID=84a16bce-4aa6-4b1f-8fe5-3d9435f94acb,revision_number=2']} {{(pid=87683) push /opt/stack/neutron/neutron/api/rpc/handlers/resources_rpc.py:237}}
Feb 04 20:52:27.239316 n-d-827896-1 neutron-server[87682]: INFO neutron.notifiers.nova [-] Nova event response: {'server_uuid': '9d2f417a-d285-41d7-965d-dad55bae03f4', 'name': 'network-vif-deleted', 'tag': 'bef8747f-2f34-4d30-8e5a-04f694fb6040', 'status': 'completed', 'code': 200}
Feb 04 20:52:27.271266 n-d-827896-1 neutron-server[87683]: DEBUG neutron.quota.resource [req-9bda656d-19ee-402c-b9b0-1d8ceaef98f8 req-5f89dc6e-c520-4c21-8e63-b0082f1cb90b tempest-ServersOnMultiNodesTest-270084864 tempest-ServersOnMultiNodesTest-270084864-project] Usage tracker for resource:security_group_rule and tenant:1c95ab08729c4244bb5389f69a70876f is out of sync, need to count used quota {{(pid=87683) count_used /opt/stack/neutron/neutron/quota/resource.py:270}}
Feb 04 20:52:27.309304 n-d-827896-1 neutron-server[87684]: DEBUG neutron.plugins.ml2.rpc [None req-485f8b12-0c3a-4015-8ba6-4d9929c2ff31 None None] Device e1577e2f-f3ad-4c68-b3c4-c5208ab28b17 up at agent ovs-agent-n-d-827896-1 {{(pid=87684) update_device_up /opt/stack/neutron/neutron/plugins/ml2/rpc.py:278}}
Feb 04 20:52:27.318474 n-d-827896-1 neutron-server[87683]: DEBUG neutron.quota.resource [req-9bda656d-19ee-402c-b9b0-1d8ceaef98f8 req-5f89dc6e-c520-4c21-8e63-b0082f1cb90b tempest-ServersOnMultiNodesTest-270084864 tempest-ServersOnMultiNodesTest-270084864-project] Quota usage for security_group_rule was recalculated. Used quota:0. {{(pid=87683) count_used /opt/stack/neutron/neutron/quota/resource.py:290}}
Feb 04 20:52:27.327996 n-d-827896-1 neutron-server[87682]: DEBUG neutron.db.quota.driver [req-327fd1ed-d00d-4cd1-939b-45fb368705b2 req-7f6e4418-765b-4648-b7d3-0e6e374080fe tempest-LiveAutoBlockMigrationV225Test-1285366687 tempest-LiveAutoBlockMigrationV225Test-1285366687-project] Resources subnetpool have unlimited quota limit. It is not required to calculate headroom {{(pid=87682) make_reservation /opt/stack/neutron/neutron/db/quota/driver.py:219}}
Feb 04 20:52:27.332645 n-d-827896-1 neutron-server[87682]: DEBUG neutron.quota.resource [req-327fd1ed-d00d-4cd1-939b-45fb368705b2 req-7f6e4418-765b-4648-b7d3-0e6e374080fe tempest-LiveAutoBlockMigrationV225Test-1285366687 tempest-LiveAutoBlockMigrationV225Test-1285366687-project] Usage tracker for resource:port and tenant:c5a142124dd5482a87b175ed6e7e9ba5 is out of sync, need to count used quota {{(pid=87682) count_used /opt/stack/neutron/neutron/quota/resource.py:270}}
Feb 04 20:52:27.332958 n-d-827896-1 neutron-server[87683]: DEBUG neutron.quota.resource [req-eb22b60d-ca42-4c31-a2fa-0e0a52ef6e07 req-429fd19a-3748-4fef-998e-0e8c3746127e tempest-DeleteServersAdminTestJSON-2122795437 tempest-DeleteServersAdminTestJSON-2122795437-project] Synchronizing usage tracker for tenant:b681d6d10fbd48eba3aeffe45e2e992f on resource:port {{(pid=87683) resync /opt/stack/neutron/neutron/quota/resource.py:241}}
Feb 04 20:52:27.335745 n-d-827896-1 neutron-server[87682]: DEBUG neutron.quota.resource [req-327fd1ed-d00d-4cd1-939b-45fb368705b2 req-7f6e4418-765b-4648-b7d3-0e6e374080fe tempest-LiveAutoBlockMigrationV225Test-1285366687 tempest-LiveAutoBlockMigrationV225Test-1285366687-project] Quota usage for port was recalculated. Used quota:0. {{(pid=87682) count_used /opt/stack/neutron/neutron/quota/resource.py:290}}
Feb 04 20:52:27.336049 n-d-827896-1 neutron-server[87683]: INFO neutron.wsgi [req-f1b7380c-80fe-4330-971b-f232a83f4687 req-73b5292a-9aa9-422d-a60a-7107fbc93c3b tempest-DeleteServersAdminTestJSON-2143547189 tempest-DeleteServersAdminTestJSON-2143547189-project-admin] 10.222.0.18 "DELETE /v2.0/ports/74e55436-b9b7-467e-b019-400341cbe9cb HTTP/1.1" status: 204 len: 173 time: 2.4857047
Feb 04 20:52:27.342489 n-d-827896-1 neutron-server[87683]: DEBUG neutron.scheduler.dhcp_agent_scheduler [None req-47cfe2d3-eedd-4ade-a453-14c5e5f70c17 admin admin] Network 4cf8f5ef-c7d2-4fb4-8f1d-6ffc5355d439 is already hosted by enough agents. {{(pid=87683) _get_dhcp_agents_hosting_network /opt/stack/neutron/neutron/scheduler/dhcp_agent_scheduler.py:275}}
Feb 04 20:52:27.342815 n-d-827896-1 neutron-server[87683]: DEBUG neutron.db.quota.driver [req-9bda656d-19ee-402c-b9b0-1d8ceaef98f8 req-5f89dc6e-c520-4c21-8e63-b0082f1cb90b tempest-ServersOnMultiNodesTest-270084864 tempest-ServersOnMultiNodesTest-270084864-project] Attempting to reserve 4 items for resource security_group_rule. Total usage: 0; quota limit: 100; headroom:100 {{(pid=87683) make_reservation /opt/stack/neutron/neutron/db/quota/driver.py:246}}
Feb 04 20:52:27.343471 n-d-827896-1 neutron-server[87682]: DEBUG neutron.db.quota.driver [req-327fd1ed-d00d-4cd1-939b-45fb368705b2 req-7f6e4418-765b-4648-b7d3-0e6e374080fe tempest-LiveAutoBlockMigrationV225Test-1285366687 tempest-LiveAutoBlockMigrationV225Test-1285366687-project] Attempting to reserve 1 items for resource port. Total usage: 0; quota limit: 500; headroom:500 {{(pid=87682) make_reservation /opt/stack/neutron/neutron/db/quota/driver.py:246}}
Feb 04 20:52:27.349744 n-d-827896-1 neutron-server[87683]: DEBUG neutron.scheduler.base_scheduler [None req-47cfe2d3-eedd-4ade-a453-14c5e5f70c17 admin admin] Resources bound (agent type, host, resource id): {{(pid=87683) schedule /opt/stack/neutron/neutron/scheduler/base_scheduler.py:57}}
Feb 04 20:52:27.362714 n-d-827896-1 neutron-server[87682]: DEBUG neutron.pecan_wsgi.hooks.quota_enforcement [req-327fd1ed-d00d-4cd1-939b-45fb368705b2 req-7f6e4418-765b-4648-b7d3-0e6e374080fe tempest-LiveAutoBlockMigrationV225Test-1285366687 tempest-LiveAutoBlockMigrationV225Test-1285366687-project] Made reservation on behalf of c5a142124dd5482a87b175ed6e7e9ba5 for: {'port': 1} {{(pid=87682) before /opt/stack/neutron/neutron/pecan_wsgi/hooks/quota_enforcement.py:53}}
Feb 04 20:52:27.366643 n-d-827896-1 neutron-server[87682]: DEBUG neutron_lib.callbacks.manager [req-327fd1ed-d00d-4cd1-939b-45fb368705b2 req-7f6e4418-765b-4648-b7d3-0e6e374080fe tempest-LiveAutoBlockMigrationV225Test-1285366687 tempest-LiveAutoBlockMigrationV225Test-1285366687-project] Notify callbacks ['neutron.plugins.ml2.plugin.SecurityGroupDbMixin._ensure_default_security_group_handler-519690'] for port, before_create {{(pid=87682) _notify_loop /usr/local/lib/python3.8/dist-packages/neutron_lib/callbacks/manager.py:192}}
Feb 04 20:52:27.415811 n-d-827896-1 neutron-server[87684]: DEBUG neutron.db.provisioning_blocks [None req-485f8b12-0c3a-4015-8ba6-4d9929c2ff31 None None] Provisioning complete for port e1577e2f-f3ad-4c68-b3c4-c5208ab28b17 triggered by entity L2. {{(pid=87684) provisioning_complete /opt/stack/neutron/neutron/db/provisioning_blocks.py:139}}
Feb 04 20:52:27.416506 n-d-827896-1 neutron-server[87684]: DEBUG neutron_lib.callbacks.manager [None req-485f8b12-0c3a-4015-8ba6-4d9929c2ff31 None None] Notify callbacks ['neutron.plugins.ml2.plugin.Ml2Plugin._port_provisioned-7996440'] for port, provisioning_complete {{(pid=87684) _notify_loop /usr/local/lib/python3.8/dist-packages/neutron_lib/callbacks/manager.py:192}}
Feb 04 20:52:27.491572 n-d-827896-1 neutron-server[87683]: INFO neutron.wsgi [req-9a006b4b-c50e-4d9d-b794-5593949ec1bc req-bdb3e265-c41d-4bec-875a-51a72c56b50a tempest-LiveAutoBlockMigrationV225Test-1285366687 tempest-LiveAutoBlockMigrationV225Test-1285366687-project] 10.222.0.26 "GET /v2.0/ports?device_id=2834215a-8a33-4460-87eb-ea406ea85d58 HTTP/1.1" status: 200 len: 210 time: 0.1451287
Feb 04 20:52:27.598833 n-d-827896-1 neutron-server[87683]: INFO neutron.notifiers.nova [-] Nova event response: {'server_uuid': '7a39b46f-12f2-45ea-91c4-b2ec7b8cf0e2', 'name': 'network-vif-deleted', 'tag': '74e55436-b9b7-467e-b019-400341cbe9cb', 'status': 'completed', 'code': 200}
Feb 04 20:52:27.616507 n-d-827896-1 neutron-server[87682]: DEBUG neutron.db.db_base_plugin_common [req-327fd1ed-d00d-4cd1-939b-45fb368705b2 req-7f6e4418-765b-4648-b7d3-0e6e374080fe tempest-LiveAutoBlockMigrationV225Test-1285366687 tempest-LiveAutoBlockMigrationV225Test-1285366687-project] Allocated IP 172.20.0.11 (a01c8fae-1c7e-4bfb-b5c6-a3efcbc32c08/af7ea361-8fb7-49bd-8e76-0990ff7e7df7/b839036c-b1c5-47a3-88df-ec976ce16dca) {{(pid=87682) _store_ip_allocation /opt/stack/neutron/neutron/db/db_base_plugin_common.py:131}}
Feb 04 20:52:27.618058 n-d-827896-1 neutron-server[87683]: DEBUG neutron.quota.resource [req-eb22b60d-ca42-4c31-a2fa-0e0a52ef6e07 req-429fd19a-3748-4fef-998e-0e8c3746127e tempest-DeleteServersAdminTestJSON-2122795437 tempest-DeleteServersAdminTestJSON-2122795437-project] Unset dirty status for tenant:b681d6d10fbd48eba3aeffe45e2e992f on resource:port {{(pid=87683) _resync /opt/stack/neutron/neutron/quota/resource.py:233}}
Feb 04 20:52:27.619220 n-d-827896-1 neutron-server[87683]: INFO neutron.wsgi [req-eb22b60d-ca42-4c31-a2fa-0e0a52ef6e07 req-429fd19a-3748-4fef-998e-0e8c3746127e tempest-DeleteServersAdminTestJSON-2122795437 tempest-DeleteServersAdminTestJSON-2122795437-project] 10.222.0.26 "GET /v2.0/ports?device_id=7a39b46f-12f2-45ea-91c4-b2ec7b8cf0e2 HTTP/1.1" status: 200 len: 210 time: 0.3492954
Feb 04 20:52:27.768568 n-d-827896-1 neutron-server[87684]: DEBUG neutron.db.provisioning_blocks [None req-07fcf109-c261-41a2-9e7b-e13b9984aad8 None None] Provisioning complete for port 84a16bce-4aa6-4b1f-8fe5-3d9435f94acb triggered by entity DHCP. {{(pid=87684) provisioning_complete /opt/stack/neutron/neutron/db/provisioning_blocks.py:139}}
Feb 04 20:52:27.769724 n-d-827896-1 neutron-server[87684]: DEBUG neutron_lib.callbacks.manager [None req-07fcf109-c261-41a2-9e7b-e13b9984aad8 None None] Notify callbacks ['neutron.plugins.ml2.plugin.Ml2Plugin._port_provisioned-7996440'] for port, provisioning_complete {{(pid=87684) _notify_loop /usr/local/lib/python3.8/dist-packages/neutron_lib/callbacks/manager.py:192}}
Feb 04 20:52:27.827060 n-d-827896-1 neutron-server[87683]: DEBUG neutron.scheduler.l3_agent_scheduler [None req-47cfe2d3-eedd-4ade-a453-14c5e5f70c17 admin admin] Router 4bc8504d-e439-4aa4-a91d-1ed15820fa6b has already been hosted by L3 agent 954a7d31-377e-477c-8963-33dc08856f44 {{(pid=87683) _get_candidates /opt/stack/neutron/neutron/scheduler/l3_agent_scheduler.py:127}}
Feb 04 20:52:27.840052 n-d-827896-1 neutron-server[87683]: DEBUG neutron_lib.callbacks.manager [req-9bda656d-19ee-402c-b9b0-1d8ceaef98f8 req-5f89dc6e-c520-4c21-8e63-b0082f1cb90b tempest-ServersOnMultiNodesTest-270084864 tempest-ServersOnMultiNodesTest-270084864-project] Notify callbacks [] for security_group, precommit_create {{(pid=87683) _notify_loop /usr/local/lib/python3.8/dist-packages/neutron_lib/callbacks/manager.py:192}}
Feb 04 20:52:27.844174 n-d-827896-1 neutron-server[87684]: DEBUG neutron.plugins.ml2.plugin [None req-07fcf109-c261-41a2-9e7b-e13b9984aad8 None None] Port 84a16bce-4aa6-4b1f-8fe5-3d9435f94acb cannot update to ACTIVE because it is not bound. {{(pid=87684) _port_provisioned /opt/stack/neutron/neutron/plugins/ml2/plugin.py:337}}
Feb 04 20:52:27.866495 n-d-827896-1 neutron-server[87682]: DEBUG neutron_lib.callbacks.manager [req-327fd1ed-d00d-4cd1-939b-45fb368705b2 req-7f6e4418-765b-4648-b7d3-0e6e374080fe tempest-LiveAutoBlockMigrationV225Test-1285366687 tempest-LiveAutoBlockMigrationV225Test-1285366687-project] Notify callbacks [] for port, precommit_create {{(pid=87682) _notify_loop /usr/local/lib/python3.8/dist-packages/neutron_lib/callbacks/manager.py:192}}
Feb 04 20:52:27.899851 n-d-827896-1 neutron-server[87682]: DEBUG neutron_lib.callbacks.manager [req-327fd1ed-d00d-4cd1-939b-45fb368705b2 req-7f6e4418-765b-4648-b7d3-0e6e374080fe tempest-LiveAutoBlockMigrationV225Test-1285366687 tempest-LiveAutoBlockMigrationV225Test-1285366687-project] Notify callbacks ['neutron.plugins.ml2.plugin.SecurityGroupServerNotifierRpcMixin.notify_sg_on_port_change-518863', 'neutron.plugins.ml2.ovo_rpc._ObjectChangeHandler.handle_event-8333215', 'neutron.api.rpc.agentnotifiers.dhcp_rpc_agent_api.DhcpAgentNotifyAPI._native_event_send_dhcp_notification-7870321', 'neutron.db.l3_dvrscheduler_db._notify_l3_agent_new_port-8761250434061'] for port, after_create {{(pid=87682) _notify_loop /usr/local/lib/python3.8/dist-packages/neutron_lib/callbacks/manager.py:192}}
Feb 04 20:52:27.906262 n-d-827896-1 neutron-server[87683]: DEBUG neutron_lib.callbacks.manager [req-9bda656d-19ee-402c-b9b0-1d8ceaef98f8 req-5f89dc6e-c520-4c21-8e63-b0082f1cb90b tempest-ServersOnMultiNodesTest-270084864 tempest-ServersOnMultiNodesTest-270084864-project] Notify callbacks ['neutron.plugins.ml2.ovo_rpc._ObjectChangeHandler.handle_event-510198'] for security_group, after_create {{(pid=87683) _notify_loop /usr/local/lib/python3.8/dist-packages/neutron_lib/callbacks/manager.py:192}}
Feb 04 20:52:28.001125 n-d-827896-1 neutron-server[87682]: DEBUG neutron.scheduler.dhcp_agent_scheduler [req-327fd1ed-d00d-4cd1-939b-45fb368705b2 req-7f6e4418-765b-4648-b7d3-0e6e374080fe tempest-LiveAutoBlockMigrationV225Test-1285366687 tempest-LiveAutoBlockMigrationV225Test-1285366687-project] Network a01c8fae-1c7e-4bfb-b5c6-a3efcbc32c08 is already hosted by enough agents. {{(pid=87682) _get_dhcp_agents_hosting_network /opt/stack/neutron/neutron/scheduler/dhcp_agent_scheduler.py:275}}
Feb 04 20:52:28.006375 n-d-827896-1 neutron-server[87682]: DEBUG neutron.scheduler.base_scheduler [req-327fd1ed-d00d-4cd1-939b-45fb368705b2 req-7f6e4418-765b-4648-b7d3-0e6e374080fe tempest-LiveAutoBlockMigrationV225Test-1285366687 tempest-LiveAutoBlockMigrationV225Test-1285366687-project] Resources bound (agent type, host, resource id): {{(pid=87682) schedule /opt/stack/neutron/neutron/scheduler/base_scheduler.py:57}}
Feb 04 20:52:28.017128 n-d-827896-1 neutron-server[87682]: DEBUG neutron.api.rpc.handlers.resources_rpc [None req-7f6e4418-765b-4648-b7d3-0e6e374080fe tempest-LiveAutoBlockMigrationV225Test-1285366687 tempest-LiveAutoBlockMigrationV225Test-1285366687-project] Pushing event updated for resources: {'Port': ['ID=b839036c-b1c5-47a3-88df-ec976ce16dca,revision_number=1']} {{(pid=87682) push /opt/stack/neutron/neutron/api/rpc/handlers/resources_rpc.py:237}}
Feb 04 20:52:28.031863 n-d-827896-1 neutron-server[87683]: DEBUG neutron.api.rpc.handlers.resources_rpc [None req-5f89dc6e-c520-4c21-8e63-b0082f1cb90b tempest-ServersOnMultiNodesTest-270084864 tempest-ServersOnMultiNodesTest-270084864-project] Pushing event updated for resources: {'SecurityGroup': ['ID=591bfa98-484c-42a2-bbc1-6edf05532440,revision_number=1']} {{(pid=87683) push /opt/stack/neutron/neutron/api/rpc/handlers/resources_rpc.py:237}}
Feb 04 20:52:28.035327 n-d-827896-1 neutron-server[87682]: DEBUG neutron.db.l3_dvrscheduler_db [req-327fd1ed-d00d-4cd1-939b-45fb368705b2 req-7f6e4418-765b-4648-b7d3-0e6e374080fe tempest-LiveAutoBlockMigrationV225Test-1285366687 tempest-LiveAutoBlockMigrationV225Test-1285366687-project] Received port after_create {{(pid=87682) _notify_l3_agent_new_port /opt/stack/neutron/neutron/db/l3_dvrscheduler_db.py:538}}
Feb 04 20:52:28.041250 n-d-827896-1 neutron-server[87682]: DEBUG neutron.pecan_wsgi.hooks.policy_enforcement [req-327fd1ed-d00d-4cd1-939b-45fb368705b2 req-7f6e4418-765b-4648-b7d3-0e6e374080fe tempest-LiveAutoBlockMigrationV225Test-1285366687 tempest-LiveAutoBlockMigrationV225Test-1285366687-project] Attributes excluded by policy engine: ['standard_attr_id', 'binding:profile', 'binding:host_id', 'binding:vif_type', 'binding:vif_details', 'network'] {{(pid=87682) _exclude_attributes_by_policy /opt/stack/neutron/neutron/pecan_wsgi/hooks/policy_enforcement.py:255}}
Feb 04 20:52:28.042051 n-d-827896-1 neutron-server[87682]: DEBUG neutron_lib.callbacks.manager [req-327fd1ed-d00d-4cd1-939b-45fb368705b2 req-7f6e4418-765b-4648-b7d3-0e6e374080fe tempest-LiveAutoBlockMigrationV225Test-1285366687 tempest-LiveAutoBlockMigrationV225Test-1285366687-project] Notify callbacks ['neutron.notifiers.nova.Notifier._send_nova_notification-8269321'] for port, before_response {{(pid=87682) _notify_loop /usr/local/lib/python3.8/dist-packages/neutron_lib/callbacks/manager.py:192}}
Feb 04 20:52:28.066849 n-d-827896-1 neutron-server[87682]: INFO neutron.wsgi [req-327fd1ed-d00d-4cd1-939b-45fb368705b2 req-7f6e4418-765b-4648-b7d3-0e6e374080fe tempest-LiveAutoBlockMigrationV225Test-1285366687 tempest-LiveAutoBlockMigrationV225Test-1285366687-project] 10.222.0.32 "POST /v2.0/ports HTTP/1.1" status: 201 len: 934 time: 0.9287095
Feb 04 20:52:28.078999 n-d-827896-1 neutron-server[87682]: DEBUG neutron.wsgi [req-327fd1ed-d00d-4cd1-939b-45fb368705b2 req-b72c875a-f5d5-4b77-805f-c54c9215bd98 tempest-LiveAutoBlockMigrationV225Test-1285366687 tempest-LiveAutoBlockMigrationV225Test-1285366687-project] http://10.222.0.26:9696/v2.0/extensions returned with HTTP 200 {{(pid=87682) __call__ /opt/stack/neutron/neutron/wsgi.py:729}}
Feb 04 20:52:28.080085 n-d-827896-1 neutron-server[87682]: INFO neutron.wsgi [req-327fd1ed-d00d-4cd1-939b-45fb368705b2 req-b72c875a-f5d5-4b77-805f-c54c9215bd98 tempest-LiveAutoBlockMigrationV225Test-1285366687 tempest-LiveAutoBlockMigrationV225Test-1285366687-project] 10.222.0.32 "GET /v2.0/extensions HTTP/1.1" status: 200 len: 13640 time: 0.0064127
Feb 04 20:52:28.192403 n-d-827896-1 neutron-server[87683]: DEBUG neutron.api.rpc.agentnotifiers.l3_rpc_agent_api [None req-47cfe2d3-eedd-4ade-a453-14c5e5f70c17 admin admin] Notify agent at l3_agent.n-d-827896-1 the message routers_updated {{(pid=87683) _agent_notification /opt/stack/neutron/neutron/api/rpc/agentnotifiers/l3_rpc_agent_api.py:68}}
Feb 04 20:52:28.195933 n-d-827896-1 neutron-server[87682]: DEBUG neutron.api.v2.base [req-327fd1ed-d00d-4cd1-939b-45fb368705b2 req-6e5a8ea2-11a4-4618-877b-063baa21a333 service neutron] Request body: {'port': {'device_id': '2834215a-8a33-4460-87eb-ea406ea85d58', 'device_owner': 'compute:nova', 'binding:host_id': 'n-h1-827896-1'}} {{(pid=87682) prepare_request_body /opt/stack/neutron/neutron/api/v2/base.py:729}}
Feb 04 20:52:28.206565 n-d-827896-1 neutron-server[87684]: DEBUG neutron.api.rpc.handlers.l3_rpc [None req-c2e6df68-a0a2-49ac-8ce3-5375a674de70 None None] Sync routers for ids ['4bc8504d-e439-4aa4-a91d-1ed15820fa6b'] in n-d-827896-1 {{(pid=87684) sync_routers /opt/stack/neutron/neutron/api/rpc/handlers/l3_rpc.py:125}}
Feb 04 20:52:28.222066 n-d-827896-1 neutron-server[87684]: DEBUG neutron.db.l3_dvrscheduler_db [None req-c2e6df68-a0a2-49ac-8ce3-5375a674de70 None None] Routers {'4bc8504d-e439-4aa4-a91d-1ed15820fa6b'} bound to L3 agent in host n-d-827896-1 {{(pid=87684) _get_router_ids_for_agent /opt/stack/neutron/neutron/db/l3_dvrscheduler_db.py:423}}
Feb 04 20:52:28.223425 n-d-827896-1 neutron-server[87684]: DEBUG neutron.db.l3_hamode_db [None req-c2e6df68-a0a2-49ac-8ce3-5375a674de70 None None] neutron.services.l3_router.l3_router_plugin.L3RouterPlugin method get_ha_sync_data_for_host called with arguments (, 'n-d-827896-1', Agent(admin_state_up=True,agent_type='L3 agent',availability_zone='nova',binary='neutron-l3-agent',configurations={"agent_mode": "legacy", "ex_gw_ports": 1, "extensions": [], "floating_ips": 0, "handle_internal_only_routers": true, "interface_driver": "openvswitch", "interfaces": 1, "log_agent_heartbeats": false, "routers": 1},created_at=2022-02-04T20:41:16Z,description=,heartbeat_timestamp=2022-02-04T20:52:16Z,host='n-d-827896-1',id=954a7d31-377e-477c-8963-33dc08856f44,load=0,resource_versions=,resources_synced=,started_at=2022-02-04T20:41:16Z,topic='l3_agent')) {'router_ids': ['4bc8504d-e439-4aa4-a91d-1ed15820fa6b'], 'active': True} {{(pid=87684) wrapper /usr/local/lib/python3.8/dist-packages/oslo_log/helpers.py:65}}
Feb 04 20:52:28.227544 n-d-827896-1 neutron-server[87683]: DEBUG neutron.db.db_base_plugin_common [req-9bda656d-19ee-402c-b9b0-1d8ceaef98f8 req-5f89dc6e-c520-4c21-8e63-b0082f1cb90b tempest-ServersOnMultiNodesTest-270084864 tempest-ServersOnMultiNodesTest-270084864-project] Allocated IP 192.168.233.18 (54d6ae2e-de73-4435-bfdd-cd390a2143ad/3d2f9c06-58f8-4b66-a033-2aa50eedddcd/432de455-77b1-4958-bba0-0a1bca95066f) {{(pid=87683) _store_ip_allocation /opt/stack/neutron/neutron/db/db_base_plugin_common.py:131}}
Feb 04 20:52:28.235914 n-d-827896-1 neutron-server[87683]: INFO neutron.wsgi [None req-47cfe2d3-eedd-4ade-a453-14c5e5f70c17 admin admin] 10.222.0.26 "PUT /v2.0/routers/4bc8504d-e439-4aa4-a91d-1ed15820fa6b/add_router_interface HTTP/1.1" status: 200 len: 503 time: 5.4698551
Feb 04 20:52:28.456126 n-d-827896-1 neutron-server[87684]: DEBUG neutron.plugins.ml2.rpc [None req-3871659a-e233-4c00-81ed-57f9f34f6891 None None] Device 74e55436-b9b7-467e-b019-400341cbe9cb no longer exists at agent hyperv_n-h2-827896-1 {{(pid=87684) update_device_down /opt/stack/neutron/neutron/plugins/ml2/rpc.py:243}}
Feb 04 20:52:28.464881 n-d-827896-1 neutron-server[87682]: DEBUG neutron_lib.callbacks.manager [req-327fd1ed-d00d-4cd1-939b-45fb368705b2 req-6e5a8ea2-11a4-4618-877b-063baa21a333 service neutron] Notify callbacks ['neutron.plugins.ml2.plugin.SecurityGroupDbMixin._ensure_default_security_group_handler-519690'] for port, before_update {{(pid=87682) _notify_loop /usr/local/lib/python3.8/dist-packages/neutron_lib/callbacks/manager.py:192}}
Feb 04 20:52:28.519914 n-d-827896-1 neutron-server[87684]: DEBUG neutron.plugins.ml2.plugin [None req-3871659a-e233-4c00-81ed-57f9f34f6891 None None] No Port match for: 74e55436-b9b7-467e-b019-400341cbe9cb {{(pid=87684) port_bound_to_host /opt/stack/neutron/neutron/plugins/ml2/plugin.py:2241}}
Feb 04 20:52:28.520509 n-d-827896-1 neutron-server[87684]: DEBUG neutron.plugins.ml2.rpc [None req-3871659a-e233-4c00-81ed-57f9f34f6891 None None] Device 74e55436-b9b7-467e-b019-400341cbe9cb not bound to the agent host n-h2-827896-1 {{(pid=87684) update_device_down /opt/stack/neutron/neutron/plugins/ml2/rpc.py:251}}
Feb 04 20:52:28.532945 n-d-827896-1 neutron-server[87683]: DEBUG neutron.quota.resource [req-e53fb161-7e06-4313-ad6e-98204db03025 req-6b41a8f7-dc99-43a9-be4c-c62032b696c3 tempest-ServersOnMultiNodesTest-270084864 tempest-ServersOnMultiNodesTest-270084864-project] Synchronizing usage tracker for tenant:1c95ab08729c4244bb5389f69a70876f on resource:port {{(pid=87683) resync /opt/stack/neutron/neutron/quota/resource.py:241}}
Feb 04 20:52:28.544221 n-d-827896-1 neutron-server[87684]: DEBUG neutron.db.l3_dvr_db [None req-c2e6df68-a0a2-49ac-8ce3-5375a674de70 None None] Set router 4bc8504d-e439-4aa4-a91d-1ed15820fa6b gateway port host: n-d-827896-1 {{(pid=87684) _build_routers_list /opt/stack/neutron/neutron/db/l3_dvr_db.py:875}}
Feb 04 20:52:28.583166 n-d-827896-1 neutron-server[87683]: DEBUG neutron.quota.resource [req-e53fb161-7e06-4313-ad6e-98204db03025 req-6b41a8f7-dc99-43a9-be4c-c62032b696c3 tempest-ServersOnMultiNodesTest-270084864 tempest-ServersOnMultiNodesTest-270084864-project] Unset dirty status for tenant:1c95ab08729c4244bb5389f69a70876f on resource:port {{(pid=87683) _resync /opt/stack/neutron/neutron/quota/resource.py:233}}
Feb 04 20:52:28.584470 n-d-827896-1 neutron-server[87683]: INFO neutron.wsgi [req-e53fb161-7e06-4313-ad6e-98204db03025 req-6b41a8f7-dc99-43a9-be4c-c62032b696c3 tempest-ServersOnMultiNodesTest-270084864 tempest-ServersOnMultiNodesTest-270084864-project] 10.222.0.26 "GET /v2.0/ports?device_id=f9cd9679-9aaf-4c95-beb9-4b9eed13656b HTTP/1.1" status: 200 len: 210 time: 0.2328110
Feb 04 20:52:28.696782 n-d-827896-1 neutron-server[87683]: DEBUG neutron_lib.callbacks.manager [req-9bda656d-19ee-402c-b9b0-1d8ceaef98f8 req-5f89dc6e-c520-4c21-8e63-b0082f1cb90b tempest-ServersOnMultiNodesTest-270084864 tempest-ServersOnMultiNodesTest-270084864-project] Notify callbacks [] for port, precommit_create {{(pid=87683) _notify_loop /usr/local/lib/python3.8/dist-packages/neutron_lib/callbacks/manager.py:192}}
Feb 04 20:52:28.775307 n-d-827896-1 neutron-server[87683]: DEBUG neutron.db.provisioning_blocks [req-9bda656d-19ee-402c-b9b0-1d8ceaef98f8 req-5f89dc6e-c520-4c21-8e63-b0082f1cb90b tempest-ServersOnMultiNodesTest-270084864 tempest-ServersOnMultiNodesTest-270084864-project] Transition to ACTIVE for port object 432de455-77b1-4958-bba0-0a1bca95066f will not be triggered until provisioned by entity DHCP. {{(pid=87683) add_provisioning_component /opt/stack/neutron/neutron/db/provisioning_blocks.py:73}}
Feb 04 20:52:28.828148 n-d-827896-1 neutron-server[87683]: DEBUG neutron.pecan_wsgi.hooks.policy_enforcement [req-089c353f-3ff3-4df1-a547-3d76a4ea5d09 req-fc78d2e3-adc0-4c59-a60c-f00591363b6e tempest-LiveAutoBlockMigrationV225Test-1285366687 tempest-LiveAutoBlockMigrationV225Test-1285366687-project] Attributes excluded by policy engine: ['standard_attr_id', 'binding:profile', 'binding:host_id', 'binding:vif_type', 'binding:vif_details'] {{(pid=87683) _exclude_attributes_by_policy /opt/stack/neutron/neutron/pecan_wsgi/hooks/policy_enforcement.py:255}}
Feb 04 20:52:28.829681 n-d-827896-1 neutron-server[87683]: INFO neutron.wsgi [req-089c353f-3ff3-4df1-a547-3d76a4ea5d09 req-fc78d2e3-adc0-4c59-a60c-f00591363b6e tempest-LiveAutoBlockMigrationV225Test-1285366687 tempest-LiveAutoBlockMigrationV225Test-1285366687-project] 10.222.0.26 "GET /v2.0/ports?device_id=2834215a-8a33-4460-87eb-ea406ea85d58 HTTP/1.1" status: 200 len: 932 time: 0.1280596
Feb 04 20:52:28.872426 n-d-827896-1 neutron-server[87683]: DEBUG neutron_lib.callbacks.manager [req-9bda656d-19ee-402c-b9b0-1d8ceaef98f8 req-5f89dc6e-c520-4c21-8e63-b0082f1cb90b tempest-ServersOnMultiNodesTest-270084864 tempest-ServersOnMultiNodesTest-270084864-project] Notify callbacks ['neutron.plugins.ml2.plugin.SecurityGroupServerNotifierRpcMixin.notify_sg_on_port_change-518863', 'neutron.plugins.ml2.ovo_rpc._ObjectChangeHandler.handle_event-8333215', 'neutron.api.rpc.agentnotifiers.dhcp_rpc_agent_api.DhcpAgentNotifyAPI._native_event_send_dhcp_notification-7870321', 'neutron.db.l3_dvrscheduler_db._notify_l3_agent_new_port-8761250434061'] for port, after_create {{(pid=87683) _notify_loop /usr/local/lib/python3.8/dist-packages/neutron_lib/callbacks/manager.py:192}}
