Mar 02 07:16:36.006370 n-d-827871-1 devstack@placement-api.service[88339]: DEBUG placement.objects.research_context [req-1b379dc6-8c87-46be-940e-c57c7486f128 req-e0706e72-e8a2-4d28-9148-d0281f9fb27d service placement] getting providers with 1 DISK_GB {{(pid=88339) __init__ /opt/stack/placement/placement/objects/research_context.py:126}}
Mar 02 07:16:36.012505 n-d-827871-1 devstack@placement-api.service[88339]: DEBUG placement.objects.research_context [req-1b379dc6-8c87-46be-940e-c57c7486f128 req-e0706e72-e8a2-4d28-9148-d0281f9fb27d service placement] getting providers with 1024 MEMORY_MB {{(pid=88339) __init__ /opt/stack/placement/placement/objects/research_context.py:126}}
Mar 02 07:16:36.019293 n-d-827871-1 devstack@placement-api.service[88339]: DEBUG placement.objects.research_context [req-1b379dc6-8c87-46be-940e-c57c7486f128 req-e0706e72-e8a2-4d28-9148-d0281f9fb27d service placement] getting providers with 1 VCPU {{(pid=88339) __init__ /opt/stack/placement/placement/objects/research_context.py:126}}
Mar 02 07:16:36.025601 n-d-827871-1 devstack@placement-api.service[88339]: DEBUG placement.objects.research_context [req-1b379dc6-8c87-46be-940e-c57c7486f128 req-e0706e72-e8a2-4d28-9148-d0281f9fb27d service placement] found 2 providers with available 1 DISK_GB {{(pid=88339) get_provider_ids_matching /opt/stack/placement/placement/objects/research_context.py:549}}
Mar 02 07:16:36.025895 n-d-827871-1 devstack@placement-api.service[88339]: DEBUG placement.objects.research_context [req-1b379dc6-8c87-46be-940e-c57c7486f128 req-e0706e72-e8a2-4d28-9148-d0281f9fb27d service placement] found 2 providers with available 1024 MEMORY_MB {{(pid=88339) get_provider_ids_matching /opt/stack/placement/placement/objects/research_context.py:549}}
Mar 02 07:16:36.026347 n-d-827871-1 devstack@placement-api.service[88339]: DEBUG placement.objects.research_context [req-1b379dc6-8c87-46be-940e-c57c7486f128 req-e0706e72-e8a2-4d28-9148-d0281f9fb27d service placement] found 2 providers after filtering by previous result {{(pid=88339) get_provider_ids_matching /opt/stack/placement/placement/objects/research_context.py:580}}
Mar 02 07:16:36.026756 n-d-827871-1 devstack@placement-api.service[88339]: DEBUG placement.objects.research_context [req-1b379dc6-8c87-46be-940e-c57c7486f128 req-e0706e72-e8a2-4d28-9148-d0281f9fb27d service placement] found 2 providers with available 1 VCPU {{(pid=88339) get_provider_ids_matching /opt/stack/placement/placement/objects/research_context.py:549}}
Mar 02 07:16:36.027218 n-d-827871-1 devstack@placement-api.service[88339]: DEBUG placement.objects.research_context [req-1b379dc6-8c87-46be-940e-c57c7486f128 req-e0706e72-e8a2-4d28-9148-d0281f9fb27d service placement] found 2 providers after filtering by previous result {{(pid=88339) get_provider_ids_matching /opt/stack/placement/placement/objects/research_context.py:580}}
Mar 02 07:16:36.039546 n-d-827871-1 devstack@placement-api.service[88339]: DEBUG placement.objects.allocation_candidate [req-1b379dc6-8c87-46be-940e-c57c7486f128 req-e0706e72-e8a2-4d28-9148-d0281f9fb27d service placement] RequestGroup(use_same_provider=False, resources={DISK_GB:1, MEMORY_MB:1024, VCPU:1}, traits=[], aggregates=[]) (suffix '') returned 2 matches {{(pid=88339) _get_by_requests /opt/stack/placement/placement/objects/allocation_candidate.py:145}}
Mar 02 07:16:36.040051 n-d-827871-1 devstack@placement-api.service[88339]: DEBUG placement.objects.allocation_candidate [req-1b379dc6-8c87-46be-940e-c57c7486f128 req-e0706e72-e8a2-4d28-9148-d0281f9fb27d service placement] Merging candidates yields 2 allocation requests and 2 provider summaries {{(pid=88339) _merge_candidates /opt/stack/placement/placement/objects/allocation_candidate.py:783}}
Mar 02 07:16:36.041695 n-d-827871-1 devstack@placement-api.service[88339]: INFO placement.requestlog [req-1b379dc6-8c87-46be-940e-c57c7486f128 req-e0706e72-e8a2-4d28-9148-d0281f9fb27d service placement] 10.222.0.21 "GET /placement/allocation_candidates?limit=1000&resources=DISK_GB%3A1%2CMEMORY_MB%3A1024%2CVCPU%3A1&root_required=%21COMPUTE_STATUS_DISABLED" status: 200 len: 1306 microversion: 1.35
Mar 02 07:16:36.051167 n-d-827871-1 devstack@placement-api.service[88339]: [pid: 88339|app: 0|req: 17/32] 10.222.0.21 () {60 vars in 1506 bytes} [Wed Mar 2 07:16:35 2022] GET /placement/allocation_candidates?limit=1000&resources=DISK_GB%3A1%2CMEMORY_MB%3A1024%2CVCPU%3A1&root_required=%21COMPUTE_STATUS_DISABLED => generated 1306 bytes in 77 msecs (HTTP/1.1 200) 8 headers in 297 bytes (1 switches on core 0)
Mar 02 07:16:36.242657 n-d-827871-1 devstack@placement-api.service[88338]: DEBUG placement.requestlog [req-292c3724-d06d-410e-aafd-983db85d18b8 req-15e35ec4-5507-4f22-94fa-4b1ba335436a None None] Starting request: 10.222.0.21 "GET /placement/allocation_candidates?limit=1000&resources=DISK_GB%3A1%2CMEMORY_MB%3A1024%2CVCPU%3A1&root_required=%21COMPUTE_STATUS_DISABLED" {{(pid=88338) __call__ /opt/stack/placement/placement/requestlog.py:55}}
Mar 02 07:16:36.301818 n-d-827871-1 devstack@placement-api.service[88339]: DEBUG placement.requestlog [req-1b379dc6-8c87-46be-940e-c57c7486f128 req-5306620a-e6f6-46ed-bcc2-6eb48b84a45b None None] Starting request: 10.222.0.21 "GET /placement/allocations/6f8f4233-a14a-4e4b-af63-18df741d1c47" {{(pid=88339) __call__ /opt/stack/placement/placement/requestlog.py:55}}
Mar 02 07:16:36.307269 n-d-827871-1 devstack@placement-api.service[88338]: DEBUG placement.objects.research_context [req-292c3724-d06d-410e-aafd-983db85d18b8 req-15e35ec4-5507-4f22-94fa-4b1ba335436a service placement] getting providers with 1 DISK_GB {{(pid=88338) __init__ /opt/stack/placement/placement/objects/research_context.py:126}}
Mar 02 07:16:36.320675 n-d-827871-1 devstack@placement-api.service[88338]: DEBUG placement.objects.research_context [req-292c3724-d06d-410e-aafd-983db85d18b8 req-15e35ec4-5507-4f22-94fa-4b1ba335436a service placement] getting providers with 1024 MEMORY_MB {{(pid=88338) __init__ /opt/stack/placement/placement/objects/research_context.py:126}}
Mar 02 07:16:36.322877 n-d-827871-1 devstack@placement-api.service[88339]: INFO placement.requestlog [req-1b379dc6-8c87-46be-940e-c57c7486f128 req-5306620a-e6f6-46ed-bcc2-6eb48b84a45b service placement] 10.222.0.21 "GET /placement/allocations/6f8f4233-a14a-4e4b-af63-18df741d1c47" status: 200 len: 19 microversion: 1.28
Mar 02 07:16:36.323110 n-d-827871-1 devstack@placement-api.service[88339]: [pid: 88339|app: 0|req: 18/33] 10.222.0.21 () {60 vars in 1380 bytes} [Wed Mar 2 07:16:36 2022] GET /placement/allocations/6f8f4233-a14a-4e4b-af63-18df741d1c47 => generated 19 bytes in 21 msecs (HTTP/1.1 200) 8 headers in 295 bytes (2 switches on core 0)
Mar 02 07:16:36.329035 n-d-827871-1 devstack@placement-api.service[88339]: DEBUG placement.requestlog [req-1b379dc6-8c87-46be-940e-c57c7486f128 req-035926a5-30b7-4095-8fa4-41cb9b5f991e None None] Starting request: 10.222.0.21 "PUT /placement/allocations/6f8f4233-a14a-4e4b-af63-18df741d1c47" {{(pid=88339) __call__ /opt/stack/placement/placement/requestlog.py:55}}
Mar 02 07:16:36.336065 n-d-827871-1 devstack@placement-api.service[88338]: DEBUG placement.objects.research_context [req-292c3724-d06d-410e-aafd-983db85d18b8 req-15e35ec4-5507-4f22-94fa-4b1ba335436a service placement] getting providers with 1 VCPU {{(pid=88338) __init__ /opt/stack/placement/placement/objects/research_context.py:126}}
Mar 02 07:16:36.351591 n-d-827871-1 devstack@placement-api.service[88338]: DEBUG placement.objects.research_context [req-292c3724-d06d-410e-aafd-983db85d18b8 req-15e35ec4-5507-4f22-94fa-4b1ba335436a service placement] found 2 providers with available 1 DISK_GB {{(pid=88338) get_provider_ids_matching /opt/stack/placement/placement/objects/research_context.py:549}}
Mar 02 07:16:36.352138 n-d-827871-1 devstack@placement-api.service[88338]: DEBUG placement.objects.research_context [req-292c3724-d06d-410e-aafd-983db85d18b8 req-15e35ec4-5507-4f22-94fa-4b1ba335436a service placement] found 2 providers with available 1024 MEMORY_MB {{(pid=88338) get_provider_ids_matching /opt/stack/placement/placement/objects/research_context.py:549}}
Mar 02 07:16:36.354327 n-d-827871-1 devstack@placement-api.service[88338]: DEBUG placement.objects.research_context [req-292c3724-d06d-410e-aafd-983db85d18b8 req-15e35ec4-5507-4f22-94fa-4b1ba335436a service placement] found 2 providers after filtering by previous result {{(pid=88338) get_provider_ids_matching /opt/stack/placement/placement/objects/research_context.py:580}}
Mar 02 07:16:36.354755 n-d-827871-1 devstack@placement-api.service[88338]: DEBUG placement.objects.research_context [req-292c3724-d06d-410e-aafd-983db85d18b8 req-15e35ec4-5507-4f22-94fa-4b1ba335436a service placement] found 2 providers with available 1 VCPU {{(pid=88338) get_provider_ids_matching /opt/stack/placement/placement/objects/research_context.py:549}}
Mar 02 07:16:36.355174 n-d-827871-1 devstack@placement-api.service[88338]: DEBUG placement.objects.research_context [req-292c3724-d06d-410e-aafd-983db85d18b8 req-15e35ec4-5507-4f22-94fa-4b1ba335436a service placement] found 2 providers after filtering by previous result {{(pid=88338) get_provider_ids_matching /opt/stack/placement/placement/objects/research_context.py:580}}
Mar 02 07:16:36.373439 n-d-827871-1 devstack@placement-api.service[88338]: DEBUG placement.objects.allocation_candidate [req-292c3724-d06d-410e-aafd-983db85d18b8 req-15e35ec4-5507-4f22-94fa-4b1ba335436a service placement] RequestGroup(use_same_provider=False, resources={DISK_GB:1, MEMORY_MB:1024, VCPU:1}, traits=[], aggregates=[]) (suffix '') returned 2 matches {{(pid=88338) _get_by_requests /opt/stack/placement/placement/objects/allocation_candidate.py:145}}
Mar 02 07:16:36.373789 n-d-827871-1 devstack@placement-api.service[88338]: DEBUG placement.objects.allocation_candidate [req-292c3724-d06d-410e-aafd-983db85d18b8 req-15e35ec4-5507-4f22-94fa-4b1ba335436a service placement] Merging candidates yields 2 allocation requests and 2 provider summaries {{(pid=88338) _merge_candidates /opt/stack/placement/placement/objects/allocation_candidate.py:783}}
Mar 02 07:16:36.376865 n-d-827871-1 devstack@placement-api.service[88338]: INFO placement.requestlog [req-292c3724-d06d-410e-aafd-983db85d18b8 req-15e35ec4-5507-4f22-94fa-4b1ba335436a service placement] 10.222.0.21 "GET /placement/allocation_candidates?limit=1000&resources=DISK_GB%3A1%2CMEMORY_MB%3A1024%2CVCPU%3A1&root_required=%21COMPUTE_STATUS_DISABLED" status: 200 len: 1306 microversion: 1.35
Mar 02 07:16:36.377639 n-d-827871-1 devstack@placement-api.service[88338]: [pid: 88338|app: 0|req: 16/34] 10.222.0.21 () {60 vars in 1506 bytes} [Wed Mar 2 07:16:36 2022] GET /placement/allocation_candidates?limit=1000&resources=DISK_GB%3A1%2CMEMORY_MB%3A1024%2CVCPU%3A1&root_required=%21COMPUTE_STATUS_DISABLED => generated 1306 bytes in 135 msecs (HTTP/1.1 200) 8 headers in 297 bytes (1 switches on core 0)
Mar 02 07:16:36.472025 n-d-827871-1 devstack@placement-api.service[88339]: DEBUG placement.handlers.allocation [req-1b379dc6-8c87-46be-940e-c57c7486f128 req-035926a5-30b7-4095-8fa4-41cb9b5f991e service placement] Successfully wrote allocations [, , ] {{(pid=88339) _create_allocations /opt/stack/placement/placement/handlers/allocation.py:435}}
Mar 02 07:16:36.473267 n-d-827871-1 devstack@placement-api.service[88339]: INFO placement.requestlog [req-1b379dc6-8c87-46be-940e-c57c7486f128 req-035926a5-30b7-4095-8fa4-41cb9b5f991e service placement] 10.222.0.21 "PUT /placement/allocations/6f8f4233-a14a-4e4b-af63-18df741d1c47" status: 204 len: 0 microversion: 1.35
Mar 02 07:16:36.473525 n-d-827871-1 devstack@placement-api.service[88339]: [pid: 88339|app: 0|req: 19/35] 10.222.0.21 () {64 vars in 1433 bytes} [Wed Mar 2 07:16:36 2022] PUT /placement/allocations/6f8f4233-a14a-4e4b-af63-18df741d1c47 => generated 0 bytes in 145 msecs (HTTP/1.1 204) 5 headers in 199 bytes (1 switches on core 0)
Mar 02 07:16:36.501462 n-d-827871-1 devstack@placement-api.service[88338]: DEBUG placement.requestlog [req-292c3724-d06d-410e-aafd-983db85d18b8 req-53e75dff-537a-4424-959a-fcb379f840b2 None None] Starting request: 10.222.0.21 "GET /placement/allocations/845a67db-e227-44bd-ac31-005c5e4fa935" {{(pid=88338) __call__ /opt/stack/placement/placement/requestlog.py:55}}
Mar 02 07:16:36.514911 n-d-827871-1 devstack@placement-api.service[88338]: INFO placement.requestlog [req-292c3724-d06d-410e-aafd-983db85d18b8 req-53e75dff-537a-4424-959a-fcb379f840b2 service placement] 10.222.0.21 "GET /placement/allocations/845a67db-e227-44bd-ac31-005c5e4fa935" status: 200 len: 19 microversion: 1.28
Mar 02 07:16:36.515549 n-d-827871-1 devstack@placement-api.service[88338]: [pid: 88338|app: 0|req: 17/36] 10.222.0.21 () {60 vars in 1380 bytes} [Wed Mar 2 07:16:36 2022] GET /placement/allocations/845a67db-e227-44bd-ac31-005c5e4fa935 => generated 19 bytes in 15 msecs (HTTP/1.1 200) 8 headers in 295 bytes (1 switches on core 0)
Mar 02 07:16:36.522841 n-d-827871-1 devstack@placement-api.service[88339]: DEBUG placement.requestlog [req-292c3724-d06d-410e-aafd-983db85d18b8 req-b62ce38d-6996-4d71-9801-76bf2cabbf5e None None] Starting request: 10.222.0.21 "PUT /placement/allocations/845a67db-e227-44bd-ac31-005c5e4fa935" {{(pid=88339) __call__ /opt/stack/placement/placement/requestlog.py:55}}
Mar 02 07:16:36.617593 n-d-827871-1 devstack@placement-api.service[88339]: DEBUG placement.handlers.allocation [req-292c3724-d06d-410e-aafd-983db85d18b8 req-b62ce38d-6996-4d71-9801-76bf2cabbf5e service placement] Successfully wrote allocations [, , ] {{(pid=88339) _create_allocations /opt/stack/placement/placement/handlers/allocation.py:435}}
Mar 02 07:16:36.618507 n-d-827871-1 devstack@placement-api.service[88339]: INFO placement.requestlog [req-292c3724-d06d-410e-aafd-983db85d18b8 req-b62ce38d-6996-4d71-9801-76bf2cabbf5e service placement] 10.222.0.21 "PUT /placement/allocations/845a67db-e227-44bd-ac31-005c5e4fa935" status: 204 len: 0 microversion: 1.35
Mar 02 07:16:36.619044 n-d-827871-1 devstack@placement-api.service[88339]: [pid: 88339|app: 0|req: 20/37] 10.222.0.21 () {64 vars in 1433 bytes} [Wed Mar 2 07:16:36 2022] PUT /placement/allocations/845a67db-e227-44bd-ac31-005c5e4fa935 => generated 0 bytes in 97 msecs (HTTP/1.1 204) 5 headers in 199 bytes (1 switches on core 0)
Mar 02 07:16:37.059495 n-d-827871-1 devstack@placement-api.service[88338]: DEBUG placement.requestlog [req-292c3724-d06d-410e-aafd-983db85d18b8 req-8c376deb-7beb-439e-a355-7a48f0381d89 None None] Starting request: 10.222.0.39 "GET /placement/allocations/845a67db-e227-44bd-ac31-005c5e4fa935" {{(pid=88338) __call__ /opt/stack/placement/placement/requestlog.py:55}}
Mar 02 07:16:37.095175 n-d-827871-1 devstack@placement-api.service[88338]: INFO placement.requestlog [req-292c3724-d06d-410e-aafd-983db85d18b8 req-8c376deb-7beb-439e-a355-7a48f0381d89 service placement] 10.222.0.39 "GET /placement/allocations/845a67db-e227-44bd-ac31-005c5e4fa935" status: 200 len: 258 microversion: 1.28
Mar 02 07:16:37.095983 n-d-827871-1 devstack@placement-api.service[88338]: [pid: 88338|app: 0|req: 18/38] 10.222.0.39 () {60 vars in 1377 bytes} [Wed Mar 2 07:16:37 2022] GET /placement/allocations/845a67db-e227-44bd-ac31-005c5e4fa935 => generated 258 bytes in 37 msecs (HTTP/1.1 200) 8 headers in 296 bytes (2 switches on core 0)
Mar 02 07:16:37.238935 n-d-827871-1 devstack@placement-api.service[88339]: DEBUG placement.requestlog [req-1b379dc6-8c87-46be-940e-c57c7486f128 req-6444aad6-bf0d-4df4-9ca7-d2f079d0f281 None None] Starting request: 10.222.0.39 "GET /placement/allocations/6f8f4233-a14a-4e4b-af63-18df741d1c47" {{(pid=88339) __call__ /opt/stack/placement/placement/requestlog.py:55}}
Mar 02 07:16:37.275250 n-d-827871-1 devstack@placement-api.service[88339]: INFO placement.requestlog [req-1b379dc6-8c87-46be-940e-c57c7486f128 req-6444aad6-bf0d-4df4-9ca7-d2f079d0f281 service placement] 10.222.0.39 "GET /placement/allocations/6f8f4233-a14a-4e4b-af63-18df741d1c47" status: 200 len: 258 microversion: 1.28
Mar 02 07:16:37.280143 n-d-827871-1 devstack@placement-api.service[88339]: [pid: 88339|app: 0|req: 21/39] 10.222.0.39 () {60 vars in 1377 bytes} [Wed Mar 2 07:16:37 2022] GET /placement/allocations/6f8f4233-a14a-4e4b-af63-18df741d1c47 => generated 258 bytes in 41 msecs (HTTP/1.1 200) 8 headers in 296 bytes (1 switches on core 0)
Mar 02 07:16:43.124159 n-d-827871-1 devstack@placement-api.service[88338]: DEBUG placement.requestlog [req-6d2a3744-28e3-4f9b-8d8f-54e7238cd3cc req-5ec6fb57-4c24-4495-a687-0a89469c25a2 None None] Starting request: 10.222.0.21 "GET /placement/allocation_candidates?limit=1000&resources=DISK_GB%3A1%2CMEMORY_MB%3A1024%2CVCPU%3A1&root_required=%21COMPUTE_STATUS_DISABLED" {{(pid=88338) __call__ /opt/stack/placement/placement/requestlog.py:55}}
Mar 02 07:16:43.179079 n-d-827871-1 devstack@placement-api.service[88338]: DEBUG placement.objects.research_context [req-6d2a3744-28e3-4f9b-8d8f-54e7238cd3cc req-5ec6fb57-4c24-4495-a687-0a89469c25a2 service placement] getting providers with 1 DISK_GB {{(pid=88338) __init__ /opt/stack/placement/placement/objects/research_context.py:126}}
Mar 02 07:16:43.190691 n-d-827871-1 devstack@placement-api.service[88338]: DEBUG placement.objects.research_context [req-6d2a3744-28e3-4f9b-8d8f-54e7238cd3cc req-5ec6fb57-4c24-4495-a687-0a89469c25a2 service placement] getting providers with 1024 MEMORY_MB {{(pid=88338) __init__ /opt/stack/placement/placement/objects/research_context.py:126}}
Mar 02 07:16:43.198480 n-d-827871-1 devstack@placement-api.service[88338]: DEBUG placement.objects.research_context [req-6d2a3744-28e3-4f9b-8d8f-54e7238cd3cc req-5ec6fb57-4c24-4495-a687-0a89469c25a2 service placement] getting providers with 1 VCPU {{(pid=88338) __init__ /opt/stack/placement/placement/objects/research_context.py:126}}
Mar 02 07:16:43.206328 n-d-827871-1 devstack@placement-api.service[88338]: DEBUG placement.objects.research_context [req-6d2a3744-28e3-4f9b-8d8f-54e7238cd3cc req-5ec6fb57-4c24-4495-a687-0a89469c25a2 service placement] found 2 providers with available 1 DISK_GB {{(pid=88338) get_provider_ids_matching /opt/stack/placement/placement/objects/research_context.py:549}}
Mar 02 07:16:43.206686 n-d-827871-1 devstack@placement-api.service[88338]: DEBUG placement.objects.research_context [req-6d2a3744-28e3-4f9b-8d8f-54e7238cd3cc req-5ec6fb57-4c24-4495-a687-0a89469c25a2 service placement] found 2 providers with available 1024 MEMORY_MB {{(pid=88338) get_provider_ids_matching /opt/stack/placement/placement/objects/research_context.py:549}}
Mar 02 07:16:43.207216 n-d-827871-1 devstack@placement-api.service[88338]: DEBUG placement.objects.research_context [req-6d2a3744-28e3-4f9b-8d8f-54e7238cd3cc req-5ec6fb57-4c24-4495-a687-0a89469c25a2 service placement] found 2 providers after filtering by previous result {{(pid=88338) get_provider_ids_matching /opt/stack/placement/placement/objects/research_context.py:580}}
Mar 02 07:16:43.207538 n-d-827871-1 devstack@placement-api.service[88338]: DEBUG placement.objects.research_context [req-6d2a3744-28e3-4f9b-8d8f-54e7238cd3cc req-5ec6fb57-4c24-4495-a687-0a89469c25a2 service placement] found 2 providers with available 1 VCPU {{(pid=88338) get_provider_ids_matching /opt/stack/placement/placement/objects/research_context.py:549}}
Mar 02 07:16:43.207910 n-d-827871-1 devstack@placement-api.service[88338]: DEBUG placement.objects.research_context [req-6d2a3744-28e3-4f9b-8d8f-54e7238cd3cc req-5ec6fb57-4c24-4495-a687-0a89469c25a2 service placement] found 2 providers after filtering by previous result {{(pid=88338) get_provider_ids_matching /opt/stack/placement/placement/objects/research_context.py:580}}
Mar 02 07:16:43.227277 n-d-827871-1 devstack@placement-api.service[88338]: DEBUG placement.objects.allocation_candidate [req-6d2a3744-28e3-4f9b-8d8f-54e7238cd3cc req-5ec6fb57-4c24-4495-a687-0a89469c25a2 service placement] RequestGroup(use_same_provider=False, resources={DISK_GB:1, MEMORY_MB:1024, VCPU:1}, traits=[], aggregates=[]) (suffix '') returned 2 matches {{(pid=88338) _get_by_requests /opt/stack/placement/placement/objects/allocation_candidate.py:145}}
Mar 02 07:16:43.227663 n-d-827871-1 devstack@placement-api.service[88338]: DEBUG placement.objects.allocation_candidate [req-6d2a3744-28e3-4f9b-8d8f-54e7238cd3cc req-5ec6fb57-4c24-4495-a687-0a89469c25a2 service placement] Merging candidates yields 2 allocation requests and 2 provider summaries {{(pid=88338) _merge_candidates /opt/stack/placement/placement/objects/allocation_candidate.py:783}}
Mar 02 07:16:43.230101 n-d-827871-1 devstack@placement-api.service[88338]: INFO placement.requestlog [req-6d2a3744-28e3-4f9b-8d8f-54e7238cd3cc req-5ec6fb57-4c24-4495-a687-0a89469c25a2 service placement] 10.222.0.21 "GET /placement/allocation_candidates?limit=1000&resources=DISK_GB%3A1%2CMEMORY_MB%3A1024%2CVCPU%3A1&root_required=%21COMPUTE_STATUS_DISABLED" status: 200 len: 1309 microversion: 1.35
Mar 02 07:16:43.235019 n-d-827871-1 devstack@placement-api.service[88338]: [pid: 88338|app: 0|req: 19/40] 10.222.0.21 () {60 vars in 1506 bytes} [Wed Mar 2 07:16:43 2022] GET /placement/allocation_candidates?limit=1000&resources=DISK_GB%3A1%2CMEMORY_MB%3A1024%2CVCPU%3A1&root_required=%21COMPUTE_STATUS_DISABLED => generated 1309 bytes in 111 msecs (HTTP/1.1 200) 8 headers in 297 bytes (1 switches on core 0)
Mar 02 07:16:43.282289 n-d-827871-1 devstack@placement-api.service[88339]: DEBUG placement.requestlog [req-6d2a3744-28e3-4f9b-8d8f-54e7238cd3cc req-afac6f63-a262-4ec7-9532-622617d9d1d3 None None] Starting request: 10.222.0.21 "GET /placement/allocations/264ff1b1-8d9d-4074-9751-2812071d64ab" {{(pid=88339) __call__ /opt/stack/placement/placement/requestlog.py:55}}
Mar 02 07:16:43.299613 n-d-827871-1 devstack@placement-api.service[88339]: INFO placement.requestlog [req-6d2a3744-28e3-4f9b-8d8f-54e7238cd3cc req-afac6f63-a262-4ec7-9532-622617d9d1d3 service placement] 10.222.0.21 "GET /placement/allocations/264ff1b1-8d9d-4074-9751-2812071d64ab" status: 200 len: 19 microversion: 1.28
Mar 02 07:16:43.300418 n-d-827871-1 devstack@placement-api.service[88339]: [pid: 88339|app: 0|req: 22/41] 10.222.0.21 () {60 vars in 1380 bytes} [Wed Mar 2 07:16:43 2022] GET /placement/allocations/264ff1b1-8d9d-4074-9751-2812071d64ab => generated 19 bytes in 18 msecs (HTTP/1.1 200) 8 headers in 295 bytes (1 switches on core 0)
Mar 02 07:16:43.306573 n-d-827871-1 devstack@placement-api.service[88338]: DEBUG placement.requestlog [req-6d2a3744-28e3-4f9b-8d8f-54e7238cd3cc req-97a4f6c9-8b33-47ee-9aef-587d6f679a97 None None] Starting request: 10.222.0.21 "PUT /placement/allocations/264ff1b1-8d9d-4074-9751-2812071d64ab" {{(pid=88338) __call__ /opt/stack/placement/placement/requestlog.py:55}}
Mar 02 07:16:43.404865 n-d-827871-1 devstack@placement-api.service[88338]: DEBUG placement.handlers.allocation [req-6d2a3744-28e3-4f9b-8d8f-54e7238cd3cc req-97a4f6c9-8b33-47ee-9aef-587d6f679a97 service placement] Successfully wrote allocations [, , ] {{(pid=88338) _create_allocations /opt/stack/placement/placement/handlers/allocation.py:435}}
Mar 02 07:16:43.405695 n-d-827871-1 devstack@placement-api.service[88338]: INFO placement.requestlog [req-6d2a3744-28e3-4f9b-8d8f-54e7238cd3cc req-97a4f6c9-8b33-47ee-9aef-587d6f679a97 service placement] 10.222.0.21 "PUT /placement/allocations/264ff1b1-8d9d-4074-9751-2812071d64ab" status: 204 len: 0 microversion: 1.35
Mar 02 07:16:43.407296 n-d-827871-1 devstack@placement-api.service[88338]: [pid: 88338|app: 0|req: 20/42] 10.222.0.21 () {64 vars in 1433 bytes} [Wed Mar 2 07:16:43 2022] PUT /placement/allocations/264ff1b1-8d9d-4074-9751-2812071d64ab => generated 0 bytes in 100 msecs (HTTP/1.1 204) 5 headers in 199 bytes (1 switches on core 0)
Mar 02 07:16:43.785953 n-d-827871-1 devstack@placement-api.service[88339]: DEBUG placement.requestlog [req-6d2a3744-28e3-4f9b-8d8f-54e7238cd3cc req-37b40dd7-5f77-478a-b7fe-a1a64f7dcb97 None None] Starting request: 10.222.0.16 "GET /placement/allocations/264ff1b1-8d9d-4074-9751-2812071d64ab" {{(pid=88339) __call__ /opt/stack/placement/placement/requestlog.py:55}}
Mar 02 07:16:43.801024 n-d-827871-1 devstack@placement-api.service[88339]: INFO placement.requestlog [req-6d2a3744-28e3-4f9b-8d8f-54e7238cd3cc req-37b40dd7-5f77-478a-b7fe-a1a64f7dcb97 service placement] 10.222.0.16 "GET /placement/allocations/264ff1b1-8d9d-4074-9751-2812071d64ab" status: 200 len: 258 microversion: 1.28
Mar 02 07:16:43.801376 n-d-827871-1 devstack@placement-api.service[88339]: [pid: 88339|app: 0|req: 23/43] 10.222.0.16 () {60 vars in 1377 bytes} [Wed Mar 2 07:16:43 2022] GET /placement/allocations/264ff1b1-8d9d-4074-9751-2812071d64ab => generated 258 bytes in 16 msecs (HTTP/1.1 200) 8 headers in 296 bytes (1 switches on core 0)
Mar 02 07:16:52.162294 n-d-827871-1 devstack@placement-api.service[88338]: DEBUG placement.requestlog [req-4b35ca69-8d7b-41c2-8bb2-903f5b8e0dbe req-da392f66-b2b9-494d-938b-f11e1e90f917 None None] Starting request: 10.222.0.39 "GET /placement/resource_providers/febb158d-1dd0-4e4c-95ae-273c0d0cfc48/allocations" {{(pid=88338) __call__ /opt/stack/placement/placement/requestlog.py:55}}
Mar 02 07:16:52.184752 n-d-827871-1 devstack@placement-api.service[88338]: INFO placement.requestlog [req-4b35ca69-8d7b-41c2-8bb2-903f5b8e0dbe req-da392f66-b2b9-494d-938b-f11e1e90f917 service placement] 10.222.0.39 "GET /placement/resource_providers/febb158d-1dd0-4e4c-95ae-273c0d0cfc48/allocations" status: 200 len: 254 microversion: 1.0
Mar 02 07:16:52.185447 n-d-827871-1 devstack@placement-api.service[88338]: [pid: 88338|app: 0|req: 21/44] 10.222.0.39 () {58 vars in 1390 bytes} [Wed Mar 2 07:16:52 2022] GET /placement/resource_providers/febb158d-1dd0-4e4c-95ae-273c0d0cfc48/allocations => generated 254 bytes in 24 msecs (HTTP/1.1 200) 6 headers in 224 bytes (1 switches on core 0)
Mar 02 07:16:53.758932 n-d-827871-1 devstack@placement-api.service[88339]: DEBUG placement.requestlog [req-edbbfeeb-2154-4831-8ef6-2499684bd08d req-5f0b1511-1985-4c64-8b1d-43cd94e9ce10 None None] Starting request: 10.222.0.16 "GET /placement/resource_providers/bfe1cfcf-f5c9-49e3-b539-e4d2ebbf81e7/allocations" {{(pid=88339) __call__ /opt/stack/placement/placement/requestlog.py:55}}
Mar 02 07:16:53.801788 n-d-827871-1 devstack@placement-api.service[88339]: INFO placement.requestlog [req-edbbfeeb-2154-4831-8ef6-2499684bd08d req-5f0b1511-1985-4c64-8b1d-43cd94e9ce10 service placement] 10.222.0.16 "GET /placement/resource_providers/bfe1cfcf-f5c9-49e3-b539-e4d2ebbf81e7/allocations" status: 200 len: 254 microversion: 1.0
Mar 02 07:16:53.802685 n-d-827871-1 devstack@placement-api.service[88339]: [pid: 88339|app: 0|req: 24/45] 10.222.0.16 () {58 vars in 1390 bytes} [Wed Mar 2 07:16:53 2022] GET /placement/resource_providers/bfe1cfcf-f5c9-49e3-b539-e4d2ebbf81e7/allocations => generated 254 bytes in 44 msecs (HTTP/1.1 200) 6 headers in 224 bytes (1 switches on core 0)
Mar 02 07:16:54.655224 n-d-827871-1 devstack@placement-api.service[88338]: DEBUG placement.requestlog [req-8722a1b8-b1cb-41f8-8d40-11d9c4b81652 req-caa2f6fa-1b2a-41e1-98fc-e0035baef780 None None] Starting request: 10.222.0.16 "GET /placement/allocations/243ab09e-853d-4c07-b8fc-7e495e7a51c4" {{(pid=88338) __call__ /opt/stack/placement/placement/requestlog.py:55}}
Mar 02 07:16:54.673039 n-d-827871-1 devstack@placement-api.service[88338]: INFO placement.requestlog [req-8722a1b8-b1cb-41f8-8d40-11d9c4b81652 req-caa2f6fa-1b2a-41e1-98fc-e0035baef780 service placement] 10.222.0.16 "GET /placement/allocations/243ab09e-853d-4c07-b8fc-7e495e7a51c4" status: 200 len: 258 microversion: 1.28
Mar 02 07:16:54.673606 n-d-827871-1 devstack@placement-api.service[88338]: [pid: 88338|app: 0|req: 22/46] 10.222.0.16 () {60 vars in 1377 bytes} [Wed Mar 2 07:16:54 2022] GET /placement/allocations/243ab09e-853d-4c07-b8fc-7e495e7a51c4 => generated 258 bytes in 18 msecs (HTTP/1.1 200) 8 headers in 296 bytes (1 switches on core 0)
Mar 02 07:16:54.680560 n-d-827871-1 devstack@placement-api.service[88339]: DEBUG placement.requestlog [req-8722a1b8-b1cb-41f8-8d40-11d9c4b81652 req-5ae524dc-62b8-44d0-a43a-ef4ecb4a7e22 None None] Starting request: 10.222.0.16 "PUT /placement/allocations/243ab09e-853d-4c07-b8fc-7e495e7a51c4" {{(pid=88339) __call__ /opt/stack/placement/placement/requestlog.py:55}}
Mar 02 07:16:54.726868 n-d-827871-1 devstack@placement-api.service[88339]: DEBUG placement.handlers.allocation [req-8722a1b8-b1cb-41f8-8d40-11d9c4b81652 req-5ae524dc-62b8-44d0-a43a-ef4ecb4a7e22 service placement] Successfully wrote allocations [, , ] {{(pid=88339) _create_allocations /opt/stack/placement/placement/handlers/allocation.py:435}}
Mar 02 07:16:54.727646 n-d-827871-1 devstack@placement-api.service[88339]: INFO placement.requestlog [req-8722a1b8-b1cb-41f8-8d40-11d9c4b81652 req-5ae524dc-62b8-44d0-a43a-ef4ecb4a7e22 service placement] 10.222.0.16 "PUT /placement/allocations/243ab09e-853d-4c07-b8fc-7e495e7a51c4" status: 204 len: 0 microversion: 1.28
Mar 02 07:16:54.728301 n-d-827871-1 devstack@placement-api.service[88339]: [pid: 88339|app: 0|req: 25/47] 10.222.0.16 () {64 vars in 1430 bytes} [Wed Mar 2 07:16:54 2022] PUT /placement/allocations/243ab09e-853d-4c07-b8fc-7e495e7a51c4 => generated 0 bytes in 48 msecs (HTTP/1.1 204) 5 headers in 199 bytes (2 switches on core 0)
Mar 02 07:16:55.722462 n-d-827871-1 devstack@placement-api.service[88338]: DEBUG placement.requestlog [req-383df229-7e4a-438e-bbb6-f3d94dc684ca req-8a8d9828-d594-4a74-a20c-f22c3a332d86 None None] Starting request: 10.222.0.21 "GET /placement/resource_providers?name=n-h1-827871-1" {{(pid=88338) __call__ /opt/stack/placement/placement/requestlog.py:55}}
Mar 02 07:16:55.733721 n-d-827871-1 devstack@placement-api.service[88338]: INFO placement.requestlog [req-383df229-7e4a-438e-bbb6-f3d94dc684ca req-8a8d9828-d594-4a74-a20c-f22c3a332d86 service placement] 10.222.0.21 "GET /placement/resource_providers?name=n-h1-827871-1" status: 200 len: 440 microversion: 1.0
Mar 02 07:16:55.734200 n-d-827871-1 devstack@placement-api.service[88338]: [pid: 88338|app: 0|req: 23/48] 10.222.0.21 () {58 vars in 1274 bytes} [Wed Mar 2 07:16:55 2022] GET /placement/resource_providers?name=n-h1-827871-1 => generated 440 bytes in 12 msecs (HTTP/1.1 200) 6 headers in 224 bytes (1 switches on core 0)
Mar 02 07:16:55.740873 n-d-827871-1 devstack@placement-api.service[88339]: DEBUG placement.requestlog [req-383df229-7e4a-438e-bbb6-f3d94dc684ca req-18aa0193-c27b-40c3-9bb2-67362e289064 None None] Starting request: 10.222.0.21 "GET /placement/resource_providers/bfe1cfcf-f5c9-49e3-b539-e4d2ebbf81e7/aggregates" {{(pid=88339) __call__ /opt/stack/placement/placement/requestlog.py:55}}
Mar 02 07:16:55.755644 n-d-827871-1 devstack@placement-api.service[88339]: INFO placement.requestlog [req-383df229-7e4a-438e-bbb6-f3d94dc684ca req-18aa0193-c27b-40c3-9bb2-67362e289064 service placement] 10.222.0.21 "GET /placement/resource_providers/bfe1cfcf-f5c9-49e3-b539-e4d2ebbf81e7/aggregates" status: 200 len: 91 microversion: 1.19
Mar 02 07:16:55.759694 n-d-827871-1 devstack@placement-api.service[88339]: [pid: 88339|app: 0|req: 26/49] 10.222.0.21 () {60 vars in 1425 bytes} [Wed Mar 2 07:16:55 2022] GET /placement/resource_providers/bfe1cfcf-f5c9-49e3-b539-e4d2ebbf81e7/aggregates => generated 91 bytes in 19 msecs (HTTP/1.1 200) 8 headers in 295 bytes (1 switches on core 0)
Mar 02 07:16:55.762295 n-d-827871-1 devstack@placement-api.service[88338]: DEBUG placement.requestlog [req-383df229-7e4a-438e-bbb6-f3d94dc684ca req-040bbc5b-81fc-42a5-a176-286e81c4675f None None] Starting request: 10.222.0.21 "PUT /placement/resource_providers/bfe1cfcf-f5c9-49e3-b539-e4d2ebbf81e7/aggregates" {{(pid=88338) __call__ /opt/stack/placement/placement/requestlog.py:55}}
Mar 02 07:16:55.779703 n-d-827871-1 devstack@placement-api.service[88338]: DEBUG placement.objects.resource_provider [req-383df229-7e4a-438e-bbb6-f3d94dc684ca req-040bbc5b-81fc-42a5-a176-286e81c4675f service placement] Setting aggregates for provider bfe1cfcf-f5c9-49e3-b539-e4d2ebbf81e7. Successfully disassociated aggregate 906f083c-c0d4-41ff-afb5-d93dffe25bb3. {{(pid=88338) _set_aggregates /opt/stack/placement/placement/objects/resource_provider.py:402}}
Mar 02 07:16:55.787700 n-d-827871-1 devstack@placement-api.service[88338]: INFO placement.requestlog [req-383df229-7e4a-438e-bbb6-f3d94dc684ca req-040bbc5b-81fc-42a5-a176-286e81c4675f service placement] 10.222.0.21 "PUT /placement/resource_providers/bfe1cfcf-f5c9-49e3-b539-e4d2ebbf81e7/aggregates" status: 200 len: 53 microversion: 1.19
Mar 02 07:16:55.788090 n-d-827871-1 devstack@placement-api.service[88338]: [pid: 88338|app: 0|req: 24/50] 10.222.0.21 () {64 vars in 1477 bytes} [Wed Mar 2 07:16:55 2022] PUT /placement/resource_providers/bfe1cfcf-f5c9-49e3-b539-e4d2ebbf81e7/aggregates => generated 53 bytes in 26 msecs (HTTP/1.1 200) 8 headers in 295 bytes (2 switches on core 0)
Mar 02 07:16:56.265266 n-d-827871-1 devstack@placement-api.service[88339]: DEBUG placement.requestlog [None req-53730ee2-4de4-4089-8138-80d15a2e41d2 None None] Starting request: 10.222.0.21 "GET /placement/" {{(pid=88339) __call__ /opt/stack/placement/placement/requestlog.py:55}}
Mar 02 07:16:56.267344 n-d-827871-1 devstack@placement-api.service[88339]: INFO placement.requestlog [None req-53730ee2-4de4-4089-8138-80d15a2e41d2 None None] 10.222.0.21 "GET /placement/" status: 200 len: 136 microversion: 1.0
Mar 02 07:16:56.267811 n-d-827871-1 devstack@placement-api.service[88339]: [pid: 88339|app: 0|req: 27/51] 10.222.0.21 () {54 vars in 907 bytes} [Wed Mar 2 07:16:56 2022] GET /placement => generated 136 bytes in 3 msecs (HTTP/1.1 200) 6 headers in 224 bytes (1 switches on core 0)
Mar 02 07:16:56.273787 n-d-827871-1 devstack@placement-api.service[88338]: DEBUG placement.requestlog [req-39a19e7f-3494-43db-a1ad-357b5e507f61 req-a1742cac-b61a-415d-92ce-f092199fa3cd None None] Starting request: 10.222.0.21 "GET /placement/resource_providers?name=n-h1-827871-1" {{(pid=88338) __call__ /opt/stack/placement/placement/requestlog.py:55}}
Mar 02 07:16:56.339977 n-d-827871-1 devstack@placement-api.service[88338]: INFO placement.requestlog [req-39a19e7f-3494-43db-a1ad-357b5e507f61 req-a1742cac-b61a-415d-92ce-f092199fa3cd service placement] 10.222.0.21 "GET /placement/resource_providers?name=n-h1-827871-1" status: 200 len: 440 microversion: 1.0
Mar 02 07:16:56.340180 n-d-827871-1 devstack@placement-api.service[88338]: [pid: 88338|app: 0|req: 25/52] 10.222.0.21 () {58 vars in 1274 bytes} [Wed Mar 2 07:16:56 2022] GET /placement/resource_providers?name=n-h1-827871-1 => generated 440 bytes in 67 msecs (HTTP/1.1 200) 6 headers in 224 bytes (1 switches on core 0)
Mar 02 07:16:56.347142 n-d-827871-1 devstack@placement-api.service[88339]: DEBUG placement.requestlog [req-39a19e7f-3494-43db-a1ad-357b5e507f61 req-d5e594f0-c45e-4967-81f0-3360dd5704e7 None None] Starting request: 10.222.0.21 "GET /placement/resource_providers/bfe1cfcf-f5c9-49e3-b539-e4d2ebbf81e7/aggregates" {{(pid=88339) __call__ /opt/stack/placement/placement/requestlog.py:55}}
Mar 02 07:16:56.360796 n-d-827871-1 devstack@placement-api.service[88339]: INFO placement.requestlog [req-39a19e7f-3494-43db-a1ad-357b5e507f61 req-d5e594f0-c45e-4967-81f0-3360dd5704e7 service placement] 10.222.0.21 "GET /placement/resource_providers/bfe1cfcf-f5c9-49e3-b539-e4d2ebbf81e7/aggregates" status: 200 len: 53 microversion: 1.19
Mar 02 07:16:56.361431 n-d-827871-1 devstack@placement-api.service[88339]: [pid: 88339|app: 0|req: 28/53] 10.222.0.21 () {60 vars in 1425 bytes} [Wed Mar 2 07:16:56 2022] GET /placement/resource_providers/bfe1cfcf-f5c9-49e3-b539-e4d2ebbf81e7/aggregates => generated 53 bytes in 14 msecs (HTTP/1.1 200) 8 headers in 295 bytes (1 switches on core 0)
Mar 02 07:16:56.369481 n-d-827871-1 devstack@placement-api.service[88338]: DEBUG placement.requestlog [req-39a19e7f-3494-43db-a1ad-357b5e507f61 req-9bf8cb42-6a0a-4ef0-96f4-5c6a9dcae8d7 None None] Starting request: 10.222.0.21 "PUT /placement/resource_providers/bfe1cfcf-f5c9-49e3-b539-e4d2ebbf81e7/aggregates" {{(pid=88338) __call__ /opt/stack/placement/placement/requestlog.py:55}}
Mar 02 07:16:56.389261 n-d-827871-1 devstack@placement-api.service[88338]: DEBUG placement.objects.resource_provider [req-39a19e7f-3494-43db-a1ad-357b5e507f61 req-9bf8cb42-6a0a-4ef0-96f4-5c6a9dcae8d7 service placement] _ensure_aggregate() did not find aggregate ec43c422-69d2-4483-952d-818f58b30bd0. Attempting to create it. {{(pid=88338) _ensure_aggregate /opt/stack/placement/placement/objects/resource_provider.py:319}}
Mar 02 07:16:56.391594 n-d-827871-1 devstack@placement-api.service[88338]: DEBUG placement.objects.resource_provider [req-39a19e7f-3494-43db-a1ad-357b5e507f61 req-9bf8cb42-6a0a-4ef0-96f4-5c6a9dcae8d7 service placement] _ensure_aggregate() created new aggregate ec43c422-69d2-4483-952d-818f58b30bd0 (id=2). {{(pid=88338) _ensure_aggregate /opt/stack/placement/placement/objects/resource_provider.py:325}}
Mar 02 07:16:56.394056 n-d-827871-1 devstack@placement-api.service[88338]: DEBUG placement.objects.resource_provider [req-39a19e7f-3494-43db-a1ad-357b5e507f61 req-9bf8cb42-6a0a-4ef0-96f4-5c6a9dcae8d7 service placement] Setting aggregates for provider bfe1cfcf-f5c9-49e3-b539-e4d2ebbf81e7. Successfully associated aggregate ec43c422-69d2-4483-952d-818f58b30bd0. {{(pid=88338) _set_aggregates /opt/stack/placement/placement/objects/resource_provider.py:387}}
Mar 02 07:16:56.399907 n-d-827871-1 devstack@placement-api.service[88338]: INFO placement.requestlog [req-39a19e7f-3494-43db-a1ad-357b5e507f61 req-9bf8cb42-6a0a-4ef0-96f4-5c6a9dcae8d7 service placement] 10.222.0.21 "PUT /placement/resource_providers/bfe1cfcf-f5c9-49e3-b539-e4d2ebbf81e7/aggregates" status: 200 len: 91 microversion: 1.19
Mar 02 07:16:56.400714 n-d-827871-1 devstack@placement-api.service[88338]: [pid: 88338|app: 0|req: 26/54] 10.222.0.21 () {64 vars in 1477 bytes} [Wed Mar 2 07:16:56 2022] PUT /placement/resource_providers/bfe1cfcf-f5c9-49e3-b539-e4d2ebbf81e7/aggregates => generated 91 bytes in 31 msecs (HTTP/1.1 200) 8 headers in 295 bytes (1 switches on core 0)
Mar 02 07:16:56.505668 n-d-827871-1 devstack@placement-api.service[88339]: DEBUG placement.requestlog [req-06a5bed9-f83f-4b1f-a661-a0fc7dced188 req-9b2d6927-324b-4f77-af91-e7b3f83d793c None None] Starting request: 10.222.0.21 "GET /placement/resource_providers?name=n-h1-827871-1" {{(pid=88339) __call__ /opt/stack/placement/placement/requestlog.py:55}}
Mar 02 07:16:56.522476 n-d-827871-1 devstack@placement-api.service[88339]: INFO placement.requestlog [req-06a5bed9-f83f-4b1f-a661-a0fc7dced188 req-9b2d6927-324b-4f77-af91-e7b3f83d793c service placement] 10.222.0.21 "GET /placement/resource_providers?name=n-h1-827871-1" status: 200 len: 440 microversion: 1.0
Mar 02 07:16:56.523145 n-d-827871-1 devstack@placement-api.service[88339]: [pid: 88339|app: 0|req: 29/55] 10.222.0.21 () {58 vars in 1274 bytes} [Wed Mar 2 07:16:56 2022] GET /placement/resource_providers?name=n-h1-827871-1 => generated 440 bytes in 18 msecs (HTTP/1.1 200) 6 headers in 224 bytes (1 switches on core 0)
Mar 02 07:16:56.529578 n-d-827871-1 devstack@placement-api.service[88338]: DEBUG placement.requestlog [req-06a5bed9-f83f-4b1f-a661-a0fc7dced188 req-c2a951ec-4529-4062-9922-af51d1288051 None None] Starting request: 10.222.0.21 "GET /placement/resource_providers/bfe1cfcf-f5c9-49e3-b539-e4d2ebbf81e7/aggregates" {{(pid=88338) __call__ /opt/stack/placement/placement/requestlog.py:55}}
Mar 02 07:16:56.552476 n-d-827871-1 devstack@placement-api.service[88338]: INFO placement.requestlog [req-06a5bed9-f83f-4b1f-a661-a0fc7dced188 req-c2a951ec-4529-4062-9922-af51d1288051 service placement] 10.222.0.21 "GET /placement/resource_providers/bfe1cfcf-f5c9-49e3-b539-e4d2ebbf81e7/aggregates" status: 200 len: 91 microversion: 1.19
Mar 02 07:16:56.553181 n-d-827871-1 devstack@placement-api.service[88338]: [pid: 88338|app: 0|req: 27/56] 10.222.0.21 () {60 vars in 1425 bytes} [Wed Mar 2 07:16:56 2022] GET /placement/resource_providers/bfe1cfcf-f5c9-49e3-b539-e4d2ebbf81e7/aggregates => generated 91 bytes in 24 msecs (HTTP/1.1 200) 8 headers in 295 bytes (2 switches on core 0)
Mar 02 07:16:56.559419 n-d-827871-1 devstack@placement-api.service[88339]: DEBUG placement.requestlog [req-06a5bed9-f83f-4b1f-a661-a0fc7dced188 req-b9fbc789-9b66-4853-a778-e640871e704c None None] Starting request: 10.222.0.21 "PUT /placement/resource_providers/bfe1cfcf-f5c9-49e3-b539-e4d2ebbf81e7/aggregates" {{(pid=88339) __call__ /opt/stack/placement/placement/requestlog.py:55}}
Mar 02 07:16:56.579510 n-d-827871-1 devstack@placement-api.service[88339]: DEBUG placement.objects.resource_provider [req-06a5bed9-f83f-4b1f-a661-a0fc7dced188 req-b9fbc789-9b66-4853-a778-e640871e704c service placement] Setting aggregates for provider bfe1cfcf-f5c9-49e3-b539-e4d2ebbf81e7. Successfully disassociated aggregate ec43c422-69d2-4483-952d-818f58b30bd0. {{(pid=88339) _set_aggregates /opt/stack/placement/placement/objects/resource_provider.py:402}}
Mar 02 07:16:56.585452 n-d-827871-1 devstack@placement-api.service[88339]: INFO placement.requestlog [req-06a5bed9-f83f-4b1f-a661-a0fc7dced188 req-b9fbc789-9b66-4853-a778-e640871e704c service placement] 10.222.0.21 "PUT /placement/resource_providers/bfe1cfcf-f5c9-49e3-b539-e4d2ebbf81e7/aggregates" status: 200 len: 53 microversion: 1.19
Mar 02 07:16:56.585846 n-d-827871-1 devstack@placement-api.service[88339]: [pid: 88339|app: 0|req: 30/57] 10.222.0.21 () {64 vars in 1477 bytes} [Wed Mar 2 07:16:56 2022] PUT /placement/resource_providers/bfe1cfcf-f5c9-49e3-b539-e4d2ebbf81e7/aggregates => generated 53 bytes in 27 msecs (HTTP/1.1 200) 8 headers in 295 bytes (1 switches on core 0)
Mar 02 07:16:57.088365 n-d-827871-1 devstack@placement-api.service[88338]: DEBUG placement.requestlog [req-6e5c9443-7de7-4655-bf9a-b1a1c8e05c85 req-f7b0ed82-1ab1-45a9-9de3-4299e1d9c033 None None] Starting request: 10.222.0.21 "GET /placement/resource_providers?name=n-h1-827871-1" {{(pid=88338) __call__ /opt/stack/placement/placement/requestlog.py:55}}
Mar 02 07:16:57.099833 n-d-827871-1 devstack@placement-api.service[88338]: INFO placement.requestlog [req-6e5c9443-7de7-4655-bf9a-b1a1c8e05c85 req-f7b0ed82-1ab1-45a9-9de3-4299e1d9c033 service placement] 10.222.0.21 "GET /placement/resource_providers?name=n-h1-827871-1" status: 200 len: 440 microversion: 1.0
Mar 02 07:16:57.100225 n-d-827871-1 devstack@placement-api.service[88338]: [pid: 88338|app: 0|req: 28/58] 10.222.0.21 () {58 vars in 1274 bytes} [Wed Mar 2 07:16:57 2022] GET /placement/resource_providers?name=n-h1-827871-1 => generated 440 bytes in 12 msecs (HTTP/1.1 200) 6 headers in 224 bytes (1 switches on core 0)
Mar 02 07:16:57.106099 n-d-827871-1 devstack@placement-api.service[88339]: DEBUG placement.requestlog [req-6e5c9443-7de7-4655-bf9a-b1a1c8e05c85 req-2a35c838-1276-4670-9727-44b8a232d057 None None] Starting request: 10.222.0.21 "GET /placement/resource_providers/bfe1cfcf-f5c9-49e3-b539-e4d2ebbf81e7/aggregates" {{(pid=88339) __call__ /opt/stack/placement/placement/requestlog.py:55}}
Mar 02 07:16:57.118940 n-d-827871-1 devstack@placement-api.service[88339]: INFO placement.requestlog [req-6e5c9443-7de7-4655-bf9a-b1a1c8e05c85 req-2a35c838-1276-4670-9727-44b8a232d057 service placement] 10.222.0.21 "GET /placement/resource_providers/bfe1cfcf-f5c9-49e3-b539-e4d2ebbf81e7/aggregates" status: 200 len: 53 microversion: 1.19
Mar 02 07:16:57.119264 n-d-827871-1 devstack@placement-api.service[88339]: [pid: 88339|app: 0|req: 31/59] 10.222.0.21 () {60 vars in 1425 bytes} [Wed Mar 2 07:16:57 2022] GET /placement/resource_providers/bfe1cfcf-f5c9-49e3-b539-e4d2ebbf81e7/aggregates => generated 53 bytes in 13 msecs (HTTP/1.1 200) 8 headers in 295 bytes (1 switches on core 0)
Mar 02 07:16:57.126697 n-d-827871-1 devstack@placement-api.service[88338]: DEBUG placement.requestlog [req-6e5c9443-7de7-4655-bf9a-b1a1c8e05c85 req-a8e338a4-0673-4b25-96fc-0080b329b0c8 None None] Starting request: 10.222.0.21 "PUT /placement/resource_providers/bfe1cfcf-f5c9-49e3-b539-e4d2ebbf81e7/aggregates" {{(pid=88338) __call__ /opt/stack/placement/placement/requestlog.py:55}}
Mar 02 07:16:57.141560 n-d-827871-1 devstack@placement-api.service[88338]: DEBUG placement.objects.resource_provider [req-6e5c9443-7de7-4655-bf9a-b1a1c8e05c85 req-a8e338a4-0673-4b25-96fc-0080b329b0c8 service placement] _ensure_aggregate() did not find aggregate 146e73db-0efd-4dc5-bc08-7940b1a4bdae. Attempting to create it. {{(pid=88338) _ensure_aggregate /opt/stack/placement/placement/objects/resource_provider.py:319}}
Mar 02 07:16:57.143176 n-d-827871-1 devstack@placement-api.service[88338]: DEBUG placement.objects.resource_provider [req-6e5c9443-7de7-4655-bf9a-b1a1c8e05c85 req-a8e338a4-0673-4b25-96fc-0080b329b0c8 service placement] _ensure_aggregate() created new aggregate 146e73db-0efd-4dc5-bc08-7940b1a4bdae (id=3). {{(pid=88338) _ensure_aggregate /opt/stack/placement/placement/objects/resource_provider.py:325}}
Mar 02 07:16:57.144589 n-d-827871-1 devstack@placement-api.service[88338]: DEBUG placement.objects.resource_provider [req-6e5c9443-7de7-4655-bf9a-b1a1c8e05c85 req-a8e338a4-0673-4b25-96fc-0080b329b0c8 service placement] Setting aggregates for provider bfe1cfcf-f5c9-49e3-b539-e4d2ebbf81e7. Successfully associated aggregate 146e73db-0efd-4dc5-bc08-7940b1a4bdae. {{(pid=88338) _set_aggregates /opt/stack/placement/placement/objects/resource_provider.py:387}}
Mar 02 07:16:57.151043 n-d-827871-1 devstack@placement-api.service[88338]: INFO placement.requestlog [req-6e5c9443-7de7-4655-bf9a-b1a1c8e05c85 req-a8e338a4-0673-4b25-96fc-0080b329b0c8 service placement] 10.222.0.21 "PUT /placement/resource_providers/bfe1cfcf-f5c9-49e3-b539-e4d2ebbf81e7/aggregates" status: 200 len: 92 microversion: 1.19
Mar 02 07:16:57.151524 n-d-827871-1 devstack@placement-api.service[88338]: [pid: 88338|app: 0|req: 29/60] 10.222.0.21 () {64 vars in 1477 bytes} [Wed Mar 2 07:16:57 2022] PUT /placement/resource_providers/bfe1cfcf-f5c9-49e3-b539-e4d2ebbf81e7/aggregates => generated 92 bytes in 26 msecs (HTTP/1.1 200) 8 headers in 295 bytes (2 switches on core 0)
Mar 02 07:16:57.235591 n-d-827871-1 devstack@placement-api.service[88339]: DEBUG placement.requestlog [req-9f14a566-9c39-4fbe-9535-730f796ddad9 req-d3a22797-8d33-45ed-9095-27f62c5ae440 None None] Starting request: 10.222.0.21 "GET /placement/resource_providers?name=n-h1-827871-1" {{(pid=88339) __call__ /opt/stack/placement/placement/requestlog.py:55}}
Mar 02 07:16:57.247668 n-d-827871-1 devstack@placement-api.service[88339]: INFO placement.requestlog [req-9f14a566-9c39-4fbe-9535-730f796ddad9 req-d3a22797-8d33-45ed-9095-27f62c5ae440 service placement] 10.222.0.21 "GET /placement/resource_providers?name=n-h1-827871-1" status: 200 len: 441 microversion: 1.0
Mar 02 07:16:57.251077 n-d-827871-1 devstack@placement-api.service[88339]: [pid: 88339|app: 0|req: 32/61] 10.222.0.21 () {58 vars in 1274 bytes} [Wed Mar 2 07:16:57 2022] GET /placement/resource_providers?name=n-h1-827871-1 => generated 441 bytes in 16 msecs (HTTP/1.1 200) 6 headers in 224 bytes (1 switches on core 0)
Mar 02 07:16:57.255341 n-d-827871-1 devstack@placement-api.service[88338]: DEBUG placement.requestlog [req-9f14a566-9c39-4fbe-9535-730f796ddad9 req-66fcb335-7955-4a71-b0b9-9fd42f290bbd None None] Starting request: 10.222.0.21 "GET /placement/resource_providers/bfe1cfcf-f5c9-49e3-b539-e4d2ebbf81e7/aggregates" {{(pid=88338) __call__ /opt/stack/placement/placement/requestlog.py:55}}
Mar 02 07:16:57.269712 n-d-827871-1 devstack@placement-api.service[88338]: INFO placement.requestlog [req-9f14a566-9c39-4fbe-9535-730f796ddad9 req-66fcb335-7955-4a71-b0b9-9fd42f290bbd service placement] 10.222.0.21 "GET /placement/resource_providers/bfe1cfcf-f5c9-49e3-b539-e4d2ebbf81e7/aggregates" status: 200 len: 92 microversion: 1.19
Mar 02 07:16:57.270088 n-d-827871-1 devstack@placement-api.service[88338]: [pid: 88338|app: 0|req: 30/62] 10.222.0.21 () {60 vars in 1425 bytes} [Wed Mar 2 07:16:57 2022] GET /placement/resource_providers/bfe1cfcf-f5c9-49e3-b539-e4d2ebbf81e7/aggregates => generated 92 bytes in 15 msecs (HTTP/1.1 200) 8 headers in 295 bytes (2 switches on core 0)
Mar 02 07:16:57.276629 n-d-827871-1 devstack@placement-api.service[88339]: DEBUG placement.requestlog [req-9f14a566-9c39-4fbe-9535-730f796ddad9 req-b02e36f5-3766-4541-a313-3cfdaaa7c5e5 None None] Starting request: 10.222.0.21 "PUT /placement/resource_providers/bfe1cfcf-f5c9-49e3-b539-e4d2ebbf81e7/aggregates" {{(pid=88339) __call__ /opt/stack/placement/placement/requestlog.py:55}}
Mar 02 07:16:57.292968 n-d-827871-1 devstack@placement-api.service[88339]: DEBUG placement.objects.resource_provider [req-9f14a566-9c39-4fbe-9535-730f796ddad9 req-b02e36f5-3766-4541-a313-3cfdaaa7c5e5 service placement] Setting aggregates for provider bfe1cfcf-f5c9-49e3-b539-e4d2ebbf81e7. Successfully disassociated aggregate 146e73db-0efd-4dc5-bc08-7940b1a4bdae. {{(pid=88339) _set_aggregates /opt/stack/placement/placement/objects/resource_provider.py:402}}
Mar 02 07:16:57.299596 n-d-827871-1 devstack@placement-api.service[88339]: INFO placement.requestlog [req-9f14a566-9c39-4fbe-9535-730f796ddad9 req-b02e36f5-3766-4541-a313-3cfdaaa7c5e5 service placement] 10.222.0.21 "PUT /placement/resource_providers/bfe1cfcf-f5c9-49e3-b539-e4d2ebbf81e7/aggregates" status: 200 len: 54 microversion: 1.19
Mar 02 07:16:57.302217 n-d-827871-1 devstack@placement-api.service[88339]: [pid: 88339|app: 0|req: 33/63] 10.222.0.21 () {64 vars in 1477 bytes} [Wed Mar 2 07:16:57 2022] PUT /placement/resource_providers/bfe1cfcf-f5c9-49e3-b539-e4d2ebbf81e7/aggregates => generated 54 bytes in 26 msecs (HTTP/1.1 200) 8 headers in 295 bytes (2 switches on core 0)
Mar 02 07:16:57.604687 n-d-827871-1 devstack@placement-api.service[88338]: DEBUG placement.requestlog [req-2a6ed2a7-b3c4-4301-ab5b-dc8fe366f57a req-feed0bc2-0dba-4f51-b6df-a0cf6be55d86 None None] Starting request: 10.222.0.21 "GET /placement/resource_providers?name=n-h1-827871-1" {{(pid=88338) __call__ /opt/stack/placement/placement/requestlog.py:55}}
