Mar 02 07:37:09.336077 n-d-827871-1 devstack@placement-api.service[88339]: DEBUG placement.requestlog [req-2415d580-f2de-4c05-808b-6a9d26da2096 req-fc410e5d-ba5f-4242-ad47-ba217b74b332 None None] Starting request: 10.222.0.21 "GET /placement/allocations/f0519604-f712-4ff1-a783-07ae6095a61b" {{(pid=88339) __call__ /opt/stack/placement/placement/requestlog.py:55}}
Mar 02 07:37:09.346814 n-d-827871-1 devstack@placement-api.service[88339]: INFO placement.requestlog [req-2415d580-f2de-4c05-808b-6a9d26da2096 req-fc410e5d-ba5f-4242-ad47-ba217b74b332 service placement] 10.222.0.21 "GET /placement/allocations/f0519604-f712-4ff1-a783-07ae6095a61b" status: 200 len: 19 microversion: 1.28
Mar 02 07:37:09.347399 n-d-827871-1 devstack@placement-api.service[88339]: [pid: 88339|app: 0|req: 444/881] 10.222.0.21 () {60 vars in 1380 bytes} [Wed Mar 2 07:37:09 2022] GET /placement/allocations/f0519604-f712-4ff1-a783-07ae6095a61b => generated 19 bytes in 11 msecs (HTTP/1.1 200) 8 headers in 295 bytes (1 switches on core 0)
Mar 02 07:37:09.354279 n-d-827871-1 devstack@placement-api.service[88338]: DEBUG placement.requestlog [req-2415d580-f2de-4c05-808b-6a9d26da2096 req-6572405a-5efb-41b6-b887-aee5c2c84b2b None None] Starting request: 10.222.0.21 "PUT /placement/allocations/f0519604-f712-4ff1-a783-07ae6095a61b" {{(pid=88338) __call__ /opt/stack/placement/placement/requestlog.py:55}}
Mar 02 07:37:09.443524 n-d-827871-1 devstack@placement-api.service[88338]: DEBUG placement.handlers.allocation [req-2415d580-f2de-4c05-808b-6a9d26da2096 req-6572405a-5efb-41b6-b887-aee5c2c84b2b service placement] Successfully wrote allocations [, , ] {{(pid=88338) _create_allocations /opt/stack/placement/placement/handlers/allocation.py:435}}
Mar 02 07:37:09.444900 n-d-827871-1 devstack@placement-api.service[88338]: INFO placement.requestlog [req-2415d580-f2de-4c05-808b-6a9d26da2096 req-6572405a-5efb-41b6-b887-aee5c2c84b2b service placement] 10.222.0.21 "PUT /placement/allocations/f0519604-f712-4ff1-a783-07ae6095a61b" status: 204 len: 0 microversion: 1.35
Mar 02 07:37:09.458955 n-d-827871-1 devstack@placement-api.service[88338]: [pid: 88338|app: 0|req: 438/882] 10.222.0.21 () {64 vars in 1433 bytes} [Wed Mar 2 07:37:09 2022] PUT /placement/allocations/f0519604-f712-4ff1-a783-07ae6095a61b => generated 0 bytes in 93 msecs (HTTP/1.1 204) 5 headers in 199 bytes (1 switches on core 0)
Mar 02 07:37:09.814477 n-d-827871-1 devstack@placement-api.service[88339]: DEBUG placement.requestlog [req-2415d580-f2de-4c05-808b-6a9d26da2096 req-1127b002-c4c8-4684-a811-c994444b50e3 None None] Starting request: 10.222.0.16 "GET /placement/allocations/f0519604-f712-4ff1-a783-07ae6095a61b" {{(pid=88339) __call__ /opt/stack/placement/placement/requestlog.py:55}}
Mar 02 07:37:09.829210 n-d-827871-1 devstack@placement-api.service[88339]: INFO placement.requestlog [req-2415d580-f2de-4c05-808b-6a9d26da2096 req-1127b002-c4c8-4684-a811-c994444b50e3 service placement] 10.222.0.16 "GET /placement/allocations/f0519604-f712-4ff1-a783-07ae6095a61b" status: 200 len: 260 microversion: 1.28
Mar 02 07:37:09.829417 n-d-827871-1 devstack@placement-api.service[88339]: [pid: 88339|app: 0|req: 445/883] 10.222.0.16 () {60 vars in 1377 bytes} [Wed Mar 2 07:37:09 2022] GET /placement/allocations/f0519604-f712-4ff1-a783-07ae6095a61b => generated 260 bytes in 15 msecs (HTTP/1.1 200) 8 headers in 296 bytes (1 switches on core 0)
Mar 02 07:37:10.501786 n-d-827871-1 devstack@placement-api.service[88338]: DEBUG placement.requestlog [req-54194f4f-ea94-4158-ad1b-aa32411f355a req-10d9d474-8fbb-4e8d-a95d-c0f35ecefa79 None None] Starting request: 10.222.0.16 "GET /placement/resource_providers/bfe1cfcf-f5c9-49e3-b539-e4d2ebbf81e7/allocations" {{(pid=88338) __call__ /opt/stack/placement/placement/requestlog.py:55}}
Mar 02 07:37:10.547162 n-d-827871-1 devstack@placement-api.service[88338]: INFO placement.requestlog [req-54194f4f-ea94-4158-ad1b-aa32411f355a req-10d9d474-8fbb-4e8d-a95d-c0f35ecefa79 service placement] 10.222.0.16 "GET /placement/resource_providers/bfe1cfcf-f5c9-49e3-b539-e4d2ebbf81e7/allocations" status: 200 len: 343 microversion: 1.0
Mar 02 07:37:10.547496 n-d-827871-1 devstack@placement-api.service[88338]: [pid: 88338|app: 0|req: 439/884] 10.222.0.16 () {58 vars in 1390 bytes} [Wed Mar 2 07:37:10 2022] GET /placement/resource_providers/bfe1cfcf-f5c9-49e3-b539-e4d2ebbf81e7/allocations => generated 343 bytes in 46 msecs (HTTP/1.1 200) 6 headers in 224 bytes (1 switches on core 0)
Mar 02 07:37:10.721586 n-d-827871-1 devstack@placement-api.service[88339]: DEBUG placement.requestlog [req-75e87639-a213-4ae7-a102-6857070a1770 req-9da7ed34-a28a-4ed3-8306-1d0253929e63 None None] Starting request: 10.222.0.21 "GET /placement/allocation_candidates?limit=1000&resources=DISK_GB%3A1%2CMEMORY_MB%3A1024%2CVCPU%3A1&root_required=%21COMPUTE_STATUS_DISABLED" {{(pid=88339) __call__ /opt/stack/placement/placement/requestlog.py:55}}
Mar 02 07:37:10.862277 n-d-827871-1 devstack@placement-api.service[88339]: DEBUG placement.objects.research_context [req-75e87639-a213-4ae7-a102-6857070a1770 req-9da7ed34-a28a-4ed3-8306-1d0253929e63 service placement] getting providers with 1 DISK_GB {{(pid=88339) __init__ /opt/stack/placement/placement/objects/research_context.py:126}}
Mar 02 07:37:10.880624 n-d-827871-1 devstack@placement-api.service[88339]: DEBUG placement.objects.research_context [req-75e87639-a213-4ae7-a102-6857070a1770 req-9da7ed34-a28a-4ed3-8306-1d0253929e63 service placement] getting providers with 1024 MEMORY_MB {{(pid=88339) __init__ /opt/stack/placement/placement/objects/research_context.py:126}}
Mar 02 07:37:10.899508 n-d-827871-1 devstack@placement-api.service[88339]: DEBUG placement.objects.research_context [req-75e87639-a213-4ae7-a102-6857070a1770 req-9da7ed34-a28a-4ed3-8306-1d0253929e63 service placement] getting providers with 1 VCPU {{(pid=88339) __init__ /opt/stack/placement/placement/objects/research_context.py:126}}
Mar 02 07:37:10.906063 n-d-827871-1 devstack@placement-api.service[88339]: DEBUG placement.objects.research_context [req-75e87639-a213-4ae7-a102-6857070a1770 req-9da7ed34-a28a-4ed3-8306-1d0253929e63 service placement] found 2 providers with available 1 DISK_GB {{(pid=88339) get_provider_ids_matching /opt/stack/placement/placement/objects/research_context.py:549}}
Mar 02 07:37:10.908660 n-d-827871-1 devstack@placement-api.service[88339]: DEBUG placement.objects.research_context [req-75e87639-a213-4ae7-a102-6857070a1770 req-9da7ed34-a28a-4ed3-8306-1d0253929e63 service placement] found 2 providers with available 1024 MEMORY_MB {{(pid=88339) get_provider_ids_matching /opt/stack/placement/placement/objects/research_context.py:549}}
Mar 02 07:37:10.909183 n-d-827871-1 devstack@placement-api.service[88339]: DEBUG placement.objects.research_context [req-75e87639-a213-4ae7-a102-6857070a1770 req-9da7ed34-a28a-4ed3-8306-1d0253929e63 service placement] found 2 providers after filtering by previous result {{(pid=88339) get_provider_ids_matching /opt/stack/placement/placement/objects/research_context.py:580}}
Mar 02 07:37:10.909612 n-d-827871-1 devstack@placement-api.service[88339]: DEBUG placement.objects.research_context [req-75e87639-a213-4ae7-a102-6857070a1770 req-9da7ed34-a28a-4ed3-8306-1d0253929e63 service placement] found 2 providers with available 1 VCPU {{(pid=88339) get_provider_ids_matching /opt/stack/placement/placement/objects/research_context.py:549}}
Mar 02 07:37:10.910201 n-d-827871-1 devstack@placement-api.service[88339]: DEBUG placement.objects.research_context [req-75e87639-a213-4ae7-a102-6857070a1770 req-9da7ed34-a28a-4ed3-8306-1d0253929e63 service placement] found 2 providers after filtering by previous result {{(pid=88339) get_provider_ids_matching /opt/stack/placement/placement/objects/research_context.py:580}}
Mar 02 07:37:10.937128 n-d-827871-1 devstack@placement-api.service[88339]: DEBUG placement.objects.allocation_candidate [req-75e87639-a213-4ae7-a102-6857070a1770 req-9da7ed34-a28a-4ed3-8306-1d0253929e63 service placement] RequestGroup(use_same_provider=False, resources={DISK_GB:1, MEMORY_MB:1024, VCPU:1}, traits=[], aggregates=[]) (suffix '') returned 2 matches {{(pid=88339) _get_by_requests /opt/stack/placement/placement/objects/allocation_candidate.py:145}}
Mar 02 07:37:10.937769 n-d-827871-1 devstack@placement-api.service[88339]: DEBUG placement.objects.allocation_candidate [req-75e87639-a213-4ae7-a102-6857070a1770 req-9da7ed34-a28a-4ed3-8306-1d0253929e63 service placement] Merging candidates yields 2 allocation requests and 2 provider summaries {{(pid=88339) _merge_candidates /opt/stack/placement/placement/objects/allocation_candidate.py:783}}
Mar 02 07:37:10.945211 n-d-827871-1 devstack@placement-api.service[88339]: INFO placement.requestlog [req-75e87639-a213-4ae7-a102-6857070a1770 req-9da7ed34-a28a-4ed3-8306-1d0253929e63 service placement] 10.222.0.21 "GET /placement/allocation_candidates?limit=1000&resources=DISK_GB%3A1%2CMEMORY_MB%3A1024%2CVCPU%3A1&root_required=%21COMPUTE_STATUS_DISABLED" status: 200 len: 1309 microversion: 1.35
Mar 02 07:37:10.946600 n-d-827871-1 devstack@placement-api.service[88339]: [pid: 88339|app: 0|req: 446/885] 10.222.0.21 () {60 vars in 1506 bytes} [Wed Mar 2 07:37:10 2022] GET /placement/allocation_candidates?limit=1000&resources=DISK_GB%3A1%2CMEMORY_MB%3A1024%2CVCPU%3A1&root_required=%21COMPUTE_STATUS_DISABLED => generated 1309 bytes in 225 msecs (HTTP/1.1 200) 8 headers in 297 bytes (1 switches on core 0)
Mar 02 07:37:11.149060 n-d-827871-1 devstack@placement-api.service[88338]: DEBUG placement.requestlog [req-75e87639-a213-4ae7-a102-6857070a1770 req-70c4b714-0485-4a3d-9d6d-e1072261c2be None None] Starting request: 10.222.0.21 "GET /placement/allocations/5e24b2eb-7386-4bb4-9e46-5c7fdb66c74c" {{(pid=88338) __call__ /opt/stack/placement/placement/requestlog.py:55}}
Mar 02 07:37:11.197756 n-d-827871-1 devstack@placement-api.service[88338]: INFO placement.requestlog [req-75e87639-a213-4ae7-a102-6857070a1770 req-70c4b714-0485-4a3d-9d6d-e1072261c2be service placement] 10.222.0.21 "GET /placement/allocations/5e24b2eb-7386-4bb4-9e46-5c7fdb66c74c" status: 200 len: 19 microversion: 1.28
Mar 02 07:37:11.198958 n-d-827871-1 devstack@placement-api.service[88338]: [pid: 88338|app: 0|req: 440/886] 10.222.0.21 () {60 vars in 1380 bytes} [Wed Mar 2 07:37:11 2022] GET /placement/allocations/5e24b2eb-7386-4bb4-9e46-5c7fdb66c74c => generated 19 bytes in 50 msecs (HTTP/1.1 200) 8 headers in 295 bytes (1 switches on core 0)
Mar 02 07:37:11.206157 n-d-827871-1 devstack@placement-api.service[88339]: DEBUG placement.requestlog [req-75e87639-a213-4ae7-a102-6857070a1770 req-2d6dc36c-ad73-4e42-ad62-af01b667dc46 None None] Starting request: 10.222.0.21 "PUT /placement/allocations/5e24b2eb-7386-4bb4-9e46-5c7fdb66c74c" {{(pid=88339) __call__ /opt/stack/placement/placement/requestlog.py:55}}
Mar 02 07:37:11.244589 n-d-827871-1 devstack@placement-api.service[88338]: DEBUG placement.requestlog [req-489e08b1-a0dc-4555-8d14-5000c629b0d3 req-5474a58a-ab6e-4045-ad01-47dba5f3f005 None None] Starting request: 10.222.0.39 "GET /placement/resource_providers/febb158d-1dd0-4e4c-95ae-273c0d0cfc48/allocations" {{(pid=88338) __call__ /opt/stack/placement/placement/requestlog.py:55}}
Mar 02 07:37:11.358255 n-d-827871-1 devstack@placement-api.service[88338]: INFO placement.requestlog [req-489e08b1-a0dc-4555-8d14-5000c629b0d3 req-5474a58a-ab6e-4045-ad01-47dba5f3f005 service placement] 10.222.0.39 "GET /placement/resource_providers/febb158d-1dd0-4e4c-95ae-273c0d0cfc48/allocations" status: 200 len: 256 microversion: 1.0
Mar 02 07:37:11.358255 n-d-827871-1 devstack@placement-api.service[88338]: [pid: 88338|app: 0|req: 441/887] 10.222.0.39 () {58 vars in 1390 bytes} [Wed Mar 2 07:37:11 2022] GET /placement/resource_providers/febb158d-1dd0-4e4c-95ae-273c0d0cfc48/allocations => generated 256 bytes in 114 msecs (HTTP/1.1 200) 6 headers in 224 bytes (2 switches on core 0)
Mar 02 07:37:11.415127 n-d-827871-1 devstack@placement-api.service[88339]: DEBUG placement.handlers.allocation [req-75e87639-a213-4ae7-a102-6857070a1770 req-2d6dc36c-ad73-4e42-ad62-af01b667dc46 service placement] Successfully wrote allocations [, , ] {{(pid=88339) _create_allocations /opt/stack/placement/placement/handlers/allocation.py:435}}
Mar 02 07:37:11.416373 n-d-827871-1 devstack@placement-api.service[88339]: INFO placement.requestlog [req-75e87639-a213-4ae7-a102-6857070a1770 req-2d6dc36c-ad73-4e42-ad62-af01b667dc46 service placement] 10.222.0.21 "PUT /placement/allocations/5e24b2eb-7386-4bb4-9e46-5c7fdb66c74c" status: 204 len: 0 microversion: 1.35
Mar 02 07:37:11.416373 n-d-827871-1 devstack@placement-api.service[88339]: [pid: 88339|app: 0|req: 447/888] 10.222.0.21 () {64 vars in 1433 bytes} [Wed Mar 2 07:37:11 2022] PUT /placement/allocations/5e24b2eb-7386-4bb4-9e46-5c7fdb66c74c => generated 0 bytes in 210 msecs (HTTP/1.1 204) 5 headers in 199 bytes (1 switches on core 0)
Mar 02 07:37:12.032313 n-d-827871-1 devstack@placement-api.service[88338]: DEBUG placement.requestlog [req-75e87639-a213-4ae7-a102-6857070a1770 req-82b11054-948a-4a76-9ee3-6d225aef4a51 None None] Starting request: 10.222.0.16 "GET /placement/allocations/5e24b2eb-7386-4bb4-9e46-5c7fdb66c74c" {{(pid=88338) __call__ /opt/stack/placement/placement/requestlog.py:55}}
Mar 02 07:37:12.076433 n-d-827871-1 devstack@placement-api.service[88338]: INFO placement.requestlog [req-75e87639-a213-4ae7-a102-6857070a1770 req-82b11054-948a-4a76-9ee3-6d225aef4a51 service placement] 10.222.0.16 "GET /placement/allocations/5e24b2eb-7386-4bb4-9e46-5c7fdb66c74c" status: 200 len: 260 microversion: 1.28
Mar 02 07:37:12.077090 n-d-827871-1 devstack@placement-api.service[88338]: [pid: 88338|app: 0|req: 442/889] 10.222.0.16 () {60 vars in 1377 bytes} [Wed Mar 2 07:37:12 2022] GET /placement/allocations/5e24b2eb-7386-4bb4-9e46-5c7fdb66c74c => generated 260 bytes in 45 msecs (HTTP/1.1 200) 8 headers in 296 bytes (1 switches on core 0)
Mar 02 07:37:15.637330 n-d-827871-1 devstack@placement-api.service[88339]: DEBUG placement.requestlog [req-97ff216c-8c32-4486-8754-9ff424898b55 req-af2f16ed-72c4-40fd-9b92-850ed6e0b7ec None None] Starting request: 10.222.0.16 "GET /placement/allocations/1904d4cd-cdbe-45c0-95c1-26ccf9216015" {{(pid=88339) __call__ /opt/stack/placement/placement/requestlog.py:55}}
Mar 02 07:37:15.660530 n-d-827871-1 devstack@placement-api.service[88339]: INFO placement.requestlog [req-97ff216c-8c32-4486-8754-9ff424898b55 req-af2f16ed-72c4-40fd-9b92-850ed6e0b7ec service placement] 10.222.0.16 "GET /placement/allocations/1904d4cd-cdbe-45c0-95c1-26ccf9216015" status: 200 len: 260 microversion: 1.28
Mar 02 07:37:15.661122 n-d-827871-1 devstack@placement-api.service[88339]: [pid: 88339|app: 0|req: 448/890] 10.222.0.16 () {60 vars in 1377 bytes} [Wed Mar 2 07:37:15 2022] GET /placement/allocations/1904d4cd-cdbe-45c0-95c1-26ccf9216015 => generated 260 bytes in 24 msecs (HTTP/1.1 200) 8 headers in 296 bytes (1 switches on core 0)
Mar 02 07:37:15.668244 n-d-827871-1 devstack@placement-api.service[88338]: DEBUG placement.requestlog [req-97ff216c-8c32-4486-8754-9ff424898b55 req-5c3623d1-b8cf-482c-8a20-b54b71ef003d None None] Starting request: 10.222.0.16 "PUT /placement/allocations/1904d4cd-cdbe-45c0-95c1-26ccf9216015" {{(pid=88338) __call__ /opt/stack/placement/placement/requestlog.py:55}}
Mar 02 07:37:15.761281 n-d-827871-1 devstack@placement-api.service[88338]: DEBUG placement.handlers.allocation [req-97ff216c-8c32-4486-8754-9ff424898b55 req-5c3623d1-b8cf-482c-8a20-b54b71ef003d service placement] Successfully wrote allocations [, , ] {{(pid=88338) _create_allocations /opt/stack/placement/placement/handlers/allocation.py:435}}
Mar 02 07:37:15.763296 n-d-827871-1 devstack@placement-api.service[88338]: INFO placement.requestlog [req-97ff216c-8c32-4486-8754-9ff424898b55 req-5c3623d1-b8cf-482c-8a20-b54b71ef003d service placement] 10.222.0.16 "PUT /placement/allocations/1904d4cd-cdbe-45c0-95c1-26ccf9216015" status: 204 len: 0 microversion: 1.28
Mar 02 07:37:15.763296 n-d-827871-1 devstack@placement-api.service[88338]: [pid: 88338|app: 0|req: 443/891] 10.222.0.16 () {64 vars in 1430 bytes} [Wed Mar 2 07:37:15 2022] PUT /placement/allocations/1904d4cd-cdbe-45c0-95c1-26ccf9216015 => generated 0 bytes in 94 msecs (HTTP/1.1 204) 5 headers in 199 bytes (1 switches on core 0)
Mar 02 07:37:19.308812 n-d-827871-1 devstack@placement-api.service[88339]: DEBUG placement.requestlog [req-c4b26c2a-2af7-4840-8746-66222099be3f req-d86d0280-8d87-4227-97dd-00060404140a None None] Starting request: 10.222.0.21 "GET /placement/allocation_candidates?limit=1000&resources=DISK_GB%3A1%2CMEMORY_MB%3A1024%2CVCPU%3A1&root_required=%21COMPUTE_STATUS_DISABLED" {{(pid=88339) __call__ /opt/stack/placement/placement/requestlog.py:55}}
Mar 02 07:37:19.340417 n-d-827871-1 devstack@placement-api.service[88339]: DEBUG placement.objects.research_context [req-c4b26c2a-2af7-4840-8746-66222099be3f req-d86d0280-8d87-4227-97dd-00060404140a service placement] getting providers with 1 DISK_GB {{(pid=88339) __init__ /opt/stack/placement/placement/objects/research_context.py:126}}
Mar 02 07:37:19.347288 n-d-827871-1 devstack@placement-api.service[88339]: DEBUG placement.objects.research_context [req-c4b26c2a-2af7-4840-8746-66222099be3f req-d86d0280-8d87-4227-97dd-00060404140a service placement] getting providers with 1024 MEMORY_MB {{(pid=88339) __init__ /opt/stack/placement/placement/objects/research_context.py:126}}
Mar 02 07:37:19.353720 n-d-827871-1 devstack@placement-api.service[88339]: DEBUG placement.objects.research_context [req-c4b26c2a-2af7-4840-8746-66222099be3f req-d86d0280-8d87-4227-97dd-00060404140a service placement] getting providers with 1 VCPU {{(pid=88339) __init__ /opt/stack/placement/placement/objects/research_context.py:126}}
Mar 02 07:37:19.360912 n-d-827871-1 devstack@placement-api.service[88339]: DEBUG placement.objects.research_context [req-c4b26c2a-2af7-4840-8746-66222099be3f req-d86d0280-8d87-4227-97dd-00060404140a service placement] found 2 providers with available 1 DISK_GB {{(pid=88339) get_provider_ids_matching /opt/stack/placement/placement/objects/research_context.py:549}}
Mar 02 07:37:19.361193 n-d-827871-1 devstack@placement-api.service[88339]: DEBUG placement.objects.research_context [req-c4b26c2a-2af7-4840-8746-66222099be3f req-d86d0280-8d87-4227-97dd-00060404140a service placement] found 2 providers with available 1024 MEMORY_MB {{(pid=88339) get_provider_ids_matching /opt/stack/placement/placement/objects/research_context.py:549}}
Mar 02 07:37:19.361459 n-d-827871-1 devstack@placement-api.service[88339]: DEBUG placement.objects.research_context [req-c4b26c2a-2af7-4840-8746-66222099be3f req-d86d0280-8d87-4227-97dd-00060404140a service placement] found 2 providers after filtering by previous result {{(pid=88339) get_provider_ids_matching /opt/stack/placement/placement/objects/research_context.py:580}}
Mar 02 07:37:19.361717 n-d-827871-1 devstack@placement-api.service[88339]: DEBUG placement.objects.research_context [req-c4b26c2a-2af7-4840-8746-66222099be3f req-d86d0280-8d87-4227-97dd-00060404140a service placement] found 2 providers with available 1 VCPU {{(pid=88339) get_provider_ids_matching /opt/stack/placement/placement/objects/research_context.py:549}}
Mar 02 07:37:19.362010 n-d-827871-1 devstack@placement-api.service[88339]: DEBUG placement.objects.research_context [req-c4b26c2a-2af7-4840-8746-66222099be3f req-d86d0280-8d87-4227-97dd-00060404140a service placement] found 2 providers after filtering by previous result {{(pid=88339) get_provider_ids_matching /opt/stack/placement/placement/objects/research_context.py:580}}
Mar 02 07:37:19.374633 n-d-827871-1 devstack@placement-api.service[88339]: DEBUG placement.objects.allocation_candidate [req-c4b26c2a-2af7-4840-8746-66222099be3f req-d86d0280-8d87-4227-97dd-00060404140a service placement] RequestGroup(use_same_provider=False, resources={DISK_GB:1, MEMORY_MB:1024, VCPU:1}, traits=[], aggregates=[]) (suffix '') returned 2 matches {{(pid=88339) _get_by_requests /opt/stack/placement/placement/objects/allocation_candidate.py:145}}
Mar 02 07:37:19.375005 n-d-827871-1 devstack@placement-api.service[88339]: DEBUG placement.objects.allocation_candidate [req-c4b26c2a-2af7-4840-8746-66222099be3f req-d86d0280-8d87-4227-97dd-00060404140a service placement] Merging candidates yields 2 allocation requests and 2 provider summaries {{(pid=88339) _merge_candidates /opt/stack/placement/placement/objects/allocation_candidate.py:783}}
Mar 02 07:37:19.376368 n-d-827871-1 devstack@placement-api.service[88339]: INFO placement.requestlog [req-c4b26c2a-2af7-4840-8746-66222099be3f req-d86d0280-8d87-4227-97dd-00060404140a service placement] 10.222.0.21 "GET /placement/allocation_candidates?limit=1000&resources=DISK_GB%3A1%2CMEMORY_MB%3A1024%2CVCPU%3A1&root_required=%21COMPUTE_STATUS_DISABLED" status: 200 len: 1309 microversion: 1.35
Mar 02 07:37:19.381187 n-d-827871-1 devstack@placement-api.service[88339]: [pid: 88339|app: 0|req: 449/892] 10.222.0.21 () {60 vars in 1506 bytes} [Wed Mar 2 07:37:19 2022] GET /placement/allocation_candidates?limit=1000&resources=DISK_GB%3A1%2CMEMORY_MB%3A1024%2CVCPU%3A1&root_required=%21COMPUTE_STATUS_DISABLED => generated 1309 bytes in 73 msecs (HTTP/1.1 200) 8 headers in 297 bytes (1 switches on core 0)
Mar 02 07:37:19.434504 n-d-827871-1 devstack@placement-api.service[88338]: DEBUG placement.requestlog [req-c4b26c2a-2af7-4840-8746-66222099be3f req-3921f740-fb47-45eb-ad41-cb83ae022ed5 None None] Starting request: 10.222.0.21 "GET /placement/allocations/1904d4cd-cdbe-45c0-95c1-26ccf9216015" {{(pid=88338) __call__ /opt/stack/placement/placement/requestlog.py:55}}
Mar 02 07:37:19.447541 n-d-827871-1 devstack@placement-api.service[88338]: INFO placement.requestlog [req-c4b26c2a-2af7-4840-8746-66222099be3f req-3921f740-fb47-45eb-ad41-cb83ae022ed5 service placement] 10.222.0.21 "GET /placement/allocations/1904d4cd-cdbe-45c0-95c1-26ccf9216015" status: 200 len: 19 microversion: 1.28
Mar 02 07:37:19.450206 n-d-827871-1 devstack@placement-api.service[88338]: [pid: 88338|app: 0|req: 444/893] 10.222.0.21 () {60 vars in 1380 bytes} [Wed Mar 2 07:37:19 2022] GET /placement/allocations/1904d4cd-cdbe-45c0-95c1-26ccf9216015 => generated 19 bytes in 16 msecs (HTTP/1.1 200) 8 headers in 295 bytes (1 switches on core 0)
Mar 02 07:37:19.463205 n-d-827871-1 devstack@placement-api.service[88339]: DEBUG placement.requestlog [req-c4b26c2a-2af7-4840-8746-66222099be3f req-1967653d-0625-4958-ab60-289e9591c082 None None] Starting request: 10.222.0.21 "PUT /placement/allocations/1904d4cd-cdbe-45c0-95c1-26ccf9216015" {{(pid=88339) __call__ /opt/stack/placement/placement/requestlog.py:55}}
Mar 02 07:37:19.529968 n-d-827871-1 devstack@placement-api.service[88339]: DEBUG placement.handlers.allocation [req-c4b26c2a-2af7-4840-8746-66222099be3f req-1967653d-0625-4958-ab60-289e9591c082 service placement] Successfully wrote allocations [, , ] {{(pid=88339) _create_allocations /opt/stack/placement/placement/handlers/allocation.py:435}}
Mar 02 07:37:19.532385 n-d-827871-1 devstack@placement-api.service[88339]: INFO placement.requestlog [req-c4b26c2a-2af7-4840-8746-66222099be3f req-1967653d-0625-4958-ab60-289e9591c082 service placement] 10.222.0.21 "PUT /placement/allocations/1904d4cd-cdbe-45c0-95c1-26ccf9216015" status: 204 len: 0 microversion: 1.35
Mar 02 07:37:19.541104 n-d-827871-1 devstack@placement-api.service[88339]: [pid: 88339|app: 0|req: 450/894] 10.222.0.21 () {64 vars in 1433 bytes} [Wed Mar 2 07:37:19 2022] PUT /placement/allocations/1904d4cd-cdbe-45c0-95c1-26ccf9216015 => generated 0 bytes in 70 msecs (HTTP/1.1 204) 5 headers in 199 bytes (1 switches on core 0)
Mar 02 07:37:22.055349 n-d-827871-1 devstack@placement-api.service[88338]: DEBUG placement.requestlog [req-c4b26c2a-2af7-4840-8746-66222099be3f req-16b31796-a261-49e2-a05f-b6dda049e215 None None] Starting request: 10.222.0.39 "GET /placement/allocations/1904d4cd-cdbe-45c0-95c1-26ccf9216015" {{(pid=88338) __call__ /opt/stack/placement/placement/requestlog.py:55}}
Mar 02 07:37:22.071820 n-d-827871-1 devstack@placement-api.service[88338]: INFO placement.requestlog [req-c4b26c2a-2af7-4840-8746-66222099be3f req-16b31796-a261-49e2-a05f-b6dda049e215 service placement] 10.222.0.39 "GET /placement/allocations/1904d4cd-cdbe-45c0-95c1-26ccf9216015" status: 200 len: 260 microversion: 1.28
Mar 02 07:37:22.072354 n-d-827871-1 devstack@placement-api.service[88338]: [pid: 88338|app: 0|req: 445/895] 10.222.0.39 () {60 vars in 1377 bytes} [Wed Mar 2 07:37:22 2022] GET /placement/allocations/1904d4cd-cdbe-45c0-95c1-26ccf9216015 => generated 260 bytes in 17 msecs (HTTP/1.1 200) 8 headers in 296 bytes (1 switches on core 0)
Mar 02 07:37:48.955044 n-d-827871-1 devstack@placement-api.service[88339]: DEBUG placement.requestlog [req-5afcc798-935b-4886-bfec-390b9ed69547 req-ee330b8f-e73c-4926-8916-3ea50b349815 None None] Starting request: 10.222.0.16 "GET /placement/allocations/5e24b2eb-7386-4bb4-9e46-5c7fdb66c74c" {{(pid=88339) __call__ /opt/stack/placement/placement/requestlog.py:55}}
Mar 02 07:37:48.981458 n-d-827871-1 devstack@placement-api.service[88339]: INFO placement.requestlog [req-5afcc798-935b-4886-bfec-390b9ed69547 req-ee330b8f-e73c-4926-8916-3ea50b349815 service placement] 10.222.0.16 "GET /placement/allocations/5e24b2eb-7386-4bb4-9e46-5c7fdb66c74c" status: 200 len: 260 microversion: 1.28
Mar 02 07:37:48.982634 n-d-827871-1 devstack@placement-api.service[88339]: [pid: 88339|app: 0|req: 451/896] 10.222.0.16 () {60 vars in 1377 bytes} [Wed Mar 2 07:37:48 2022] GET /placement/allocations/5e24b2eb-7386-4bb4-9e46-5c7fdb66c74c => generated 260 bytes in 27 msecs (HTTP/1.1 200) 8 headers in 296 bytes (1 switches on core 0)
Mar 02 07:37:48.988593 n-d-827871-1 devstack@placement-api.service[88338]: DEBUG placement.requestlog [req-5afcc798-935b-4886-bfec-390b9ed69547 req-7a856e85-88d2-48f7-9ec9-45d45f03ac22 None None] Starting request: 10.222.0.16 "PUT /placement/allocations/5e24b2eb-7386-4bb4-9e46-5c7fdb66c74c" {{(pid=88338) __call__ /opt/stack/placement/placement/requestlog.py:55}}
Mar 02 07:37:49.049146 n-d-827871-1 devstack@placement-api.service[88338]: DEBUG placement.handlers.allocation [req-5afcc798-935b-4886-bfec-390b9ed69547 req-7a856e85-88d2-48f7-9ec9-45d45f03ac22 service placement] Successfully wrote allocations [, , ] {{(pid=88338) _create_allocations /opt/stack/placement/placement/handlers/allocation.py:435}}
Mar 02 07:37:49.049723 n-d-827871-1 devstack@placement-api.service[88338]: INFO placement.requestlog [req-5afcc798-935b-4886-bfec-390b9ed69547 req-7a856e85-88d2-48f7-9ec9-45d45f03ac22 service placement] 10.222.0.16 "PUT /placement/allocations/5e24b2eb-7386-4bb4-9e46-5c7fdb66c74c" status: 204 len: 0 microversion: 1.28
Mar 02 07:37:49.050511 n-d-827871-1 devstack@placement-api.service[88338]: [pid: 88338|app: 0|req: 446/897] 10.222.0.16 () {64 vars in 1430 bytes} [Wed Mar 2 07:37:48 2022] PUT /placement/allocations/5e24b2eb-7386-4bb4-9e46-5c7fdb66c74c => generated 0 bytes in 62 msecs (HTTP/1.1 204) 5 headers in 199 bytes (1 switches on core 0)
Mar 02 07:37:51.099431 n-d-827871-1 devstack@placement-api.service[88339]: DEBUG placement.requestlog [req-aefc943a-ba75-4a9c-ad40-8f4693f6f1fc req-3e9b80d8-405f-40fe-9fad-01c582cceac4 None None] Starting request: 10.222.0.21 "GET /placement/allocation_candidates?limit=1000&resources=DISK_GB%3A1%2CMEMORY_MB%3A1024%2CVCPU%3A1&root_required=%21COMPUTE_STATUS_DISABLED" {{(pid=88339) __call__ /opt/stack/placement/placement/requestlog.py:55}}
Mar 02 07:37:51.158631 n-d-827871-1 devstack@placement-api.service[88339]: DEBUG placement.objects.research_context [req-aefc943a-ba75-4a9c-ad40-8f4693f6f1fc req-3e9b80d8-405f-40fe-9fad-01c582cceac4 service placement] getting providers with 1 DISK_GB {{(pid=88339) __init__ /opt/stack/placement/placement/objects/research_context.py:126}}
Mar 02 07:37:51.167276 n-d-827871-1 devstack@placement-api.service[88339]: DEBUG placement.objects.research_context [req-aefc943a-ba75-4a9c-ad40-8f4693f6f1fc req-3e9b80d8-405f-40fe-9fad-01c582cceac4 service placement] getting providers with 1024 MEMORY_MB {{(pid=88339) __init__ /opt/stack/placement/placement/objects/research_context.py:126}}
Mar 02 07:37:51.174557 n-d-827871-1 devstack@placement-api.service[88339]: DEBUG placement.objects.research_context [req-aefc943a-ba75-4a9c-ad40-8f4693f6f1fc req-3e9b80d8-405f-40fe-9fad-01c582cceac4 service placement] getting providers with 1 VCPU {{(pid=88339) __init__ /opt/stack/placement/placement/objects/research_context.py:126}}
Mar 02 07:37:51.180357 n-d-827871-1 devstack@placement-api.service[88339]: DEBUG placement.objects.research_context [req-aefc943a-ba75-4a9c-ad40-8f4693f6f1fc req-3e9b80d8-405f-40fe-9fad-01c582cceac4 service placement] found 2 providers with available 1 DISK_GB {{(pid=88339) get_provider_ids_matching /opt/stack/placement/placement/objects/research_context.py:549}}
Mar 02 07:37:51.180562 n-d-827871-1 devstack@placement-api.service[88339]: DEBUG placement.objects.research_context [req-aefc943a-ba75-4a9c-ad40-8f4693f6f1fc req-3e9b80d8-405f-40fe-9fad-01c582cceac4 service placement] found 2 providers with available 1024 MEMORY_MB {{(pid=88339) get_provider_ids_matching /opt/stack/placement/placement/objects/research_context.py:549}}
Mar 02 07:37:51.181658 n-d-827871-1 devstack@placement-api.service[88339]: DEBUG placement.objects.research_context [req-aefc943a-ba75-4a9c-ad40-8f4693f6f1fc req-3e9b80d8-405f-40fe-9fad-01c582cceac4 service placement] found 2 providers after filtering by previous result {{(pid=88339) get_provider_ids_matching /opt/stack/placement/placement/objects/research_context.py:580}}
Mar 02 07:37:51.182137 n-d-827871-1 devstack@placement-api.service[88339]: DEBUG placement.objects.research_context [req-aefc943a-ba75-4a9c-ad40-8f4693f6f1fc req-3e9b80d8-405f-40fe-9fad-01c582cceac4 service placement] found 2 providers with available 1 VCPU {{(pid=88339) get_provider_ids_matching /opt/stack/placement/placement/objects/research_context.py:549}}
Mar 02 07:37:51.182594 n-d-827871-1 devstack@placement-api.service[88339]: DEBUG placement.objects.research_context [req-aefc943a-ba75-4a9c-ad40-8f4693f6f1fc req-3e9b80d8-405f-40fe-9fad-01c582cceac4 service placement] found 2 providers after filtering by previous result {{(pid=88339) get_provider_ids_matching /opt/stack/placement/placement/objects/research_context.py:580}}
Mar 02 07:37:51.196540 n-d-827871-1 devstack@placement-api.service[88339]: DEBUG placement.objects.allocation_candidate [req-aefc943a-ba75-4a9c-ad40-8f4693f6f1fc req-3e9b80d8-405f-40fe-9fad-01c582cceac4 service placement] RequestGroup(use_same_provider=False, resources={DISK_GB:1, MEMORY_MB:1024, VCPU:1}, traits=[], aggregates=[]) (suffix '') returned 2 matches {{(pid=88339) _get_by_requests /opt/stack/placement/placement/objects/allocation_candidate.py:145}}
Mar 02 07:37:51.197289 n-d-827871-1 devstack@placement-api.service[88339]: DEBUG placement.objects.allocation_candidate [req-aefc943a-ba75-4a9c-ad40-8f4693f6f1fc req-3e9b80d8-405f-40fe-9fad-01c582cceac4 service placement] Merging candidates yields 2 allocation requests and 2 provider summaries {{(pid=88339) _merge_candidates /opt/stack/placement/placement/objects/allocation_candidate.py:783}}
Mar 02 07:37:51.199214 n-d-827871-1 devstack@placement-api.service[88339]: INFO placement.requestlog [req-aefc943a-ba75-4a9c-ad40-8f4693f6f1fc req-3e9b80d8-405f-40fe-9fad-01c582cceac4 service placement] 10.222.0.21 "GET /placement/allocation_candidates?limit=1000&resources=DISK_GB%3A1%2CMEMORY_MB%3A1024%2CVCPU%3A1&root_required=%21COMPUTE_STATUS_DISABLED" status: 200 len: 1309 microversion: 1.35
Mar 02 07:37:51.199753 n-d-827871-1 devstack@placement-api.service[88339]: [pid: 88339|app: 0|req: 452/898] 10.222.0.21 () {60 vars in 1506 bytes} [Wed Mar 2 07:37:51 2022] GET /placement/allocation_candidates?limit=1000&resources=DISK_GB%3A1%2CMEMORY_MB%3A1024%2CVCPU%3A1&root_required=%21COMPUTE_STATUS_DISABLED => generated 1309 bytes in 102 msecs (HTTP/1.1 200) 8 headers in 297 bytes (1 switches on core 0)
Mar 02 07:37:51.273023 n-d-827871-1 devstack@placement-api.service[88338]: DEBUG placement.requestlog [req-aefc943a-ba75-4a9c-ad40-8f4693f6f1fc req-bee5b8ae-8b8e-426e-8689-8830dfe6cdc0 None None] Starting request: 10.222.0.21 "GET /placement/allocations/11eb8196-534e-473b-b92d-bf1836bda311" {{(pid=88338) __call__ /opt/stack/placement/placement/requestlog.py:55}}
Mar 02 07:37:51.285335 n-d-827871-1 devstack@placement-api.service[88338]: INFO placement.requestlog [req-aefc943a-ba75-4a9c-ad40-8f4693f6f1fc req-bee5b8ae-8b8e-426e-8689-8830dfe6cdc0 service placement] 10.222.0.21 "GET /placement/allocations/11eb8196-534e-473b-b92d-bf1836bda311" status: 200 len: 19 microversion: 1.28
Mar 02 07:37:51.285442 n-d-827871-1 devstack@placement-api.service[88338]: [pid: 88338|app: 0|req: 447/899] 10.222.0.21 () {60 vars in 1380 bytes} [Wed Mar 2 07:37:51 2022] GET /placement/allocations/11eb8196-534e-473b-b92d-bf1836bda311 => generated 19 bytes in 13 msecs (HTTP/1.1 200) 8 headers in 295 bytes (1 switches on core 0)
Mar 02 07:37:51.294093 n-d-827871-1 devstack@placement-api.service[88339]: DEBUG placement.requestlog [req-aefc943a-ba75-4a9c-ad40-8f4693f6f1fc req-2ad9dba2-d64f-4f02-8fea-d4fc82f17b5a None None] Starting request: 10.222.0.21 "PUT /placement/allocations/11eb8196-534e-473b-b92d-bf1836bda311" {{(pid=88339) __call__ /opt/stack/placement/placement/requestlog.py:55}}
Mar 02 07:37:51.386607 n-d-827871-1 devstack@placement-api.service[88338]: DEBUG placement.requestlog [req-861d285a-ae5e-4c93-93a5-464766384010 req-9a8ee5ac-877b-4ffb-91e5-e0acb1860e88 None None] Starting request: 10.222.0.16 "GET /placement/allocations/f0519604-f712-4ff1-a783-07ae6095a61b" {{(pid=88338) __call__ /opt/stack/placement/placement/requestlog.py:55}}
Mar 02 07:37:51.387135 n-d-827871-1 devstack@placement-api.service[88339]: DEBUG placement.handlers.allocation [req-aefc943a-ba75-4a9c-ad40-8f4693f6f1fc req-2ad9dba2-d64f-4f02-8fea-d4fc82f17b5a service placement] Successfully wrote allocations [, , ] {{(pid=88339) _create_allocations /opt/stack/placement/placement/handlers/allocation.py:435}}
Mar 02 07:37:51.387859 n-d-827871-1 devstack@placement-api.service[88339]: INFO placement.requestlog [req-aefc943a-ba75-4a9c-ad40-8f4693f6f1fc req-2ad9dba2-d64f-4f02-8fea-d4fc82f17b5a service placement] 10.222.0.21 "PUT /placement/allocations/11eb8196-534e-473b-b92d-bf1836bda311" status: 204 len: 0 microversion: 1.35
Mar 02 07:37:51.395612 n-d-827871-1 devstack@placement-api.service[88339]: [pid: 88339|app: 0|req: 453/900] 10.222.0.21 () {64 vars in 1433 bytes} [Wed Mar 2 07:37:51 2022] PUT /placement/allocations/11eb8196-534e-473b-b92d-bf1836bda311 => generated 0 bytes in 95 msecs (HTTP/1.1 204) 5 headers in 199 bytes (1 switches on core 0)
Mar 02 07:37:51.414565 n-d-827871-1 devstack@placement-api.service[88338]: INFO placement.requestlog [req-861d285a-ae5e-4c93-93a5-464766384010 req-9a8ee5ac-877b-4ffb-91e5-e0acb1860e88 service placement] 10.222.0.16 "GET /placement/allocations/f0519604-f712-4ff1-a783-07ae6095a61b" status: 200 len: 260 microversion: 1.28
Mar 02 07:37:51.415110 n-d-827871-1 devstack@placement-api.service[88338]: [pid: 88338|app: 0|req: 448/901] 10.222.0.16 () {60 vars in 1377 bytes} [Wed Mar 2 07:37:51 2022] GET /placement/allocations/f0519604-f712-4ff1-a783-07ae6095a61b => generated 260 bytes in 30 msecs (HTTP/1.1 200) 8 headers in 296 bytes (1 switches on core 0)
Mar 02 07:37:51.422297 n-d-827871-1 devstack@placement-api.service[88339]: DEBUG placement.requestlog [req-861d285a-ae5e-4c93-93a5-464766384010 req-d48440c6-32f5-444a-9367-ab709d2f29f8 None None] Starting request: 10.222.0.16 "PUT /placement/allocations/f0519604-f712-4ff1-a783-07ae6095a61b" {{(pid=88339) __call__ /opt/stack/placement/placement/requestlog.py:55}}
Mar 02 07:37:51.506296 n-d-827871-1 devstack@placement-api.service[88339]: DEBUG placement.handlers.allocation [req-861d285a-ae5e-4c93-93a5-464766384010 req-d48440c6-32f5-444a-9367-ab709d2f29f8 service placement] Successfully wrote allocations [, , ] {{(pid=88339) _create_allocations /opt/stack/placement/placement/handlers/allocation.py:435}}
Mar 02 07:37:51.507242 n-d-827871-1 devstack@placement-api.service[88339]: INFO placement.requestlog [req-861d285a-ae5e-4c93-93a5-464766384010 req-d48440c6-32f5-444a-9367-ab709d2f29f8 service placement] 10.222.0.16 "PUT /placement/allocations/f0519604-f712-4ff1-a783-07ae6095a61b" status: 204 len: 0 microversion: 1.28
Mar 02 07:37:51.508024 n-d-827871-1 devstack@placement-api.service[88339]: [pid: 88339|app: 0|req: 454/902] 10.222.0.16 () {64 vars in 1430 bytes} [Wed Mar 2 07:37:51 2022] PUT /placement/allocations/f0519604-f712-4ff1-a783-07ae6095a61b => generated 0 bytes in 86 msecs (HTTP/1.1 204) 5 headers in 199 bytes (1 switches on core 0)
Mar 02 07:37:51.858660 n-d-827871-1 devstack@placement-api.service[88338]: DEBUG placement.requestlog [req-aefc943a-ba75-4a9c-ad40-8f4693f6f1fc req-71c9b982-e418-4a69-a57e-d4314c9d00de None None] Starting request: 10.222.0.16 "GET /placement/allocations/11eb8196-534e-473b-b92d-bf1836bda311" {{(pid=88338) __call__ /opt/stack/placement/placement/requestlog.py:55}}
Mar 02 07:37:51.875644 n-d-827871-1 devstack@placement-api.service[88338]: INFO placement.requestlog [req-aefc943a-ba75-4a9c-ad40-8f4693f6f1fc req-71c9b982-e418-4a69-a57e-d4314c9d00de service placement] 10.222.0.16 "GET /placement/allocations/11eb8196-534e-473b-b92d-bf1836bda311" status: 200 len: 260 microversion: 1.28
Mar 02 07:37:51.876138 n-d-827871-1 devstack@placement-api.service[88338]: [pid: 88338|app: 0|req: 449/903] 10.222.0.16 () {60 vars in 1377 bytes} [Wed Mar 2 07:37:51 2022] GET /placement/allocations/11eb8196-534e-473b-b92d-bf1836bda311 => generated 260 bytes in 18 msecs (HTTP/1.1 200) 8 headers in 296 bytes (1 switches on core 0)
Mar 02 07:38:11.134839 n-d-827871-1 devstack@placement-api.service[88339]: DEBUG placement.requestlog [req-73021745-d3ec-4c53-aa3f-59a22b5811c3 req-b790373d-470c-4007-9c81-a5e189e7e151 None None] Starting request: 10.222.0.21 "GET /placement/allocation_candidates?limit=1000&resources=DISK_GB%3A1%2CMEMORY_MB%3A1024%2CVCPU%3A1&root_required=%21COMPUTE_STATUS_DISABLED" {{(pid=88339) __call__ /opt/stack/placement/placement/requestlog.py:55}}
Mar 02 07:38:11.199497 n-d-827871-1 devstack@placement-api.service[88339]: DEBUG placement.objects.research_context [req-73021745-d3ec-4c53-aa3f-59a22b5811c3 req-b790373d-470c-4007-9c81-a5e189e7e151 service placement] getting providers with 1 DISK_GB {{(pid=88339) __init__ /opt/stack/placement/placement/objects/research_context.py:126}}
Mar 02 07:38:11.206976 n-d-827871-1 devstack@placement-api.service[88339]: DEBUG placement.objects.research_context [req-73021745-d3ec-4c53-aa3f-59a22b5811c3 req-b790373d-470c-4007-9c81-a5e189e7e151 service placement] getting providers with 1024 MEMORY_MB {{(pid=88339) __init__ /opt/stack/placement/placement/objects/research_context.py:126}}
Mar 02 07:38:11.222865 n-d-827871-1 devstack@placement-api.service[88339]: DEBUG placement.objects.research_context [req-73021745-d3ec-4c53-aa3f-59a22b5811c3 req-b790373d-470c-4007-9c81-a5e189e7e151 service placement] getting providers with 1 VCPU {{(pid=88339) __init__ /opt/stack/placement/placement/objects/research_context.py:126}}
Mar 02 07:38:11.229905 n-d-827871-1 devstack@placement-api.service[88339]: DEBUG placement.objects.research_context [req-73021745-d3ec-4c53-aa3f-59a22b5811c3 req-b790373d-470c-4007-9c81-a5e189e7e151 service placement] found 2 providers with available 1 DISK_GB {{(pid=88339) get_provider_ids_matching /opt/stack/placement/placement/objects/research_context.py:549}}
Mar 02 07:38:11.230466 n-d-827871-1 devstack@placement-api.service[88339]: DEBUG placement.objects.research_context [req-73021745-d3ec-4c53-aa3f-59a22b5811c3 req-b790373d-470c-4007-9c81-a5e189e7e151 service placement] found 2 providers with available 1024 MEMORY_MB {{(pid=88339) get_provider_ids_matching /opt/stack/placement/placement/objects/research_context.py:549}}
Mar 02 07:38:11.230907 n-d-827871-1 devstack@placement-api.service[88339]: DEBUG placement.objects.research_context [req-73021745-d3ec-4c53-aa3f-59a22b5811c3 req-b790373d-470c-4007-9c81-a5e189e7e151 service placement] found 2 providers after filtering by previous result {{(pid=88339) get_provider_ids_matching /opt/stack/placement/placement/objects/research_context.py:580}}
Mar 02 07:38:11.231318 n-d-827871-1 devstack@placement-api.service[88339]: DEBUG placement.objects.research_context [req-73021745-d3ec-4c53-aa3f-59a22b5811c3 req-b790373d-470c-4007-9c81-a5e189e7e151 service placement] found 2 providers with available 1 VCPU {{(pid=88339) get_provider_ids_matching /opt/stack/placement/placement/objects/research_context.py:549}}
Mar 02 07:38:11.231730 n-d-827871-1 devstack@placement-api.service[88339]: DEBUG placement.objects.research_context [req-73021745-d3ec-4c53-aa3f-59a22b5811c3 req-b790373d-470c-4007-9c81-a5e189e7e151 service placement] found 2 providers after filtering by previous result {{(pid=88339) get_provider_ids_matching /opt/stack/placement/placement/objects/research_context.py:580}}
Mar 02 07:38:11.257712 n-d-827871-1 devstack@placement-api.service[88339]: DEBUG placement.objects.allocation_candidate [req-73021745-d3ec-4c53-aa3f-59a22b5811c3 req-b790373d-470c-4007-9c81-a5e189e7e151 service placement] RequestGroup(use_same_provider=False, resources={DISK_GB:1, MEMORY_MB:1024, VCPU:1}, traits=[], aggregates=[]) (suffix '') returned 2 matches {{(pid=88339) _get_by_requests /opt/stack/placement/placement/objects/allocation_candidate.py:145}}
Mar 02 07:38:11.258555 n-d-827871-1 devstack@placement-api.service[88339]: DEBUG placement.objects.allocation_candidate [req-73021745-d3ec-4c53-aa3f-59a22b5811c3 req-b790373d-470c-4007-9c81-a5e189e7e151 service placement] Merging candidates yields 2 allocation requests and 2 provider summaries {{(pid=88339) _merge_candidates /opt/stack/placement/placement/objects/allocation_candidate.py:783}}
Mar 02 07:38:11.269194 n-d-827871-1 devstack@placement-api.service[88339]: INFO placement.requestlog [req-73021745-d3ec-4c53-aa3f-59a22b5811c3 req-b790373d-470c-4007-9c81-a5e189e7e151 service placement] 10.222.0.21 "GET /placement/allocation_candidates?limit=1000&resources=DISK_GB%3A1%2CMEMORY_MB%3A1024%2CVCPU%3A1&root_required=%21COMPUTE_STATUS_DISABLED" status: 200 len: 1309 microversion: 1.35
Mar 02 07:38:11.270066 n-d-827871-1 devstack@placement-api.service[88339]: [pid: 88339|app: 0|req: 455/904] 10.222.0.21 () {60 vars in 1506 bytes} [Wed Mar 2 07:38:11 2022] GET /placement/allocation_candidates?limit=1000&resources=DISK_GB%3A1%2CMEMORY_MB%3A1024%2CVCPU%3A1&root_required=%21COMPUTE_STATUS_DISABLED => generated 1309 bytes in 135 msecs (HTTP/1.1 200) 8 headers in 297 bytes (1 switches on core 0)
Mar 02 07:38:11.463943 n-d-827871-1 devstack@placement-api.service[88338]: DEBUG placement.requestlog [req-73021745-d3ec-4c53-aa3f-59a22b5811c3 req-d1d21f34-f7ac-43fd-88a9-984e23facf1d None None] Starting request: 10.222.0.21 "GET /placement/allocations/e03b04aa-5141-4e3e-8bc7-d57187c62e7d" {{(pid=88338) __call__ /opt/stack/placement/placement/requestlog.py:55}}
Mar 02 07:38:11.488628 n-d-827871-1 devstack@placement-api.service[88338]: INFO placement.requestlog [req-73021745-d3ec-4c53-aa3f-59a22b5811c3 req-d1d21f34-f7ac-43fd-88a9-984e23facf1d service placement] 10.222.0.21 "GET /placement/allocations/e03b04aa-5141-4e3e-8bc7-d57187c62e7d" status: 200 len: 19 microversion: 1.28
Mar 02 07:38:11.489851 n-d-827871-1 devstack@placement-api.service[88338]: [pid: 88338|app: 0|req: 450/905] 10.222.0.21 () {60 vars in 1380 bytes} [Wed Mar 2 07:38:11 2022] GET /placement/allocations/e03b04aa-5141-4e3e-8bc7-d57187c62e7d => generated 19 bytes in 26 msecs (HTTP/1.1 200) 8 headers in 295 bytes (1 switches on core 0)
Mar 02 07:38:11.500577 n-d-827871-1 devstack@placement-api.service[88339]: DEBUG placement.requestlog [req-73021745-d3ec-4c53-aa3f-59a22b5811c3 req-e773518c-1ee1-4c4c-9f18-98b38329d991 None None] Starting request: 10.222.0.21 "PUT /placement/allocations/e03b04aa-5141-4e3e-8bc7-d57187c62e7d" {{(pid=88339) __call__ /opt/stack/placement/placement/requestlog.py:55}}
Mar 02 07:38:11.599794 n-d-827871-1 devstack@placement-api.service[88339]: DEBUG placement.handlers.allocation [req-73021745-d3ec-4c53-aa3f-59a22b5811c3 req-e773518c-1ee1-4c4c-9f18-98b38329d991 service placement] Successfully wrote allocations [, , ] {{(pid=88339) _create_allocations /opt/stack/placement/placement/handlers/allocation.py:435}}
Mar 02 07:38:11.600667 n-d-827871-1 devstack@placement-api.service[88339]: INFO placement.requestlog [req-73021745-d3ec-4c53-aa3f-59a22b5811c3 req-e773518c-1ee1-4c4c-9f18-98b38329d991 service placement] 10.222.0.21 "PUT /placement/allocations/e03b04aa-5141-4e3e-8bc7-d57187c62e7d" status: 204 len: 0 microversion: 1.35
Mar 02 07:38:11.601083 n-d-827871-1 devstack@placement-api.service[88339]: [pid: 88339|app: 0|req: 456/906] 10.222.0.21 () {64 vars in 1433 bytes} [Wed Mar 2 07:38:11 2022] PUT /placement/allocations/e03b04aa-5141-4e3e-8bc7-d57187c62e7d => generated 0 bytes in 101 msecs (HTTP/1.1 204) 5 headers in 199 bytes (1 switches on core 0)
Mar 02 07:38:11.836890 n-d-827871-1 devstack@placement-api.service[88338]: DEBUG placement.requestlog [req-fb833545-3102-4293-acad-8b725ef25605 req-256fbe10-03c8-45a5-8391-74d975baf0e0 None None] Starting request: 10.222.0.16 "GET /placement/resource_providers/bfe1cfcf-f5c9-49e3-b539-e4d2ebbf81e7/allocations" {{(pid=88338) __call__ /opt/stack/placement/placement/requestlog.py:55}}
Mar 02 07:38:11.880825 n-d-827871-1 devstack@placement-api.service[88338]: INFO placement.requestlog [req-fb833545-3102-4293-acad-8b725ef25605 req-256fbe10-03c8-45a5-8391-74d975baf0e0 service placement] 10.222.0.16 "GET /placement/resource_providers/bfe1cfcf-f5c9-49e3-b539-e4d2ebbf81e7/allocations" status: 200 len: 343 microversion: 1.0
Mar 02 07:38:11.881597 n-d-827871-1 devstack@placement-api.service[88338]: [pid: 88338|app: 0|req: 451/907] 10.222.0.16 () {58 vars in 1390 bytes} [Wed Mar 2 07:38:11 2022] GET /placement/resource_providers/bfe1cfcf-f5c9-49e3-b539-e4d2ebbf81e7/allocations => generated 343 bytes in 45 msecs (HTTP/1.1 200) 6 headers in 224 bytes (1 switches on core 0)
Mar 02 07:38:12.248355 n-d-827871-1 devstack@placement-api.service[88339]: DEBUG placement.requestlog [req-73021745-d3ec-4c53-aa3f-59a22b5811c3 req-f7f37d4e-a5ab-4f55-a2a0-bdc4b18eeeba None None] Starting request: 10.222.0.16 "GET /placement/allocations/e03b04aa-5141-4e3e-8bc7-d57187c62e7d" {{(pid=88339) __call__ /opt/stack/placement/placement/requestlog.py:55}}
Mar 02 07:38:12.278422 n-d-827871-1 devstack@placement-api.service[88339]: INFO placement.requestlog [req-73021745-d3ec-4c53-aa3f-59a22b5811c3 req-f7f37d4e-a5ab-4f55-a2a0-bdc4b18eeeba service placement] 10.222.0.16 "GET /placement/allocations/e03b04aa-5141-4e3e-8bc7-d57187c62e7d" status: 200 len: 260 microversion: 1.28
Mar 02 07:38:12.284922 n-d-827871-1 devstack@placement-api.service[88339]: [pid: 88339|app: 0|req: 457/908] 10.222.0.16 () {60 vars in 1377 bytes} [Wed Mar 2 07:38:12 2022] GET /placement/allocations/e03b04aa-5141-4e3e-8bc7-d57187c62e7d => generated 260 bytes in 37 msecs (HTTP/1.1 200) 8 headers in 296 bytes (1 switches on core 0)
Mar 02 07:38:13.286844 n-d-827871-1 devstack@placement-api.service[88338]: DEBUG placement.requestlog [req-35cdd34b-f586-4a03-bfb7-9917b87e0b2e req-f7d4131c-2586-481c-9efa-152e23576759 None None] Starting request: 10.222.0.39 "GET /placement/resource_providers/febb158d-1dd0-4e4c-95ae-273c0d0cfc48/allocations" {{(pid=88338) __call__ /opt/stack/placement/placement/requestlog.py:55}}
Mar 02 07:38:13.372361 n-d-827871-1 devstack@placement-api.service[88338]: INFO placement.requestlog [req-35cdd34b-f586-4a03-bfb7-9917b87e0b2e req-f7d4131c-2586-481c-9efa-152e23576759 service placement] 10.222.0.39 "GET /placement/resource_providers/febb158d-1dd0-4e4c-95ae-273c0d0cfc48/allocations" status: 200 len: 357 microversion: 1.0
Mar 02 07:38:13.374164 n-d-827871-1 devstack@placement-api.service[88338]: [pid: 88338|app: 0|req: 452/909] 10.222.0.39 () {58 vars in 1390 bytes} [Wed Mar 2 07:38:13 2022] GET /placement/resource_providers/febb158d-1dd0-4e4c-95ae-273c0d0cfc48/allocations => generated 357 bytes in 86 msecs (HTTP/1.1 200) 6 headers in 224 bytes (1 switches on core 0)
Mar 02 07:38:34.390999 n-d-827871-1 devstack@placement-api.service[88339]: DEBUG placement.requestlog [req-8bed66bd-2093-416c-80a4-f035adb4243b req-865acdce-a22e-435e-9bd2-4616f05c3fb9 None None] Starting request: 10.222.0.39 "GET /placement/allocations/c16494c1-ecc4-4e61-90b3-de185f6dde47" {{(pid=88339) __call__ /opt/stack/placement/placement/requestlog.py:55}}
Mar 02 07:38:34.415939 n-d-827871-1 devstack@placement-api.service[88339]: INFO placement.requestlog [req-8bed66bd-2093-416c-80a4-f035adb4243b req-865acdce-a22e-435e-9bd2-4616f05c3fb9 service placement] 10.222.0.39 "GET /placement/allocations/c16494c1-ecc4-4e61-90b3-de185f6dde47" status: 200 len: 260 microversion: 1.28
Mar 02 07:38:34.415939 n-d-827871-1 devstack@placement-api.service[88339]: [pid: 88339|app: 0|req: 458/910] 10.222.0.39 () {60 vars in 1377 bytes} [Wed Mar 2 07:38:34 2022] GET /placement/allocations/c16494c1-ecc4-4e61-90b3-de185f6dde47 => generated 260 bytes in 25 msecs (HTTP/1.1 200) 8 headers in 296 bytes (1 switches on core 0)
Mar 02 07:38:34.428391 n-d-827871-1 devstack@placement-api.service[88338]: DEBUG placement.requestlog [req-8bed66bd-2093-416c-80a4-f035adb4243b req-4e4cbbda-f513-4c81-baf3-a639bfb93c7f None None] Starting request: 10.222.0.39 "PUT /placement/allocations/c16494c1-ecc4-4e61-90b3-de185f6dde47" {{(pid=88338) __call__ /opt/stack/placement/placement/requestlog.py:55}}
