Feb 04 15:18:43.767650 n-d-827869-1 devstack@n-api.service[117451]: INFO nova.api.openstack.requestlog [None req-da6bc772-f5c1-4de2-95a6-756768d16097 tempest-FlavorsV261TestJSON-1216883698 tempest-FlavorsV261TestJSON-1216883698-project-admin] 10.222.0.47 "DELETE /compute/v2.1/flavors/1233032633" status: 202 len: 0 microversion: 2.61 time: 0.081355
Feb 04 15:18:43.768264 n-d-827869-1 devstack@n-api.service[117450]: [pid: 117450|app: 0|req: 9/24] 10.222.0.47 () {62 vars in 1231 bytes} [Fri Feb 4 15:18:42 2022] POST /compute/v2.1/os-aggregates/1/action => generated 297 bytes in 957 msecs (HTTP/1.1 200) 9 headers in 359 bytes (1 switches on core 0)
Feb 04 15:18:43.768960 n-d-827869-1 devstack@n-api.service[117451]: [pid: 117451|app: 0|req: 16/25] 10.222.0.47 () {60 vars in 1201 bytes} [Fri Feb 4 15:18:43 2022] DELETE /compute/v2.1/flavors/1233032633 => generated 0 bytes in 85 msecs (HTTP/1.1 202) 9 headers in 363 bytes (1 switches on core 0)
Feb 04 15:18:43.781142 n-d-827869-1 devstack@n-api.service[117451]: DEBUG nova.api.openstack.wsgi [None req-ccf2c6d9-f194-4fcb-964f-b92b80f67111 tempest-FlavorsV261TestJSON-1216883698 tempest-FlavorsV261TestJSON-1216883698-project-admin] Calling method '>' {{(pid=117451) _process_stack /opt/stack/nova/nova/api/openstack/wsgi.py:513}}
Feb 04 15:18:43.785862 n-d-827869-1 devstack@n-api.service[117450]: DEBUG nova.api.openstack.wsgi [None req-097be958-a15c-415d-816a-2be53374e2dc tempest-FlavorsAdminTestJSON-722538983 tempest-FlavorsAdminTestJSON-722538983-project-admin] Calling method '>' {{(pid=117450) _process_stack /opt/stack/nova/nova/api/openstack/wsgi.py:513}}
Feb 04 15:18:43.788586 n-d-827869-1 devstack@n-api.service[117450]: /usr/local/lib/python3.8/dist-packages/oslo_policy/policy.py:1075: UserWarning: Policy os_compute_api:os-flavor-manage:delete failed scope check. The token used to make the request was project scoped but the policy requires ['system'] scope. This behavior may change in the future where using the intended scope is required
Feb 04 15:18:43.788586 n-d-827869-1 devstack@n-api.service[117450]: warnings.warn(msg)
Feb 04 15:18:43.822490 n-d-827869-1 devstack@n-api.service[117451]: INFO nova.api.openstack.requestlog [None req-ccf2c6d9-f194-4fcb-964f-b92b80f67111 tempest-FlavorsV261TestJSON-1216883698 tempest-FlavorsV261TestJSON-1216883698-project-admin] 10.222.0.47 "GET /compute/v2.1/flavors/detail" status: 200 len: 6238 microversion: 2.61 time: 0.046900
Feb 04 15:18:43.840382 n-d-827869-1 devstack@n-api.service[117451]: [pid: 117451|app: 0|req: 17/26] 10.222.0.47 () {60 vars in 1186 bytes} [Fri Feb 4 15:18:43 2022] GET /compute/v2.1/flavors/detail => generated 6238 bytes in 64 msecs (HTTP/1.1 200) 9 headers in 360 bytes (1 switches on core 0)
Feb 04 15:18:43.845374 n-d-827869-1 devstack@n-api.service[117451]: DEBUG nova.api.openstack.wsgi [None req-eb579c6b-5b8e-4c22-ab5e-3b7410f64006 tempest-AggregatesAdminTestV241-1484364731 tempest-AggregatesAdminTestV241-1484364731-project-admin] Calling method '>' {{(pid=117451) _process_stack /opt/stack/nova/nova/api/openstack/wsgi.py:513}}
Feb 04 15:18:43.846293 n-d-827869-1 devstack@n-api.service[117451]: /usr/local/lib/python3.8/dist-packages/oslo_policy/policy.py:1075: UserWarning: Policy os_compute_api:os-aggregates:delete failed scope check. The token used to make the request was project scoped but the policy requires ['system'] scope. This behavior may change in the future where using the intended scope is required
Feb 04 15:18:43.846293 n-d-827869-1 devstack@n-api.service[117451]: warnings.warn(msg)
Feb 04 15:18:43.852398 n-d-827869-1 devstack@n-api.service[117450]: INFO nova.api.openstack.requestlog [None req-097be958-a15c-415d-816a-2be53374e2dc tempest-FlavorsAdminTestJSON-722538983 tempest-FlavorsAdminTestJSON-722538983-project-admin] 10.222.0.47 "DELETE /compute/v2.1/flavors/2040714831" status: 202 len: 0 microversion: 2.1 time: 0.077861
Feb 04 15:18:43.853611 n-d-827869-1 devstack@n-api.service[117450]: [pid: 117450|app: 0|req: 10/27] 10.222.0.47 () {58 vars in 1160 bytes} [Fri Feb 4 15:18:43 2022] DELETE /compute/v2.1/flavors/2040714831 => generated 0 bytes in 84 msecs (HTTP/1.1 202) 9 headers in 361 bytes (1 switches on core 0)
Feb 04 15:18:43.879801 n-d-827869-1 devstack@n-api.service[117451]: INFO nova.api.openstack.requestlog [None req-eb579c6b-5b8e-4c22-ab5e-3b7410f64006 tempest-AggregatesAdminTestV241-1484364731 tempest-AggregatesAdminTestV241-1484364731-project-admin] 10.222.0.47 "DELETE /compute/v2.1/os-aggregates/1" status: 200 len: 0 microversion: 2.41 time: 0.037245
Feb 04 15:18:43.881344 n-d-827869-1 devstack@n-api.service[117451]: [pid: 117451|app: 0|req: 18/28] 10.222.0.47 () {60 vars in 1192 bytes} [Fri Feb 4 15:18:43 2022] DELETE /compute/v2.1/os-aggregates/1 => generated 0 bytes in 42 msecs (HTTP/1.1 200) 9 headers in 357 bytes (1 switches on core 0)
Feb 04 15:18:43.883835 n-d-827869-1 devstack@n-api.service[117450]: DEBUG nova.api.openstack.wsgi [None req-f45995c6-bee7-42b5-8890-8e56b391850d tempest-FlavorsAdminTestJSON-722538983 tempest-FlavorsAdminTestJSON-722538983-project-admin] Calling method '>' {{(pid=117450) _process_stack /opt/stack/nova/nova/api/openstack/wsgi.py:513}}
Feb 04 15:18:43.925303 n-d-827869-1 devstack@n-api.service[117451]: DEBUG nova.api.openstack.wsgi [None req-595693bd-ecce-4feb-af46-899861641b80 tempest-AggregatesAdminNegativeTestJSON-1896089726 tempest-AggregatesAdminNegativeTestJSON-1896089726-project-admin] Action: 'create', calling method: >, body: {"aggregate": {"name": "tempest-test_aggregate-1928761529"}} {{(pid=117451) _process_stack /opt/stack/nova/nova/api/openstack/wsgi.py:511}}
Feb 04 15:18:43.927859 n-d-827869-1 devstack@n-api.service[117451]: /usr/local/lib/python3.8/dist-packages/oslo_policy/policy.py:1075: UserWarning: Policy os_compute_api:os-aggregates:create failed scope check. The token used to make the request was project scoped but the policy requires ['system'] scope. This behavior may change in the future where using the intended scope is required
Feb 04 15:18:43.927859 n-d-827869-1 devstack@n-api.service[117451]: warnings.warn(msg)
Feb 04 15:18:43.931057 n-d-827869-1 devstack@n-api.service[117451]: DEBUG nova.objects.aggregate [None req-595693bd-ecce-4feb-af46-899861641b80 tempest-AggregatesAdminNegativeTestJSON-1896089726 tempest-AggregatesAdminNegativeTestJSON-1896089726-project-admin] Generated uuid e4febecd-890f-4700-82ff-28e1b52124f8 for aggregate {{(pid=117451) create /opt/stack/nova/nova/objects/aggregate.py:298}}
Feb 04 15:18:43.936506 n-d-827869-1 devstack@n-api.service[117450]: INFO nova.api.openstack.requestlog [None req-f45995c6-bee7-42b5-8890-8e56b391850d tempest-FlavorsAdminTestJSON-722538983 tempest-FlavorsAdminTestJSON-722538983-project-admin] 10.222.0.47 "GET /compute/v2.1/flavors/detail" status: 200 len: 4991 microversion: 2.1 time: 0.070727
Feb 04 15:18:43.943996 n-d-827869-1 devstack@n-api.service[117450]: [pid: 117450|app: 0|req: 11/29] 10.222.0.47 () {58 vars in 1145 bytes} [Fri Feb 4 15:18:43 2022] GET /compute/v2.1/flavors/detail => generated 4991 bytes in 78 msecs (HTTP/1.1 200) 9 headers in 358 bytes (1 switches on core 0)
Feb 04 15:18:43.968557 n-d-827869-1 devstack@n-api.service[117450]: DEBUG nova.api.openstack.wsgi [None req-f5d65302-02a2-4690-8b1d-3367f3df76aa tempest-FlavorsAdminTestJSON-722538983 tempest-FlavorsAdminTestJSON-722538983-project-admin] Action: 'create', calling method: >, body: {"flavor": {"ram": 512, "vcpus": 1, "disk": 10, "name": "tempest-FlavorsAdminTestJSON-flavor-942788597", "id": 670811375, "os-flavor-access:is_public": "True"}} {{(pid=117450) _process_stack /opt/stack/nova/nova/api/openstack/wsgi.py:511}}
Feb 04 15:18:43.971077 n-d-827869-1 devstack@n-api.service[117450]: /usr/local/lib/python3.8/dist-packages/oslo_policy/policy.py:1075: UserWarning: Policy os_compute_api:os-flavor-manage:create failed scope check. The token used to make the request was project scoped but the policy requires ['system'] scope. This behavior may change in the future where using the intended scope is required
Feb 04 15:18:43.971077 n-d-827869-1 devstack@n-api.service[117450]: warnings.warn(msg)
Feb 04 15:18:43.980606 n-d-827869-1 devstack@n-api.service[117451]: INFO nova.api.openstack.requestlog [None req-595693bd-ecce-4feb-af46-899861641b80 tempest-AggregatesAdminNegativeTestJSON-1896089726 tempest-AggregatesAdminNegativeTestJSON-1896089726-project-admin] 10.222.0.47 "POST /compute/v2.1/os-aggregates" status: 200 len: 198 microversion: 2.1 time: 0.059886
Feb 04 15:18:43.982060 n-d-827869-1 devstack@n-api.service[117451]: [pid: 117451|app: 0|req: 19/30] 10.222.0.47 () {60 vars in 1163 bytes} [Fri Feb 4 15:18:43 2022] POST /compute/v2.1/os-aggregates => generated 198 bytes in 63 msecs (HTTP/1.1 200) 9 headers in 357 bytes (1 switches on core 0)
Feb 04 15:18:44.003547 n-d-827869-1 devstack@n-api.service[117450]: INFO nova.api.openstack.requestlog [None req-f5d65302-02a2-4690-8b1d-3367f3df76aa tempest-FlavorsAdminTestJSON-722538983 tempest-FlavorsAdminTestJSON-722538983-project-admin] 10.222.0.47 "POST /compute/v2.1/flavors" status: 200 len: 425 microversion: 2.1 time: 0.039381
Feb 04 15:18:44.004712 n-d-827869-1 devstack@n-api.service[117450]: [pid: 117450|app: 0|req: 12/31] 10.222.0.47 () {60 vars in 1146 bytes} [Fri Feb 4 15:18:43 2022] POST /compute/v2.1/flavors => generated 425 bytes in 42 msecs (HTTP/1.1 200) 9 headers in 357 bytes (2 switches on core 0)
Feb 04 15:18:44.004903 n-d-827869-1 devstack@n-api.service[117451]: DEBUG nova.api.openstack.wsgi [None req-bdc164f3-8298-456b-91cf-0a7d3432c915 tempest-AggregatesAdminNegativeTestJSON-1896089726 tempest-AggregatesAdminNegativeTestJSON-1896089726-project-admin] Action: 'action', calling method: >, body: {"add_host": {"host": "n-h2-827869-1"}} {{(pid=117451) _process_stack /opt/stack/nova/nova/api/openstack/wsgi.py:511}}
Feb 04 15:18:44.006868 n-d-827869-1 devstack@n-api.service[117451]: /usr/local/lib/python3.8/dist-packages/oslo_policy/policy.py:1075: UserWarning: Policy os_compute_api:os-aggregates:add_host failed scope check. The token used to make the request was project scoped but the policy requires ['system'] scope. This behavior may change in the future where using the intended scope is required
Feb 04 15:18:44.006868 n-d-827869-1 devstack@n-api.service[117451]: warnings.warn(msg)
Feb 04 15:18:44.019558 n-d-827869-1 devstack@n-api.service[117450]: DEBUG nova.api.openstack.wsgi [None req-7c05e868-fcda-416c-a6a7-9935bd3c999b tempest-FlavorsAdminTestJSON-722538983 tempest-FlavorsAdminTestJSON-722538983-project-admin] Calling method '>' {{(pid=117450) _process_stack /opt/stack/nova/nova/api/openstack/wsgi.py:513}}
Feb 04 15:18:44.044348 n-d-827869-1 devstack@n-api.service[117451]: DEBUG oslo_concurrency.lockutils [None req-bdc164f3-8298-456b-91cf-0a7d3432c915 tempest-AggregatesAdminNegativeTestJSON-1896089726 tempest-AggregatesAdminNegativeTestJSON-1896089726-project-admin] Lock "909ef376-48cb-488a-9fc3-d9631f04cd76" acquired by "nova.context.set_target_cell..get_or_set_cached_cell_and_set_connections" :: waited 0.000s {{(pid=117451) inner /usr/local/lib/python3.8/dist-packages/oslo_concurrency/lockutils.py:355}}
Feb 04 15:18:44.045943 n-d-827869-1 devstack@n-api.service[117451]: DEBUG oslo_concurrency.lockutils [None req-bdc164f3-8298-456b-91cf-0a7d3432c915 tempest-AggregatesAdminNegativeTestJSON-1896089726 tempest-AggregatesAdminNegativeTestJSON-1896089726-project-admin] Lock "909ef376-48cb-488a-9fc3-d9631f04cd76" released by "nova.context.set_target_cell..get_or_set_cached_cell_and_set_connections" :: held 0.001s {{(pid=117451) inner /usr/local/lib/python3.8/dist-packages/oslo_concurrency/lockutils.py:367}}
Feb 04 15:18:44.049997 n-d-827869-1 devstack@n-api.service[117450]: INFO nova.api.openstack.requestlog [None req-7c05e868-fcda-416c-a6a7-9935bd3c999b tempest-FlavorsAdminTestJSON-722538983 tempest-FlavorsAdminTestJSON-722538983-project-admin] 10.222.0.47 "DELETE /compute/v2.1/flavors/670811375" status: 202 len: 0 microversion: 2.1 time: 0.036858
Feb 04 15:18:44.051139 n-d-827869-1 devstack@n-api.service[117450]: [pid: 117450|app: 0|req: 13/32] 10.222.0.47 () {58 vars in 1157 bytes} [Fri Feb 4 15:18:44 2022] DELETE /compute/v2.1/flavors/670811375 => generated 0 bytes in 39 msecs (HTTP/1.1 202) 9 headers in 361 bytes (2 switches on core 0)
Feb 04 15:18:44.065439 n-d-827869-1 devstack@n-api.service[117450]: DEBUG nova.api.openstack.wsgi [None req-ab1dff18-7924-46d1-b5ba-3f581fe7eaf8 tempest-FlavorsAdminTestJSON-722538983 tempest-FlavorsAdminTestJSON-722538983-project-admin] Calling method '>' {{(pid=117450) _process_stack /opt/stack/nova/nova/api/openstack/wsgi.py:513}}
Feb 04 15:18:44.107149 n-d-827869-1 devstack@n-api.service[117450]: INFO nova.api.openstack.requestlog [None req-ab1dff18-7924-46d1-b5ba-3f581fe7eaf8 tempest-FlavorsAdminTestJSON-722538983 tempest-FlavorsAdminTestJSON-722538983-project-admin] 10.222.0.47 "GET /compute/v2.1/flavors/detail" status: 200 len: 4991 microversion: 2.1 time: 0.050745
Feb 04 15:18:44.110432 n-d-827869-1 devstack@n-api.service[117450]: [pid: 117450|app: 0|req: 14/33] 10.222.0.47 () {58 vars in 1145 bytes} [Fri Feb 4 15:18:44 2022] GET /compute/v2.1/flavors/detail => generated 4991 bytes in 55 msecs (HTTP/1.1 200) 9 headers in 358 bytes (2 switches on core 0)
Feb 04 15:18:44.130586 n-d-827869-1 devstack@n-api.service[117450]: DEBUG nova.api.openstack.wsgi [None req-fbe71c79-7936-406b-be30-1c9bce883b2a tempest-FlavorsAdminTestJSON-722538983 tempest-FlavorsAdminTestJSON-722538983-project-admin] Action: 'create', calling method: >, body: {"flavor": {"ram": 512, "vcpus": 1, "disk": 10, "name": "tempest-FlavorsAdminTestJSON-flavor-1590271556", "id": null, "os-flavor-access:is_public": "True"}} {{(pid=117450) _process_stack /opt/stack/nova/nova/api/openstack/wsgi.py:511}}
Feb 04 15:18:44.155491 n-d-827869-1 devstack@n-api.service[117450]: INFO nova.api.openstack.requestlog [None req-fbe71c79-7936-406b-be30-1c9bce883b2a tempest-FlavorsAdminTestJSON-722538983 tempest-FlavorsAdminTestJSON-722538983-project-admin] 10.222.0.47 "POST /compute/v2.1/flavors" status: 200 len: 507 microversion: 2.1 time: 0.030189
Feb 04 15:18:44.163369 n-d-827869-1 devstack@n-api.service[117450]: [pid: 117450|app: 0|req: 15/34] 10.222.0.47 () {60 vars in 1146 bytes} [Fri Feb 4 15:18:44 2022] POST /compute/v2.1/flavors => generated 507 bytes in 38 msecs (HTTP/1.1 200) 9 headers in 357 bytes (2 switches on core 0)
Feb 04 15:18:44.169238 n-d-827869-1 devstack@n-api.service[117450]: DEBUG nova.api.openstack.wsgi [None req-768a9915-633d-49f3-8d60-64209d5e156c tempest-FlavorsAdminTestJSON-722538983 tempest-FlavorsAdminTestJSON-722538983-project-admin] Calling method '>' {{(pid=117450) _process_stack /opt/stack/nova/nova/api/openstack/wsgi.py:513}}
Feb 04 15:18:44.205745 n-d-827869-1 devstack@n-api.service[117450]: INFO nova.api.openstack.requestlog [None req-768a9915-633d-49f3-8d60-64209d5e156c tempest-FlavorsAdminTestJSON-722538983 tempest-FlavorsAdminTestJSON-722538983-project-admin] 10.222.0.47 "DELETE /compute/v2.1/flavors/894dbe33-7da1-4ce3-a814-c07f6cdc3f54" status: 202 len: 0 microversion: 2.1 time: 0.038872
Feb 04 15:18:44.212745 n-d-827869-1 devstack@n-api.service[117450]: [pid: 117450|app: 0|req: 16/35] 10.222.0.47 () {58 vars in 1238 bytes} [Fri Feb 4 15:18:44 2022] DELETE /compute/v2.1/flavors/894dbe33-7da1-4ce3-a814-c07f6cdc3f54 => generated 0 bytes in 50 msecs (HTTP/1.1 202) 9 headers in 361 bytes (1 switches on core 0)
Feb 04 15:18:44.221522 n-d-827869-1 devstack@n-api.service[117450]: DEBUG nova.api.openstack.wsgi [None req-c3b59a8b-fbe0-451e-91a7-e3029b80b14e tempest-FlavorsAdminTestJSON-722538983 tempest-FlavorsAdminTestJSON-722538983-project-admin] Calling method '>' {{(pid=117450) _process_stack /opt/stack/nova/nova/api/openstack/wsgi.py:513}}
Feb 04 15:18:44.246119 n-d-827869-1 devstack@n-api.service[117450]: INFO nova.api.openstack.requestlog [None req-c3b59a8b-fbe0-451e-91a7-e3029b80b14e tempest-FlavorsAdminTestJSON-722538983 tempest-FlavorsAdminTestJSON-722538983-project-admin] 10.222.0.47 "GET /compute/v2.1/flavors/detail" status: 200 len: 4991 microversion: 2.1 time: 0.031008
Feb 04 15:18:44.246587 n-d-827869-1 devstack@n-api.service[117450]: [pid: 117450|app: 0|req: 17/36] 10.222.0.47 () {58 vars in 1145 bytes} [Fri Feb 4 15:18:44 2022] GET /compute/v2.1/flavors/detail => generated 4991 bytes in 33 msecs (HTTP/1.1 200) 9 headers in 358 bytes (1 switches on core 0)
Feb 04 15:18:44.265081 n-d-827869-1 devstack@n-api.service[117450]: DEBUG nova.api.openstack.wsgi [None req-cc8e66d9-5222-4ede-884f-753aef060591 tempest-FlavorsAdminTestJSON-722538983 tempest-FlavorsAdminTestJSON-722538983-project-admin] Action: 'create', calling method: >, body: {"flavor": {"ram": 512, "vcpus": 1, "disk": 10, "name": "tempest-FlavorsAdminTestJSON-flavor-2042128267", "id": "2293c012-4518-4737-abbe-4d22b3b58d1a", "os-flavor-access:is_public": "True"}} {{(pid=117450) _process_stack /opt/stack/nova/nova/api/openstack/wsgi.py:511}}
Feb 04 15:18:44.299650 n-d-827869-1 devstack@n-api.service[117450]: INFO nova.api.openstack.requestlog [None req-cc8e66d9-5222-4ede-884f-753aef060591 tempest-FlavorsAdminTestJSON-722538983 tempest-FlavorsAdminTestJSON-722538983-project-admin] 10.222.0.47 "POST /compute/v2.1/flavors" status: 200 len: 507 microversion: 2.1 time: 0.039042
Feb 04 15:18:44.301052 n-d-827869-1 devstack@n-api.service[117450]: [pid: 117450|app: 0|req: 18/37] 10.222.0.47 () {60 vars in 1146 bytes} [Fri Feb 4 15:18:44 2022] POST /compute/v2.1/flavors => generated 507 bytes in 42 msecs (HTTP/1.1 200) 9 headers in 357 bytes (1 switches on core 0)
Feb 04 15:18:44.325453 n-d-827869-1 devstack@n-api.service[117451]: INFO nova.api.openstack.requestlog [None req-bdc164f3-8298-456b-91cf-0a7d3432c915 tempest-AggregatesAdminNegativeTestJSON-1896089726 tempest-AggregatesAdminNegativeTestJSON-1896089726-project-admin] 10.222.0.47 "POST /compute/v2.1/os-aggregates/2/action" status: 200 len: 242 microversion: 2.1 time: 0.329199
Feb 04 15:18:44.327158 n-d-827869-1 devstack@n-api.service[117451]: [pid: 117451|app: 0|req: 20/38] 10.222.0.47 () {60 vars in 1190 bytes} [Fri Feb 4 15:18:43 2022] POST /compute/v2.1/os-aggregates/2/action => generated 242 bytes in 332 msecs (HTTP/1.1 200) 9 headers in 357 bytes (1 switches on core 0)
Feb 04 15:18:44.341411 n-d-827869-1 devstack@n-api.service[117450]: DEBUG nova.api.openstack.wsgi [None req-ad998b7e-4cfc-4170-a029-15bb6c6a60c3 tempest-FlavorsAdminTestJSON-722538983 tempest-FlavorsAdminTestJSON-722538983-project-admin] Calling method '>' {{(pid=117450) _process_stack /opt/stack/nova/nova/api/openstack/wsgi.py:513}}
Feb 04 15:18:44.346142 n-d-827869-1 devstack@n-api.service[117451]: DEBUG nova.api.openstack.wsgi [None req-7946041f-d5d4-4a89-b955-6f2285404dfb tempest-AggregatesAdminNegativeTestJSON-1896089726 tempest-AggregatesAdminNegativeTestJSON-1896089726-project-admin] Action: 'action', calling method: >, body: {"add_host": {"host": "n-h2-827869-1"}} {{(pid=117451) _process_stack /opt/stack/nova/nova/api/openstack/wsgi.py:511}}
Feb 04 15:18:44.348884 n-d-827869-1 devstack@n-api.service[117451]: /usr/local/lib/python3.8/dist-packages/oslo_policy/policy.py:1075: UserWarning: Policy os_compute_api:os-aggregates:add_host failed scope check. The token used to make the request was project scoped but the policy requires ['system'] scope. This behavior may change in the future where using the intended scope is required
Feb 04 15:18:44.348884 n-d-827869-1 devstack@n-api.service[117451]: warnings.warn(msg)
Feb 04 15:18:44.361018 n-d-827869-1 devstack@n-api.service[117451]: DEBUG oslo_concurrency.lockutils [None req-7946041f-d5d4-4a89-b955-6f2285404dfb tempest-AggregatesAdminNegativeTestJSON-1896089726 tempest-AggregatesAdminNegativeTestJSON-1896089726-project-admin] Lock "909ef376-48cb-488a-9fc3-d9631f04cd76" acquired by "nova.context.set_target_cell..get_or_set_cached_cell_and_set_connections" :: waited 0.000s {{(pid=117451) inner /usr/local/lib/python3.8/dist-packages/oslo_concurrency/lockutils.py:355}}
Feb 04 15:18:44.361799 n-d-827869-1 devstack@n-api.service[117451]: DEBUG oslo_concurrency.lockutils [None req-7946041f-d5d4-4a89-b955-6f2285404dfb tempest-AggregatesAdminNegativeTestJSON-1896089726 tempest-AggregatesAdminNegativeTestJSON-1896089726-project-admin] Lock "909ef376-48cb-488a-9fc3-d9631f04cd76" released by "nova.context.set_target_cell..get_or_set_cached_cell_and_set_connections" :: held 0.001s {{(pid=117451) inner /usr/local/lib/python3.8/dist-packages/oslo_concurrency/lockutils.py:367}}
Feb 04 15:18:44.402696 n-d-827869-1 devstack@n-api.service[117450]: INFO nova.api.openstack.requestlog [None req-ad998b7e-4cfc-4170-a029-15bb6c6a60c3 tempest-FlavorsAdminTestJSON-722538983 tempest-FlavorsAdminTestJSON-722538983-project-admin] 10.222.0.47 "DELETE /compute/v2.1/flavors/2293c012-4518-4737-abbe-4d22b3b58d1a" status: 202 len: 0 microversion: 2.1 time: 0.085280
Feb 04 15:18:44.408907 n-d-827869-1 devstack@n-api.service[117451]: INFO nova.api.openstack.wsgi [None req-7946041f-d5d4-4a89-b955-6f2285404dfb tempest-AggregatesAdminNegativeTestJSON-1896089726 tempest-AggregatesAdminNegativeTestJSON-1896089726-project-admin] HTTP exception thrown: Aggregate 2 already has host n-h2-827869-1.
Feb 04 15:18:44.409162 n-d-827869-1 devstack@n-api.service[117450]: [pid: 117450|app: 0|req: 19/39] 10.222.0.47 () {58 vars in 1238 bytes} [Fri Feb 4 15:18:44 2022] DELETE /compute/v2.1/flavors/2293c012-4518-4737-abbe-4d22b3b58d1a => generated 0 bytes in 87 msecs (HTTP/1.1 202) 9 headers in 361 bytes (1 switches on core 0)
Feb 04 15:18:44.409319 n-d-827869-1 devstack@n-api.service[117451]: DEBUG nova.api.openstack.wsgi [None req-7946041f-d5d4-4a89-b955-6f2285404dfb tempest-AggregatesAdminNegativeTestJSON-1896089726 tempest-AggregatesAdminNegativeTestJSON-1896089726-project-admin] Returning 409 to user: Aggregate 2 already has host n-h2-827869-1. {{(pid=117451) __call__ /opt/stack/nova/nova/api/openstack/wsgi.py:936}}
Feb 04 15:18:44.409319 n-d-827869-1 devstack@n-api.service[117451]: INFO nova.api.openstack.requestlog [None req-7946041f-d5d4-4a89-b955-6f2285404dfb tempest-AggregatesAdminNegativeTestJSON-1896089726 tempest-AggregatesAdminNegativeTestJSON-1896089726-project-admin] 10.222.0.47 "POST /compute/v2.1/os-aggregates/2/action" status: 409 len: 95 microversion: 2.1 time: 0.067944
Feb 04 15:18:44.409319 n-d-827869-1 devstack@n-api.service[117451]: [pid: 117451|app: 0|req: 21/40] 10.222.0.47 () {60 vars in 1190 bytes} [Fri Feb 4 15:18:44 2022] POST /compute/v2.1/os-aggregates/2/action => generated 95 bytes in 70 msecs (HTTP/1.1 409) 9 headers in 377 bytes (1 switches on core 0)
Feb 04 15:18:44.419314 n-d-827869-1 devstack@n-api.service[117450]: DEBUG nova.api.openstack.wsgi [None req-24e04515-081a-43d6-a0a7-782bcc76bfe6 tempest-FlavorsAdminTestJSON-722538983 tempest-FlavorsAdminTestJSON-722538983-project-admin] Calling method '>' {{(pid=117450) _process_stack /opt/stack/nova/nova/api/openstack/wsgi.py:513}}
Feb 04 15:18:44.426483 n-d-827869-1 devstack@n-api.service[117451]: DEBUG nova.api.openstack.wsgi [None req-f37cf22e-64fd-4b3c-b043-8d3c77c6d179 tempest-AggregatesAdminNegativeTestJSON-1896089726 tempest-AggregatesAdminNegativeTestJSON-1896089726-project-admin] Action: 'action', calling method: >, body: {"remove_host": {"host": "n-h2-827869-1"}} {{(pid=117451) _process_stack /opt/stack/nova/nova/api/openstack/wsgi.py:511}}
Feb 04 15:18:44.427460 n-d-827869-1 devstack@n-api.service[117451]: /usr/local/lib/python3.8/dist-packages/oslo_policy/policy.py:1075: UserWarning: Policy os_compute_api:os-aggregates:remove_host failed scope check. The token used to make the request was project scoped but the policy requires ['system'] scope. This behavior may change in the future where using the intended scope is required
Feb 04 15:18:44.427460 n-d-827869-1 devstack@n-api.service[117451]: warnings.warn(msg)
Feb 04 15:18:44.452648 n-d-827869-1 devstack@n-api.service[117451]: DEBUG oslo_concurrency.lockutils [None req-f37cf22e-64fd-4b3c-b043-8d3c77c6d179 tempest-AggregatesAdminNegativeTestJSON-1896089726 tempest-AggregatesAdminNegativeTestJSON-1896089726-project-admin] Lock "909ef376-48cb-488a-9fc3-d9631f04cd76" acquired by "nova.context.set_target_cell..get_or_set_cached_cell_and_set_connections" :: waited 0.000s {{(pid=117451) inner /usr/local/lib/python3.8/dist-packages/oslo_concurrency/lockutils.py:355}}
Feb 04 15:18:44.453141 n-d-827869-1 devstack@n-api.service[117451]: DEBUG oslo_concurrency.lockutils [None req-f37cf22e-64fd-4b3c-b043-8d3c77c6d179 tempest-AggregatesAdminNegativeTestJSON-1896089726 tempest-AggregatesAdminNegativeTestJSON-1896089726-project-admin] Lock "909ef376-48cb-488a-9fc3-d9631f04cd76" released by "nova.context.set_target_cell..get_or_set_cached_cell_and_set_connections" :: held 0.001s {{(pid=117451) inner /usr/local/lib/python3.8/dist-packages/oslo_concurrency/lockutils.py:367}}
Feb 04 15:18:44.463664 n-d-827869-1 devstack@n-api.service[117450]: INFO nova.api.openstack.requestlog [None req-24e04515-081a-43d6-a0a7-782bcc76bfe6 tempest-FlavorsAdminTestJSON-722538983 tempest-FlavorsAdminTestJSON-722538983-project-admin] 10.222.0.47 "GET /compute/v2.1/flavors/detail" status: 200 len: 4991 microversion: 2.1 time: 0.053375
Feb 04 15:18:44.478019 n-d-827869-1 devstack@n-api.service[117450]: [pid: 117450|app: 0|req: 20/41] 10.222.0.47 () {58 vars in 1145 bytes} [Fri Feb 4 15:18:44 2022] GET /compute/v2.1/flavors/detail => generated 4991 bytes in 58 msecs (HTTP/1.1 200) 9 headers in 358 bytes (2 switches on core 0)
Feb 04 15:18:44.505620 n-d-827869-1 devstack@n-api.service[117450]: DEBUG nova.api.openstack.wsgi [None req-8a958730-92b1-40d3-a448-3f4eb5ed26be tempest-FlavorsAdminTestJSON-722538983 tempest-FlavorsAdminTestJSON-722538983-project-admin] Action: 'create', calling method: >, body: {"flavor": {"ram": 512, "vcpus": 1, "disk": 10, "name": "tempest-test_flavor_-1838350538", "id": 2050625519, "os-flavor-access:is_public": "True"}} {{(pid=117450) _process_stack /opt/stack/nova/nova/api/openstack/wsgi.py:511}}
Feb 04 15:18:44.553797 n-d-827869-1 devstack@n-api.service[117450]: INFO nova.api.openstack.requestlog [None req-8a958730-92b1-40d3-a448-3f4eb5ed26be tempest-FlavorsAdminTestJSON-722538983 tempest-FlavorsAdminTestJSON-722538983-project-admin] 10.222.0.47 "POST /compute/v2.1/flavors" status: 200 len: 414 microversion: 2.1 time: 0.054144
Feb 04 15:18:44.554794 n-d-827869-1 devstack@n-api.service[117450]: [pid: 117450|app: 0|req: 21/42] 10.222.0.47 () {60 vars in 1146 bytes} [Fri Feb 4 15:18:44 2022] POST /compute/v2.1/flavors => generated 414 bytes in 57 msecs (HTTP/1.1 200) 9 headers in 357 bytes (1 switches on core 0)
Feb 04 15:18:44.572288 n-d-827869-1 devstack@n-api.service[117450]: DEBUG nova.api.openstack.wsgi [None req-a4be0831-533c-4eec-ba71-062a892e72a3 tempest-DeleteServersAdminTestJSON-123472323 tempest-DeleteServersAdminTestJSON-123472323-project] Calling method '>' {{(pid=117450) _process_stack /opt/stack/nova/nova/api/openstack/wsgi.py:513}}
Feb 04 15:18:44.573707 n-d-827869-1 devstack@n-api.service[117450]: DEBUG nova.compute.api [None req-a4be0831-533c-4eec-ba71-062a892e72a3 tempest-DeleteServersAdminTestJSON-123472323 tempest-DeleteServersAdminTestJSON-123472323-project] [instance: 8614dee8-80e2-44e5-94ed-7f968f27b4fd] Fetching instance by UUID {{(pid=117450) get /opt/stack/nova/nova/compute/api.py:2863}}
Feb 04 15:18:44.597315 n-d-827869-1 devstack@n-api.service[117450]: DEBUG oslo_concurrency.lockutils [None req-a4be0831-533c-4eec-ba71-062a892e72a3 tempest-DeleteServersAdminTestJSON-123472323 tempest-DeleteServersAdminTestJSON-123472323-project] Lock "909ef376-48cb-488a-9fc3-d9631f04cd76" acquired by "nova.context.set_target_cell..get_or_set_cached_cell_and_set_connections" :: waited 0.000s {{(pid=117450) inner /usr/local/lib/python3.8/dist-packages/oslo_concurrency/lockutils.py:355}}
Feb 04 15:18:44.609260 n-d-827869-1 devstack@n-api.service[117450]: DEBUG oslo_concurrency.lockutils [None req-a4be0831-533c-4eec-ba71-062a892e72a3 tempest-DeleteServersAdminTestJSON-123472323 tempest-DeleteServersAdminTestJSON-123472323-project] Lock "909ef376-48cb-488a-9fc3-d9631f04cd76" released by "nova.context.set_target_cell..get_or_set_cached_cell_and_set_connections" :: held 0.001s {{(pid=117450) inner /usr/local/lib/python3.8/dist-packages/oslo_concurrency/lockutils.py:367}}
Feb 04 15:18:44.614894 n-d-827869-1 devstack@n-api.service[117450]: DEBUG oslo_concurrency.lockutils [None req-a4be0831-533c-4eec-ba71-062a892e72a3 tempest-DeleteServersAdminTestJSON-123472323 tempest-DeleteServersAdminTestJSON-123472323-project] Lock "909ef376-48cb-488a-9fc3-d9631f04cd76" acquired by "nova.context.set_target_cell..get_or_set_cached_cell_and_set_connections" :: waited 0.000s {{(pid=117450) inner /usr/local/lib/python3.8/dist-packages/oslo_concurrency/lockutils.py:355}}
Feb 04 15:18:44.621851 n-d-827869-1 devstack@n-api.service[117450]: DEBUG oslo_concurrency.lockutils [None req-a4be0831-533c-4eec-ba71-062a892e72a3 tempest-DeleteServersAdminTestJSON-123472323 tempest-DeleteServersAdminTestJSON-123472323-project] Lock "909ef376-48cb-488a-9fc3-d9631f04cd76" released by "nova.context.set_target_cell..get_or_set_cached_cell_and_set_connections" :: held 0.001s {{(pid=117450) inner /usr/local/lib/python3.8/dist-packages/oslo_concurrency/lockutils.py:367}}
Feb 04 15:18:44.658899 n-d-827869-1 devstack@n-api.service[117451]: INFO nova.api.openstack.requestlog [None req-f37cf22e-64fd-4b3c-b043-8d3c77c6d179 tempest-AggregatesAdminNegativeTestJSON-1896089726 tempest-AggregatesAdminNegativeTestJSON-1896089726-project-admin] 10.222.0.47 "POST /compute/v2.1/os-aggregates/2/action" status: 200 len: 227 microversion: 2.1 time: 0.245085
Feb 04 15:18:44.660415 n-d-827869-1 devstack@n-api.service[117451]: [pid: 117451|app: 0|req: 22/43] 10.222.0.47 () {60 vars in 1190 bytes} [Fri Feb 4 15:18:44 2022] POST /compute/v2.1/os-aggregates/2/action => generated 227 bytes in 247 msecs (HTTP/1.1 200) 9 headers in 357 bytes (1 switches on core 0)
Feb 04 15:18:44.668468 n-d-827869-1 devstack@n-api.service[117451]: DEBUG nova.api.openstack.wsgi [None req-cd47bd91-370f-4194-89ef-20e99caeaca4 tempest-FlavorsAdminTestJSON-722538983 tempest-FlavorsAdminTestJSON-722538983-project-admin] Calling method '>' {{(pid=117451) _process_stack /opt/stack/nova/nova/api/openstack/wsgi.py:513}}
Feb 04 15:18:44.683844 n-d-827869-1 devstack@n-api.service[117451]: INFO nova.api.openstack.requestlog [None req-cd47bd91-370f-4194-89ef-20e99caeaca4 tempest-FlavorsAdminTestJSON-722538983 tempest-FlavorsAdminTestJSON-722538983-project-admin] 10.222.0.47 "GET /compute/v2.1/flavors/2050625519" status: 200 len: 414 microversion: 2.1 time: 0.022100
Feb 04 15:18:44.684883 n-d-827869-1 devstack@n-api.service[117451]: [pid: 117451|app: 0|req: 23/44] 10.222.0.47 () {58 vars in 1157 bytes} [Fri Feb 4 15:18:44 2022] GET /compute/v2.1/flavors/2050625519 => generated 414 bytes in 24 msecs (HTTP/1.1 200) 9 headers in 357 bytes (1 switches on core 0)
Feb 04 15:18:44.692319 n-d-827869-1 devstack@n-api.service[117451]: DEBUG nova.api.openstack.wsgi [None req-6893d561-727e-4439-9b49-e86773cd5bca tempest-AggregatesAdminNegativeTestJSON-1896089726 tempest-AggregatesAdminNegativeTestJSON-1896089726-project-admin] Calling method '>' {{(pid=117451) _process_stack /opt/stack/nova/nova/api/openstack/wsgi.py:513}}
Feb 04 15:18:44.693421 n-d-827869-1 devstack@n-api.service[117451]: /usr/local/lib/python3.8/dist-packages/oslo_policy/policy.py:1075: UserWarning: Policy os_compute_api:os-aggregates:delete failed scope check. The token used to make the request was project scoped but the policy requires ['system'] scope. This behavior may change in the future where using the intended scope is required
Feb 04 15:18:44.693421 n-d-827869-1 devstack@n-api.service[117451]: warnings.warn(msg)
Feb 04 15:18:44.729056 n-d-827869-1 devstack@n-api.service[117451]: INFO nova.api.openstack.requestlog [None req-6893d561-727e-4439-9b49-e86773cd5bca tempest-AggregatesAdminNegativeTestJSON-1896089726 tempest-AggregatesAdminNegativeTestJSON-1896089726-project-admin] 10.222.0.47 "DELETE /compute/v2.1/os-aggregates/2" status: 200 len: 0 microversion: 2.1 time: 0.042068
Feb 04 15:18:44.729762 n-d-827869-1 devstack@n-api.service[117451]: [pid: 117451|app: 0|req: 24/45] 10.222.0.47 () {58 vars in 1151 bytes} [Fri Feb 4 15:18:44 2022] DELETE /compute/v2.1/os-aggregates/2 => generated 0 bytes in 44 msecs (HTTP/1.1 200) 9 headers in 355 bytes (1 switches on core 0)
Feb 04 15:18:45.065021 n-d-827869-1 devstack@n-api.service[117450]: DEBUG nova.policy [None req-a4be0831-533c-4eec-ba71-062a892e72a3 tempest-DeleteServersAdminTestJSON-123472323 tempest-DeleteServersAdminTestJSON-123472323-project] Policy check for os_compute_api:os-extended-server-attributes failed with credentials {'is_admin': False, 'user_id': '77c1b917f74d44d88cd2896df61d2bc4', 'user_domain_id': 'default', 'system_scope': None, 'domain_id': None, 'project_id': 'd1d337a12ec540a2964a112145de94fb', 'project_domain_id': 'default', 'roles': ['member', 'reader'], 'is_admin_project': True, 'service_user_id': None, 'service_user_domain_id': None, 'service_project_id': None, 'service_project_domain_id': None, 'service_roles': []} {{(pid=117450) authorize /opt/stack/nova/nova/policy.py:199}}
Feb 04 15:18:45.125624 n-d-827869-1 devstack@n-api.service[117450]: INFO nova.api.openstack.requestlog [None req-a4be0831-533c-4eec-ba71-062a892e72a3 tempest-DeleteServersAdminTestJSON-123472323 tempest-DeleteServersAdminTestJSON-123472323-project] 10.222.0.47 "GET /compute/v2.1/servers/8614dee8-80e2-44e5-94ed-7f968f27b4fd" status: 200 len: 1216 microversion: 2.1 time: 0.569137
Feb 04 15:18:45.142425 n-d-827869-1 devstack@n-api.service[117450]: [pid: 117450|app: 0|req: 22/46] 10.222.0.47 () {58 vars in 1235 bytes} [Fri Feb 4 15:18:44 2022] GET /compute/v2.1/servers/8614dee8-80e2-44e5-94ed-7f968f27b4fd => generated 1216 bytes in 587 msecs (HTTP/1.1 200) 9 headers in 358 bytes (1 switches on core 0)
Feb 04 15:18:45.160833 n-d-827869-1 devstack@n-api.service[117450]: DEBUG nova.api.openstack.wsgi [None req-f011a9a2-894f-430a-8b95-8693f3db3da4 tempest-HostsAdminTestJSON-1489618911 tempest-HostsAdminTestJSON-1489618911-project-admin] Calling method '.version_select at 0x7faabd493d30>' {{(pid=117450) _process_stack /opt/stack/nova/nova/api/openstack/wsgi.py:513}}
Feb 04 15:18:45.163697 n-d-827869-1 devstack@n-api.service[117450]: /usr/local/lib/python3.8/dist-packages/oslo_policy/policy.py:1075: UserWarning: Policy os_compute_api:os-hosts:list failed scope check. The token used to make the request was project scoped but the policy requires ['system'] scope. This behavior may change in the future where using the intended scope is required
Feb 04 15:18:45.163697 n-d-827869-1 devstack@n-api.service[117450]: warnings.warn(msg)
Feb 04 15:18:45.167284 n-d-827869-1 devstack@n-api.service[117450]: DEBUG oslo_concurrency.lockutils [None req-f011a9a2-894f-430a-8b95-8693f3db3da4 tempest-HostsAdminTestJSON-1489618911 tempest-HostsAdminTestJSON-1489618911-project-admin] Lock "00000000-0000-0000-0000-000000000000" acquired by "nova.context.set_target_cell..get_or_set_cached_cell_and_set_connections" :: waited 0.000s {{(pid=117450) inner /usr/local/lib/python3.8/dist-packages/oslo_concurrency/lockutils.py:355}}
Feb 04 15:18:45.168089 n-d-827869-1 devstack@n-api.service[117450]: DEBUG oslo_concurrency.lockutils [None req-f011a9a2-894f-430a-8b95-8693f3db3da4 tempest-HostsAdminTestJSON-1489618911 tempest-HostsAdminTestJSON-1489618911-project-admin] Lock "00000000-0000-0000-0000-000000000000" released by "nova.context.set_target_cell..get_or_set_cached_cell_and_set_connections" :: held 0.001s {{(pid=117450) inner /usr/local/lib/python3.8/dist-packages/oslo_concurrency/lockutils.py:367}}
Feb 04 15:18:45.169762 n-d-827869-1 devstack@n-api.service[117450]: DEBUG oslo_concurrency.lockutils [None req-f011a9a2-894f-430a-8b95-8693f3db3da4 tempest-HostsAdminTestJSON-1489618911 tempest-HostsAdminTestJSON-1489618911-project-admin] Lock "909ef376-48cb-488a-9fc3-d9631f04cd76" acquired by "nova.context.set_target_cell..get_or_set_cached_cell_and_set_connections" :: waited 0.000s {{(pid=117450) inner /usr/local/lib/python3.8/dist-packages/oslo_concurrency/lockutils.py:355}}
Feb 04 15:18:45.170907 n-d-827869-1 devstack@n-api.service[117450]: DEBUG oslo_concurrency.lockutils [None req-f011a9a2-894f-430a-8b95-8693f3db3da4 tempest-HostsAdminTestJSON-1489618911 tempest-HostsAdminTestJSON-1489618911-project-admin] Lock "909ef376-48cb-488a-9fc3-d9631f04cd76" released by "nova.context.set_target_cell..get_or_set_cached_cell_and_set_connections" :: held 0.001s {{(pid=117450) inner /usr/local/lib/python3.8/dist-packages/oslo_concurrency/lockutils.py:367}}
Feb 04 15:18:45.232876 n-d-827869-1 devstack@n-api.service[117450]: INFO nova.api.openstack.requestlog [None req-f011a9a2-894f-430a-8b95-8693f3db3da4 tempest-HostsAdminTestJSON-1489618911 tempest-HostsAdminTestJSON-1489618911-project-admin] 10.222.0.47 "GET /compute/v2.1/os-hosts" status: 200 len: 376 microversion: 2.1 time: 0.088079
Feb 04 15:18:45.242094 n-d-827869-1 devstack@n-api.service[117450]: [pid: 117450|app: 0|req: 23/47] 10.222.0.47 () {58 vars in 1127 bytes} [Fri Feb 4 15:18:45 2022] GET /compute/v2.1/os-hosts => generated 376 bytes in 91 msecs (HTTP/1.1 200) 9 headers in 357 bytes (1 switches on core 0)
Feb 04 15:18:45.244233 n-d-827869-1 devstack@n-api.service[117450]: DEBUG nova.api.openstack.wsgi [None req-ade6a286-9746-45c0-977e-dc6ce6c2acb9 tempest-AggregatesAdminNegativeTestJSON-1896089726 tempest-AggregatesAdminNegativeTestJSON-1896089726-project-admin] Action: 'create', calling method: >, body: {"aggregate": {"name": "tempest-test_aggregate-465718135"}} {{(pid=117450) _process_stack /opt/stack/nova/nova/api/openstack/wsgi.py:511}}
Feb 04 15:18:45.247403 n-d-827869-1 devstack@n-api.service[117450]: /usr/local/lib/python3.8/dist-packages/oslo_policy/policy.py:1075: UserWarning: Policy os_compute_api:os-aggregates:create failed scope check. The token used to make the request was project scoped but the policy requires ['system'] scope. This behavior may change in the future where using the intended scope is required
Feb 04 15:18:45.247403 n-d-827869-1 devstack@n-api.service[117450]: warnings.warn(msg)
Feb 04 15:18:45.250638 n-d-827869-1 devstack@n-api.service[117450]: DEBUG nova.objects.aggregate [None req-ade6a286-9746-45c0-977e-dc6ce6c2acb9 tempest-AggregatesAdminNegativeTestJSON-1896089726 tempest-AggregatesAdminNegativeTestJSON-1896089726-project-admin] Generated uuid 07369e2f-7eaa-4728-87df-0902e2262d5e for aggregate {{(pid=117450) create /opt/stack/nova/nova/objects/aggregate.py:298}}
Feb 04 15:18:45.298534 n-d-827869-1 devstack@n-api.service[117451]: DEBUG nova.api.openstack.wsgi [None req-a4221348-5a2d-4ab0-ba67-b5c09f47b09d tempest-FlavorsAdminTestJSON-1089319041 tempest-FlavorsAdminTestJSON-1089319041-project] Calling method '>' {{(pid=117451) _process_stack /opt/stack/nova/nova/api/openstack/wsgi.py:513}}
Feb 04 15:18:45.302884 n-d-827869-1 devstack@n-api.service[117450]: INFO nova.api.openstack.requestlog [None req-ade6a286-9746-45c0-977e-dc6ce6c2acb9 tempest-AggregatesAdminNegativeTestJSON-1896089726 tempest-AggregatesAdminNegativeTestJSON-1896089726-project-admin] 10.222.0.47 "POST /compute/v2.1/os-aggregates" status: 200 len: 197 microversion: 2.1 time: 0.066632
Feb 04 15:18:45.307061 n-d-827869-1 devstack@n-api.service[117450]: [pid: 117450|app: 0|req: 24/48] 10.222.0.47 () {60 vars in 1163 bytes} [Fri Feb 4 15:18:45 2022] POST /compute/v2.1/os-aggregates => generated 197 bytes in 72 msecs (HTTP/1.1 200) 9 headers in 357 bytes (1 switches on core 0)
Feb 04 15:18:45.366062 n-d-827869-1 devstack@n-api.service[117451]: INFO nova.api.openstack.requestlog [None req-a4221348-5a2d-4ab0-ba67-b5c09f47b09d tempest-FlavorsAdminTestJSON-1089319041 tempest-FlavorsAdminTestJSON-1089319041-project] 10.222.0.47 "GET /compute/v2.1/flavors/detail" status: 200 len: 5395 microversion: 2.1 time: 0.634495
Feb 04 15:18:45.386448 n-d-827869-1 devstack@n-api.service[117451]: [pid: 117451|app: 0|req: 25/49] 10.222.0.47 () {58 vars in 1145 bytes} [Fri Feb 4 15:18:44 2022] GET /compute/v2.1/flavors/detail => generated 5395 bytes in 656 msecs (HTTP/1.1 200) 9 headers in 358 bytes (1 switches on core 0)
Feb 04 15:18:45.395715 n-d-827869-1 devstack@n-api.service[117451]: DEBUG nova.api.openstack.wsgi [None req-df8dc1a3-d265-4b42-9438-5c0c4ef355df tempest-HostsAdminTestJSON-1489618911 tempest-HostsAdminTestJSON-1489618911-project-admin] Calling method '.version_select at 0x7faabd50bb80>' {{(pid=117451) _process_stack /opt/stack/nova/nova/api/openstack/wsgi.py:513}}
Feb 04 15:18:45.398290 n-d-827869-1 devstack@n-api.service[117451]: /usr/local/lib/python3.8/dist-packages/oslo_policy/policy.py:1075: UserWarning: Policy os_compute_api:os-hosts:list failed scope check. The token used to make the request was project scoped but the policy requires ['system'] scope. This behavior may change in the future where using the intended scope is required
Feb 04 15:18:45.398290 n-d-827869-1 devstack@n-api.service[117451]: warnings.warn(msg)
Feb 04 15:18:45.402048 n-d-827869-1 devstack@n-api.service[117451]: DEBUG oslo_concurrency.lockutils [None req-df8dc1a3-d265-4b42-9438-5c0c4ef355df tempest-HostsAdminTestJSON-1489618911 tempest-HostsAdminTestJSON-1489618911-project-admin] Lock "00000000-0000-0000-0000-000000000000" acquired by "nova.context.set_target_cell..get_or_set_cached_cell_and_set_connections" :: waited 0.000s {{(pid=117451) inner /usr/local/lib/python3.8/dist-packages/oslo_concurrency/lockutils.py:355}}
Feb 04 15:18:45.402937 n-d-827869-1 devstack@n-api.service[117451]: DEBUG oslo_concurrency.lockutils [None req-df8dc1a3-d265-4b42-9438-5c0c4ef355df tempest-HostsAdminTestJSON-1489618911 tempest-HostsAdminTestJSON-1489618911-project-admin] Lock "00000000-0000-0000-0000-000000000000" released by "nova.context.set_target_cell..get_or_set_cached_cell_and_set_connections" :: held 0.001s {{(pid=117451) inner /usr/local/lib/python3.8/dist-packages/oslo_concurrency/lockutils.py:367}}
Feb 04 15:18:45.404727 n-d-827869-1 devstack@n-api.service[117451]: DEBUG oslo_concurrency.lockutils [None req-df8dc1a3-d265-4b42-9438-5c0c4ef355df tempest-HostsAdminTestJSON-1489618911 tempest-HostsAdminTestJSON-1489618911-project-admin] Lock "909ef376-48cb-488a-9fc3-d9631f04cd76" acquired by "nova.context.set_target_cell..get_or_set_cached_cell_and_set_connections" :: waited 0.000s {{(pid=117451) inner /usr/local/lib/python3.8/dist-packages/oslo_concurrency/lockutils.py:355}}
Feb 04 15:18:45.405768 n-d-827869-1 devstack@n-api.service[117451]: DEBUG oslo_concurrency.lockutils [None req-df8dc1a3-d265-4b42-9438-5c0c4ef355df tempest-HostsAdminTestJSON-1489618911 tempest-HostsAdminTestJSON-1489618911-project-admin] Lock "909ef376-48cb-488a-9fc3-d9631f04cd76" released by "nova.context.set_target_cell..get_or_set_cached_cell_and_set_connections" :: held 0.001s {{(pid=117451) inner /usr/local/lib/python3.8/dist-packages/oslo_concurrency/lockutils.py:367}}
Feb 04 15:18:45.472360 n-d-827869-1 devstack@n-api.service[117451]: INFO nova.api.openstack.requestlog [None req-df8dc1a3-d265-4b42-9438-5c0c4ef355df tempest-HostsAdminTestJSON-1489618911 tempest-HostsAdminTestJSON-1489618911-project-admin] 10.222.0.47 "GET /compute/v2.1/os-hosts?zone=internal" status: 200 len: 236 microversion: 2.1 time: 0.083422
Feb 04 15:18:45.473413 n-d-827869-1 devstack@n-api.service[117451]: [pid: 117451|app: 0|req: 26/50] 10.222.0.47 () {58 vars in 1154 bytes} [Fri Feb 4 15:18:45 2022] GET /compute/v2.1/os-hosts?zone=internal => generated 236 bytes in 86 msecs (HTTP/1.1 200) 9 headers in 357 bytes (1 switches on core 0)
Feb 04 15:18:45.584429 n-d-827869-1 devstack@n-api.service[117450]: DEBUG nova.api.openstack.wsgi [None req-4cfc5531-2572-4f1c-887e-6b23decd70d0 tempest-FlavorsAccessNegativeTestJSON-139124682 tempest-FlavorsAccessNegativeTestJSON-139124682-project-admin] Action: 'create', calling method: >, body: {"flavor": {"ram": 512, "vcpus": 1, "disk": 10, "name": "tempest-FlavorsAccessNegativeTestJSON-flavor-2015263398", "id": 1452553171, "os-flavor-access:is_public": "False"}} {{(pid=117450) _process_stack /opt/stack/nova/nova/api/openstack/wsgi.py:511}}
Feb 04 15:18:45.586452 n-d-827869-1 devstack@n-api.service[117450]: /usr/local/lib/python3.8/dist-packages/oslo_policy/policy.py:1075: UserWarning: Policy os_compute_api:os-flavor-manage:create failed scope check. The token used to make the request was project scoped but the policy requires ['system'] scope. This behavior may change in the future where using the intended scope is required
Feb 04 15:18:45.586452 n-d-827869-1 devstack@n-api.service[117450]: warnings.warn(msg)
Feb 04 15:18:45.611301 n-d-827869-1 devstack@n-api.service[117450]: INFO nova.api.openstack.requestlog [None req-4cfc5531-2572-4f1c-887e-6b23decd70d0 tempest-FlavorsAccessNegativeTestJSON-139124682 tempest-FlavorsAccessNegativeTestJSON-139124682-project-admin] 10.222.0.47 "POST /compute/v2.1/flavors" status: 200 len: 439 microversion: 2.1 time: 0.302817
Feb 04 15:18:45.612019 n-d-827869-1 devstack@n-api.service[117450]: [pid: 117450|app: 0|req: 25/51] 10.222.0.47 () {60 vars in 1146 bytes} [Fri Feb 4 15:18:45 2022] POST /compute/v2.1/flavors => generated 439 bytes in 305 msecs (HTTP/1.1 200) 9 headers in 357 bytes (1 switches on core 0)
Feb 04 15:18:45.619762 n-d-827869-1 devstack@n-api.service[117450]: DEBUG nova.api.openstack.wsgi [None req-d03d0401-ddcb-4483-8199-1f339e9cda9a tempest-FlavorsAdminTestJSON-722538983 tempest-FlavorsAdminTestJSON-722538983-project-admin] Calling method '>' {{(pid=117450) _process_stack /opt/stack/nova/nova/api/openstack/wsgi.py:513}}
Feb 04 15:18:45.620792 n-d-827869-1 devstack@n-api.service[117450]: /usr/local/lib/python3.8/dist-packages/oslo_policy/policy.py:1075: UserWarning: Policy os_compute_api:os-flavor-manage:delete failed scope check. The token used to make the request was project scoped but the policy requires ['system'] scope. This behavior may change in the future where using the intended scope is required
Feb 04 15:18:45.620792 n-d-827869-1 devstack@n-api.service[117450]: warnings.warn(msg)
Feb 04 15:18:45.644504 n-d-827869-1 devstack@n-api.service[117450]: INFO nova.api.openstack.requestlog [None req-d03d0401-ddcb-4483-8199-1f339e9cda9a tempest-FlavorsAdminTestJSON-722538983 tempest-FlavorsAdminTestJSON-722538983-project-admin] 10.222.0.47 "DELETE /compute/v2.1/flavors/2050625519" status: 202 len: 0 microversion: 2.1 time: 0.031122
Feb 04 15:18:45.646099 n-d-827869-1 devstack@n-api.service[117450]: [pid: 117450|app: 0|req: 26/52] 10.222.0.47 () {58 vars in 1160 bytes} [Fri Feb 4 15:18:45 2022] DELETE /compute/v2.1/flavors/2050625519 => generated 0 bytes in 33 msecs (HTTP/1.1 202) 9 headers in 361 bytes (1 switches on core 0)
Feb 04 15:18:45.651675 n-d-827869-1 devstack@n-api.service[117450]: DEBUG nova.api.openstack.wsgi [None req-013fba75-eb5b-40a3-b8fd-49a715531dd7 tempest-HostsAdminTestJSON-1489618911 tempest-HostsAdminTestJSON-1489618911-project-admin] Calling method '.version_select at 0x7faabd493a60>' {{(pid=117450) _process_stack /opt/stack/nova/nova/api/openstack/wsgi.py:513}}
Feb 04 15:18:45.653376 n-d-827869-1 devstack@n-api.service[117450]: /usr/local/lib/python3.8/dist-packages/oslo_policy/policy.py:1075: UserWarning: Policy os_compute_api:os-hosts:list failed scope check. The token used to make the request was project scoped but the policy requires ['system'] scope. This behavior may change in the future where using the intended scope is required
Feb 04 15:18:45.653376 n-d-827869-1 devstack@n-api.service[117450]: warnings.warn(msg)
Feb 04 15:18:45.657163 n-d-827869-1 devstack@n-api.service[117450]: DEBUG oslo_concurrency.lockutils [None req-013fba75-eb5b-40a3-b8fd-49a715531dd7 tempest-HostsAdminTestJSON-1489618911 tempest-HostsAdminTestJSON-1489618911-project-admin] Lock "00000000-0000-0000-0000-000000000000" acquired by "nova.context.set_target_cell..get_or_set_cached_cell_and_set_connections" :: waited 0.000s {{(pid=117450) inner /usr/local/lib/python3.8/dist-packages/oslo_concurrency/lockutils.py:355}}
Feb 04 15:18:45.658257 n-d-827869-1 devstack@n-api.service[117450]: DEBUG oslo_concurrency.lockutils [None req-013fba75-eb5b-40a3-b8fd-49a715531dd7 tempest-HostsAdminTestJSON-1489618911 tempest-HostsAdminTestJSON-1489618911-project-admin] Lock "00000000-0000-0000-0000-000000000000" released by "nova.context.set_target_cell..get_or_set_cached_cell_and_set_connections" :: held 0.001s {{(pid=117450) inner /usr/local/lib/python3.8/dist-packages/oslo_concurrency/lockutils.py:367}}
Feb 04 15:18:45.659861 n-d-827869-1 devstack@n-api.service[117450]: DEBUG oslo_concurrency.lockutils [None req-013fba75-eb5b-40a3-b8fd-49a715531dd7 tempest-HostsAdminTestJSON-1489618911 tempest-HostsAdminTestJSON-1489618911-project-admin] Lock "909ef376-48cb-488a-9fc3-d9631f04cd76" acquired by "nova.context.set_target_cell..get_or_set_cached_cell_and_set_connections" :: waited 0.000s {{(pid=117450) inner /usr/local/lib/python3.8/dist-packages/oslo_concurrency/lockutils.py:355}}
Feb 04 15:18:45.661047 n-d-827869-1 devstack@n-api.service[117450]: DEBUG oslo_concurrency.lockutils [None req-013fba75-eb5b-40a3-b8fd-49a715531dd7 tempest-HostsAdminTestJSON-1489618911 tempest-HostsAdminTestJSON-1489618911-project-admin] Lock "909ef376-48cb-488a-9fc3-d9631f04cd76" released by "nova.context.set_target_cell..get_or_set_cached_cell_and_set_connections" :: held 0.001s {{(pid=117450) inner /usr/local/lib/python3.8/dist-packages/oslo_concurrency/lockutils.py:367}}
